{"id":59814,"date":"2026-04-15T10:51:52","date_gmt":"2026-04-15T08:51:52","guid":{"rendered":"https:\/\/ironsky.pl\/sklep\/produkt\/latarka-superfire-d6-220lm\/"},"modified":"2026-04-15T10:52:03","modified_gmt":"2026-04-15T08:52:03","slug":"latarka-superfire-d6-220lm","status":"publish","type":"product","link":"https:\/\/ironsky.pl\/sklep\/produkt\/latarka-superfire-d6-220lm\/","title":{"rendered":"Latarka SUPERFIRE D6 220lm"},"content":{"rendered":"<h3>Latarka Superfire D6, 220 lm, zasi\u0119g 210 m, 4 tryby<\/h3>\n<p>Latarka Superfire D6 to profesjonalne urz\u0105dzenie, kt\u00f3re \u0142\u0105czy solidn\u0105 konstrukcj\u0119 z zaawansowan\u0105 funkcjonalno\u015bci\u0105. Dzi\u0119ki odporno\u015bci na wod\u0119, czterem trybom o\u015bwietlenia i d\u0142ugiemu czasowi pracy, jest idealnym narz\u0119dziem do zada\u0144 specjalnych w wymagaj\u0105cych warunkach. Doskonale sprawdzi si\u0119 podczas akcji ratunkowych, inspekcji, napraw czy wypraw w teren.<\/p>\n<p>\n<img decoding=\"async\" src=\"https:\/\/assets.innpro.pl\/11899\/14097\/6.jpg\" border=\"0\" alt=\"Latarka Superfire D6 oparta o ciemn\u0105 ska\u0142k\u0119.\" \/>\n<\/p>\n<h3>Wysoka jasno\u015b\u0107 i r\u00f3\u017cne tryby o\u015bwietlenia<\/h3>\n<p>Latarka Superfire D6 oferuje jasno\u015b\u0107 na poziomie 220 lumen\u00f3w, co pozwala na skuteczne o\u015bwietlenie obszaru o zasi\u0119gu do 210 metr\u00f3w. Z czterema trybami o\u015bwietlenia \u2013 \u015bwiat\u0142o mocne, robocze, stroboskopowe i SOS \u2013 masz pe\u0142n\u0105 kontrol\u0119 nad intensywno\u015bci\u0105 i sposobem dzia\u0142ania \u015bwiat\u0142a. Wystarczy d\u0142u\u017csze przytrzymanie przycisku, by w\u0142\u0105czy\u0107 funkcj\u0119 SOS, kt\u00f3ra przydaje si\u0119 w sytuacjach awaryjnych. Latarka emanuje bardzo jasnym \u015bwiat\u0142em LED (Light Emitting Diode, dioda elektroluminescencyjna), kt\u00f3re nie tylko doskonale o\u015bwietla wszystko, co znajduje si\u0119 przed Tob\u0105, ale tak\u017ce nie przegrzewa urz\u0105dzenia, zapewniaj\u0105c bezpieczne u\u017cytkowanie przez wiele godzin. <\/p>\n<p>\n<img decoding=\"async\" src=\"https:\/\/assets.innpro.pl\/11899\/14097\/8.jpg\" border=\"0\" alt=\"Latarka Superfire D6 pokazana w czterech r\u00f3\u017cnych sytuacjach.\" \/>\n<\/p>\n<h3>Solidna i wodoodporna konstrukcja<\/h3>\n<p>Latarka zosta\u0142a wykonana z wytrzyma\u0142ego aluminium lotniczego, co gwarantuje odporno\u015b\u0107 na uszkodzenia mechaniczne i trudne warunki \u015brodowiskowe. Dzi\u0119ki klasie wodoodporno\u015bci IP68 Superfire D6 dzia\u0142a niezawodnie nawet podczas deszczu czy w wilgotnym otoczeniu, a co tego nie ulega zniszczeniu nawet po g\u0142\u0119bokim zanurzeniu w wodzie. Latarka bez problemu o\u015bwietla drog\u0119 znajduj\u0105c\u0105 si\u0119 przed Tob\u0105, nawet w zapylonych czy zakurzonych miejscach. To niezast\u0105pione narz\u0119dzie podczas wypraw w teren, akcji ratunkowych czy prac przemys\u0142owych. <\/p>\n<p>\n<img decoding=\"async\" src=\"https:\/\/assets.innpro.pl\/11899\/14097\/4.jpg\" border=\"0\" alt=\"Zbli\u017cenie na latark\u0119 Superfire D6, na kt\u00f3r\u0105 padaj\u0105 krople deszczu.\" \/>\n<\/p>\n<h3>D\u0142ugi czas pracy i wska\u017anik akumulatora<\/h3>\n<p>Z pojemnym akumulatorem o napi\u0119ciu 3,7 V i pojemno\u015bci 4400 mAh, latarka Superfire D6 mo\u017ce dzia\u0142a\u0107 nawet do 8 godzin w trybie mocnego \u015bwiat\u0142a i do 16 godzin w trybie roboczym. Wbudowane diody wska\u017anika na bie\u017c\u0105co informuj\u0105 o poziomie na\u0142adowania akumulatora, dzi\u0119ki czemu zawsze wiesz, kiedy nale\u017cy pod\u0142\u0105czy\u0107 j\u0105 do \u0142adowania. Czerwony wska\u017anik podczas \u0142adowania zmienia si\u0119 na zielony, kiedy akumulator jest pe\u0142en. Warto r\u00f3wnie\u017c wspomnie\u0107, \u017ce akumulator posiada certyfikat przeciwwybuchowo\u015bci, a tak\u017ce wiele obwod\u00f3w bezpiecze\u0144stwa (w tym zabezpieczenie przed prze\u0142adowaniem, roz\u0142adowaniem, czy zwarciem), co zapewnia maksymaln\u0105 ochron\u0119 podczas codziennego u\u017cytkowania.<\/p>\n<p>\n<img decoding=\"async\" src=\"https:\/\/assets.innpro.pl\/11899\/14097\/2.jpg\" border=\"0\" alt=\"M\u0119\u017cczyzna w niebieskim kombinezonie i plastikowych okularach korzystaj\u0105cy z latarki Superfire D6 podczas pracy w warsztacie.\" \/>\n<\/p>\n<h3>Ergonomiczny design i dodatkowe funkcje<\/h3>\n<p>Ergonomiczna konstrukcja zapewnia wygodny chwyt i \u0142atw\u0105 obs\u0142ug\u0119, nawet gdy nosisz r\u0119kawice. Mi\u0119kki przycisk w\u0142\u0105cznika jest intuicyjny w u\u017cyciu, a umieszczony na ko\u0144cu latarki bezpieczny m\u0142otek umo\u017cliwia wybijanie szyb w nag\u0142ych sytuacjach. Prze\u0142\u0105cznik latarki posiada zabezpieczenie przed dotykiem, minimalizuj\u0105c ryzyko przypadkowego wy\u0142\u0105czenia urz\u0105dzenia podczas pracy. To sprawia, \u017ce Superfire D6 jest nie tylko latark\u0105, ale tak\u017ce \u015bwietnym narz\u0119dziem w przemy\u015ble naftowym, chemicznym, wydobywczym itp.<\/p>\n<p>\n<img decoding=\"async\" src=\"https:\/\/assets.innpro.pl\/11899\/14097\/5.jpg\" border=\"0\" alt=\"Zbli\u017cenie na g\u0142owic\u0119 latarki Superfire D6.\" \/>\n<\/p>\n<h3>Zastosowanie w wielu scenariuszach<\/h3>\n<p>Superfire D6 to idealne rozwi\u0105zanie do zastosowa\u0144 profesjonalnych i codziennych. \u015awietnie sprawdza si\u0119 w dzia\u0142aniach stra\u017cackich, podczas inspekcji kolejowych, napraw elektrycznych, a tak\u017ce w geologii czy g\u00f3rnictwie. Jej funkcje sprawiaj\u0105, \u017ce jest nieodzownym elementem wyposa\u017cenia podczas pracy w trudnych warunkach czy sytuacjach awaryjnych.<\/p>\n<p>\n<img decoding=\"async\" src=\"https:\/\/assets.innpro.pl\/11899\/14097\/3.jpg\" border=\"0\" alt=\"Osoba w pomara\u0144czowym kombinezonie ochronnym i masce o\u015bwietlaj\u0105ca swoj\u0105 drog\u0119 latark\u0105 Superfire D6.\" \/>\n<\/p>\n<h3>W zestawie<\/h3>\n<ul class=\"list-disc pl-5\">\n<li>Latarka x1<\/li>\n<li>Linka x1<\/li>\n<li>Kabel USB-C x1<\/li>\n<\/ul>\n<div class=\"table-wrapper\">\n<p>\u00a0<\/p>\n<h3><\/h3>\n<table>\n<tbody>\n<tr>\n<th>Producent<\/th>\n<td>Superfire<\/td>\n<\/tr>\n<tr>\n<th>Model<\/th>\n<td>D6<\/td>\n<\/tr>\n<tr>\n<th>Wymiary<\/th>\n<td>\u230042*210mm<\/td>\n<\/tr>\n<tr>\n<th>Waga<\/th>\n<td>340g<\/td>\n<\/tr>\n<tr>\n<th>Tryby \u015bwiat\u0142a<\/th>\n<td>Cztery tryby (Silne \u015bwiat\u0142o, \u015awiat\u0142o robocze, Stroboskop, SOS)<\/td>\n<\/tr>\n<tr>\n<th>Moc<\/th>\n<td>5W<\/td>\n<\/tr>\n<tr>\n<th>Jasno\u015b\u0107<\/th>\n<td>220 lumen\u00f3w<\/td>\n<\/tr>\n<tr>\n<th>Wodoodporno\u015b\u0107<\/th>\n<td>IP68<\/td>\n<\/tr>\n<tr>\n<th>Akumulator<\/th>\n<td>3.7V\/4400mAh<\/td>\n<\/tr>\n<tr>\n<th>Czas pracy<\/th>\n<td>8h silne \u015bwiat\u0142o, 16h \u015bwiat\u0142o robocze<\/td>\n<\/tr>\n<tr>\n<th>Czas \u0142adowania<\/th>\n<td>8h<\/td>\n<\/tr>\n<tr>\n<th>Zasi\u0119g<\/th>\n<td>210m<\/td>\n<\/tr>\n<tr>\n<th>Materia\u0142<\/th>\n<td>Stop aluminium<\/td>\n<\/tr>\n<tr>\n<th>Temperatura otoczenia<\/th>\n<td>-20\u00b0C~40\u00b0C<\/td>\n<\/tr>\n<\/tbody>\n<\/table>\n<\/div>\n","protected":false},"excerpt":{"rendered":"<p>Latarka Superfire D6, 220 lm, zasi\u0119g 210 m, 4 tryby Latarka Superfire D6 to profesjonalne urz\u0105dzenie, kt\u00f3re \u0142\u0105czy solidn\u0105 konstrukcj\u0119<\/p>\n","protected":false},"featured_media":46338,"comment_status":"closed","ping_status":"open","template":"","meta":{"_acf_changed":false},"product_brand":[],"product_cat":[5938,5937,5939],"product_tag":[],"class_list":{"0":"post-59814","1":"product","2":"type-product","3":"status-publish","4":"has-post-thumbnail","6":"product_cat-latarki","7":"product_cat-outdoor","8":"product_cat-pozostale-latarki","9":"pa_okres-gwarancji-5754","10":"pa_producent-superfire","12":"first","13":"outofstock","14":"taxable","15":"shipping-taxable","16":"purchasable","17":"product-type-simple"},"acf":[],"yoast_head":"<!-- This site is optimized with the Yoast SEO plugin v27.2 - https:\/\/yoast.com\/product\/yoast-seo-wordpress\/ -->\n<title>Latarka SUPERFIRE D6 220lm - IRONSKY.PL Sklep z Dronami<\/title>\n<meta name=\"description\" content=\"Latarka SUPERFIRE D6 220lm - \u2705 sklep z dronami i fachowym doradztwem. \u2705 Tutaj kupisz produkty DJI, Yuneec, Parrot, Syma i wiele innych, a tak\u017ce kursy i licencje na operatora drona.\" \/>\n<meta name=\"robots\" content=\"index, follow, max-snippet:-1, max-image-preview:large, max-video-preview:-1\" \/>\n<link rel=\"canonical\" href=\"https:\/\/ironsky.pl\/sklep\/produkt\/latarka-superfire-d6-220lm\/\" \/>\n<meta property=\"og:locale\" content=\"pl_PL\" \/>\n<meta property=\"og:type\" content=\"article\" \/>\n<meta property=\"og:title\" content=\"Latarka SUPERFIRE D6 220lm - IRONSKY.PL Sklep z Dronami\" \/>\n<meta property=\"og:description\" content=\"Latarka SUPERFIRE D6 220lm - \u2705 sklep z dronami i fachowym doradztwem. \u2705 Tutaj kupisz produkty DJI, Yuneec, Parrot, Syma i wiele innych, a tak\u017ce kursy i licencje na operatora drona.\" \/>\n<meta property=\"og:url\" content=\"https:\/\/ironsky.pl\/sklep\/produkt\/latarka-superfire-d6-220lm\/\" \/>\n<meta property=\"og:site_name\" content=\"IRONSKY.PL Sklep z Dronami\" \/>\n<meta property=\"article:modified_time\" content=\"2026-04-15T08:52:03+00:00\" \/>\n<meta property=\"og:image\" content=\"https:\/\/ironsky.pl\/sklep\/wp-content\/uploads\/2025\/06\/48314_3.jpg\" \/>\n\t<meta property=\"og:image:width\" content=\"800\" \/>\n\t<meta property=\"og:image:height\" content=\"800\" \/>\n\t<meta property=\"og:image:type\" content=\"image\/jpeg\" \/>\n<meta name=\"twitter:card\" content=\"summary_large_image\" \/>\n<meta name=\"twitter:label1\" content=\"Szacowany czas czytania\" \/>\n\t<meta name=\"twitter:data1\" content=\"3 minuty\" \/>\n<script type=\"application\/ld+json\" class=\"yoast-schema-graph\">{\"@context\":\"https:\/\/schema.org\",\"@graph\":[{\"@type\":\"WebPage\",\"@id\":\"https:\/\/ironsky.pl\/sklep\/produkt\/latarka-superfire-d6-220lm\/\",\"url\":\"https:\/\/ironsky.pl\/sklep\/produkt\/latarka-superfire-d6-220lm\/\",\"name\":\"Latarka SUPERFIRE D6 220lm - IRONSKY.PL Sklep z Dronami\",\"isPartOf\":{\"@id\":\"https:\/\/ironsky.pl\/sklep\/#website\"},\"primaryImageOfPage\":{\"@id\":\"https:\/\/ironsky.pl\/sklep\/produkt\/latarka-superfire-d6-220lm\/#primaryimage\"},\"image\":{\"@id\":\"https:\/\/ironsky.pl\/sklep\/produkt\/latarka-superfire-d6-220lm\/#primaryimage\"},\"thumbnailUrl\":\"https:\/\/ironsky.pl\/sklep\/wp-content\/uploads\/2025\/06\/48314_3.jpg\",\"datePublished\":\"2026-04-15T08:51:52+00:00\",\"dateModified\":\"2026-04-15T08:52:03+00:00\",\"description\":\"Latarka SUPERFIRE D6 220lm - \u2705 sklep z dronami i fachowym doradztwem. \u2705 Tutaj kupisz produkty DJI, Yuneec, Parrot, Syma i wiele innych, a tak\u017ce kursy i licencje na operatora drona.\",\"breadcrumb\":{\"@id\":\"https:\/\/ironsky.pl\/sklep\/produkt\/latarka-superfire-d6-220lm\/#breadcrumb\"},\"inLanguage\":\"pl-PL\",\"potentialAction\":[{\"@type\":\"ReadAction\",\"target\":[\"https:\/\/ironsky.pl\/sklep\/produkt\/latarka-superfire-d6-220lm\/\"]}]},{\"@type\":\"ImageObject\",\"inLanguage\":\"pl-PL\",\"@id\":\"https:\/\/ironsky.pl\/sklep\/produkt\/latarka-superfire-d6-220lm\/#primaryimage\",\"url\":\"https:\/\/ironsky.pl\/sklep\/wp-content\/uploads\/2025\/06\/48314_3.jpg\",\"contentUrl\":\"https:\/\/ironsky.pl\/sklep\/wp-content\/uploads\/2025\/06\/48314_3.jpg\",\"width\":800,\"height\":800},{\"@type\":\"BreadcrumbList\",\"@id\":\"https:\/\/ironsky.pl\/sklep\/produkt\/latarka-superfire-d6-220lm\/#breadcrumb\",\"itemListElement\":[{\"@type\":\"ListItem\",\"position\":1,\"name\":\"Strona g\u0142\u00f3wna\",\"item\":\"https:\/\/ironsky.pl\/sklep\/\"},{\"@type\":\"ListItem\",\"position\":2,\"name\":\"Wszystkie produkty\",\"item\":\"https:\/\/ironsky.pl\/sklep\/produkty\/\"},{\"@type\":\"ListItem\",\"position\":3,\"name\":\"Latarka SUPERFIRE D6 220lm\"}]},{\"@type\":\"WebSite\",\"@id\":\"https:\/\/ironsky.pl\/sklep\/#website\",\"url\":\"https:\/\/ironsky.pl\/sklep\/\",\"name\":\"IRONSKY.PL Sklep z Dronami\",\"description\":\"IRONSKY.PL Sklep z Dronami\",\"potentialAction\":[{\"@type\":\"SearchAction\",\"target\":{\"@type\":\"EntryPoint\",\"urlTemplate\":\"https:\/\/ironsky.pl\/sklep\/?s={search_term_string}\"},\"query-input\":{\"@type\":\"PropertyValueSpecification\",\"valueRequired\":true,\"valueName\":\"search_term_string\"}}],\"inLanguage\":\"pl-PL\"}]}<\/script>\n<!-- \/ Yoast SEO plugin. -->","yoast_head_json":{"title":"Latarka SUPERFIRE D6 220lm - IRONSKY.PL Sklep z Dronami","description":"Latarka SUPERFIRE D6 220lm - \u2705 sklep z dronami i fachowym doradztwem. \u2705 Tutaj kupisz produkty DJI, Yuneec, Parrot, Syma i wiele innych, a tak\u017ce kursy i licencje na operatora drona.","robots":{"index":"index","follow":"follow","max-snippet":"max-snippet:-1","max-image-preview":"max-image-preview:large","max-video-preview":"max-video-preview:-1"},"canonical":"https:\/\/ironsky.pl\/sklep\/produkt\/latarka-superfire-d6-220lm\/","og_locale":"pl_PL","og_type":"article","og_title":"Latarka SUPERFIRE D6 220lm - IRONSKY.PL Sklep z Dronami","og_description":"Latarka SUPERFIRE D6 220lm - \u2705 sklep z dronami i fachowym doradztwem. \u2705 Tutaj kupisz produkty DJI, Yuneec, Parrot, Syma i wiele innych, a tak\u017ce kursy i licencje na operatora drona.","og_url":"https:\/\/ironsky.pl\/sklep\/produkt\/latarka-superfire-d6-220lm\/","og_site_name":"IRONSKY.PL Sklep z Dronami","article_modified_time":"2026-04-15T08:52:03+00:00","og_image":[{"width":800,"height":800,"url":"https:\/\/ironsky.pl\/sklep\/wp-content\/uploads\/2025\/06\/48314_3.jpg","type":"image\/jpeg"}],"twitter_card":"summary_large_image","twitter_misc":{"Szacowany czas czytania":"3 minuty"},"schema":{"@context":"https:\/\/schema.org","@graph":[{"@type":"WebPage","@id":"https:\/\/ironsky.pl\/sklep\/produkt\/latarka-superfire-d6-220lm\/","url":"https:\/\/ironsky.pl\/sklep\/produkt\/latarka-superfire-d6-220lm\/","name":"Latarka SUPERFIRE D6 220lm - IRONSKY.PL Sklep z Dronami","isPartOf":{"@id":"https:\/\/ironsky.pl\/sklep\/#website"},"primaryImageOfPage":{"@id":"https:\/\/ironsky.pl\/sklep\/produkt\/latarka-superfire-d6-220lm\/#primaryimage"},"image":{"@id":"https:\/\/ironsky.pl\/sklep\/produkt\/latarka-superfire-d6-220lm\/#primaryimage"},"thumbnailUrl":"https:\/\/ironsky.pl\/sklep\/wp-content\/uploads\/2025\/06\/48314_3.jpg","datePublished":"2026-04-15T08:51:52+00:00","dateModified":"2026-04-15T08:52:03+00:00","description":"Latarka SUPERFIRE D6 220lm - \u2705 sklep z dronami i fachowym doradztwem. \u2705 Tutaj kupisz produkty DJI, Yuneec, Parrot, Syma i wiele innych, a tak\u017ce kursy i licencje na operatora drona.","breadcrumb":{"@id":"https:\/\/ironsky.pl\/sklep\/produkt\/latarka-superfire-d6-220lm\/#breadcrumb"},"inLanguage":"pl-PL","potentialAction":[{"@type":"ReadAction","target":["https:\/\/ironsky.pl\/sklep\/produkt\/latarka-superfire-d6-220lm\/"]}]},{"@type":"ImageObject","inLanguage":"pl-PL","@id":"https:\/\/ironsky.pl\/sklep\/produkt\/latarka-superfire-d6-220lm\/#primaryimage","url":"https:\/\/ironsky.pl\/sklep\/wp-content\/uploads\/2025\/06\/48314_3.jpg","contentUrl":"https:\/\/ironsky.pl\/sklep\/wp-content\/uploads\/2025\/06\/48314_3.jpg","width":800,"height":800},{"@type":"BreadcrumbList","@id":"https:\/\/ironsky.pl\/sklep\/produkt\/latarka-superfire-d6-220lm\/#breadcrumb","itemListElement":[{"@type":"ListItem","position":1,"name":"Strona g\u0142\u00f3wna","item":"https:\/\/ironsky.pl\/sklep\/"},{"@type":"ListItem","position":2,"name":"Wszystkie produkty","item":"https:\/\/ironsky.pl\/sklep\/produkty\/"},{"@type":"ListItem","position":3,"name":"Latarka SUPERFIRE D6 220lm"}]},{"@type":"WebSite","@id":"https:\/\/ironsky.pl\/sklep\/#website","url":"https:\/\/ironsky.pl\/sklep\/","name":"IRONSKY.PL Sklep z Dronami","description":"IRONSKY.PL Sklep z Dronami","potentialAction":[{"@type":"SearchAction","target":{"@type":"EntryPoint","urlTemplate":"https:\/\/ironsky.pl\/sklep\/?s={search_term_string}"},"query-input":{"@type":"PropertyValueSpecification","valueRequired":true,"valueName":"search_term_string"}}],"inLanguage":"pl-PL"}]}},"_links":{"self":[{"href":"https:\/\/ironsky.pl\/sklep\/wp-json\/wp\/v2\/product\/59814","targetHints":{"allow":["GET"]}}],"collection":[{"href":"https:\/\/ironsky.pl\/sklep\/wp-json\/wp\/v2\/product"}],"about":[{"href":"https:\/\/ironsky.pl\/sklep\/wp-json\/wp\/v2\/types\/product"}],"replies":[{"embeddable":true,"href":"https:\/\/ironsky.pl\/sklep\/wp-json\/wp\/v2\/comments?post=59814"}],"wp:featuredmedia":[{"embeddable":true,"href":"https:\/\/ironsky.pl\/sklep\/wp-json\/wp\/v2\/media\/46338"}],"wp:attachment":[{"href":"https:\/\/ironsky.pl\/sklep\/wp-json\/wp\/v2\/media?parent=59814"}],"wp:term":[{"taxonomy":"product_brand","embeddable":true,"href":"https:\/\/ironsky.pl\/sklep\/wp-json\/wp\/v2\/product_brand?post=59814"},{"taxonomy":"product_cat","embeddable":true,"href":"https:\/\/ironsky.pl\/sklep\/wp-json\/wp\/v2\/product_cat?post=59814"},{"taxonomy":"product_tag","embeddable":true,"href":"https:\/\/ironsky.pl\/sklep\/wp-json\/wp\/v2\/product_tag?post=59814"}],"curies":[{"name":"wp","href":"https:\/\/api.w.org\/{rel}","templated":true}]}}