{"id":59806,"date":"2026-04-15T10:51:52","date_gmt":"2026-04-15T08:51:52","guid":{"rendered":"https:\/\/ironsky.pl\/sklep\/produkt\/lampa-kempingowa-superfire-lt01-2w1-250lm-usb-c\/"},"modified":"2026-04-15T10:51:53","modified_gmt":"2026-04-15T08:51:53","slug":"lampa-kempingowa-superfire-lt01-2w1-250lm-usb-c","status":"publish","type":"product","link":"https:\/\/ironsky.pl\/sklep\/produkt\/lampa-kempingowa-superfire-lt01-2w1-250lm-usb-c\/","title":{"rendered":"Lampa kempingowa SUPERFIRE LT01 2w1 250lm USB-C"},"content":{"rendered":"<h3>Lampa kempingowa Superfire LT01 2w1 \u2013 50\u2013250lm , powerbank, USB-C<\/h3>\n<p>Lampa kempingowa 2w1 Superfire LT01 to innowacyjne po\u0142\u0105czenie funkcjonalno\u015bci i nowoczesnego designu, stworzone z my\u015bl\u0105 o mi\u0142o\u015bnikach outdoorowych przyg\u00f3d. Dzi\u0119ki elastycznemu o\u015bwietleniu w formie girlandy oraz praktycznemu modu\u0142owi g\u0142\u00f3wnemu ten produkt doskonale sprawdza si\u0119 podczas biwak\u00f3w, wypad\u00f3w na ryby, a tak\u017ce w sytuacjach awaryjnych. D\u0142ugi czas pracy, odporno\u015b\u0107 na trudne warunki pogodowe, jasno\u015b\u0107 do 250 lm i zasi\u0119g do 10 m gwarantuj\u0105 niezawodne u\u017cytkowanie w r\u00f3\u017cnych warunkach.<\/p>\n<p>\n<img decoding=\"async\" src=\"https:\/\/assets.innpro.pl\/11949\/14157\/6.jpg\" border=\"0\" alt=\"lampki przed pomara\u0144czowym namiotem w ciemno\u015bci\" \/>\n<\/p>\n<h3>Wytrzyma\u0142a konstrukcja i praktyczne materia\u0142y<\/h3>\n<p>Lampa wykonana jest z wysokiej jako\u015bci materia\u0142\u00f3w ABS (Acrylonitrile Butadiene Styrene, wytrzyma\u0142e tworzywo sztuczne) i PC (Polycarbonate, poliw\u0119glan), co zapewnia jej trwa\u0142o\u015b\u0107 i odporno\u015b\u0107 na uszkodzenia mechaniczne. D\u0142uga na 10 metr\u00f3w girlanda \u015bwietlna jest elastyczna, co umo\u017cliwia \u0142atwe rozwijanie i zwijanie za pomoc\u0105 specjalnego zaczepu ta\u015bmowego i joysticka. Za spraw\u0105 kompaktowej konstrukcji modu\u0142u g\u0142\u00f3wnego oraz sk\u0142adanemu haczykowi, lampa jest \u0142atwa w transporcie i przechowywaniu.<\/p>\n<p>\n<img decoding=\"async\" src=\"https:\/\/assets.innpro.pl\/11949\/14157\/2.jpg\" border=\"0\" alt=\"lampki w deszczu\" \/>\n<\/p>\n<h3>Wodoodporno\u015b\u0107 klasy IP44<\/h3>\n<p>Superfire LT01 charakteryzuje si\u0119 wodoodporno\u015bci\u0105 na poziomie IP44 (Ingress Protection 44, stopie\u0144 ochrony przed cia\u0142ami sta\u0142ymi i wod\u0105), co oznacza, \u017ce jest odporna na zachlapania i lekkie opady deszczu. Dzi\u0119ki temu mo\u017cesz bez obaw u\u017cywa\u0107 jej w deszczowe dni lub podczas porannych mgie\u0142. Idealnie nadaje si\u0119 do biwakowania, w\u0119dkowania czy innych aktywno\u015bci na \u015bwie\u017cym powietrzu.<\/p>\n<p>\n<img decoding=\"async\" src=\"https:\/\/assets.innpro.pl\/11949\/14157\/5.jpg\" border=\"0\" alt=\"pomara\u0144czowy namiot o\u015bwietlony lampkami generuj\u0105cymi ciep\u0142e \u015bwiat\u0142o\" \/>\n<\/p>\n<h3>R\u00f3\u017cne tryby \u015bwiecenia i szeroki k\u0105t o\u015bwietlenia<\/h3>\n<p>Lampa oferuje trzy tryby pracy: \u015bwiat\u0142o sta\u0142e (8 godzin pracy), migaj\u0105ce (21 godzin) oraz pulsuj\u0105ce (11,5 godziny). 360-stopniowy k\u0105t \u015bwiecenia i zasi\u0119g do 10 m zapewniaj\u0105 r\u00f3wnomierne o\u015bwietlenie ca\u0142ego obszaru wok\u00f3\u0142 namiotu czy miejsca biwakowego. Przy pomocy 100 diod LED (Light Emitting Diode, dioda emituj\u0105ca \u015bwiat\u0142o) generuj\u0105cych jasno\u015b\u0107 od 50 do 250 lumen\u00f3w, mo\u017cesz dostosowa\u0107 intensywno\u015b\u0107 \u015bwiat\u0142a do swoich potrzeb.<\/p>\n<p>\n<img decoding=\"async\" src=\"https:\/\/assets.innpro.pl\/11949\/14157\/4.jpg\" border=\"0\" alt=\"Sto\u0142y i \u0142awki pod pomara\u0144czowym namiotem o\u015bwielonym ciep\u0142ym \u015bwiat\u0142em\" \/>\n<\/p>\n<h3>Wydajne zasilanie i szybkie \u0142adowanie<\/h3>\n<p>Lampa oferuje trzy tryby pracy: \u015bwiat\u0142o sta\u0142e (8 godzin pracy), migaj\u0105ce (21 godzin) oraz pulsuj\u0105ce (11,5 godziny). 360-stopniowy k\u0105t \u015bwiecenia i zasi\u0119g do 10 m zapewniaj\u0105 r\u00f3wnomierne o\u015bwietlenie ca\u0142ego obszaru wok\u00f3\u0142 namiotu czy miejsca biwakowego. Przy pomocy 100 diod LED (Light Emitting Diode, dioda emituj\u0105ca \u015bwiat\u0142o) generuj\u0105cych jasno\u015b\u0107 od 50 do 250 lumen\u00f3w, mo\u017cesz dostosowa\u0107 intensywno\u015b\u0107 \u015bwiat\u0142a do swoich potrzeb.<\/p>\n<p>\n<img decoding=\"async\" src=\"https:\/\/assets.innpro.pl\/11949\/14157\/1.jpg\" border=\"0\" alt=\"lampka \u0142adowana z powerbanku na skale\" \/>\n<\/p>\n<h3>Lekka i przeno\u015bna konstrukcja<\/h3>\n<p>Modu\u0142 wa\u017cy zaledwie 230 g, co sprawia, \u017ce jest lekki i wygodny do przenoszenia. Kompaktowy design i sk\u0142adany haczyk umo\u017cliwiaj\u0105 \u0142atwe zawieszenie lampy na ga\u0142\u0119zi, namiocie lub innym punkcie, zapewniaj\u0105c komfortowe o\u015bwietlenie bez konieczno\u015bci trzymania urz\u0105dzenia w r\u0119kach.<\/p>\n<p>\n<img decoding=\"async\" src=\"https:\/\/assets.innpro.pl\/11949\/14157\/7.jpg\" border=\"0\" alt=\"lampka i smartfon ustawione na r\u00f3wnowa\u017cni na bia\u0142ym tle\" \/>\n<\/p>\n<div class=\"table-wrapper\">\n<p>\u00a0<\/p>\n<h3><\/h3>\n<table>\n<tbody>\n<tr>\n<th>Producent<\/th>\n<td>Superfire<\/td>\n<\/tr>\n<tr>\n<th>Model<\/th>\n<td>LT01<\/td>\n<\/tr>\n<tr>\n<th>Wymiary<\/th>\n<td>92*58mm<\/td>\n<\/tr>\n<tr>\n<th>Waga<\/th>\n<td>230g<\/td>\n<\/tr>\n<tr>\n<th>Moc<\/th>\n<td>2W<\/td>\n<\/tr>\n<tr>\n<th>Jasno\u015b\u0107<\/th>\n<td>50-250 Lumen\u00f3w<\/td>\n<\/tr>\n<tr>\n<th>Akumulator<\/th>\n<td>Wbudowany 1800mAh<\/td>\n<\/tr>\n<tr>\n<th>Czas pracy<\/th>\n<td>Oko\u0142o 6-24h<\/td>\n<\/tr>\n<tr>\n<th>Zasi\u0119g \u015bwiat\u0142a<\/th>\n<td>10m<\/td>\n<\/tr>\n<tr>\n<th>Wodoodporno\u015b\u0107<\/th>\n<td>IP44<\/td>\n<\/tr>\n<tr>\n<th>Materia\u0142<\/th>\n<td>ABS+PC<\/td>\n<\/tr>\n<tr>\n<th>\u0141adowanie<\/th>\n<td>USB-C<\/td>\n<\/tr>\n<tr>\n<th>Tryby \u015bwiat\u0142a<\/th>\n<td>W\u0142\u0105czony filar \u015bwietlny &#8211; Migaj\u0105cy filar \u015bwietlny &#8211; Tryb \u015bwietlika filaru \u015bwietlnego &#8211; W\u0142\u0105czone \u015bwiat\u0142o g\u0142\u00f3wne + Migaj\u0105cy filar \u015bwietlny &#8211; \u015awiat\u0142o g\u0142\u00f3wne + Filar \u015bwietlny w\u0142\u0105czone &#8211; \u015awiat\u0142o g\u0142\u00f3wne zawsze w\u0142\u0105czone &#8211; \u015awiat\u0142o g\u0142\u00f3wne SOS migaj\u0105ce<\/td>\n<\/tr>\n<\/tbody>\n<\/table>\n<\/div>\n","protected":false},"excerpt":{"rendered":"<p>Lampa kempingowa Superfire LT01 2w1 \u2013 50\u2013250lm , powerbank, USB-C Lampa kempingowa 2w1 Superfire LT01 to innowacyjne po\u0142\u0105czenie funkcjonalno\u015bci i<\/p>\n","protected":false},"featured_media":46284,"comment_status":"closed","ping_status":"open","template":"","meta":{"_acf_changed":false},"product_brand":[],"product_cat":[5947,5946,5937],"product_tag":[],"class_list":{"0":"post-59806","1":"product","2":"type-product","3":"status-publish","4":"has-post-thumbnail","6":"product_cat-lampy-kempingowe","7":"product_cat-oswietlenie","8":"product_cat-outdoor","9":"pa_okres-gwarancji-5754","10":"pa_producent-superfire","12":"first","13":"outofstock","14":"taxable","15":"shipping-taxable","16":"purchasable","17":"product-type-simple"},"acf":[],"yoast_head":"<!-- This site is optimized with the Yoast SEO plugin v27.2 - https:\/\/yoast.com\/product\/yoast-seo-wordpress\/ -->\n<title>Lampa kempingowa SUPERFIRE LT01 2w1 250lm USB-C - IRONSKY.PL Sklep z Dronami<\/title>\n<meta name=\"description\" content=\"Lampa kempingowa SUPERFIRE LT01 2w1 250lm USB-C - \u2705 sklep z dronami i fachowym doradztwem. \u2705 Tutaj kupisz produkty DJI, Yuneec, Parrot, Syma i wiele innych, a tak\u017ce kursy i licencje na operatora drona.\" \/>\n<meta name=\"robots\" content=\"index, follow, max-snippet:-1, max-image-preview:large, max-video-preview:-1\" \/>\n<link rel=\"canonical\" href=\"https:\/\/ironsky.pl\/sklep\/produkt\/lampa-kempingowa-superfire-lt01-2w1-250lm-usb-c\/\" \/>\n<meta property=\"og:locale\" content=\"pl_PL\" \/>\n<meta property=\"og:type\" content=\"article\" \/>\n<meta property=\"og:title\" content=\"Lampa kempingowa SUPERFIRE LT01 2w1 250lm USB-C - IRONSKY.PL Sklep z Dronami\" \/>\n<meta property=\"og:description\" content=\"Lampa kempingowa SUPERFIRE LT01 2w1 250lm USB-C - \u2705 sklep z dronami i fachowym doradztwem. \u2705 Tutaj kupisz produkty DJI, Yuneec, Parrot, Syma i wiele innych, a tak\u017ce kursy i licencje na operatora drona.\" \/>\n<meta property=\"og:url\" content=\"https:\/\/ironsky.pl\/sklep\/produkt\/lampa-kempingowa-superfire-lt01-2w1-250lm-usb-c\/\" \/>\n<meta property=\"og:site_name\" content=\"IRONSKY.PL Sklep z Dronami\" \/>\n<meta property=\"article:modified_time\" content=\"2026-04-15T08:51:53+00:00\" \/>\n<meta property=\"og:image\" content=\"https:\/\/ironsky.pl\/sklep\/wp-content\/uploads\/2025\/06\/48138_3.jpg\" \/>\n\t<meta property=\"og:image:width\" content=\"800\" \/>\n\t<meta property=\"og:image:height\" content=\"800\" \/>\n\t<meta property=\"og:image:type\" content=\"image\/jpeg\" \/>\n<meta name=\"twitter:card\" content=\"summary_large_image\" \/>\n<meta name=\"twitter:label1\" content=\"Szacowany czas czytania\" \/>\n\t<meta name=\"twitter:data1\" content=\"3 minuty\" \/>\n<script type=\"application\/ld+json\" class=\"yoast-schema-graph\">{\"@context\":\"https:\/\/schema.org\",\"@graph\":[{\"@type\":\"WebPage\",\"@id\":\"https:\/\/ironsky.pl\/sklep\/produkt\/lampa-kempingowa-superfire-lt01-2w1-250lm-usb-c\/\",\"url\":\"https:\/\/ironsky.pl\/sklep\/produkt\/lampa-kempingowa-superfire-lt01-2w1-250lm-usb-c\/\",\"name\":\"Lampa kempingowa SUPERFIRE LT01 2w1 250lm USB-C - IRONSKY.PL Sklep z Dronami\",\"isPartOf\":{\"@id\":\"https:\/\/ironsky.pl\/sklep\/#website\"},\"primaryImageOfPage\":{\"@id\":\"https:\/\/ironsky.pl\/sklep\/produkt\/lampa-kempingowa-superfire-lt01-2w1-250lm-usb-c\/#primaryimage\"},\"image\":{\"@id\":\"https:\/\/ironsky.pl\/sklep\/produkt\/lampa-kempingowa-superfire-lt01-2w1-250lm-usb-c\/#primaryimage\"},\"thumbnailUrl\":\"https:\/\/ironsky.pl\/sklep\/wp-content\/uploads\/2025\/06\/48138_3.jpg\",\"datePublished\":\"2026-04-15T08:51:52+00:00\",\"dateModified\":\"2026-04-15T08:51:53+00:00\",\"description\":\"Lampa kempingowa SUPERFIRE LT01 2w1 250lm USB-C - \u2705 sklep z dronami i fachowym doradztwem. \u2705 Tutaj kupisz produkty DJI, Yuneec, Parrot, Syma i wiele innych, a tak\u017ce kursy i licencje na operatora drona.\",\"breadcrumb\":{\"@id\":\"https:\/\/ironsky.pl\/sklep\/produkt\/lampa-kempingowa-superfire-lt01-2w1-250lm-usb-c\/#breadcrumb\"},\"inLanguage\":\"pl-PL\",\"potentialAction\":[{\"@type\":\"ReadAction\",\"target\":[\"https:\/\/ironsky.pl\/sklep\/produkt\/lampa-kempingowa-superfire-lt01-2w1-250lm-usb-c\/\"]}]},{\"@type\":\"ImageObject\",\"inLanguage\":\"pl-PL\",\"@id\":\"https:\/\/ironsky.pl\/sklep\/produkt\/lampa-kempingowa-superfire-lt01-2w1-250lm-usb-c\/#primaryimage\",\"url\":\"https:\/\/ironsky.pl\/sklep\/wp-content\/uploads\/2025\/06\/48138_3.jpg\",\"contentUrl\":\"https:\/\/ironsky.pl\/sklep\/wp-content\/uploads\/2025\/06\/48138_3.jpg\",\"width\":800,\"height\":800},{\"@type\":\"BreadcrumbList\",\"@id\":\"https:\/\/ironsky.pl\/sklep\/produkt\/lampa-kempingowa-superfire-lt01-2w1-250lm-usb-c\/#breadcrumb\",\"itemListElement\":[{\"@type\":\"ListItem\",\"position\":1,\"name\":\"Strona g\u0142\u00f3wna\",\"item\":\"https:\/\/ironsky.pl\/sklep\/\"},{\"@type\":\"ListItem\",\"position\":2,\"name\":\"Wszystkie produkty\",\"item\":\"https:\/\/ironsky.pl\/sklep\/produkty\/\"},{\"@type\":\"ListItem\",\"position\":3,\"name\":\"Lampa kempingowa SUPERFIRE LT01 2w1 250lm USB-C\"}]},{\"@type\":\"WebSite\",\"@id\":\"https:\/\/ironsky.pl\/sklep\/#website\",\"url\":\"https:\/\/ironsky.pl\/sklep\/\",\"name\":\"IRONSKY.PL Sklep z Dronami\",\"description\":\"IRONSKY.PL Sklep z Dronami\",\"potentialAction\":[{\"@type\":\"SearchAction\",\"target\":{\"@type\":\"EntryPoint\",\"urlTemplate\":\"https:\/\/ironsky.pl\/sklep\/?s={search_term_string}\"},\"query-input\":{\"@type\":\"PropertyValueSpecification\",\"valueRequired\":true,\"valueName\":\"search_term_string\"}}],\"inLanguage\":\"pl-PL\"}]}<\/script>\n<!-- \/ Yoast SEO plugin. -->","yoast_head_json":{"title":"Lampa kempingowa SUPERFIRE LT01 2w1 250lm USB-C - IRONSKY.PL Sklep z Dronami","description":"Lampa kempingowa SUPERFIRE LT01 2w1 250lm USB-C - \u2705 sklep z dronami i fachowym doradztwem. \u2705 Tutaj kupisz produkty DJI, Yuneec, Parrot, Syma i wiele innych, a tak\u017ce kursy i licencje na operatora drona.","robots":{"index":"index","follow":"follow","max-snippet":"max-snippet:-1","max-image-preview":"max-image-preview:large","max-video-preview":"max-video-preview:-1"},"canonical":"https:\/\/ironsky.pl\/sklep\/produkt\/lampa-kempingowa-superfire-lt01-2w1-250lm-usb-c\/","og_locale":"pl_PL","og_type":"article","og_title":"Lampa kempingowa SUPERFIRE LT01 2w1 250lm USB-C - IRONSKY.PL Sklep z Dronami","og_description":"Lampa kempingowa SUPERFIRE LT01 2w1 250lm USB-C - \u2705 sklep z dronami i fachowym doradztwem. \u2705 Tutaj kupisz produkty DJI, Yuneec, Parrot, Syma i wiele innych, a tak\u017ce kursy i licencje na operatora drona.","og_url":"https:\/\/ironsky.pl\/sklep\/produkt\/lampa-kempingowa-superfire-lt01-2w1-250lm-usb-c\/","og_site_name":"IRONSKY.PL Sklep z Dronami","article_modified_time":"2026-04-15T08:51:53+00:00","og_image":[{"width":800,"height":800,"url":"https:\/\/ironsky.pl\/sklep\/wp-content\/uploads\/2025\/06\/48138_3.jpg","type":"image\/jpeg"}],"twitter_card":"summary_large_image","twitter_misc":{"Szacowany czas czytania":"3 minuty"},"schema":{"@context":"https:\/\/schema.org","@graph":[{"@type":"WebPage","@id":"https:\/\/ironsky.pl\/sklep\/produkt\/lampa-kempingowa-superfire-lt01-2w1-250lm-usb-c\/","url":"https:\/\/ironsky.pl\/sklep\/produkt\/lampa-kempingowa-superfire-lt01-2w1-250lm-usb-c\/","name":"Lampa kempingowa SUPERFIRE LT01 2w1 250lm USB-C - IRONSKY.PL Sklep z Dronami","isPartOf":{"@id":"https:\/\/ironsky.pl\/sklep\/#website"},"primaryImageOfPage":{"@id":"https:\/\/ironsky.pl\/sklep\/produkt\/lampa-kempingowa-superfire-lt01-2w1-250lm-usb-c\/#primaryimage"},"image":{"@id":"https:\/\/ironsky.pl\/sklep\/produkt\/lampa-kempingowa-superfire-lt01-2w1-250lm-usb-c\/#primaryimage"},"thumbnailUrl":"https:\/\/ironsky.pl\/sklep\/wp-content\/uploads\/2025\/06\/48138_3.jpg","datePublished":"2026-04-15T08:51:52+00:00","dateModified":"2026-04-15T08:51:53+00:00","description":"Lampa kempingowa SUPERFIRE LT01 2w1 250lm USB-C - \u2705 sklep z dronami i fachowym doradztwem. \u2705 Tutaj kupisz produkty DJI, Yuneec, Parrot, Syma i wiele innych, a tak\u017ce kursy i licencje na operatora drona.","breadcrumb":{"@id":"https:\/\/ironsky.pl\/sklep\/produkt\/lampa-kempingowa-superfire-lt01-2w1-250lm-usb-c\/#breadcrumb"},"inLanguage":"pl-PL","potentialAction":[{"@type":"ReadAction","target":["https:\/\/ironsky.pl\/sklep\/produkt\/lampa-kempingowa-superfire-lt01-2w1-250lm-usb-c\/"]}]},{"@type":"ImageObject","inLanguage":"pl-PL","@id":"https:\/\/ironsky.pl\/sklep\/produkt\/lampa-kempingowa-superfire-lt01-2w1-250lm-usb-c\/#primaryimage","url":"https:\/\/ironsky.pl\/sklep\/wp-content\/uploads\/2025\/06\/48138_3.jpg","contentUrl":"https:\/\/ironsky.pl\/sklep\/wp-content\/uploads\/2025\/06\/48138_3.jpg","width":800,"height":800},{"@type":"BreadcrumbList","@id":"https:\/\/ironsky.pl\/sklep\/produkt\/lampa-kempingowa-superfire-lt01-2w1-250lm-usb-c\/#breadcrumb","itemListElement":[{"@type":"ListItem","position":1,"name":"Strona g\u0142\u00f3wna","item":"https:\/\/ironsky.pl\/sklep\/"},{"@type":"ListItem","position":2,"name":"Wszystkie produkty","item":"https:\/\/ironsky.pl\/sklep\/produkty\/"},{"@type":"ListItem","position":3,"name":"Lampa kempingowa SUPERFIRE LT01 2w1 250lm USB-C"}]},{"@type":"WebSite","@id":"https:\/\/ironsky.pl\/sklep\/#website","url":"https:\/\/ironsky.pl\/sklep\/","name":"IRONSKY.PL Sklep z Dronami","description":"IRONSKY.PL Sklep z Dronami","potentialAction":[{"@type":"SearchAction","target":{"@type":"EntryPoint","urlTemplate":"https:\/\/ironsky.pl\/sklep\/?s={search_term_string}"},"query-input":{"@type":"PropertyValueSpecification","valueRequired":true,"valueName":"search_term_string"}}],"inLanguage":"pl-PL"}]}},"_links":{"self":[{"href":"https:\/\/ironsky.pl\/sklep\/wp-json\/wp\/v2\/product\/59806","targetHints":{"allow":["GET"]}}],"collection":[{"href":"https:\/\/ironsky.pl\/sklep\/wp-json\/wp\/v2\/product"}],"about":[{"href":"https:\/\/ironsky.pl\/sklep\/wp-json\/wp\/v2\/types\/product"}],"replies":[{"embeddable":true,"href":"https:\/\/ironsky.pl\/sklep\/wp-json\/wp\/v2\/comments?post=59806"}],"wp:featuredmedia":[{"embeddable":true,"href":"https:\/\/ironsky.pl\/sklep\/wp-json\/wp\/v2\/media\/46284"}],"wp:attachment":[{"href":"https:\/\/ironsky.pl\/sklep\/wp-json\/wp\/v2\/media?parent=59806"}],"wp:term":[{"taxonomy":"product_brand","embeddable":true,"href":"https:\/\/ironsky.pl\/sklep\/wp-json\/wp\/v2\/product_brand?post=59806"},{"taxonomy":"product_cat","embeddable":true,"href":"https:\/\/ironsky.pl\/sklep\/wp-json\/wp\/v2\/product_cat?post=59806"},{"taxonomy":"product_tag","embeddable":true,"href":"https:\/\/ironsky.pl\/sklep\/wp-json\/wp\/v2\/product_tag?post=59806"}],"curies":[{"name":"wp","href":"https:\/\/api.w.org\/{rel}","templated":true}]}}