{"id":59803,"date":"2026-04-15T10:51:28","date_gmt":"2026-04-15T08:51:28","guid":{"rendered":"https:\/\/ironsky.pl\/sklep\/produkt\/latarka-superfire-mi80-s-strumien-swietlny-300lm\/"},"modified":"2026-04-15T10:51:49","modified_gmt":"2026-04-15T08:51:49","slug":"latarka-superfire-mi80-s-strumien-swietlny-300lm","status":"publish","type":"product","link":"https:\/\/ironsky.pl\/sklep\/produkt\/latarka-superfire-mi80-s-strumien-swietlny-300lm\/","title":{"rendered":"Latarka SUPERFIRE MI80-S strumie\u0144 \u015bwietlny 300lm"},"content":{"rendered":"<h3>Latarka Superfire MI80-S, 300 lm, 3 W, 5 tryb\u00f3w, 100 m<\/h3>\n<p>Latarka Superfire MI80-S to kompaktowe i wydajne \u017ar\u00f3d\u0142o \u015bwiat\u0142a stworzone z my\u015bl\u0105 o szerokim zastosowaniu. Dzi\u0119ki swojej solidnej konstrukcji, wodoodporno\u015bci IP44 oraz pi\u0119ciu trybom \u015bwiecenia, jest idealnym narz\u0119dziem do codziennego u\u017cytku, prac konserwacyjnych, wypraw kempingowych czy sytuacji awaryjnych. W zestawie znajduje si\u0119 latarka, przeno\u015bna \u0142adowarka USB (Universal Serial Bus, interfejs s\u0142u\u017c\u0105cy do \u0142adowania i zasilania urz\u0105dze\u0144 elektronicznych, a tak\u017ce do przesy\u0142ania plik\u00f3w) oraz akumulator, co gwarantuje pe\u0142n\u0105 gotowo\u015b\u0107 do dzia\u0142ania od razu po wyj\u0119ciu z opakowania.<\/p>\n<p>\n<img decoding=\"async\" src=\"https:\/\/assets.innpro.pl\/11898\/14091\/6.jpg\" border=\"0\" alt=\"Latarka Superfire MI80-S le\u017c\u0105ca na czarnych ska\u0142kach.\" \/>\n<\/p>\n<h3>Wytrzyma\u0142a konstrukcja z aluminium<\/h3>\n<p>Latarka wykonana zosta\u0142a z wysokiej jako\u015bci aluminium o imponuj\u0105cej twardo\u015bci, co zapewnia odporno\u015b\u0107 na uszkodzenia mechaniczne i trudne warunki u\u017cytkowania. Wzmocniona metalowa konstrukcja z grub\u0105 osi\u0105 i silikonow\u0105 uszczelk\u0105 sprawia, \u017ce latarka jest trwa\u0142a i niezawodna w ka\u017cdych warunkach. Niezale\u017cnie od wyzwa\u0144, MI80-S poradzi sobie z ka\u017cdym zadaniem.<\/p>\n<p>\n<img decoding=\"async\" src=\"https:\/\/assets.innpro.pl\/11898\/14091\/1.jpg\" border=\"0\" alt=\"Latarka Superfire MI80-S w czarnym kolorze wk\u0142adana do kieszeni jeans\u00f3w.\" \/>\n<\/p>\n<h3>Wodoodporno\u015b\u0107 klasy IP44<\/h3>\n<p>Dzi\u0119ki klasie wodoodporno\u015bci IP44 latarka jest odporna na zachlapania i deszcz. Specjalna konstrukcja z uszczelnieniem silikonowym i metalowym pier\u015bcieniem wzmacnia jej odporno\u015b\u0107 na wilgo\u0107. Mo\u017cesz z niej korzysta\u0107 w niesprzyjaj\u0105cych warunkach pogodowych, nie obawiaj\u0105c si\u0119 awarii. <\/p>\n<p>\n<img decoding=\"async\" src=\"https:\/\/assets.innpro.pl\/11898\/14091\/4.jpg\" border=\"0\" alt=\"Zbli\u017cenie na latark\u0119 Superfire MI80-S, na kt\u00f3r\u0105 padaj\u0105 krople wody.\" \/>\n<\/p>\n<h3>Pi\u0119\u0107 tryb\u00f3w \u015bwiecenia<\/h3>\n<p>Superfire MI80-S oferuje pi\u0119\u0107 tryb\u00f3w o\u015bwietlenia: mocne \u015bwiat\u0142o, \u015brednie \u015bwiat\u0142o, s\u0142abe \u015bwiat\u0142o, stroboskop oraz tryb SOS. Z kt\u00f3rych pomoc\u0105 mo\u017cesz dostosowa\u0107 intensywno\u015b\u0107 \u015bwiat\u0142a do aktualnych potrzeb, niezale\u017cnie od tego, czy potrzebujesz pe\u0142nego o\u015bwietlenia podczas nocnej w\u0119dr\u00f3wki, czy sygna\u0142u alarmowego w sytuacji awaryjnej.<\/p>\n<p>\n<img decoding=\"async\" src=\"https:\/\/assets.innpro.pl\/11898\/14091\/2.jpg\" border=\"0\" alt=\"Por\u00f3wnanie \u015bwiat\u0142a samochodowego (po lewej stronie) do \u015bwiat\u0142a latarki Superfire MI80-S (po prawej).\" \/>\n<\/p>\n<h3>Kompaktowy i lekki design<\/h3>\n<p>Z d\u0142ugo\u015bci\u0105 12,7 cm i wag\u0105 zaledwie 59 g, latarka Superfire MI80-S jest niezwykle por\u0119czna. Ergonomiczna konstrukcja zapewnia wygodny chwyt, a niewielkie rozmiary pozwalaj\u0105 na \u0142atwe przenoszenie w kieszeni czy plecaku, a do\u0142\u0105czona do zestawu zawieszka sprawia, \u017ce mo\u017cesz przypi\u0105\u0107 j\u0105 do pasa lub zawiesi\u0107 na nadgarstku. Doskonale sprawdzi si\u0119 jako codzienne narz\u0119dzie do zada\u0144 specjalnych.<\/p>\n<p>\n<img decoding=\"async\" src=\"https:\/\/assets.innpro.pl\/11898\/14091\/5.jpg\" border=\"0\" alt=\"Latarka Superfire MI80-S oparta o plecak podr\u00f3\u017cniczy.\" \/>\n<\/p>\n<h3>Inteligentne \u0142adowanie USB<\/h3>\n<p>Latarka wyposa\u017cona jest w inteligentn\u0105 przeno\u015bn\u0105 \u0142adowark\u0119 USB z komor\u0105 spr\u0119\u017cynow\u0105, kt\u00f3ra jest kompatybilna z r\u00f3\u017cnymi typami akumulator\u00f3w. Dodatkowo akumulator latarki MI80-S jest wyjmowalny, dzi\u0119ki czemu mo\u017cesz wymieni\u0107 go w razie potrzeby. System ochrony przed prze\u0142adowaniem i zwarciem gwarantuje bezpiecze\u0144stwo podczas \u0142adowania. To wygodne rozwi\u0105zanie pozwala na szybkie i bezproblemowe zasilanie w dowolnym miejscu.<\/p>\n<p>\n<img decoding=\"async\" src=\"https:\/\/assets.innpro.pl\/11898\/14091\/7.jpg\" border=\"0\" alt=\"Ty\u0142 \u0142adowarki Superfire MI80-S pokazuj\u0105cy wej\u015bcie na akumulator.\" \/>\n<\/p>\n<h3>Wydajna bateria<\/h3>\n<p>W zestawie znajduje si\u0119 akumulator 18650 o pojemno\u015bci 1400 mAh, kt\u00f3ry mo\u017cna \u0142adowa\u0107 a\u017c 500 razy. Zapewnia on d\u0142ugi czas pracy, co czyni latark\u0119 niezawodnym towarzyszem na d\u0142ugie wyprawy i codzienne u\u017cytkowanie. Dzi\u0119ki wydajnej baterii mo\u017cesz cieszy\u0107 si\u0119 nieprzerwanym o\u015bwietleniem przez wiele godzin.<\/p>\n<p>\n<img decoding=\"async\" src=\"https:\/\/assets.innpro.pl\/11898\/14091\/8.jpg\" border=\"0\" alt=\"\u0141adowarka Superfire MI80-S trzymana w d\u0142oni na bia\u0142ym tle.\" \/>\n<\/p>\n<h3>Imponuj\u0105ca moc i daleki zasi\u0119g \u015bwiat\u0142a<\/h3>\n<p>Latarka Superfire MI80-S oferuje moc 3 W, dzi\u0119ki czemu generuje jasno\u015b\u0107 na poziomie 300 lumen\u00f3w. Taka intensywno\u015b\u0107 \u015bwiat\u0142a pozwala na o\u015bwietlenie nawet najbardziej wymagaj\u0105cych przestrzeni. Latarka posiada zasi\u0119g do 100 metr\u00f3w, co sprawia, \u017ce doskonale sprawdza si\u0119 podczas nocnych w\u0119dr\u00f3wek, patrol\u00f3w czy prac w ciemnych zakamarkach.<\/p>\n<p>\n<img decoding=\"async\" src=\"https:\/\/assets.innpro.pl\/11898\/14091\/3.jpg\" border=\"0\" alt=\"Osoba \u015bwiec\u0105ca na wodospad i ska\u0142y latark\u0105 Superfire MI80-S.\" \/>\n<\/p>\n<h3>W zestawie<\/h3>\n<ul class=\"list-disc pl-5\">\n<li>Latarka x1<\/li>\n<li>Stacja dokuj\u0105ca USB x1<\/li>\n<li>Akumulator x1<\/li>\n<\/ul>\n<div class=\"table-wrapper\">\n<p>\u00a0<\/p>\n<h3><\/h3>\n<table>\n<tbody>\n<tr>\n<th>Producent<\/th>\n<td>Superfire<\/td>\n<\/tr>\n<tr>\n<th>Model<\/th>\n<td>MI80-S<\/td>\n<\/tr>\n<tr>\n<th>Wymiary<\/th>\n<td>122*24*24mm<\/td>\n<\/tr>\n<tr>\n<th>Moc<\/th>\n<td>3W<\/td>\n<\/tr>\n<tr>\n<th>Materia\u0142<\/th>\n<td>Stop aluminiowy<\/td>\n<\/tr>\n<tr>\n<th>Jasno\u015b\u0107<\/th>\n<td>300 Lumen\u00f3w<\/td>\n<\/tr>\n<tr>\n<th>Czas pracy<\/th>\n<td>Silne \u015bwiat\u0142o 1,5h; s\u0142abe \u015bwiat\u0142o 6-8h<\/td>\n<\/tr>\n<tr>\n<th>\u0141adowanie<\/th>\n<td>\u0141adowarka AC<\/td>\n<\/tr>\n<tr>\n<th>Napi\u0119cie baterii<\/th>\n<td>3,7V ~ 4,2V<\/td>\n<\/tr>\n<tr>\n<th>Waga<\/th>\n<td>59g<\/td>\n<\/tr>\n<tr>\n<th>Wodoodporno\u015b\u0107<\/th>\n<td>IP44<\/td>\n<\/tr>\n<tr>\n<th>Tryby \u015bwiat\u0142a<\/th>\n<td>Silne \u015bwiat\u0142o &#8211; \u015arednie \u015bwiat\u0142o &#8211; S\u0142abe \u015bwiat\u0142o &#8211; Stroboskop &#8211; SOS<\/td>\n<\/tr>\n<tr>\n<th>Zasi\u0119g <\/th>\n<td>100 m<\/td>\n<\/tr>\n<\/tbody>\n<\/table>\n<\/div>\n","protected":false},"excerpt":{"rendered":"<p>Latarka Superfire MI80-S, 300 lm, 3 W, 5 tryb\u00f3w, 100 m Latarka Superfire MI80-S to kompaktowe i wydajne \u017ar\u00f3d\u0142o \u015bwiat\u0142a<\/p>\n","protected":false},"featured_media":46274,"comment_status":"closed","ping_status":"open","template":"","meta":{"_acf_changed":false},"product_brand":[],"product_cat":[5938,5937,5939],"product_tag":[],"class_list":{"0":"post-59803","1":"product","2":"type-product","3":"status-publish","4":"has-post-thumbnail","6":"product_cat-latarki","7":"product_cat-outdoor","8":"product_cat-pozostale-latarki","9":"pa_okres-gwarancji-5754","10":"pa_producent-superfire","12":"first","13":"outofstock","14":"taxable","15":"shipping-taxable","16":"purchasable","17":"product-type-simple"},"acf":[],"yoast_head":"<!-- This site is optimized with the Yoast SEO plugin v27.2 - https:\/\/yoast.com\/product\/yoast-seo-wordpress\/ -->\n<title>Latarka SUPERFIRE MI80-S strumie\u0144 \u015bwietlny 300lm - IRONSKY.PL Sklep z Dronami<\/title>\n<meta name=\"description\" content=\"Latarka SUPERFIRE MI80-S strumie\u0144 \u015bwietlny 300lm - \u2705 sklep z dronami i fachowym doradztwem. \u2705 Tutaj kupisz produkty DJI, Yuneec, Parrot, Syma i wiele innych, a tak\u017ce kursy i licencje na operatora drona.\" \/>\n<meta name=\"robots\" content=\"index, follow, max-snippet:-1, max-image-preview:large, max-video-preview:-1\" \/>\n<link rel=\"canonical\" href=\"https:\/\/ironsky.pl\/sklep\/produkt\/latarka-superfire-mi80-s-strumien-swietlny-300lm\/\" \/>\n<meta property=\"og:locale\" content=\"pl_PL\" \/>\n<meta property=\"og:type\" content=\"article\" \/>\n<meta property=\"og:title\" content=\"Latarka SUPERFIRE MI80-S strumie\u0144 \u015bwietlny 300lm - IRONSKY.PL Sklep z Dronami\" \/>\n<meta property=\"og:description\" content=\"Latarka SUPERFIRE MI80-S strumie\u0144 \u015bwietlny 300lm - \u2705 sklep z dronami i fachowym doradztwem. \u2705 Tutaj kupisz produkty DJI, Yuneec, Parrot, Syma i wiele innych, a tak\u017ce kursy i licencje na operatora drona.\" \/>\n<meta property=\"og:url\" content=\"https:\/\/ironsky.pl\/sklep\/produkt\/latarka-superfire-mi80-s-strumien-swietlny-300lm\/\" \/>\n<meta property=\"og:site_name\" content=\"IRONSKY.PL Sklep z Dronami\" \/>\n<meta property=\"article:modified_time\" content=\"2026-04-15T08:51:49+00:00\" \/>\n<meta property=\"og:image\" content=\"https:\/\/ironsky.pl\/sklep\/wp-content\/uploads\/2025\/06\/48130_2.jpg\" \/>\n\t<meta property=\"og:image:width\" content=\"800\" \/>\n\t<meta property=\"og:image:height\" content=\"800\" \/>\n\t<meta property=\"og:image:type\" content=\"image\/jpeg\" \/>\n<meta name=\"twitter:card\" content=\"summary_large_image\" \/>\n<meta name=\"twitter:label1\" content=\"Szacowany czas czytania\" \/>\n\t<meta name=\"twitter:data1\" content=\"3 minuty\" \/>\n<script type=\"application\/ld+json\" class=\"yoast-schema-graph\">{\"@context\":\"https:\/\/schema.org\",\"@graph\":[{\"@type\":\"WebPage\",\"@id\":\"https:\/\/ironsky.pl\/sklep\/produkt\/latarka-superfire-mi80-s-strumien-swietlny-300lm\/\",\"url\":\"https:\/\/ironsky.pl\/sklep\/produkt\/latarka-superfire-mi80-s-strumien-swietlny-300lm\/\",\"name\":\"Latarka SUPERFIRE MI80-S strumie\u0144 \u015bwietlny 300lm - IRONSKY.PL Sklep z Dronami\",\"isPartOf\":{\"@id\":\"https:\/\/ironsky.pl\/sklep\/#website\"},\"primaryImageOfPage\":{\"@id\":\"https:\/\/ironsky.pl\/sklep\/produkt\/latarka-superfire-mi80-s-strumien-swietlny-300lm\/#primaryimage\"},\"image\":{\"@id\":\"https:\/\/ironsky.pl\/sklep\/produkt\/latarka-superfire-mi80-s-strumien-swietlny-300lm\/#primaryimage\"},\"thumbnailUrl\":\"https:\/\/ironsky.pl\/sklep\/wp-content\/uploads\/2025\/06\/48130_2.jpg\",\"datePublished\":\"2026-04-15T08:51:28+00:00\",\"dateModified\":\"2026-04-15T08:51:49+00:00\",\"description\":\"Latarka SUPERFIRE MI80-S strumie\u0144 \u015bwietlny 300lm - \u2705 sklep z dronami i fachowym doradztwem. \u2705 Tutaj kupisz produkty DJI, Yuneec, Parrot, Syma i wiele innych, a tak\u017ce kursy i licencje na operatora drona.\",\"breadcrumb\":{\"@id\":\"https:\/\/ironsky.pl\/sklep\/produkt\/latarka-superfire-mi80-s-strumien-swietlny-300lm\/#breadcrumb\"},\"inLanguage\":\"pl-PL\",\"potentialAction\":[{\"@type\":\"ReadAction\",\"target\":[\"https:\/\/ironsky.pl\/sklep\/produkt\/latarka-superfire-mi80-s-strumien-swietlny-300lm\/\"]}]},{\"@type\":\"ImageObject\",\"inLanguage\":\"pl-PL\",\"@id\":\"https:\/\/ironsky.pl\/sklep\/produkt\/latarka-superfire-mi80-s-strumien-swietlny-300lm\/#primaryimage\",\"url\":\"https:\/\/ironsky.pl\/sklep\/wp-content\/uploads\/2025\/06\/48130_2.jpg\",\"contentUrl\":\"https:\/\/ironsky.pl\/sklep\/wp-content\/uploads\/2025\/06\/48130_2.jpg\",\"width\":800,\"height\":800},{\"@type\":\"BreadcrumbList\",\"@id\":\"https:\/\/ironsky.pl\/sklep\/produkt\/latarka-superfire-mi80-s-strumien-swietlny-300lm\/#breadcrumb\",\"itemListElement\":[{\"@type\":\"ListItem\",\"position\":1,\"name\":\"Strona g\u0142\u00f3wna\",\"item\":\"https:\/\/ironsky.pl\/sklep\/\"},{\"@type\":\"ListItem\",\"position\":2,\"name\":\"Wszystkie produkty\",\"item\":\"https:\/\/ironsky.pl\/sklep\/produkty\/\"},{\"@type\":\"ListItem\",\"position\":3,\"name\":\"Latarka SUPERFIRE MI80-S strumie\u0144 \u015bwietlny 300lm\"}]},{\"@type\":\"WebSite\",\"@id\":\"https:\/\/ironsky.pl\/sklep\/#website\",\"url\":\"https:\/\/ironsky.pl\/sklep\/\",\"name\":\"IRONSKY.PL Sklep z Dronami\",\"description\":\"IRONSKY.PL Sklep z Dronami\",\"potentialAction\":[{\"@type\":\"SearchAction\",\"target\":{\"@type\":\"EntryPoint\",\"urlTemplate\":\"https:\/\/ironsky.pl\/sklep\/?s={search_term_string}\"},\"query-input\":{\"@type\":\"PropertyValueSpecification\",\"valueRequired\":true,\"valueName\":\"search_term_string\"}}],\"inLanguage\":\"pl-PL\"}]}<\/script>\n<!-- \/ Yoast SEO plugin. -->","yoast_head_json":{"title":"Latarka SUPERFIRE MI80-S strumie\u0144 \u015bwietlny 300lm - IRONSKY.PL Sklep z Dronami","description":"Latarka SUPERFIRE MI80-S strumie\u0144 \u015bwietlny 300lm - \u2705 sklep z dronami i fachowym doradztwem. \u2705 Tutaj kupisz produkty DJI, Yuneec, Parrot, Syma i wiele innych, a tak\u017ce kursy i licencje na operatora drona.","robots":{"index":"index","follow":"follow","max-snippet":"max-snippet:-1","max-image-preview":"max-image-preview:large","max-video-preview":"max-video-preview:-1"},"canonical":"https:\/\/ironsky.pl\/sklep\/produkt\/latarka-superfire-mi80-s-strumien-swietlny-300lm\/","og_locale":"pl_PL","og_type":"article","og_title":"Latarka SUPERFIRE MI80-S strumie\u0144 \u015bwietlny 300lm - IRONSKY.PL Sklep z Dronami","og_description":"Latarka SUPERFIRE MI80-S strumie\u0144 \u015bwietlny 300lm - \u2705 sklep z dronami i fachowym doradztwem. \u2705 Tutaj kupisz produkty DJI, Yuneec, Parrot, Syma i wiele innych, a tak\u017ce kursy i licencje na operatora drona.","og_url":"https:\/\/ironsky.pl\/sklep\/produkt\/latarka-superfire-mi80-s-strumien-swietlny-300lm\/","og_site_name":"IRONSKY.PL Sklep z Dronami","article_modified_time":"2026-04-15T08:51:49+00:00","og_image":[{"width":800,"height":800,"url":"https:\/\/ironsky.pl\/sklep\/wp-content\/uploads\/2025\/06\/48130_2.jpg","type":"image\/jpeg"}],"twitter_card":"summary_large_image","twitter_misc":{"Szacowany czas czytania":"3 minuty"},"schema":{"@context":"https:\/\/schema.org","@graph":[{"@type":"WebPage","@id":"https:\/\/ironsky.pl\/sklep\/produkt\/latarka-superfire-mi80-s-strumien-swietlny-300lm\/","url":"https:\/\/ironsky.pl\/sklep\/produkt\/latarka-superfire-mi80-s-strumien-swietlny-300lm\/","name":"Latarka SUPERFIRE MI80-S strumie\u0144 \u015bwietlny 300lm - IRONSKY.PL Sklep z Dronami","isPartOf":{"@id":"https:\/\/ironsky.pl\/sklep\/#website"},"primaryImageOfPage":{"@id":"https:\/\/ironsky.pl\/sklep\/produkt\/latarka-superfire-mi80-s-strumien-swietlny-300lm\/#primaryimage"},"image":{"@id":"https:\/\/ironsky.pl\/sklep\/produkt\/latarka-superfire-mi80-s-strumien-swietlny-300lm\/#primaryimage"},"thumbnailUrl":"https:\/\/ironsky.pl\/sklep\/wp-content\/uploads\/2025\/06\/48130_2.jpg","datePublished":"2026-04-15T08:51:28+00:00","dateModified":"2026-04-15T08:51:49+00:00","description":"Latarka SUPERFIRE MI80-S strumie\u0144 \u015bwietlny 300lm - \u2705 sklep z dronami i fachowym doradztwem. \u2705 Tutaj kupisz produkty DJI, Yuneec, Parrot, Syma i wiele innych, a tak\u017ce kursy i licencje na operatora drona.","breadcrumb":{"@id":"https:\/\/ironsky.pl\/sklep\/produkt\/latarka-superfire-mi80-s-strumien-swietlny-300lm\/#breadcrumb"},"inLanguage":"pl-PL","potentialAction":[{"@type":"ReadAction","target":["https:\/\/ironsky.pl\/sklep\/produkt\/latarka-superfire-mi80-s-strumien-swietlny-300lm\/"]}]},{"@type":"ImageObject","inLanguage":"pl-PL","@id":"https:\/\/ironsky.pl\/sklep\/produkt\/latarka-superfire-mi80-s-strumien-swietlny-300lm\/#primaryimage","url":"https:\/\/ironsky.pl\/sklep\/wp-content\/uploads\/2025\/06\/48130_2.jpg","contentUrl":"https:\/\/ironsky.pl\/sklep\/wp-content\/uploads\/2025\/06\/48130_2.jpg","width":800,"height":800},{"@type":"BreadcrumbList","@id":"https:\/\/ironsky.pl\/sklep\/produkt\/latarka-superfire-mi80-s-strumien-swietlny-300lm\/#breadcrumb","itemListElement":[{"@type":"ListItem","position":1,"name":"Strona g\u0142\u00f3wna","item":"https:\/\/ironsky.pl\/sklep\/"},{"@type":"ListItem","position":2,"name":"Wszystkie produkty","item":"https:\/\/ironsky.pl\/sklep\/produkty\/"},{"@type":"ListItem","position":3,"name":"Latarka SUPERFIRE MI80-S strumie\u0144 \u015bwietlny 300lm"}]},{"@type":"WebSite","@id":"https:\/\/ironsky.pl\/sklep\/#website","url":"https:\/\/ironsky.pl\/sklep\/","name":"IRONSKY.PL Sklep z Dronami","description":"IRONSKY.PL Sklep z Dronami","potentialAction":[{"@type":"SearchAction","target":{"@type":"EntryPoint","urlTemplate":"https:\/\/ironsky.pl\/sklep\/?s={search_term_string}"},"query-input":{"@type":"PropertyValueSpecification","valueRequired":true,"valueName":"search_term_string"}}],"inLanguage":"pl-PL"}]}},"_links":{"self":[{"href":"https:\/\/ironsky.pl\/sklep\/wp-json\/wp\/v2\/product\/59803","targetHints":{"allow":["GET"]}}],"collection":[{"href":"https:\/\/ironsky.pl\/sklep\/wp-json\/wp\/v2\/product"}],"about":[{"href":"https:\/\/ironsky.pl\/sklep\/wp-json\/wp\/v2\/types\/product"}],"replies":[{"embeddable":true,"href":"https:\/\/ironsky.pl\/sklep\/wp-json\/wp\/v2\/comments?post=59803"}],"wp:featuredmedia":[{"embeddable":true,"href":"https:\/\/ironsky.pl\/sklep\/wp-json\/wp\/v2\/media\/46274"}],"wp:attachment":[{"href":"https:\/\/ironsky.pl\/sklep\/wp-json\/wp\/v2\/media?parent=59803"}],"wp:term":[{"taxonomy":"product_brand","embeddable":true,"href":"https:\/\/ironsky.pl\/sklep\/wp-json\/wp\/v2\/product_brand?post=59803"},{"taxonomy":"product_cat","embeddable":true,"href":"https:\/\/ironsky.pl\/sklep\/wp-json\/wp\/v2\/product_cat?post=59803"},{"taxonomy":"product_tag","embeddable":true,"href":"https:\/\/ironsky.pl\/sklep\/wp-json\/wp\/v2\/product_tag?post=59803"}],"curies":[{"name":"wp","href":"https:\/\/api.w.org\/{rel}","templated":true}]}}