{"id":59705,"date":"2026-04-15T10:50:27","date_gmt":"2026-04-15T08:50:27","guid":{"rendered":"https:\/\/ironsky.pl\/sklep\/produkt\/podwyzszenie-podwozia-sunnylife-do-dji-neo-pomaranczowe-2\/"},"modified":"2026-04-15T10:50:43","modified_gmt":"2026-04-15T08:50:43","slug":"podwyzszenie-podwozia-sunnylife-do-dji-neo-pomaranczowe-2","status":"publish","type":"product","link":"https:\/\/ironsky.pl\/sklep\/produkt\/podwyzszenie-podwozia-sunnylife-do-dji-neo-pomaranczowe-2\/","title":{"rendered":"Podwy\u017cszenie podwozia SUNNYLIFE do DJI Neo (pomara\u0144czowe)"},"content":{"rendered":"<h3>Podwy\u017cszenie podwozia Sunnylife do DJI Neo (pomara\u0144czowe)<\/h3>\n<p>Podwy\u017cszenie podwozia Sunnylife do DJI Neo zwi\u0119ksza bezpiecze\u0144stwo i ochron\u0119 Twojego drona podczas l\u0105dowania i startu. Podnosz\u0105c urz\u0105dzenie o 10 mm, produkt skutecznie minimalizuje ryzyko uszkodze\u0144 i zabrudze\u0144, chroni\u0105c zar\u00f3wno drona, jak i jego czujniki przed kontaktem z ziemi\u0105. Jego lekka konstrukcja zapewnia stabilno\u015b\u0107 bez dodatkowego obci\u0105\u017cenia podczas lotu.<\/p>\n<p>\n<img decoding=\"async\" src=\"https:\/\/assets.innpro.pl\/10355\/12168\/1.jpg\" border=\"0\" \/>\n<\/p>\n<h3>Lekkie i funkcjonalne<\/h3>\n<p>Akcesorium Sunnylife zosta\u0142o zaprojektowane z my\u015bl\u0105 o maksymalnej funkcjonalno\u015bci. Dzi\u0119ki ultralekkiej konstrukcji (4,8 g) nie wp\u0142ywa na osi\u0105gi drona ani na jego zwrotno\u015b\u0107. Ciesz si\u0119 stabilnymi lotami i bezpiecznym l\u0105dowaniem bez obaw o dodatkowe obci\u0105\u017cenie.<\/p>\n<p>\n<img decoding=\"async\" src=\"https:\/\/assets.innpro.pl\/10355\/12168\/2.jpg\" border=\"0\" \/>\n<\/p>\n<h3>Przemy\u015blana konstrukcja<\/h3>\n<p>Specjalna konstrukcja podwozia z wydr\u0105\u017conym wn\u0119trzem skutecznie zmniejsza jego wag\u0119, zachowuj\u0105c jednocze\u015bnie wytrzyma\u0142o\u015b\u0107 i odporno\u015b\u0107 na uszkodzenia. Przemy\u015blany design pozwala na zachowanie pe\u0142nej manewrowo\u015bci drona, jednocze\u015bnie chroni\u0105c go przed potencjalnymi uszkodzeniami podczas kontaktu z pod\u0142o\u017cem.<\/p>\n<p>\n<img decoding=\"async\" src=\"https:\/\/assets.innpro.pl\/10355\/12168\/3.jpg\" border=\"0\" \/>\n<\/p>\n<h3>Idealne dopasowanie do DJI Neo<\/h3>\n<p>Podwozie Sunnylife zosta\u0142o stworzone specjalnie dla drona DJI Neo. Zastosowanie precyzyjnego odlewu sprawia, \u017ce nie wp\u0142ywa ono na ruch \u015bmigie\u0142 ani na wydajno\u015b\u0107 drona, pozwalaj\u0105c Ci w pe\u0142ni korzysta\u0107 z jego mo\u017cliwo\u015bci w ka\u017cdych warunkach.<\/p>\n<p>\n<img decoding=\"async\" src=\"https:\/\/assets.innpro.pl\/10355\/12168\/4.jpg\" border=\"0\" \/>\n<\/p>\n<div class=\"table-wrapper\">\n<p>\u00a0<\/p>\n<h3><\/h3>\n<table>\n<tbody>\n<tr>\n<th>Producent<\/th>\n<td>Sunnylife<\/td>\n<\/tr>\n<tr>\n<th>Kod producenta<\/th>\n<td>NE-LG865-C<\/td>\n<\/tr>\n<tr>\n<th>Kompatybilno\u015b\u0107<\/th>\n<td>DJI Neo<\/td>\n<\/tr>\n<tr>\n<th>Materia\u0142<\/th>\n<td>Plastik<\/td>\n<\/tr>\n<tr>\n<th>Waga <\/th>\n<td>4,8 g (zestaw)<\/td>\n<\/tr>\n<tr>\n<th>Kolor<\/th>\n<td>Pomara\u0144czowe<\/td>\n<\/tr>\n<\/tbody>\n<\/table>\n<\/div>\n","protected":false},"excerpt":{"rendered":"<p>Podwy\u017cszenie podwozia Sunnylife do DJI Neo (pomara\u0144czowe) Podwy\u017cszenie podwozia Sunnylife do DJI Neo zwi\u0119ksza bezpiecze\u0144stwo i ochron\u0119 Twojego drona podczas<\/p>\n","protected":false},"featured_media":59706,"comment_status":"closed","ping_status":"open","template":"","meta":{"_acf_changed":false},"product_brand":[],"product_cat":[6167,1088,6168],"product_tag":[],"class_list":{"0":"post-59705","1":"product","2":"type-product","3":"status-publish","4":"has-post-thumbnail","6":"product_cat-akcesoria-do-dronow","7":"product_cat-drony","8":"product_cat-ladowiska","9":"pa_okres-gwarancji-5757","10":"pa_producent-sunnylife","12":"first","13":"outofstock","14":"taxable","15":"shipping-taxable","16":"purchasable","17":"product-type-simple"},"acf":[],"yoast_head":"<!-- This site is optimized with the Yoast SEO plugin v27.2 - https:\/\/yoast.com\/product\/yoast-seo-wordpress\/ -->\n<title>Podwy\u017cszenie podwozia SUNNYLIFE do DJI Neo (pomara\u0144czowe) - IRONSKY.PL Sklep z Dronami<\/title>\n<meta name=\"description\" content=\"Podwy\u017cszenie podwozia SUNNYLIFE do DJI Neo (pomara\u0144czowe) - \u2705 sklep z dronami i fachowym doradztwem. \u2705 Tutaj kupisz produkty DJI, Yuneec, Parrot, Syma i wiele innych, a tak\u017ce kursy i licencje na operatora drona.\" \/>\n<meta name=\"robots\" content=\"index, follow, max-snippet:-1, max-image-preview:large, max-video-preview:-1\" \/>\n<link rel=\"canonical\" href=\"https:\/\/ironsky.pl\/sklep\/produkt\/podwyzszenie-podwozia-sunnylife-do-dji-neo-pomaranczowe-2\/\" \/>\n<meta property=\"og:locale\" content=\"pl_PL\" \/>\n<meta property=\"og:type\" content=\"article\" \/>\n<meta property=\"og:title\" content=\"Podwy\u017cszenie podwozia SUNNYLIFE do DJI Neo (pomara\u0144czowe) - IRONSKY.PL Sklep z Dronami\" \/>\n<meta property=\"og:description\" content=\"Podwy\u017cszenie podwozia SUNNYLIFE do DJI Neo (pomara\u0144czowe) - \u2705 sklep z dronami i fachowym doradztwem. \u2705 Tutaj kupisz produkty DJI, Yuneec, Parrot, Syma i wiele innych, a tak\u017ce kursy i licencje na operatora drona.\" \/>\n<meta property=\"og:url\" content=\"https:\/\/ironsky.pl\/sklep\/produkt\/podwyzszenie-podwozia-sunnylife-do-dji-neo-pomaranczowe-2\/\" \/>\n<meta property=\"og:site_name\" content=\"IRONSKY.PL Sklep z Dronami\" \/>\n<meta property=\"article:modified_time\" content=\"2026-04-15T08:50:43+00:00\" \/>\n<meta property=\"og:image\" content=\"https:\/\/ironsky.pl\/sklep\/wp-content\/uploads\/2026\/04\/47629_1.jpg\" \/>\n\t<meta property=\"og:image:width\" content=\"800\" \/>\n\t<meta property=\"og:image:height\" content=\"800\" \/>\n\t<meta property=\"og:image:type\" content=\"image\/jpeg\" \/>\n<meta name=\"twitter:card\" content=\"summary_large_image\" \/>\n<meta name=\"twitter:label1\" content=\"Szacowany czas czytania\" \/>\n\t<meta name=\"twitter:data1\" content=\"1 minuta\" \/>\n<script type=\"application\/ld+json\" class=\"yoast-schema-graph\">{\"@context\":\"https:\/\/schema.org\",\"@graph\":[{\"@type\":\"WebPage\",\"@id\":\"https:\/\/ironsky.pl\/sklep\/produkt\/podwyzszenie-podwozia-sunnylife-do-dji-neo-pomaranczowe-2\/\",\"url\":\"https:\/\/ironsky.pl\/sklep\/produkt\/podwyzszenie-podwozia-sunnylife-do-dji-neo-pomaranczowe-2\/\",\"name\":\"Podwy\u017cszenie podwozia SUNNYLIFE do DJI Neo (pomara\u0144czowe) - IRONSKY.PL Sklep z Dronami\",\"isPartOf\":{\"@id\":\"https:\/\/ironsky.pl\/sklep\/#website\"},\"primaryImageOfPage\":{\"@id\":\"https:\/\/ironsky.pl\/sklep\/produkt\/podwyzszenie-podwozia-sunnylife-do-dji-neo-pomaranczowe-2\/#primaryimage\"},\"image\":{\"@id\":\"https:\/\/ironsky.pl\/sklep\/produkt\/podwyzszenie-podwozia-sunnylife-do-dji-neo-pomaranczowe-2\/#primaryimage\"},\"thumbnailUrl\":\"https:\/\/ironsky.pl\/sklep\/wp-content\/uploads\/2026\/04\/47629_1.jpg\",\"datePublished\":\"2026-04-15T08:50:27+00:00\",\"dateModified\":\"2026-04-15T08:50:43+00:00\",\"description\":\"Podwy\u017cszenie podwozia SUNNYLIFE do DJI Neo (pomara\u0144czowe) - \u2705 sklep z dronami i fachowym doradztwem. \u2705 Tutaj kupisz produkty DJI, Yuneec, Parrot, Syma i wiele innych, a tak\u017ce kursy i licencje na operatora drona.\",\"breadcrumb\":{\"@id\":\"https:\/\/ironsky.pl\/sklep\/produkt\/podwyzszenie-podwozia-sunnylife-do-dji-neo-pomaranczowe-2\/#breadcrumb\"},\"inLanguage\":\"pl-PL\",\"potentialAction\":[{\"@type\":\"ReadAction\",\"target\":[\"https:\/\/ironsky.pl\/sklep\/produkt\/podwyzszenie-podwozia-sunnylife-do-dji-neo-pomaranczowe-2\/\"]}]},{\"@type\":\"ImageObject\",\"inLanguage\":\"pl-PL\",\"@id\":\"https:\/\/ironsky.pl\/sklep\/produkt\/podwyzszenie-podwozia-sunnylife-do-dji-neo-pomaranczowe-2\/#primaryimage\",\"url\":\"https:\/\/ironsky.pl\/sklep\/wp-content\/uploads\/2026\/04\/47629_1.jpg\",\"contentUrl\":\"https:\/\/ironsky.pl\/sklep\/wp-content\/uploads\/2026\/04\/47629_1.jpg\",\"width\":800,\"height\":800},{\"@type\":\"BreadcrumbList\",\"@id\":\"https:\/\/ironsky.pl\/sklep\/produkt\/podwyzszenie-podwozia-sunnylife-do-dji-neo-pomaranczowe-2\/#breadcrumb\",\"itemListElement\":[{\"@type\":\"ListItem\",\"position\":1,\"name\":\"Strona g\u0142\u00f3wna\",\"item\":\"https:\/\/ironsky.pl\/sklep\/\"},{\"@type\":\"ListItem\",\"position\":2,\"name\":\"Wszystkie produkty\",\"item\":\"https:\/\/ironsky.pl\/sklep\/produkty\/\"},{\"@type\":\"ListItem\",\"position\":3,\"name\":\"Podwy\u017cszenie podwozia SUNNYLIFE do DJI Neo (pomara\u0144czowe)\"}]},{\"@type\":\"WebSite\",\"@id\":\"https:\/\/ironsky.pl\/sklep\/#website\",\"url\":\"https:\/\/ironsky.pl\/sklep\/\",\"name\":\"IRONSKY.PL Sklep z Dronami\",\"description\":\"IRONSKY.PL Sklep z Dronami\",\"potentialAction\":[{\"@type\":\"SearchAction\",\"target\":{\"@type\":\"EntryPoint\",\"urlTemplate\":\"https:\/\/ironsky.pl\/sklep\/?s={search_term_string}\"},\"query-input\":{\"@type\":\"PropertyValueSpecification\",\"valueRequired\":true,\"valueName\":\"search_term_string\"}}],\"inLanguage\":\"pl-PL\"}]}<\/script>\n<!-- \/ Yoast SEO plugin. -->","yoast_head_json":{"title":"Podwy\u017cszenie podwozia SUNNYLIFE do DJI Neo (pomara\u0144czowe) - IRONSKY.PL Sklep z Dronami","description":"Podwy\u017cszenie podwozia SUNNYLIFE do DJI Neo (pomara\u0144czowe) - \u2705 sklep z dronami i fachowym doradztwem. \u2705 Tutaj kupisz produkty DJI, Yuneec, Parrot, Syma i wiele innych, a tak\u017ce kursy i licencje na operatora drona.","robots":{"index":"index","follow":"follow","max-snippet":"max-snippet:-1","max-image-preview":"max-image-preview:large","max-video-preview":"max-video-preview:-1"},"canonical":"https:\/\/ironsky.pl\/sklep\/produkt\/podwyzszenie-podwozia-sunnylife-do-dji-neo-pomaranczowe-2\/","og_locale":"pl_PL","og_type":"article","og_title":"Podwy\u017cszenie podwozia SUNNYLIFE do DJI Neo (pomara\u0144czowe) - IRONSKY.PL Sklep z Dronami","og_description":"Podwy\u017cszenie podwozia SUNNYLIFE do DJI Neo (pomara\u0144czowe) - \u2705 sklep z dronami i fachowym doradztwem. \u2705 Tutaj kupisz produkty DJI, Yuneec, Parrot, Syma i wiele innych, a tak\u017ce kursy i licencje na operatora drona.","og_url":"https:\/\/ironsky.pl\/sklep\/produkt\/podwyzszenie-podwozia-sunnylife-do-dji-neo-pomaranczowe-2\/","og_site_name":"IRONSKY.PL Sklep z Dronami","article_modified_time":"2026-04-15T08:50:43+00:00","og_image":[{"width":800,"height":800,"url":"https:\/\/ironsky.pl\/sklep\/wp-content\/uploads\/2026\/04\/47629_1.jpg","type":"image\/jpeg"}],"twitter_card":"summary_large_image","twitter_misc":{"Szacowany czas czytania":"1 minuta"},"schema":{"@context":"https:\/\/schema.org","@graph":[{"@type":"WebPage","@id":"https:\/\/ironsky.pl\/sklep\/produkt\/podwyzszenie-podwozia-sunnylife-do-dji-neo-pomaranczowe-2\/","url":"https:\/\/ironsky.pl\/sklep\/produkt\/podwyzszenie-podwozia-sunnylife-do-dji-neo-pomaranczowe-2\/","name":"Podwy\u017cszenie podwozia SUNNYLIFE do DJI Neo (pomara\u0144czowe) - IRONSKY.PL Sklep z Dronami","isPartOf":{"@id":"https:\/\/ironsky.pl\/sklep\/#website"},"primaryImageOfPage":{"@id":"https:\/\/ironsky.pl\/sklep\/produkt\/podwyzszenie-podwozia-sunnylife-do-dji-neo-pomaranczowe-2\/#primaryimage"},"image":{"@id":"https:\/\/ironsky.pl\/sklep\/produkt\/podwyzszenie-podwozia-sunnylife-do-dji-neo-pomaranczowe-2\/#primaryimage"},"thumbnailUrl":"https:\/\/ironsky.pl\/sklep\/wp-content\/uploads\/2026\/04\/47629_1.jpg","datePublished":"2026-04-15T08:50:27+00:00","dateModified":"2026-04-15T08:50:43+00:00","description":"Podwy\u017cszenie podwozia SUNNYLIFE do DJI Neo (pomara\u0144czowe) - \u2705 sklep z dronami i fachowym doradztwem. \u2705 Tutaj kupisz produkty DJI, Yuneec, Parrot, Syma i wiele innych, a tak\u017ce kursy i licencje na operatora drona.","breadcrumb":{"@id":"https:\/\/ironsky.pl\/sklep\/produkt\/podwyzszenie-podwozia-sunnylife-do-dji-neo-pomaranczowe-2\/#breadcrumb"},"inLanguage":"pl-PL","potentialAction":[{"@type":"ReadAction","target":["https:\/\/ironsky.pl\/sklep\/produkt\/podwyzszenie-podwozia-sunnylife-do-dji-neo-pomaranczowe-2\/"]}]},{"@type":"ImageObject","inLanguage":"pl-PL","@id":"https:\/\/ironsky.pl\/sklep\/produkt\/podwyzszenie-podwozia-sunnylife-do-dji-neo-pomaranczowe-2\/#primaryimage","url":"https:\/\/ironsky.pl\/sklep\/wp-content\/uploads\/2026\/04\/47629_1.jpg","contentUrl":"https:\/\/ironsky.pl\/sklep\/wp-content\/uploads\/2026\/04\/47629_1.jpg","width":800,"height":800},{"@type":"BreadcrumbList","@id":"https:\/\/ironsky.pl\/sklep\/produkt\/podwyzszenie-podwozia-sunnylife-do-dji-neo-pomaranczowe-2\/#breadcrumb","itemListElement":[{"@type":"ListItem","position":1,"name":"Strona g\u0142\u00f3wna","item":"https:\/\/ironsky.pl\/sklep\/"},{"@type":"ListItem","position":2,"name":"Wszystkie produkty","item":"https:\/\/ironsky.pl\/sklep\/produkty\/"},{"@type":"ListItem","position":3,"name":"Podwy\u017cszenie podwozia SUNNYLIFE do DJI Neo (pomara\u0144czowe)"}]},{"@type":"WebSite","@id":"https:\/\/ironsky.pl\/sklep\/#website","url":"https:\/\/ironsky.pl\/sklep\/","name":"IRONSKY.PL Sklep z Dronami","description":"IRONSKY.PL Sklep z Dronami","potentialAction":[{"@type":"SearchAction","target":{"@type":"EntryPoint","urlTemplate":"https:\/\/ironsky.pl\/sklep\/?s={search_term_string}"},"query-input":{"@type":"PropertyValueSpecification","valueRequired":true,"valueName":"search_term_string"}}],"inLanguage":"pl-PL"}]}},"_links":{"self":[{"href":"https:\/\/ironsky.pl\/sklep\/wp-json\/wp\/v2\/product\/59705","targetHints":{"allow":["GET"]}}],"collection":[{"href":"https:\/\/ironsky.pl\/sklep\/wp-json\/wp\/v2\/product"}],"about":[{"href":"https:\/\/ironsky.pl\/sklep\/wp-json\/wp\/v2\/types\/product"}],"replies":[{"embeddable":true,"href":"https:\/\/ironsky.pl\/sklep\/wp-json\/wp\/v2\/comments?post=59705"}],"wp:featuredmedia":[{"embeddable":true,"href":"https:\/\/ironsky.pl\/sklep\/wp-json\/wp\/v2\/media\/59706"}],"wp:attachment":[{"href":"https:\/\/ironsky.pl\/sklep\/wp-json\/wp\/v2\/media?parent=59705"}],"wp:term":[{"taxonomy":"product_brand","embeddable":true,"href":"https:\/\/ironsky.pl\/sklep\/wp-json\/wp\/v2\/product_brand?post=59705"},{"taxonomy":"product_cat","embeddable":true,"href":"https:\/\/ironsky.pl\/sklep\/wp-json\/wp\/v2\/product_cat?post=59705"},{"taxonomy":"product_tag","embeddable":true,"href":"https:\/\/ironsky.pl\/sklep\/wp-json\/wp\/v2\/product_tag?post=59705"}],"curies":[{"name":"wp","href":"https:\/\/api.w.org\/{rel}","templated":true}]}}