{"id":59640,"date":"2026-04-15T10:49:44","date_gmt":"2026-04-15T08:49:44","guid":{"rendered":"https:\/\/ironsky.pl\/sklep\/produkt\/akumulator-dji-osmo-action-pojemnosc-1950mah\/"},"modified":"2026-04-15T10:49:47","modified_gmt":"2026-04-15T08:49:47","slug":"akumulator-dji-osmo-action-pojemnosc-1950mah","status":"publish","type":"product","link":"https:\/\/ironsky.pl\/sklep\/produkt\/akumulator-dji-osmo-action-pojemnosc-1950mah\/","title":{"rendered":"Akumulator DJI Osmo Action pojemno\u015b\u0107 1950mAh"},"content":{"rendered":"<h3>DJI Osmo Action bateria \/ akumulator (1950 mAh) <\/h3>\n<p>Extreme Battery Plus to idealne rozwi\u0105zanie dla tych, kt\u00f3rzy potrzebuj\u0105 wydajnego akumulatora dla swojej kamery, zapewniaj\u0105cego d\u0142ug\u0105 prac\u0119 w trudnych warunkach. Dzi\u0119ki pojemno\u015bci 1950 mAh zapewnia d\u0142ugotrwa\u0142e zasilanie DJI Osmo Action 5 Pro, DJI Osmo Action 4 oraz DJI Osmo Action 3, umo\u017cliwiaj\u0105c nieprzerwan\u0105 rejestracj\u0119 Twoich najlepszych przyg\u00f3d.<\/p>\n<p>\n<img decoding=\"async\" src=\"https:\/\/assets.innpro.pl\/9533\/11127\/1.jpg\" border=\"0\" \/>\n<\/p>\n<h3>Doskona\u0142a wydajno\u015b\u0107 w niskich temperaturach<\/h3>\n<p>Jedn\u0105 z najwa\u017cniejszych zalet akumulatora jest zdolno\u015b\u0107 do pracy w ekstremalnych warunkach pogodowych. Dzia\u0142a niezawodnie w temperaturach od -20\u00b0C do 45\u00b0C, co czyni go doskona\u0142ym wyborem zar\u00f3wno dla mi\u0142o\u015bnik\u00f3w zimowych sport\u00f3w, jak i u\u017cytkownik\u00f3w, kt\u00f3rzy nagrywaj\u0105 w upalne dni. Nie musisz obawia\u0107 si\u0119, \u017ce niska temperatura wp\u0142ynie na czas dzia\u0142ania kamery!<\/p>\n<p>\n<img decoding=\"async\" src=\"https:\/\/assets.innpro.pl\/9533\/11127\/2.jpg\" border=\"0\" \/>\n<\/p>\n<h3>Lekka i kompaktowa konstrukcja<\/h3>\n<p>Mimo du\u017cej pojemno\u015bci akumulator wa\u017cy jedynie 34 g i ma kompaktowe wymiary 44.2\u00d734.4\u00d712.1 mm, dzi\u0119ki czemu jest wygodny w transporcie i nie obci\u0105\u017ca kamery. To sprawia, \u017ce mo\u017cna go \u0142atwo zabra\u0107 w podr\u00f3\u017c i zawsze mie\u0107 pod r\u0119k\u0105 zapasowe zasilanie.<\/p>\n<p>\n<img decoding=\"async\" src=\"https:\/\/assets.innpro.pl\/9533\/11127\/4.jpg\" border=\"0\" \/>\n<\/p>\n<div class=\"table-wrapper\">\n<p>\u00a0<\/p>\n<h3><\/h3>\n<table>\n<tbody>\n<tr>\n<th>Producent<\/th>\n<td>DJI<\/td>\n<\/tr>\n<tr>\n<th>Kod producenta<\/th>\n<td>CP.OS.00000370.01<\/td>\n<\/tr>\n<tr>\n<th>Kompatybilno\u015b\u0107<\/th>\n<td>DJI Osmo Action 5 Pro, DJI Osmo Action 4, DJI Osmo Action 3<\/td>\n<\/tr>\n<tr>\n<th>Pojemno\u015b\u0107<\/th>\n<td>1950 mAh<\/td>\n<\/tr>\n<tr>\n<th>Temperatura pracy<\/th>\n<td>od -20\u00b0C do 45\u00b0C<\/td>\n<\/tr>\n<tr>\n<th>Waga<\/th>\n<td>34 g<\/td>\n<\/tr>\n<tr>\n<th>Wymiary<\/th>\n<td>44.2\u00d734.4\u00d712.1 mm<\/td>\n<\/tr>\n<\/tbody>\n<\/table>\n<\/div>\n","protected":false},"excerpt":{"rendered":"<p>DJI Osmo Action bateria \/ akumulator (1950 mAh) Extreme Battery Plus to idealne rozwi\u0105zanie dla tych, kt\u00f3rzy potrzebuj\u0105 wydajnego akumulatora<\/p>\n","protected":false},"featured_media":59641,"comment_status":"closed","ping_status":"open","template":"","meta":{"_acf_changed":false},"product_brand":[],"product_cat":[1130,1137,1128],"product_tag":[],"class_list":{"0":"post-59640","1":"product","2":"type-product","3":"status-publish","4":"has-post-thumbnail","6":"product_cat-akcesoria-foto","7":"product_cat-do-kamer-sportowych","8":"product_cat-foto-wideo","9":"pa_okres-gwarancji-5757","10":"pa_producent-dji","12":"first","13":"outofstock","14":"taxable","15":"shipping-taxable","16":"purchasable","17":"product-type-simple"},"acf":[],"yoast_head":"<!-- This site is optimized with the Yoast SEO plugin v27.2 - https:\/\/yoast.com\/product\/yoast-seo-wordpress\/ -->\n<title>Akumulator DJI Osmo Action pojemno\u015b\u0107 1950mAh - IRONSKY.PL Sklep z Dronami<\/title>\n<meta name=\"description\" content=\"Akumulator DJI Osmo Action pojemno\u015b\u0107 1950mAh - \u2705 sklep z dronami i fachowym doradztwem. \u2705 Tutaj kupisz produkty DJI, Yuneec, Parrot, Syma i wiele innych, a tak\u017ce kursy i licencje na operatora drona.\" \/>\n<meta name=\"robots\" content=\"index, follow, max-snippet:-1, max-image-preview:large, max-video-preview:-1\" \/>\n<link rel=\"canonical\" href=\"https:\/\/ironsky.pl\/sklep\/produkt\/akumulator-dji-osmo-action-pojemnosc-1950mah\/\" \/>\n<meta property=\"og:locale\" content=\"pl_PL\" \/>\n<meta property=\"og:type\" content=\"article\" \/>\n<meta property=\"og:title\" content=\"Akumulator DJI Osmo Action pojemno\u015b\u0107 1950mAh - IRONSKY.PL Sklep z Dronami\" \/>\n<meta property=\"og:description\" content=\"Akumulator DJI Osmo Action pojemno\u015b\u0107 1950mAh - \u2705 sklep z dronami i fachowym doradztwem. \u2705 Tutaj kupisz produkty DJI, Yuneec, Parrot, Syma i wiele innych, a tak\u017ce kursy i licencje na operatora drona.\" \/>\n<meta property=\"og:url\" content=\"https:\/\/ironsky.pl\/sklep\/produkt\/akumulator-dji-osmo-action-pojemnosc-1950mah\/\" \/>\n<meta property=\"og:site_name\" content=\"IRONSKY.PL Sklep z Dronami\" \/>\n<meta property=\"article:modified_time\" content=\"2026-04-15T08:49:47+00:00\" \/>\n<meta property=\"og:image\" content=\"https:\/\/ironsky.pl\/sklep\/wp-content\/uploads\/2026\/04\/47381_1.jpg\" \/>\n\t<meta property=\"og:image:width\" content=\"800\" \/>\n\t<meta property=\"og:image:height\" content=\"800\" \/>\n\t<meta property=\"og:image:type\" content=\"image\/jpeg\" \/>\n<meta name=\"twitter:card\" content=\"summary_large_image\" \/>\n<meta name=\"twitter:label1\" content=\"Szacowany czas czytania\" \/>\n\t<meta name=\"twitter:data1\" content=\"1 minuta\" \/>\n<script type=\"application\/ld+json\" class=\"yoast-schema-graph\">{\"@context\":\"https:\/\/schema.org\",\"@graph\":[{\"@type\":\"WebPage\",\"@id\":\"https:\/\/ironsky.pl\/sklep\/produkt\/akumulator-dji-osmo-action-pojemnosc-1950mah\/\",\"url\":\"https:\/\/ironsky.pl\/sklep\/produkt\/akumulator-dji-osmo-action-pojemnosc-1950mah\/\",\"name\":\"Akumulator DJI Osmo Action pojemno\u015b\u0107 1950mAh - IRONSKY.PL Sklep z Dronami\",\"isPartOf\":{\"@id\":\"https:\/\/ironsky.pl\/sklep\/#website\"},\"primaryImageOfPage\":{\"@id\":\"https:\/\/ironsky.pl\/sklep\/produkt\/akumulator-dji-osmo-action-pojemnosc-1950mah\/#primaryimage\"},\"image\":{\"@id\":\"https:\/\/ironsky.pl\/sklep\/produkt\/akumulator-dji-osmo-action-pojemnosc-1950mah\/#primaryimage\"},\"thumbnailUrl\":\"https:\/\/ironsky.pl\/sklep\/wp-content\/uploads\/2026\/04\/47381_1.jpg\",\"datePublished\":\"2026-04-15T08:49:44+00:00\",\"dateModified\":\"2026-04-15T08:49:47+00:00\",\"description\":\"Akumulator DJI Osmo Action pojemno\u015b\u0107 1950mAh - \u2705 sklep z dronami i fachowym doradztwem. \u2705 Tutaj kupisz produkty DJI, Yuneec, Parrot, Syma i wiele innych, a tak\u017ce kursy i licencje na operatora drona.\",\"breadcrumb\":{\"@id\":\"https:\/\/ironsky.pl\/sklep\/produkt\/akumulator-dji-osmo-action-pojemnosc-1950mah\/#breadcrumb\"},\"inLanguage\":\"pl-PL\",\"potentialAction\":[{\"@type\":\"ReadAction\",\"target\":[\"https:\/\/ironsky.pl\/sklep\/produkt\/akumulator-dji-osmo-action-pojemnosc-1950mah\/\"]}]},{\"@type\":\"ImageObject\",\"inLanguage\":\"pl-PL\",\"@id\":\"https:\/\/ironsky.pl\/sklep\/produkt\/akumulator-dji-osmo-action-pojemnosc-1950mah\/#primaryimage\",\"url\":\"https:\/\/ironsky.pl\/sklep\/wp-content\/uploads\/2026\/04\/47381_1.jpg\",\"contentUrl\":\"https:\/\/ironsky.pl\/sklep\/wp-content\/uploads\/2026\/04\/47381_1.jpg\",\"width\":800,\"height\":800},{\"@type\":\"BreadcrumbList\",\"@id\":\"https:\/\/ironsky.pl\/sklep\/produkt\/akumulator-dji-osmo-action-pojemnosc-1950mah\/#breadcrumb\",\"itemListElement\":[{\"@type\":\"ListItem\",\"position\":1,\"name\":\"Strona g\u0142\u00f3wna\",\"item\":\"https:\/\/ironsky.pl\/sklep\/\"},{\"@type\":\"ListItem\",\"position\":2,\"name\":\"Wszystkie produkty\",\"item\":\"https:\/\/ironsky.pl\/sklep\/produkty\/\"},{\"@type\":\"ListItem\",\"position\":3,\"name\":\"Akumulator DJI Osmo Action pojemno\u015b\u0107 1950mAh\"}]},{\"@type\":\"WebSite\",\"@id\":\"https:\/\/ironsky.pl\/sklep\/#website\",\"url\":\"https:\/\/ironsky.pl\/sklep\/\",\"name\":\"IRONSKY.PL Sklep z Dronami\",\"description\":\"IRONSKY.PL Sklep z Dronami\",\"potentialAction\":[{\"@type\":\"SearchAction\",\"target\":{\"@type\":\"EntryPoint\",\"urlTemplate\":\"https:\/\/ironsky.pl\/sklep\/?s={search_term_string}\"},\"query-input\":{\"@type\":\"PropertyValueSpecification\",\"valueRequired\":true,\"valueName\":\"search_term_string\"}}],\"inLanguage\":\"pl-PL\"}]}<\/script>\n<!-- \/ Yoast SEO plugin. -->","yoast_head_json":{"title":"Akumulator DJI Osmo Action pojemno\u015b\u0107 1950mAh - IRONSKY.PL Sklep z Dronami","description":"Akumulator DJI Osmo Action pojemno\u015b\u0107 1950mAh - \u2705 sklep z dronami i fachowym doradztwem. \u2705 Tutaj kupisz produkty DJI, Yuneec, Parrot, Syma i wiele innych, a tak\u017ce kursy i licencje na operatora drona.","robots":{"index":"index","follow":"follow","max-snippet":"max-snippet:-1","max-image-preview":"max-image-preview:large","max-video-preview":"max-video-preview:-1"},"canonical":"https:\/\/ironsky.pl\/sklep\/produkt\/akumulator-dji-osmo-action-pojemnosc-1950mah\/","og_locale":"pl_PL","og_type":"article","og_title":"Akumulator DJI Osmo Action pojemno\u015b\u0107 1950mAh - IRONSKY.PL Sklep z Dronami","og_description":"Akumulator DJI Osmo Action pojemno\u015b\u0107 1950mAh - \u2705 sklep z dronami i fachowym doradztwem. \u2705 Tutaj kupisz produkty DJI, Yuneec, Parrot, Syma i wiele innych, a tak\u017ce kursy i licencje na operatora drona.","og_url":"https:\/\/ironsky.pl\/sklep\/produkt\/akumulator-dji-osmo-action-pojemnosc-1950mah\/","og_site_name":"IRONSKY.PL Sklep z Dronami","article_modified_time":"2026-04-15T08:49:47+00:00","og_image":[{"width":800,"height":800,"url":"https:\/\/ironsky.pl\/sklep\/wp-content\/uploads\/2026\/04\/47381_1.jpg","type":"image\/jpeg"}],"twitter_card":"summary_large_image","twitter_misc":{"Szacowany czas czytania":"1 minuta"},"schema":{"@context":"https:\/\/schema.org","@graph":[{"@type":"WebPage","@id":"https:\/\/ironsky.pl\/sklep\/produkt\/akumulator-dji-osmo-action-pojemnosc-1950mah\/","url":"https:\/\/ironsky.pl\/sklep\/produkt\/akumulator-dji-osmo-action-pojemnosc-1950mah\/","name":"Akumulator DJI Osmo Action pojemno\u015b\u0107 1950mAh - IRONSKY.PL Sklep z Dronami","isPartOf":{"@id":"https:\/\/ironsky.pl\/sklep\/#website"},"primaryImageOfPage":{"@id":"https:\/\/ironsky.pl\/sklep\/produkt\/akumulator-dji-osmo-action-pojemnosc-1950mah\/#primaryimage"},"image":{"@id":"https:\/\/ironsky.pl\/sklep\/produkt\/akumulator-dji-osmo-action-pojemnosc-1950mah\/#primaryimage"},"thumbnailUrl":"https:\/\/ironsky.pl\/sklep\/wp-content\/uploads\/2026\/04\/47381_1.jpg","datePublished":"2026-04-15T08:49:44+00:00","dateModified":"2026-04-15T08:49:47+00:00","description":"Akumulator DJI Osmo Action pojemno\u015b\u0107 1950mAh - \u2705 sklep z dronami i fachowym doradztwem. \u2705 Tutaj kupisz produkty DJI, Yuneec, Parrot, Syma i wiele innych, a tak\u017ce kursy i licencje na operatora drona.","breadcrumb":{"@id":"https:\/\/ironsky.pl\/sklep\/produkt\/akumulator-dji-osmo-action-pojemnosc-1950mah\/#breadcrumb"},"inLanguage":"pl-PL","potentialAction":[{"@type":"ReadAction","target":["https:\/\/ironsky.pl\/sklep\/produkt\/akumulator-dji-osmo-action-pojemnosc-1950mah\/"]}]},{"@type":"ImageObject","inLanguage":"pl-PL","@id":"https:\/\/ironsky.pl\/sklep\/produkt\/akumulator-dji-osmo-action-pojemnosc-1950mah\/#primaryimage","url":"https:\/\/ironsky.pl\/sklep\/wp-content\/uploads\/2026\/04\/47381_1.jpg","contentUrl":"https:\/\/ironsky.pl\/sklep\/wp-content\/uploads\/2026\/04\/47381_1.jpg","width":800,"height":800},{"@type":"BreadcrumbList","@id":"https:\/\/ironsky.pl\/sklep\/produkt\/akumulator-dji-osmo-action-pojemnosc-1950mah\/#breadcrumb","itemListElement":[{"@type":"ListItem","position":1,"name":"Strona g\u0142\u00f3wna","item":"https:\/\/ironsky.pl\/sklep\/"},{"@type":"ListItem","position":2,"name":"Wszystkie produkty","item":"https:\/\/ironsky.pl\/sklep\/produkty\/"},{"@type":"ListItem","position":3,"name":"Akumulator DJI Osmo Action pojemno\u015b\u0107 1950mAh"}]},{"@type":"WebSite","@id":"https:\/\/ironsky.pl\/sklep\/#website","url":"https:\/\/ironsky.pl\/sklep\/","name":"IRONSKY.PL Sklep z Dronami","description":"IRONSKY.PL Sklep z Dronami","potentialAction":[{"@type":"SearchAction","target":{"@type":"EntryPoint","urlTemplate":"https:\/\/ironsky.pl\/sklep\/?s={search_term_string}"},"query-input":{"@type":"PropertyValueSpecification","valueRequired":true,"valueName":"search_term_string"}}],"inLanguage":"pl-PL"}]}},"_links":{"self":[{"href":"https:\/\/ironsky.pl\/sklep\/wp-json\/wp\/v2\/product\/59640","targetHints":{"allow":["GET"]}}],"collection":[{"href":"https:\/\/ironsky.pl\/sklep\/wp-json\/wp\/v2\/product"}],"about":[{"href":"https:\/\/ironsky.pl\/sklep\/wp-json\/wp\/v2\/types\/product"}],"replies":[{"embeddable":true,"href":"https:\/\/ironsky.pl\/sklep\/wp-json\/wp\/v2\/comments?post=59640"}],"wp:featuredmedia":[{"embeddable":true,"href":"https:\/\/ironsky.pl\/sklep\/wp-json\/wp\/v2\/media\/59641"}],"wp:attachment":[{"href":"https:\/\/ironsky.pl\/sklep\/wp-json\/wp\/v2\/media?parent=59640"}],"wp:term":[{"taxonomy":"product_brand","embeddable":true,"href":"https:\/\/ironsky.pl\/sklep\/wp-json\/wp\/v2\/product_brand?post=59640"},{"taxonomy":"product_cat","embeddable":true,"href":"https:\/\/ironsky.pl\/sklep\/wp-json\/wp\/v2\/product_cat?post=59640"},{"taxonomy":"product_tag","embeddable":true,"href":"https:\/\/ironsky.pl\/sklep\/wp-json\/wp\/v2\/product_tag?post=59640"}],"curies":[{"name":"wp","href":"https:\/\/api.w.org\/{rel}","templated":true}]}}