{"id":59630,"date":"2026-04-15T10:49:10","date_gmt":"2026-04-15T08:49:10","guid":{"rendered":"https:\/\/ironsky.pl\/sklep\/produkt\/mocowanie-elastyczne-dji-osmo-flexible-mount\/"},"modified":"2026-04-15T10:49:41","modified_gmt":"2026-04-15T08:49:41","slug":"mocowanie-elastyczne-dji-osmo-flexible-mount","status":"publish","type":"product","link":"https:\/\/ironsky.pl\/sklep\/produkt\/mocowanie-elastyczne-dji-osmo-flexible-mount\/","title":{"rendered":"Mocowanie elastyczne DJI Osmo Flexible Mount"},"content":{"rendered":"<h3>DJI Osmo elastyczne mocowanie<\/h3>\n<p>DJI Osmo Flexible Mount umo\u017cliwia \u0142atwe przymocowanie kamery do s\u0142upk\u00f3w, siatek oraz innych podobnych struktur. Dzi\u0119ki elastyczno\u015bci pozwala na uchwycenie unikalnych k\u0105t\u00f3w i uj\u0119\u0107, kt\u00f3re wcze\u015bniej mog\u0142y by\u0107 trudne do osi\u0105gni\u0119cia. To idealne akcesorium dla kreatywnych u\u017cytkownik\u00f3w kamer Osmo Action 5 Pro, Osmo Action 4, Osmo Action 3 oraz DJI Action 2, kt\u00f3rzy chc\u0105 poszerzy\u0107 swoje mo\u017cliwo\u015bci filmowania. Uwaga; w przypadku intensywnych drga\u0144 lub nier\u00f3wnych nawierzchni (np. podczas jazdy na rowerze), ze wzgl\u0119du na naturaln\u0105 spr\u0119\u017cysto\u015b\u0107 materia\u0142u, mog\u0105 wyst\u0119powa\u0107 drobne wahania kamery.\u00a0<\/p>\n<p>\n<img decoding=\"async\" src=\"https:\/\/assets.innpro.pl\/9535\/11129\/1.jpg\" border=\"0\" \/>\n<\/p>\n<h3>Elastyczno\u015b\u0107 i regulacja mocowania<\/h3>\n<p>Mocowanie wykonane z elastycznego silikonu oferuje wytrzyma\u0142o\u015b\u0107 i rozci\u0105gliwo\u015b\u0107, co sprawia, \u017ce mo\u017cna je dopasowa\u0107 do r\u00f3\u017cnego rodzaju powierzchni. Wyposa\u017cone w dwustopniow\u0105 regulacj\u0119 zacisku, umo\u017cliwia pewne i bezpieczne zamocowanie kamery, nawet do nieregularnych kszta\u0142t\u00f3w. Tego rodzaju mocowanie otwiera mo\u017cliwo\u015b\u0107 eksperymentowania z nietypowymi perspektywami i uj\u0119ciami.<\/p>\n<p>\n<img decoding=\"async\" src=\"https:\/\/assets.innpro.pl\/9535\/11129\/2.jpg\" border=\"0\" \/>\n<\/p>\n<h3>Obrotowa podstawa i pe\u0142na regulacja k\u0105ta<\/h3>\n<p>Podstawa mocowania pozwala na swobodny obr\u00f3t o 360\u00b0, a tak\u017ce umo\u017cliwia nachylenie kamery o 180\u00b0. To oznacza, \u017ce bez wzgl\u0119du na miejsce monta\u017cu, zawsze mo\u017cna precyzyjnie ustawi\u0107 kamer\u0119, aby uzyska\u0107 idealny kadr.\u00a0<\/p>\n<p>\n<img decoding=\"async\" src=\"https:\/\/assets.innpro.pl\/9535\/11129\/5.jpg\" border=\"0\" \/>\n<\/p>\n<h3>W zestawie<\/h3>\n<ul class=\"list-disc pl-5\">\n<li>DJI Osmo Flexible Mount \u00d71<\/li>\n<li>\u015aruba Osmo Locking Screw \u00d71<\/li>\n<\/ul>\n<div class=\"table-wrapper\">\n<p>\u00a0<\/p>\n<h3><\/h3>\n<table>\n<tbody>\n<tr>\n<th>Producent<\/th>\n<td>DJI<\/td>\n<\/tr>\n<tr>\n<th>Kod producenta<\/th>\n<td>CP.AS.AA000014.01<\/td>\n<\/tr>\n<tr>\n<th>Kompatybilno\u015b\u0107<\/th>\n<td>Osmo Action 5 Pro, Osmo Action 4, Osmo Action 3, DJI Action 2<\/td>\n<\/tr>\n<tr>\n<th>Materia\u0142<\/th>\n<td>Elastyczny silikon<\/td>\n<\/tr>\n<tr>\n<th>Waga<\/th>\n<td>61 g<\/td>\n<\/tr>\n<\/tbody>\n<\/table>\n<\/div>\n","protected":false},"excerpt":{"rendered":"<p>DJI Osmo elastyczne mocowanie DJI Osmo Flexible Mount umo\u017cliwia \u0142atwe przymocowanie kamery do s\u0142upk\u00f3w, siatek oraz innych podobnych struktur. Dzi\u0119ki<\/p>\n","protected":false},"featured_media":59631,"comment_status":"closed","ping_status":"open","template":"","meta":{"_acf_changed":false},"product_brand":[],"product_cat":[1130,1137,1128],"product_tag":[],"class_list":{"0":"post-59630","1":"product","2":"type-product","3":"status-publish","4":"has-post-thumbnail","6":"product_cat-akcesoria-foto","7":"product_cat-do-kamer-sportowych","8":"product_cat-foto-wideo","9":"pa_okres-gwarancji-5757","10":"pa_producent-dji","12":"first","13":"outofstock","14":"taxable","15":"shipping-taxable","16":"purchasable","17":"product-type-simple"},"acf":[],"yoast_head":"<!-- This site is optimized with the Yoast SEO plugin v27.2 - https:\/\/yoast.com\/product\/yoast-seo-wordpress\/ -->\n<title>Mocowanie elastyczne DJI Osmo Flexible Mount - IRONSKY.PL Sklep z Dronami<\/title>\n<meta name=\"description\" content=\"Mocowanie elastyczne DJI Osmo Flexible Mount - \u2705 sklep z dronami i fachowym doradztwem. \u2705 Tutaj kupisz produkty DJI, Yuneec, Parrot, Syma i wiele innych, a tak\u017ce kursy i licencje na operatora drona.\" \/>\n<meta name=\"robots\" content=\"index, follow, max-snippet:-1, max-image-preview:large, max-video-preview:-1\" \/>\n<link rel=\"canonical\" href=\"https:\/\/ironsky.pl\/sklep\/produkt\/mocowanie-elastyczne-dji-osmo-flexible-mount\/\" \/>\n<meta property=\"og:locale\" content=\"pl_PL\" \/>\n<meta property=\"og:type\" content=\"article\" \/>\n<meta property=\"og:title\" content=\"Mocowanie elastyczne DJI Osmo Flexible Mount - IRONSKY.PL Sklep z Dronami\" \/>\n<meta property=\"og:description\" content=\"Mocowanie elastyczne DJI Osmo Flexible Mount - \u2705 sklep z dronami i fachowym doradztwem. \u2705 Tutaj kupisz produkty DJI, Yuneec, Parrot, Syma i wiele innych, a tak\u017ce kursy i licencje na operatora drona.\" \/>\n<meta property=\"og:url\" content=\"https:\/\/ironsky.pl\/sklep\/produkt\/mocowanie-elastyczne-dji-osmo-flexible-mount\/\" \/>\n<meta property=\"og:site_name\" content=\"IRONSKY.PL Sklep z Dronami\" \/>\n<meta property=\"article:modified_time\" content=\"2026-04-15T08:49:41+00:00\" \/>\n<meta property=\"og:image\" content=\"https:\/\/ironsky.pl\/sklep\/wp-content\/uploads\/2026\/04\/47379_7.jpg\" \/>\n\t<meta property=\"og:image:width\" content=\"800\" \/>\n\t<meta property=\"og:image:height\" content=\"800\" \/>\n\t<meta property=\"og:image:type\" content=\"image\/jpeg\" \/>\n<meta name=\"twitter:card\" content=\"summary_large_image\" \/>\n<meta name=\"twitter:label1\" content=\"Szacowany czas czytania\" \/>\n\t<meta name=\"twitter:data1\" content=\"1 minuta\" \/>\n<script type=\"application\/ld+json\" class=\"yoast-schema-graph\">{\"@context\":\"https:\/\/schema.org\",\"@graph\":[{\"@type\":\"WebPage\",\"@id\":\"https:\/\/ironsky.pl\/sklep\/produkt\/mocowanie-elastyczne-dji-osmo-flexible-mount\/\",\"url\":\"https:\/\/ironsky.pl\/sklep\/produkt\/mocowanie-elastyczne-dji-osmo-flexible-mount\/\",\"name\":\"Mocowanie elastyczne DJI Osmo Flexible Mount - IRONSKY.PL Sklep z Dronami\",\"isPartOf\":{\"@id\":\"https:\/\/ironsky.pl\/sklep\/#website\"},\"primaryImageOfPage\":{\"@id\":\"https:\/\/ironsky.pl\/sklep\/produkt\/mocowanie-elastyczne-dji-osmo-flexible-mount\/#primaryimage\"},\"image\":{\"@id\":\"https:\/\/ironsky.pl\/sklep\/produkt\/mocowanie-elastyczne-dji-osmo-flexible-mount\/#primaryimage\"},\"thumbnailUrl\":\"https:\/\/ironsky.pl\/sklep\/wp-content\/uploads\/2026\/04\/47379_7.jpg\",\"datePublished\":\"2026-04-15T08:49:10+00:00\",\"dateModified\":\"2026-04-15T08:49:41+00:00\",\"description\":\"Mocowanie elastyczne DJI Osmo Flexible Mount - \u2705 sklep z dronami i fachowym doradztwem. \u2705 Tutaj kupisz produkty DJI, Yuneec, Parrot, Syma i wiele innych, a tak\u017ce kursy i licencje na operatora drona.\",\"breadcrumb\":{\"@id\":\"https:\/\/ironsky.pl\/sklep\/produkt\/mocowanie-elastyczne-dji-osmo-flexible-mount\/#breadcrumb\"},\"inLanguage\":\"pl-PL\",\"potentialAction\":[{\"@type\":\"ReadAction\",\"target\":[\"https:\/\/ironsky.pl\/sklep\/produkt\/mocowanie-elastyczne-dji-osmo-flexible-mount\/\"]}]},{\"@type\":\"ImageObject\",\"inLanguage\":\"pl-PL\",\"@id\":\"https:\/\/ironsky.pl\/sklep\/produkt\/mocowanie-elastyczne-dji-osmo-flexible-mount\/#primaryimage\",\"url\":\"https:\/\/ironsky.pl\/sklep\/wp-content\/uploads\/2026\/04\/47379_7.jpg\",\"contentUrl\":\"https:\/\/ironsky.pl\/sklep\/wp-content\/uploads\/2026\/04\/47379_7.jpg\",\"width\":800,\"height\":800},{\"@type\":\"BreadcrumbList\",\"@id\":\"https:\/\/ironsky.pl\/sklep\/produkt\/mocowanie-elastyczne-dji-osmo-flexible-mount\/#breadcrumb\",\"itemListElement\":[{\"@type\":\"ListItem\",\"position\":1,\"name\":\"Strona g\u0142\u00f3wna\",\"item\":\"https:\/\/ironsky.pl\/sklep\/\"},{\"@type\":\"ListItem\",\"position\":2,\"name\":\"Wszystkie produkty\",\"item\":\"https:\/\/ironsky.pl\/sklep\/produkty\/\"},{\"@type\":\"ListItem\",\"position\":3,\"name\":\"Mocowanie elastyczne DJI Osmo Flexible Mount\"}]},{\"@type\":\"WebSite\",\"@id\":\"https:\/\/ironsky.pl\/sklep\/#website\",\"url\":\"https:\/\/ironsky.pl\/sklep\/\",\"name\":\"IRONSKY.PL Sklep z Dronami\",\"description\":\"IRONSKY.PL Sklep z Dronami\",\"potentialAction\":[{\"@type\":\"SearchAction\",\"target\":{\"@type\":\"EntryPoint\",\"urlTemplate\":\"https:\/\/ironsky.pl\/sklep\/?s={search_term_string}\"},\"query-input\":{\"@type\":\"PropertyValueSpecification\",\"valueRequired\":true,\"valueName\":\"search_term_string\"}}],\"inLanguage\":\"pl-PL\"}]}<\/script>\n<!-- \/ Yoast SEO plugin. -->","yoast_head_json":{"title":"Mocowanie elastyczne DJI Osmo Flexible Mount - IRONSKY.PL Sklep z Dronami","description":"Mocowanie elastyczne DJI Osmo Flexible Mount - \u2705 sklep z dronami i fachowym doradztwem. \u2705 Tutaj kupisz produkty DJI, Yuneec, Parrot, Syma i wiele innych, a tak\u017ce kursy i licencje na operatora drona.","robots":{"index":"index","follow":"follow","max-snippet":"max-snippet:-1","max-image-preview":"max-image-preview:large","max-video-preview":"max-video-preview:-1"},"canonical":"https:\/\/ironsky.pl\/sklep\/produkt\/mocowanie-elastyczne-dji-osmo-flexible-mount\/","og_locale":"pl_PL","og_type":"article","og_title":"Mocowanie elastyczne DJI Osmo Flexible Mount - IRONSKY.PL Sklep z Dronami","og_description":"Mocowanie elastyczne DJI Osmo Flexible Mount - \u2705 sklep z dronami i fachowym doradztwem. \u2705 Tutaj kupisz produkty DJI, Yuneec, Parrot, Syma i wiele innych, a tak\u017ce kursy i licencje na operatora drona.","og_url":"https:\/\/ironsky.pl\/sklep\/produkt\/mocowanie-elastyczne-dji-osmo-flexible-mount\/","og_site_name":"IRONSKY.PL Sklep z Dronami","article_modified_time":"2026-04-15T08:49:41+00:00","og_image":[{"width":800,"height":800,"url":"https:\/\/ironsky.pl\/sklep\/wp-content\/uploads\/2026\/04\/47379_7.jpg","type":"image\/jpeg"}],"twitter_card":"summary_large_image","twitter_misc":{"Szacowany czas czytania":"1 minuta"},"schema":{"@context":"https:\/\/schema.org","@graph":[{"@type":"WebPage","@id":"https:\/\/ironsky.pl\/sklep\/produkt\/mocowanie-elastyczne-dji-osmo-flexible-mount\/","url":"https:\/\/ironsky.pl\/sklep\/produkt\/mocowanie-elastyczne-dji-osmo-flexible-mount\/","name":"Mocowanie elastyczne DJI Osmo Flexible Mount - IRONSKY.PL Sklep z Dronami","isPartOf":{"@id":"https:\/\/ironsky.pl\/sklep\/#website"},"primaryImageOfPage":{"@id":"https:\/\/ironsky.pl\/sklep\/produkt\/mocowanie-elastyczne-dji-osmo-flexible-mount\/#primaryimage"},"image":{"@id":"https:\/\/ironsky.pl\/sklep\/produkt\/mocowanie-elastyczne-dji-osmo-flexible-mount\/#primaryimage"},"thumbnailUrl":"https:\/\/ironsky.pl\/sklep\/wp-content\/uploads\/2026\/04\/47379_7.jpg","datePublished":"2026-04-15T08:49:10+00:00","dateModified":"2026-04-15T08:49:41+00:00","description":"Mocowanie elastyczne DJI Osmo Flexible Mount - \u2705 sklep z dronami i fachowym doradztwem. \u2705 Tutaj kupisz produkty DJI, Yuneec, Parrot, Syma i wiele innych, a tak\u017ce kursy i licencje na operatora drona.","breadcrumb":{"@id":"https:\/\/ironsky.pl\/sklep\/produkt\/mocowanie-elastyczne-dji-osmo-flexible-mount\/#breadcrumb"},"inLanguage":"pl-PL","potentialAction":[{"@type":"ReadAction","target":["https:\/\/ironsky.pl\/sklep\/produkt\/mocowanie-elastyczne-dji-osmo-flexible-mount\/"]}]},{"@type":"ImageObject","inLanguage":"pl-PL","@id":"https:\/\/ironsky.pl\/sklep\/produkt\/mocowanie-elastyczne-dji-osmo-flexible-mount\/#primaryimage","url":"https:\/\/ironsky.pl\/sklep\/wp-content\/uploads\/2026\/04\/47379_7.jpg","contentUrl":"https:\/\/ironsky.pl\/sklep\/wp-content\/uploads\/2026\/04\/47379_7.jpg","width":800,"height":800},{"@type":"BreadcrumbList","@id":"https:\/\/ironsky.pl\/sklep\/produkt\/mocowanie-elastyczne-dji-osmo-flexible-mount\/#breadcrumb","itemListElement":[{"@type":"ListItem","position":1,"name":"Strona g\u0142\u00f3wna","item":"https:\/\/ironsky.pl\/sklep\/"},{"@type":"ListItem","position":2,"name":"Wszystkie produkty","item":"https:\/\/ironsky.pl\/sklep\/produkty\/"},{"@type":"ListItem","position":3,"name":"Mocowanie elastyczne DJI Osmo Flexible Mount"}]},{"@type":"WebSite","@id":"https:\/\/ironsky.pl\/sklep\/#website","url":"https:\/\/ironsky.pl\/sklep\/","name":"IRONSKY.PL Sklep z Dronami","description":"IRONSKY.PL Sklep z Dronami","potentialAction":[{"@type":"SearchAction","target":{"@type":"EntryPoint","urlTemplate":"https:\/\/ironsky.pl\/sklep\/?s={search_term_string}"},"query-input":{"@type":"PropertyValueSpecification","valueRequired":true,"valueName":"search_term_string"}}],"inLanguage":"pl-PL"}]}},"_links":{"self":[{"href":"https:\/\/ironsky.pl\/sklep\/wp-json\/wp\/v2\/product\/59630","targetHints":{"allow":["GET"]}}],"collection":[{"href":"https:\/\/ironsky.pl\/sklep\/wp-json\/wp\/v2\/product"}],"about":[{"href":"https:\/\/ironsky.pl\/sklep\/wp-json\/wp\/v2\/types\/product"}],"replies":[{"embeddable":true,"href":"https:\/\/ironsky.pl\/sklep\/wp-json\/wp\/v2\/comments?post=59630"}],"wp:featuredmedia":[{"embeddable":true,"href":"https:\/\/ironsky.pl\/sklep\/wp-json\/wp\/v2\/media\/59631"}],"wp:attachment":[{"href":"https:\/\/ironsky.pl\/sklep\/wp-json\/wp\/v2\/media?parent=59630"}],"wp:term":[{"taxonomy":"product_brand","embeddable":true,"href":"https:\/\/ironsky.pl\/sklep\/wp-json\/wp\/v2\/product_brand?post=59630"},{"taxonomy":"product_cat","embeddable":true,"href":"https:\/\/ironsky.pl\/sklep\/wp-json\/wp\/v2\/product_cat?post=59630"},{"taxonomy":"product_tag","embeddable":true,"href":"https:\/\/ironsky.pl\/sklep\/wp-json\/wp\/v2\/product_tag?post=59630"}],"curies":[{"name":"wp","href":"https:\/\/api.w.org\/{rel}","templated":true}]}}