{"id":59611,"date":"2026-04-15T10:49:10","date_gmt":"2026-04-15T08:49:10","guid":{"rendered":"https:\/\/ironsky.pl\/sklep\/produkt\/kamera-internetowa-ugreen-cm717-2k-30fps\/"},"modified":"2026-04-15T10:49:31","modified_gmt":"2026-04-15T08:49:31","slug":"kamera-internetowa-ugreen-cm717-2k-30fps","status":"publish","type":"product","link":"https:\/\/ironsky.pl\/sklep\/produkt\/kamera-internetowa-ugreen-cm717-2k-30fps\/","title":{"rendered":"Kamera internetowa UGREEN CM717 2K 30FPS"},"content":{"rendered":"<h3>Kamerka internetowa Ugreen USB Full HD CM717<\/h3>\n<p>Kamera internetowa UGREEN FHD 2K sprawdzi si\u0119 w pracy, podczas prowadzenia transmisji na \u017cywo, wyk\u0142ad\u00f3w online itp. Oferuje rozdzielczo\u015b\u0107 2K Ultra HD, zapewniaj\u0105c wyra\u017any i szczeg\u00f3\u0142owy obraz podczas rozm\u00f3w. Wyposa\u017cona w szybki autofokus, automatyczn\u0105 korekcj\u0119 \u015bwiat\u0142a oraz 80\u00b0 pole widzenia, kamera gwarantuje wysok\u0105 jako\u015b\u0107 transmisji niezale\u017cnie od warunk\u00f3w o\u015bwietleniowych. Wbudowany podw\u00f3jny mikrofon dook\u00f3lny zapewnia wyra\u017any d\u017awi\u0119k, dzi\u0119ki czemu Tw\u00f3j rozm\u00f3wca us\u0142yszy Ci\u0119 g\u0142o\u015bno i wyra\u017anie.<\/p>\n<p>\n<img decoding=\"async\" src=\"https:\/\/assets.innpro.pl\/10072\/11792\/6.jpg\" border=\"0\" \/>\n<\/p>\n<h3>Wysoka rozdzielczo\u015b\u0107 2K Ultra HD<\/h3>\n<p>Kamera oferuje rozdzielczo\u015b\u0107 2K, co sprawia, \u017ce obraz jest znacznie bardziej szczeg\u00f3\u0142owy w por\u00f3wnaniu z tradycyjnymi kamerami 1080p. Dzi\u0119ki temu rozm\u00f3wcy widz\u0105 wyra\u017ane i \u017cywe kolory, co poprawia jako\u015b\u0107 wideorozm\u00f3w. Wbudowany szybki autofokus pozwala na utrzymanie ostro\u015bci obrazu nawet przy ruchu, a automatyczna korekcja \u015bwiat\u0142a dostosowuje jasno\u015b\u0107 w zale\u017cno\u015bci od o\u015bwietlenia w pomieszczeniu.\u00a0<\/p>\n<p>\n<img decoding=\"async\" src=\"https:\/\/assets.innpro.pl\/10072\/11792\/5.jpg\" border=\"0\" \/>\n<\/p>\n<h3>80-stopniowe pole widzenia<\/h3>\n<p>Szerokie, 80-stopniowe pole widzenia umo\u017cliwia uchwycenie wi\u0119kszej ilo\u015bci os\u00f3b i otoczenia podczas wideokonferencji. To idealne rozwi\u0105zanie zar\u00f3wno do rozm\u00f3w indywidualnych, jak i spotka\u0144 grupowych.<\/p>\n<p>\n<img decoding=\"async\" src=\"https:\/\/assets.innpro.pl\/10072\/11792\/4.jpg\" border=\"0\" \/>\n<\/p>\n<h3>Ochrona prywatno\u015bci i obr\u00f3t 360\u00b0<\/h3>\n<p>Kamera zosta\u0142a wyposa\u017cona w os\u0142on\u0119 prywatno\u015bci, kt\u00f3ra pozwala na zas\u0142oni\u0119cie obiektywu, gdy kamera nie jest u\u017cywana, zapewniaj\u0105c pe\u0142n\u0105 ochron\u0119 prywatno\u015bci. Dodatkowo urz\u0105dzenie mo\u017cna obraca\u0107 o 360\u00b0, co umo\u017cliwia precyzyjne ustawienie k\u0105ta widzenia.<\/p>\n<p>\n<img decoding=\"async\" src=\"https:\/\/assets.innpro.pl\/10072\/11792\/3.jpg\" border=\"0\" \/>\n<\/p>\n<h3>Plug &amp; Play i \u0142atwa instalacja<\/h3>\n<p>Kamera dzia\u0142a w Plug &amp; Play, co oznacza, \u017ce nie wymaga instalacji dodatkowych sterownik\u00f3w \u2013 wystarczy pod\u0142\u0105czy\u0107 j\u0105 do portu USB i b\u0119dzie gotowa do u\u017cycia. Mo\u017cesz j\u0105 zamontowa\u0107 na monitorze, statywie lub dowolnej p\u0142askiej powierzchni, zapewniaj\u0105c sobie elastyczno\u015b\u0107 u\u017cytkowania.<\/p>\n<p>\n<img decoding=\"async\" src=\"https:\/\/assets.innpro.pl\/10072\/11792\/2.jpg\" border=\"0\" \/>\n<\/p>\n<div class=\"table-wrapper\">\n<p>\u00a0<\/p>\n<h3><\/h3>\n<table>\n<tbody>\n<tr>\n<th>Producent<\/th>\n<td>Ugreen<\/td>\n<\/tr>\n<tr>\n<th>Model<\/th>\n<td>CM717<\/td>\n<\/tr>\n<tr>\n<th>Kod producenta<\/th>\n<td>25442<\/td>\n<\/tr>\n<tr>\n<th>Rozdzielczo\u015b\u0107<\/th>\n<td>4 MP 2K<\/td>\n<\/tr>\n<tr>\n<th>Pole widzenia<\/th>\n<td>80\u00b0<\/td>\n<\/tr>\n<tr>\n<th>Moc<\/th>\n<td>400 W<\/td>\n<\/tr>\n<tr>\n<th>Mikrofon<\/th>\n<td>dook\u00f3lny<\/td>\n<\/tr>\n<tr>\n<th>Zakres obrotu<\/th>\n<td>360\u00b0<\/td>\n<\/tr>\n<tr>\n<th>Po\u0142\u0105czenie<\/th>\n<td>USB<\/td>\n<\/tr>\n<\/tbody>\n<\/table>\n<\/div>\n","protected":false},"excerpt":{"rendered":"<p>Kamerka internetowa Ugreen USB Full HD CM717 Kamera internetowa UGREEN FHD 2K sprawdzi si\u0119 w pracy, podczas prowadzenia transmisji na<\/p>\n","protected":false},"featured_media":46016,"comment_status":"closed","ping_status":"open","template":"","meta":{"_acf_changed":false},"product_brand":[],"product_cat":[5929,5964],"product_tag":[],"class_list":{"0":"post-59611","1":"product","2":"type-product","3":"status-publish","4":"has-post-thumbnail","6":"product_cat-akcesoria-it","7":"product_cat-kamery-internetowe","8":"pa_okres-gwarancji-5757","9":"pa_producent-ugreen","11":"first","12":"outofstock","13":"taxable","14":"shipping-taxable","15":"purchasable","16":"product-type-simple"},"acf":[],"yoast_head":"<!-- This site is optimized with the Yoast SEO plugin v27.2 - https:\/\/yoast.com\/product\/yoast-seo-wordpress\/ -->\n<title>Kamera internetowa UGREEN CM717 2K 30FPS - IRONSKY.PL Sklep z Dronami<\/title>\n<meta name=\"description\" content=\"Kamera internetowa UGREEN CM717 2K 30FPS - \u2705 sklep z dronami i fachowym doradztwem. \u2705 Tutaj kupisz produkty DJI, Yuneec, Parrot, Syma i wiele innych, a tak\u017ce kursy i licencje na operatora drona.\" \/>\n<meta name=\"robots\" content=\"index, follow, max-snippet:-1, max-image-preview:large, max-video-preview:-1\" \/>\n<link rel=\"canonical\" href=\"https:\/\/ironsky.pl\/sklep\/produkt\/kamera-internetowa-ugreen-cm717-2k-30fps\/\" \/>\n<meta property=\"og:locale\" content=\"pl_PL\" \/>\n<meta property=\"og:type\" content=\"article\" \/>\n<meta property=\"og:title\" content=\"Kamera internetowa UGREEN CM717 2K 30FPS - IRONSKY.PL Sklep z Dronami\" \/>\n<meta property=\"og:description\" content=\"Kamera internetowa UGREEN CM717 2K 30FPS - \u2705 sklep z dronami i fachowym doradztwem. \u2705 Tutaj kupisz produkty DJI, Yuneec, Parrot, Syma i wiele innych, a tak\u017ce kursy i licencje na operatora drona.\" \/>\n<meta property=\"og:url\" content=\"https:\/\/ironsky.pl\/sklep\/produkt\/kamera-internetowa-ugreen-cm717-2k-30fps\/\" \/>\n<meta property=\"og:site_name\" content=\"IRONSKY.PL Sklep z Dronami\" \/>\n<meta property=\"article:modified_time\" content=\"2026-04-15T08:49:31+00:00\" \/>\n<meta property=\"og:image\" content=\"https:\/\/ironsky.pl\/sklep\/wp-content\/uploads\/2025\/06\/47293_1.jpg\" \/>\n\t<meta property=\"og:image:width\" content=\"800\" \/>\n\t<meta property=\"og:image:height\" content=\"800\" \/>\n\t<meta property=\"og:image:type\" content=\"image\/jpeg\" \/>\n<meta name=\"twitter:card\" content=\"summary_large_image\" \/>\n<meta name=\"twitter:label1\" content=\"Szacowany czas czytania\" \/>\n\t<meta name=\"twitter:data1\" content=\"2 minuty\" \/>\n<script type=\"application\/ld+json\" class=\"yoast-schema-graph\">{\"@context\":\"https:\/\/schema.org\",\"@graph\":[{\"@type\":\"WebPage\",\"@id\":\"https:\/\/ironsky.pl\/sklep\/produkt\/kamera-internetowa-ugreen-cm717-2k-30fps\/\",\"url\":\"https:\/\/ironsky.pl\/sklep\/produkt\/kamera-internetowa-ugreen-cm717-2k-30fps\/\",\"name\":\"Kamera internetowa UGREEN CM717 2K 30FPS - IRONSKY.PL Sklep z Dronami\",\"isPartOf\":{\"@id\":\"https:\/\/ironsky.pl\/sklep\/#website\"},\"primaryImageOfPage\":{\"@id\":\"https:\/\/ironsky.pl\/sklep\/produkt\/kamera-internetowa-ugreen-cm717-2k-30fps\/#primaryimage\"},\"image\":{\"@id\":\"https:\/\/ironsky.pl\/sklep\/produkt\/kamera-internetowa-ugreen-cm717-2k-30fps\/#primaryimage\"},\"thumbnailUrl\":\"https:\/\/ironsky.pl\/sklep\/wp-content\/uploads\/2025\/06\/47293_1.jpg\",\"datePublished\":\"2026-04-15T08:49:10+00:00\",\"dateModified\":\"2026-04-15T08:49:31+00:00\",\"description\":\"Kamera internetowa UGREEN CM717 2K 30FPS - \u2705 sklep z dronami i fachowym doradztwem. \u2705 Tutaj kupisz produkty DJI, Yuneec, Parrot, Syma i wiele innych, a tak\u017ce kursy i licencje na operatora drona.\",\"breadcrumb\":{\"@id\":\"https:\/\/ironsky.pl\/sklep\/produkt\/kamera-internetowa-ugreen-cm717-2k-30fps\/#breadcrumb\"},\"inLanguage\":\"pl-PL\",\"potentialAction\":[{\"@type\":\"ReadAction\",\"target\":[\"https:\/\/ironsky.pl\/sklep\/produkt\/kamera-internetowa-ugreen-cm717-2k-30fps\/\"]}]},{\"@type\":\"ImageObject\",\"inLanguage\":\"pl-PL\",\"@id\":\"https:\/\/ironsky.pl\/sklep\/produkt\/kamera-internetowa-ugreen-cm717-2k-30fps\/#primaryimage\",\"url\":\"https:\/\/ironsky.pl\/sklep\/wp-content\/uploads\/2025\/06\/47293_1.jpg\",\"contentUrl\":\"https:\/\/ironsky.pl\/sklep\/wp-content\/uploads\/2025\/06\/47293_1.jpg\",\"width\":800,\"height\":800},{\"@type\":\"BreadcrumbList\",\"@id\":\"https:\/\/ironsky.pl\/sklep\/produkt\/kamera-internetowa-ugreen-cm717-2k-30fps\/#breadcrumb\",\"itemListElement\":[{\"@type\":\"ListItem\",\"position\":1,\"name\":\"Strona g\u0142\u00f3wna\",\"item\":\"https:\/\/ironsky.pl\/sklep\/\"},{\"@type\":\"ListItem\",\"position\":2,\"name\":\"Wszystkie produkty\",\"item\":\"https:\/\/ironsky.pl\/sklep\/produkty\/\"},{\"@type\":\"ListItem\",\"position\":3,\"name\":\"Kamera internetowa UGREEN CM717 2K 30FPS\"}]},{\"@type\":\"WebSite\",\"@id\":\"https:\/\/ironsky.pl\/sklep\/#website\",\"url\":\"https:\/\/ironsky.pl\/sklep\/\",\"name\":\"IRONSKY.PL Sklep z Dronami\",\"description\":\"IRONSKY.PL Sklep z Dronami\",\"potentialAction\":[{\"@type\":\"SearchAction\",\"target\":{\"@type\":\"EntryPoint\",\"urlTemplate\":\"https:\/\/ironsky.pl\/sklep\/?s={search_term_string}\"},\"query-input\":{\"@type\":\"PropertyValueSpecification\",\"valueRequired\":true,\"valueName\":\"search_term_string\"}}],\"inLanguage\":\"pl-PL\"}]}<\/script>\n<!-- \/ Yoast SEO plugin. -->","yoast_head_json":{"title":"Kamera internetowa UGREEN CM717 2K 30FPS - IRONSKY.PL Sklep z Dronami","description":"Kamera internetowa UGREEN CM717 2K 30FPS - \u2705 sklep z dronami i fachowym doradztwem. \u2705 Tutaj kupisz produkty DJI, Yuneec, Parrot, Syma i wiele innych, a tak\u017ce kursy i licencje na operatora drona.","robots":{"index":"index","follow":"follow","max-snippet":"max-snippet:-1","max-image-preview":"max-image-preview:large","max-video-preview":"max-video-preview:-1"},"canonical":"https:\/\/ironsky.pl\/sklep\/produkt\/kamera-internetowa-ugreen-cm717-2k-30fps\/","og_locale":"pl_PL","og_type":"article","og_title":"Kamera internetowa UGREEN CM717 2K 30FPS - IRONSKY.PL Sklep z Dronami","og_description":"Kamera internetowa UGREEN CM717 2K 30FPS - \u2705 sklep z dronami i fachowym doradztwem. \u2705 Tutaj kupisz produkty DJI, Yuneec, Parrot, Syma i wiele innych, a tak\u017ce kursy i licencje na operatora drona.","og_url":"https:\/\/ironsky.pl\/sklep\/produkt\/kamera-internetowa-ugreen-cm717-2k-30fps\/","og_site_name":"IRONSKY.PL Sklep z Dronami","article_modified_time":"2026-04-15T08:49:31+00:00","og_image":[{"width":800,"height":800,"url":"https:\/\/ironsky.pl\/sklep\/wp-content\/uploads\/2025\/06\/47293_1.jpg","type":"image\/jpeg"}],"twitter_card":"summary_large_image","twitter_misc":{"Szacowany czas czytania":"2 minuty"},"schema":{"@context":"https:\/\/schema.org","@graph":[{"@type":"WebPage","@id":"https:\/\/ironsky.pl\/sklep\/produkt\/kamera-internetowa-ugreen-cm717-2k-30fps\/","url":"https:\/\/ironsky.pl\/sklep\/produkt\/kamera-internetowa-ugreen-cm717-2k-30fps\/","name":"Kamera internetowa UGREEN CM717 2K 30FPS - IRONSKY.PL Sklep z Dronami","isPartOf":{"@id":"https:\/\/ironsky.pl\/sklep\/#website"},"primaryImageOfPage":{"@id":"https:\/\/ironsky.pl\/sklep\/produkt\/kamera-internetowa-ugreen-cm717-2k-30fps\/#primaryimage"},"image":{"@id":"https:\/\/ironsky.pl\/sklep\/produkt\/kamera-internetowa-ugreen-cm717-2k-30fps\/#primaryimage"},"thumbnailUrl":"https:\/\/ironsky.pl\/sklep\/wp-content\/uploads\/2025\/06\/47293_1.jpg","datePublished":"2026-04-15T08:49:10+00:00","dateModified":"2026-04-15T08:49:31+00:00","description":"Kamera internetowa UGREEN CM717 2K 30FPS - \u2705 sklep z dronami i fachowym doradztwem. \u2705 Tutaj kupisz produkty DJI, Yuneec, Parrot, Syma i wiele innych, a tak\u017ce kursy i licencje na operatora drona.","breadcrumb":{"@id":"https:\/\/ironsky.pl\/sklep\/produkt\/kamera-internetowa-ugreen-cm717-2k-30fps\/#breadcrumb"},"inLanguage":"pl-PL","potentialAction":[{"@type":"ReadAction","target":["https:\/\/ironsky.pl\/sklep\/produkt\/kamera-internetowa-ugreen-cm717-2k-30fps\/"]}]},{"@type":"ImageObject","inLanguage":"pl-PL","@id":"https:\/\/ironsky.pl\/sklep\/produkt\/kamera-internetowa-ugreen-cm717-2k-30fps\/#primaryimage","url":"https:\/\/ironsky.pl\/sklep\/wp-content\/uploads\/2025\/06\/47293_1.jpg","contentUrl":"https:\/\/ironsky.pl\/sklep\/wp-content\/uploads\/2025\/06\/47293_1.jpg","width":800,"height":800},{"@type":"BreadcrumbList","@id":"https:\/\/ironsky.pl\/sklep\/produkt\/kamera-internetowa-ugreen-cm717-2k-30fps\/#breadcrumb","itemListElement":[{"@type":"ListItem","position":1,"name":"Strona g\u0142\u00f3wna","item":"https:\/\/ironsky.pl\/sklep\/"},{"@type":"ListItem","position":2,"name":"Wszystkie produkty","item":"https:\/\/ironsky.pl\/sklep\/produkty\/"},{"@type":"ListItem","position":3,"name":"Kamera internetowa UGREEN CM717 2K 30FPS"}]},{"@type":"WebSite","@id":"https:\/\/ironsky.pl\/sklep\/#website","url":"https:\/\/ironsky.pl\/sklep\/","name":"IRONSKY.PL Sklep z Dronami","description":"IRONSKY.PL Sklep z Dronami","potentialAction":[{"@type":"SearchAction","target":{"@type":"EntryPoint","urlTemplate":"https:\/\/ironsky.pl\/sklep\/?s={search_term_string}"},"query-input":{"@type":"PropertyValueSpecification","valueRequired":true,"valueName":"search_term_string"}}],"inLanguage":"pl-PL"}]}},"_links":{"self":[{"href":"https:\/\/ironsky.pl\/sklep\/wp-json\/wp\/v2\/product\/59611","targetHints":{"allow":["GET"]}}],"collection":[{"href":"https:\/\/ironsky.pl\/sklep\/wp-json\/wp\/v2\/product"}],"about":[{"href":"https:\/\/ironsky.pl\/sklep\/wp-json\/wp\/v2\/types\/product"}],"replies":[{"embeddable":true,"href":"https:\/\/ironsky.pl\/sklep\/wp-json\/wp\/v2\/comments?post=59611"}],"wp:featuredmedia":[{"embeddable":true,"href":"https:\/\/ironsky.pl\/sklep\/wp-json\/wp\/v2\/media\/46016"}],"wp:attachment":[{"href":"https:\/\/ironsky.pl\/sklep\/wp-json\/wp\/v2\/media?parent=59611"}],"wp:term":[{"taxonomy":"product_brand","embeddable":true,"href":"https:\/\/ironsky.pl\/sklep\/wp-json\/wp\/v2\/product_brand?post=59611"},{"taxonomy":"product_cat","embeddable":true,"href":"https:\/\/ironsky.pl\/sklep\/wp-json\/wp\/v2\/product_cat?post=59611"},{"taxonomy":"product_tag","embeddable":true,"href":"https:\/\/ironsky.pl\/sklep\/wp-json\/wp\/v2\/product_tag?post=59611"}],"curies":[{"name":"wp","href":"https:\/\/api.w.org\/{rel}","templated":true}]}}