{"id":59523,"date":"2026-04-15T10:48:34","date_gmt":"2026-04-15T08:48:34","guid":{"rendered":"https:\/\/ironsky.pl\/sklep\/produkt\/monitor-arzopa-m1rc-27-2560x1440\/"},"modified":"2026-04-15T10:48:39","modified_gmt":"2026-04-15T08:48:39","slug":"monitor-arzopa-m1rc-27-2560x1440","status":"publish","type":"product","link":"https:\/\/ironsky.pl\/sklep\/produkt\/monitor-arzopa-m1rc-27-2560x1440\/","title":{"rendered":"Monitor ARZOPA M1RC 27&#8243; 2560&#215;1440"},"content":{"rendered":"<h3>Monitor Gamingowy Arzopa M1RC 27&#8221; 180Hz 2K QHD<\/h3>\n<p>Monitor Arzopa M1RC to 27-calowy wy\u015bwietlacz QHD (2560&#215;1440), kt\u00f3ry \u0142\u0105czy w sobie wyj\u0105tkow\u0105 jako\u015b\u0107 obrazu, szybki czas reakcji i szerok\u0105 gam\u0119 kolor\u00f3w. Dzi\u0119ki zastosowaniu panelu FAST-IPS oferuje szeroki k\u0105t widzenia na poziomie 89\u00b0 oraz regulacj\u0119 po\u0142o\u017cenia monitoria, co zapewnia doskona\u0142\u0105 widoczno\u015b\u0107 bez wzgl\u0119du na pozycj\u0119 u\u017cytkownika. Z proporcjami ekranu 16:9 i wysokiej jako\u015bci pod\u015bwietleniem LED, Arzopa M1RC jest idealnym wyborem do pracy, rozrywki oraz gier.<\/p>\n<p>\n<img decoding=\"async\" src=\"https:\/\/assets.innpro.pl\/9453\/11035\/7.jpg\" border=\"0\" alt=\"\" \/>\n<\/p>\n<h3>Wysoka jako\u015b\u0107 obrazu i kolor\u00f3w<\/h3>\n<p>Monitor Arzopa M1RC zapewnia doskona\u0142\u0105 reprodukcj\u0119 kolor\u00f3w dzi\u0119ki pokryciu 110% przestrzeni barwowej sRGB, 82% DCI-P3 oraz 78% NTSC. Te parametry sprawiaj\u0105, \u017ce kolory s\u0105 g\u0142\u0119boko nasycone, co szczeg\u00f3lnie doceni\u0105 u\u017cytkownicy zajmuj\u0105cy si\u0119 edycj\u0105 grafiki czy multimediami. Jasno\u015b\u0107 na poziomie 350 cd\/m\u00b2 oraz wsp\u00f3\u0142czynnik kontrastu statycznego 1000:1 gwarantuj\u0105 wyra\u017any i ostry obraz w ka\u017cdych warunkach o\u015bwietleniowych. Z obs\u0142ug\u0105 HDR10, monitor zapewnia dodatkow\u0105 g\u0142\u0119bi\u0119 i szczeg\u00f3\u0142owo\u015b\u0107 w dynamicznych scenach, co czyni go \u015bwietnym wyborem zar\u00f3wno do pracy z grafik\u0105, jak i do ogl\u0105dania film\u00f3w.<\/p>\n<p>\n<img decoding=\"async\" src=\"https:\/\/assets.innpro.pl\/9453\/11035\/2.jpg\" border=\"0\" alt=\"\" \/>\n<\/p>\n<h3>Szybko\u015b\u0107 i p\u0142ynno\u015b\u0107 dzia\u0142ania<\/h3>\n<p>Arzopa M1RC oferuje wyj\u0105tkowo p\u0142ynne dzia\u0142anie dzi\u0119ki cz\u0119stotliwo\u015bci od\u015bwie\u017cania wynosz\u0105cej 180 Hz (przy po\u0142\u0105czeniu przez DP\/Type-C) oraz 144 Hz (przez HDMI). Taka cz\u0119stotliwo\u015b\u0107 od\u015bwie\u017cania, po\u0142\u0105czona z czasem reakcji 1 ms GTG pozwala cieszy\u0107 si\u0119 dynamicznym i wyra\u017anym obrazem, szczeg\u00f3lnie w dynamicznych grach. Technologia AMD FreeSync eliminuje efekt rozrywania obrazu, synchronizuj\u0105c cz\u0119stotliwo\u015b\u0107 od\u015bwie\u017cania monitora z kart\u0105 graficzn\u0105, co zapewnia bardziej p\u0142ynn\u0105 rozgrywk\u0119 bez zaci\u0119\u0107 i op\u00f3\u017anie\u0144. Rozdzielczo\u015b\u0107 2560&#215;1440 QHD zapewnia szczeg\u00f3\u0142owy obraz, co dodatkowo zwi\u0119ksza komfort zar\u00f3wno podczas grania, jak i pracy.<\/p>\n<p>\n<img decoding=\"async\" src=\"https:\/\/assets.innpro.pl\/9453\/11035\/4.jpg\" border=\"0\" alt=\"\" \/>\n<\/p>\n<h3>Funkcjonalno\u015b\u0107 i design<\/h3>\n<p>Monitor Arzopa M1RC zosta\u0142 zaprojektowany z my\u015bl\u0105 o wygodzie u\u017cytkowania. Dzi\u0119ki obs\u0142udze interfejs\u00f3w HDMI i DisplayPort monitor pod\u0142\u0105czysz do konsoli Xbox, komputer\u00f3w PC, laptop\u00f3w czy innych urz\u0105dze\u0144, co umo\u017cliwia szybkie prze\u0142\u0105czanie mi\u0119dzy prac\u0105 a rozrywk\u0105. Dost\u0119pne s\u0105 te\u017c porty USB-C oraz audio 3,5 mm. Wsparcie dla monta\u017cu na uchwytach VESA (100 x 100 mm) pozwala na zamocowanie monitora na \u015bcianie, co sprzyja oszcz\u0119dno\u015bci miejsca. Jego smuk\u0142a konstrukcja sprawia, \u017ce doskonale prezentuje si\u0119 na biurku.<\/p>\n<p>\n<img decoding=\"async\" src=\"https:\/\/assets.innpro.pl\/9453\/11035\/5.jpg\" border=\"0\" alt=\"\" \/>\n<\/p>\n<h3>Efektywno\u015b\u0107 energetyczna<\/h3>\n<p>Monitor Arzopa M1RC, mimo swoich zaawansowanych parametr\u00f3w, jest r\u00f3wnie\u017c wydajny energetycznie. Pob\u00f3r mocy w trybie normalnej pracy wynosi jedynie 45 W, a w trybie u\u015bpienia zu\u017cycie spada do poni\u017cej 0,5 W, co czyni go energooszcz\u0119dnym wyborem zar\u00f3wno w pracy biurowej, jak i domowym centrum rozrywki. Dzi\u0119ki natywnej temperaturze barwowej 6500K monitor oferuje optymaln\u0105 jako\u015b\u0107 obrazu bez nadmiernego obci\u0105\u017cenia wzroku podczas d\u0142ugiej pracy.<\/p>\n<p>\n<img decoding=\"async\" src=\"https:\/\/assets.innpro.pl\/9453\/11035\/6.jpg\" border=\"0\" alt=\"\" \/>\n<\/p>\n<h3>W zestawie<\/h3>\n<ul class=\"list-disc pl-5\">\n<li>monitor<\/li>\n<li>\n<p style=\"text-align:justify\">uchwyt<\/p>\n<\/li>\n<li>\n<p style=\"text-align:justify\">podstawa<\/p>\n<\/li>\n<li>\n<p style=\"text-align:justify\">zasilacz<\/p>\n<\/li>\n<li>\n<p style=\"text-align:justify\">kabel DP\u00a0<\/p>\n<\/li>\n<li>\n<p style=\"text-align:justify\">instrukcja obs\u0142ugi<\/p>\n<\/li>\n<\/ul>\n<div class=\"table-wrapper\">\n<p>\u00a0<\/p>\n<h3><\/h3>\n<table>\n<tbody>\n<tr>\n<th>Producent<\/th>\n<td>Arzopa<\/td>\n<\/tr>\n<tr>\n<th>Model<\/th>\n<td>M1RC<\/td>\n<\/tr>\n<tr>\n<th>Kolor<\/th>\n<td>czarny<\/td>\n<\/tr>\n<tr>\n<th>Rozmiar<\/th>\n<td>27\u201d LCD<\/td>\n<\/tr>\n<tr>\n<th>Typ panelu<\/th>\n<td>FAST-IPS<\/td>\n<\/tr>\n<tr>\n<th>Proporcje ekranu<\/th>\n<td>16:9<\/td>\n<\/tr>\n<tr>\n<th>Rozmiar plamki<\/th>\n<td>0,2331 x 0,2331 mm<\/td>\n<\/tr>\n<tr>\n<th>Rozmiar ekranu<\/th>\n<td>596.736 x 335.664 mm<\/td>\n<\/tr>\n<tr>\n<th>Standard VESA<\/th>\n<td>100 x 100 mm <\/td>\n<\/tr>\n<tr>\n<th>Jasno\u015b\u0107<\/th>\n<td>350cd\/m\u00b2<\/td>\n<\/tr>\n<tr>\n<th>Domy\u015blna temperatura barwowa<\/th>\n<td>6500K<\/td>\n<\/tr>\n<tr>\n<th>Wsp\u00f3\u0142czynnik kontrastu statycznego<\/th>\n<td>1000:1<\/td>\n<\/tr>\n<tr>\n<th>Wsp\u00f3\u0142czynnik kontrastu dynamicznego<\/th>\n<td>1 000 000:1<\/td>\n<\/tr>\n<tr>\n<th>Gama kolor\u00f3w<\/th>\n<td>78% NTSC, 110% sRGB, 82% DCI-P3<\/td>\n<\/tr>\n<tr>\n<th>K\u0105t widzenia<\/th>\n<td>89\/89\/89\/89 (typ.)(CR\u226510)<\/td>\n<\/tr>\n<tr>\n<th>Cz\u0119stotliwo\u015b\u0107 od\u015bwie\u017cania<\/th>\n<td>180 Hz (Uwaga: interfejs DP\/Type-C obs\u0142uguje do 180 Hz; interfejs HDMI obs\u0142uguje do 144 Hz)<\/td>\n<\/tr>\n<tr>\n<th>Czas reakcji (GTG)<\/th>\n<td>1ms<\/td>\n<\/tr>\n<tr>\n<th>Maksymalna rozdzielczo\u015b\u0107<\/th>\n<td>2560 x 1440P (QHD)<\/td>\n<\/tr>\n<tr>\n<th>Kolor wy\u015bwietlacza<\/th>\n<td>16.7M (8-bit)<\/td>\n<\/tr>\n<tr>\n<th>Typ pod\u015bwietlenia<\/th>\n<td>LED<\/td>\n<\/tr>\n<tr>\n<th>Obs\u0142ugiwany typ HDR<\/th>\n<td>HDR 10<\/td>\n<\/tr>\n<tr>\n<th>Pob\u00f3r mocy (praca)<\/th>\n<td>45W (tryb normalnej pracy)<\/td>\n<\/tr>\n<tr>\n<th>Pob\u00f3r mocy (w trybie czuwania)<\/th>\n<td>\u22640.5W<\/td>\n<\/tr>\n<tr>\n<th>Wbudowane g\u0142o\u015bniki<\/th>\n<td>Nie<\/td>\n<\/tr>\n<tr>\n<th>Wej\u015bcia<\/th>\n<td>DC x 1, HDMI 2.0 x 1, DP (V1.4) x 1, USB-C 15W x 1, Audio 3.5 mm x 1<\/td>\n<\/tr>\n<\/tbody>\n<\/table>\n<\/div>\n","protected":false},"excerpt":{"rendered":"<p>Monitor Gamingowy Arzopa M1RC 27&#8221; 180Hz 2K QHD Monitor Arzopa M1RC to 27-calowy wy\u015bwietlacz QHD (2560&#215;1440), kt\u00f3ry \u0142\u0105czy w sobie<\/p>\n","protected":false},"featured_media":59524,"comment_status":"closed","ping_status":"open","template":"","meta":{"_acf_changed":false},"product_brand":[],"product_cat":[5929,5975],"product_tag":[],"class_list":{"0":"post-59523","1":"product","2":"type-product","3":"status-publish","4":"has-post-thumbnail","6":"product_cat-akcesoria-it","7":"product_cat-monitory","8":"pa_okres-gwarancji-5754","9":"pa_producent-arzopa","11":"first","12":"outofstock","13":"taxable","14":"shipping-taxable","15":"purchasable","16":"product-type-simple"},"acf":[],"yoast_head":"<!-- This site is optimized with the Yoast SEO plugin v27.2 - https:\/\/yoast.com\/product\/yoast-seo-wordpress\/ -->\n<title>Monitor ARZOPA M1RC 27&quot; 2560x1440 - IRONSKY.PL Sklep z Dronami<\/title>\n<meta name=\"description\" content=\"Monitor ARZOPA M1RC 27&quot; 2560x1440 - \u2705 sklep z dronami i fachowym doradztwem. \u2705 Tutaj kupisz produkty DJI, Yuneec, Parrot, Syma i wiele innych, a tak\u017ce kursy i licencje na operatora drona.\" \/>\n<meta name=\"robots\" content=\"index, follow, max-snippet:-1, max-image-preview:large, max-video-preview:-1\" \/>\n<link rel=\"canonical\" href=\"https:\/\/ironsky.pl\/sklep\/produkt\/monitor-arzopa-m1rc-27-2560x1440\/\" \/>\n<meta property=\"og:locale\" content=\"pl_PL\" \/>\n<meta property=\"og:type\" content=\"article\" \/>\n<meta property=\"og:title\" content=\"Monitor ARZOPA M1RC 27&quot; 2560x1440 - IRONSKY.PL Sklep z Dronami\" \/>\n<meta property=\"og:description\" content=\"Monitor ARZOPA M1RC 27&quot; 2560x1440 - \u2705 sklep z dronami i fachowym doradztwem. \u2705 Tutaj kupisz produkty DJI, Yuneec, Parrot, Syma i wiele innych, a tak\u017ce kursy i licencje na operatora drona.\" \/>\n<meta property=\"og:url\" content=\"https:\/\/ironsky.pl\/sklep\/produkt\/monitor-arzopa-m1rc-27-2560x1440\/\" \/>\n<meta property=\"og:site_name\" content=\"IRONSKY.PL Sklep z Dronami\" \/>\n<meta property=\"article:modified_time\" content=\"2026-04-15T08:48:39+00:00\" \/>\n<meta property=\"og:image\" content=\"https:\/\/ironsky.pl\/sklep\/wp-content\/uploads\/2026\/04\/46941_5.jpg\" \/>\n\t<meta property=\"og:image:width\" content=\"800\" \/>\n\t<meta property=\"og:image:height\" content=\"800\" \/>\n\t<meta property=\"og:image:type\" content=\"image\/jpeg\" \/>\n<meta name=\"twitter:card\" content=\"summary_large_image\" \/>\n<meta name=\"twitter:label1\" content=\"Szacowany czas czytania\" \/>\n\t<meta name=\"twitter:data1\" content=\"3 minuty\" \/>\n<script type=\"application\/ld+json\" class=\"yoast-schema-graph\">{\"@context\":\"https:\/\/schema.org\",\"@graph\":[{\"@type\":\"WebPage\",\"@id\":\"https:\/\/ironsky.pl\/sklep\/produkt\/monitor-arzopa-m1rc-27-2560x1440\/\",\"url\":\"https:\/\/ironsky.pl\/sklep\/produkt\/monitor-arzopa-m1rc-27-2560x1440\/\",\"name\":\"Monitor ARZOPA M1RC 27\\\" 2560x1440 - IRONSKY.PL Sklep z Dronami\",\"isPartOf\":{\"@id\":\"https:\/\/ironsky.pl\/sklep\/#website\"},\"primaryImageOfPage\":{\"@id\":\"https:\/\/ironsky.pl\/sklep\/produkt\/monitor-arzopa-m1rc-27-2560x1440\/#primaryimage\"},\"image\":{\"@id\":\"https:\/\/ironsky.pl\/sklep\/produkt\/monitor-arzopa-m1rc-27-2560x1440\/#primaryimage\"},\"thumbnailUrl\":\"https:\/\/ironsky.pl\/sklep\/wp-content\/uploads\/2026\/04\/46941_5.jpg\",\"datePublished\":\"2026-04-15T08:48:34+00:00\",\"dateModified\":\"2026-04-15T08:48:39+00:00\",\"description\":\"Monitor ARZOPA M1RC 27\\\" 2560x1440 - \u2705 sklep z dronami i fachowym doradztwem. \u2705 Tutaj kupisz produkty DJI, Yuneec, Parrot, Syma i wiele innych, a tak\u017ce kursy i licencje na operatora drona.\",\"breadcrumb\":{\"@id\":\"https:\/\/ironsky.pl\/sklep\/produkt\/monitor-arzopa-m1rc-27-2560x1440\/#breadcrumb\"},\"inLanguage\":\"pl-PL\",\"potentialAction\":[{\"@type\":\"ReadAction\",\"target\":[\"https:\/\/ironsky.pl\/sklep\/produkt\/monitor-arzopa-m1rc-27-2560x1440\/\"]}]},{\"@type\":\"ImageObject\",\"inLanguage\":\"pl-PL\",\"@id\":\"https:\/\/ironsky.pl\/sklep\/produkt\/monitor-arzopa-m1rc-27-2560x1440\/#primaryimage\",\"url\":\"https:\/\/ironsky.pl\/sklep\/wp-content\/uploads\/2026\/04\/46941_5.jpg\",\"contentUrl\":\"https:\/\/ironsky.pl\/sklep\/wp-content\/uploads\/2026\/04\/46941_5.jpg\",\"width\":800,\"height\":800},{\"@type\":\"BreadcrumbList\",\"@id\":\"https:\/\/ironsky.pl\/sklep\/produkt\/monitor-arzopa-m1rc-27-2560x1440\/#breadcrumb\",\"itemListElement\":[{\"@type\":\"ListItem\",\"position\":1,\"name\":\"Strona g\u0142\u00f3wna\",\"item\":\"https:\/\/ironsky.pl\/sklep\/\"},{\"@type\":\"ListItem\",\"position\":2,\"name\":\"Wszystkie produkty\",\"item\":\"https:\/\/ironsky.pl\/sklep\/produkty\/\"},{\"@type\":\"ListItem\",\"position\":3,\"name\":\"Monitor ARZOPA M1RC 27&#8243; 2560&#215;1440\"}]},{\"@type\":\"WebSite\",\"@id\":\"https:\/\/ironsky.pl\/sklep\/#website\",\"url\":\"https:\/\/ironsky.pl\/sklep\/\",\"name\":\"IRONSKY.PL Sklep z Dronami\",\"description\":\"IRONSKY.PL Sklep z Dronami\",\"potentialAction\":[{\"@type\":\"SearchAction\",\"target\":{\"@type\":\"EntryPoint\",\"urlTemplate\":\"https:\/\/ironsky.pl\/sklep\/?s={search_term_string}\"},\"query-input\":{\"@type\":\"PropertyValueSpecification\",\"valueRequired\":true,\"valueName\":\"search_term_string\"}}],\"inLanguage\":\"pl-PL\"}]}<\/script>\n<!-- \/ Yoast SEO plugin. -->","yoast_head_json":{"title":"Monitor ARZOPA M1RC 27\" 2560x1440 - IRONSKY.PL Sklep z Dronami","description":"Monitor ARZOPA M1RC 27\" 2560x1440 - \u2705 sklep z dronami i fachowym doradztwem. \u2705 Tutaj kupisz produkty DJI, Yuneec, Parrot, Syma i wiele innych, a tak\u017ce kursy i licencje na operatora drona.","robots":{"index":"index","follow":"follow","max-snippet":"max-snippet:-1","max-image-preview":"max-image-preview:large","max-video-preview":"max-video-preview:-1"},"canonical":"https:\/\/ironsky.pl\/sklep\/produkt\/monitor-arzopa-m1rc-27-2560x1440\/","og_locale":"pl_PL","og_type":"article","og_title":"Monitor ARZOPA M1RC 27\" 2560x1440 - IRONSKY.PL Sklep z Dronami","og_description":"Monitor ARZOPA M1RC 27\" 2560x1440 - \u2705 sklep z dronami i fachowym doradztwem. \u2705 Tutaj kupisz produkty DJI, Yuneec, Parrot, Syma i wiele innych, a tak\u017ce kursy i licencje na operatora drona.","og_url":"https:\/\/ironsky.pl\/sklep\/produkt\/monitor-arzopa-m1rc-27-2560x1440\/","og_site_name":"IRONSKY.PL Sklep z Dronami","article_modified_time":"2026-04-15T08:48:39+00:00","og_image":[{"width":800,"height":800,"url":"https:\/\/ironsky.pl\/sklep\/wp-content\/uploads\/2026\/04\/46941_5.jpg","type":"image\/jpeg"}],"twitter_card":"summary_large_image","twitter_misc":{"Szacowany czas czytania":"3 minuty"},"schema":{"@context":"https:\/\/schema.org","@graph":[{"@type":"WebPage","@id":"https:\/\/ironsky.pl\/sklep\/produkt\/monitor-arzopa-m1rc-27-2560x1440\/","url":"https:\/\/ironsky.pl\/sklep\/produkt\/monitor-arzopa-m1rc-27-2560x1440\/","name":"Monitor ARZOPA M1RC 27\" 2560x1440 - IRONSKY.PL Sklep z Dronami","isPartOf":{"@id":"https:\/\/ironsky.pl\/sklep\/#website"},"primaryImageOfPage":{"@id":"https:\/\/ironsky.pl\/sklep\/produkt\/monitor-arzopa-m1rc-27-2560x1440\/#primaryimage"},"image":{"@id":"https:\/\/ironsky.pl\/sklep\/produkt\/monitor-arzopa-m1rc-27-2560x1440\/#primaryimage"},"thumbnailUrl":"https:\/\/ironsky.pl\/sklep\/wp-content\/uploads\/2026\/04\/46941_5.jpg","datePublished":"2026-04-15T08:48:34+00:00","dateModified":"2026-04-15T08:48:39+00:00","description":"Monitor ARZOPA M1RC 27\" 2560x1440 - \u2705 sklep z dronami i fachowym doradztwem. \u2705 Tutaj kupisz produkty DJI, Yuneec, Parrot, Syma i wiele innych, a tak\u017ce kursy i licencje na operatora drona.","breadcrumb":{"@id":"https:\/\/ironsky.pl\/sklep\/produkt\/monitor-arzopa-m1rc-27-2560x1440\/#breadcrumb"},"inLanguage":"pl-PL","potentialAction":[{"@type":"ReadAction","target":["https:\/\/ironsky.pl\/sklep\/produkt\/monitor-arzopa-m1rc-27-2560x1440\/"]}]},{"@type":"ImageObject","inLanguage":"pl-PL","@id":"https:\/\/ironsky.pl\/sklep\/produkt\/monitor-arzopa-m1rc-27-2560x1440\/#primaryimage","url":"https:\/\/ironsky.pl\/sklep\/wp-content\/uploads\/2026\/04\/46941_5.jpg","contentUrl":"https:\/\/ironsky.pl\/sklep\/wp-content\/uploads\/2026\/04\/46941_5.jpg","width":800,"height":800},{"@type":"BreadcrumbList","@id":"https:\/\/ironsky.pl\/sklep\/produkt\/monitor-arzopa-m1rc-27-2560x1440\/#breadcrumb","itemListElement":[{"@type":"ListItem","position":1,"name":"Strona g\u0142\u00f3wna","item":"https:\/\/ironsky.pl\/sklep\/"},{"@type":"ListItem","position":2,"name":"Wszystkie produkty","item":"https:\/\/ironsky.pl\/sklep\/produkty\/"},{"@type":"ListItem","position":3,"name":"Monitor ARZOPA M1RC 27&#8243; 2560&#215;1440"}]},{"@type":"WebSite","@id":"https:\/\/ironsky.pl\/sklep\/#website","url":"https:\/\/ironsky.pl\/sklep\/","name":"IRONSKY.PL Sklep z Dronami","description":"IRONSKY.PL Sklep z Dronami","potentialAction":[{"@type":"SearchAction","target":{"@type":"EntryPoint","urlTemplate":"https:\/\/ironsky.pl\/sklep\/?s={search_term_string}"},"query-input":{"@type":"PropertyValueSpecification","valueRequired":true,"valueName":"search_term_string"}}],"inLanguage":"pl-PL"}]}},"_links":{"self":[{"href":"https:\/\/ironsky.pl\/sklep\/wp-json\/wp\/v2\/product\/59523","targetHints":{"allow":["GET"]}}],"collection":[{"href":"https:\/\/ironsky.pl\/sklep\/wp-json\/wp\/v2\/product"}],"about":[{"href":"https:\/\/ironsky.pl\/sklep\/wp-json\/wp\/v2\/types\/product"}],"replies":[{"embeddable":true,"href":"https:\/\/ironsky.pl\/sklep\/wp-json\/wp\/v2\/comments?post=59523"}],"wp:featuredmedia":[{"embeddable":true,"href":"https:\/\/ironsky.pl\/sklep\/wp-json\/wp\/v2\/media\/59524"}],"wp:attachment":[{"href":"https:\/\/ironsky.pl\/sklep\/wp-json\/wp\/v2\/media?parent=59523"}],"wp:term":[{"taxonomy":"product_brand","embeddable":true,"href":"https:\/\/ironsky.pl\/sklep\/wp-json\/wp\/v2\/product_brand?post=59523"},{"taxonomy":"product_cat","embeddable":true,"href":"https:\/\/ironsky.pl\/sklep\/wp-json\/wp\/v2\/product_cat?post=59523"},{"taxonomy":"product_tag","embeddable":true,"href":"https:\/\/ironsky.pl\/sklep\/wp-json\/wp\/v2\/product_tag?post=59523"}],"curies":[{"name":"wp","href":"https:\/\/api.w.org\/{rel}","templated":true}]}}