{"id":59516,"date":"2026-04-15T10:48:08","date_gmt":"2026-04-15T08:48:08","guid":{"rendered":"https:\/\/ironsky.pl\/sklep\/produkt\/latarka-czolowa-superfire-hl91-x-strumien-swietlny-200lm\/"},"modified":"2026-04-15T10:48:31","modified_gmt":"2026-04-15T08:48:31","slug":"latarka-czolowa-superfire-hl91-x-strumien-swietlny-200lm","status":"publish","type":"product","link":"https:\/\/ironsky.pl\/sklep\/produkt\/latarka-czolowa-superfire-hl91-x-strumien-swietlny-200lm\/","title":{"rendered":"Latarka czo\u0142owa SUPERFIRE HL91-X strumie\u0144 \u015bwietlny 200lm"},"content":{"rendered":"<h3>Latarka czo\u0142owa Superfire HL91-X, 200 lm, 220 m<\/h3>\n<p>Latarka czo\u0142owa Superfire HL91-X to idealne rozwi\u0105zanie dla tych, kt\u00f3rzy potrzebuj\u0105 niezawodnego \u017ar\u00f3d\u0142a \u015bwiat\u0142a w ka\u017cdej sytuacji. Oferuj\u0105ca jasno\u015b\u0107 200 lumen\u00f3w, umo\u017cliwia o\u015bwietlenie terenu na odleg\u0142o\u015b\u0107 a\u017c 220 metr\u00f3w, co zapewnia bezpiecze\u0144stwo i pewno\u015b\u0107 podczas nocnych w\u0119dr\u00f3wek, biwakowania czy pracy w trudnych warunkach. Zapewnia do 3 godzin ci\u0105g\u0142ej pracy na jednym \u0142adowaniu, a dzi\u0119ki inteligentnemu czujnikowi ruchu, latark\u0119 mo\u017cna w\u0142\u0105cza\u0107 i wy\u0142\u0105cza\u0107 jednym gestem.<\/p>\n<p>\n<img decoding=\"async\" src=\"https:\/\/assets.innpro.pl\/9385\/10953\/7.jpg\" border=\"0\" alt=\"Zbli\u017cenie na latark\u0119 czo\u0142ow\u0105 Superfire HL91-X \u015bwiec\u0105c\u0105 jasnym \u015bwiat\u0142em.\" \/>\n<\/p>\n<h3>Wszechstronne tryby o\u015bwietlenia<\/h3>\n<p>HL91-X oferuje r\u00f3\u017cnorodne tryby o\u015bwietlenia, w tym Strong, Medium, Low, Strobe oraz sygna\u0142. Dzi\u0119ki dw\u00f3m \u017ar\u00f3d\u0142om \u015bwiat\u0142a \u2013 bia\u0142emu i czerwonemu \u2013 mo\u017cesz \u0142atwo dostosowa\u0107 intensywno\u015b\u0107 i rodzaj o\u015bwietlenia do swoich potrzeb. Czerwone \u015bwiat\u0142o oraz tryb migaj\u0105cy stroboskopu s\u0105 szczeg\u00f3lnie przydatne w sytuacjach awaryjnych, zwi\u0119kszaj\u0105c Twoj\u0105 widoczno\u015b\u0107 i bezpiecze\u0144stwo.<\/p>\n<p>\n<img decoding=\"async\" src=\"https:\/\/assets.innpro.pl\/9385\/10953\/4.jpg\" border=\"0\" alt=\"Latarka czo\u0142owa Superfire HL91-X pokazana w dw\u00f3ch scenariuszach - o\u015bwietlaj\u0105ca pod\u0142o\u017ce czerwonym \u015bwiat\u0142em, oraz na g\u0142owie narciarza.\" \/>\n<\/p>\n<h3>Doskona\u0142a widoczno\u015b\u0107<\/h3>\n<p>HL91-X zapewnia jasno\u015b\u0107 na poziomie 200 lumen\u00f3w, co wystarcza do o\u015bwietlenia odleg\u0142o\u015bci do 220 metr\u00f3w, umo\u017cliwiaj\u0105c bezpieczne poruszanie si\u0119 po zmroku. Ta mocna wi\u0105zka \u015bwiat\u0142a pozwala na skuteczne o\u015bwietlenie nawet najbardziej odleg\u0142ych obszar\u00f3w, co jest niezwykle przydatne podczas nocnych w\u0119dr\u00f3wek, wypraw w teren, biwakowania, czy prac na \u015bwie\u017cym powietrzu po zmroku.\u00a0<\/p>\n<p>\n<img decoding=\"async\" src=\"https:\/\/assets.innpro.pl\/9385\/10953\/3.jpg\" border=\"0\" alt=\"M\u0119\u017cczyzna stoj\u0105cy ty\u0142em do kamery o\u015bwietlaj\u0105cy le\u015bn\u0105 drog\u0119 latark\u0105 czo\u0142ow\u0105 Superfire HL91-X.\" \/>\n<\/p>\n<h3>Inteligentne sterowanie<\/h3>\n<p>Latarka wyposa\u017cona jest w funkcj\u0119 inteligentnego sterowania ruchem, co umo\u017cliwia w\u0142\u0105czanie i wy\u0142\u0105czanie \u015bwiat\u0142a poprzez prosty gest d\u0142oni\u0105, bez konieczno\u015bci dotykania przycisk\u00f3w. To niezwykle przydatne w sytuacjach, gdy masz zaj\u0119te r\u0119ce lub nosisz r\u0119kawice.\u00a0<\/p>\n<p>\n<img decoding=\"async\" src=\"https:\/\/assets.innpro.pl\/9385\/10953\/5.jpg\" border=\"0\" alt=\"D\u0142o\u0144 znajduj\u0105ca si\u0119 na przeciwko g\u0142owy z latark\u0105 czo\u0142ow\u0105 Superfire HL91-X, demonstruj\u0105ca dzia\u0142anie detekcji ruchu.\" \/>\n<\/p>\n<h3>\u0141atwe \u0142adowanie, d\u0142ugi czas \u015bwiecenia<\/h3>\n<p>Wbudowany akumulator 18650 o pojemno\u015bci 800 mAh zapewnia do 3 godzin ci\u0105g\u0142ej pracy na jednym \u0142adowaniu, a wska\u017anik na\u0142adowania informuje o stanie baterii, dzi\u0119ki czemu zawsze wiesz, kiedy nale\u017cy j\u0105 do\u0142adowa\u0107 (czerwone \u015bwiat\u0142o jest zawsze w\u0142\u0105czone podczas \u0142adowania, a niebieskie \u015bwiat\u0142o zapala si\u0119, gdy \u0142adowanie jest zako\u0144czone). HL91-X \u0142aduje si\u0119 za pomoc\u0105 portu USB-C (Universal Serial Bus, interfejs s\u0142u\u017c\u0105cy do zasilania i \u0142adowania urz\u0105dze\u0144 elektronicznych, a tak\u017ce do przesy\u0142ania danych), co gwarantuje szybkie i wygodne uzupe\u0142nianie energii z r\u00f3\u017cnych \u017ar\u00f3de\u0142 zasilania, takich jak laptop czy powerbank.<\/p>\n<p>\n<img decoding=\"async\" src=\"https:\/\/assets.innpro.pl\/9385\/10953\/6.jpg\" border=\"0\" alt=\"Zbli\u017cenie na latark\u0119 czo\u0142ow\u0105 Superfire HL91-X, do kt\u00f3rej pod\u0142\u0105czony jest kabel USB.\" \/>\n<\/p>\n<h3>Lekka i komfortowa konstrukcja<\/h3>\n<p>Latarka HL91-X wa\u017cy zaledwie 79 gram\u00f3w, co czyni j\u0105 wyj\u0105tkowo lekk\u0105 i komfortow\u0105 w noszeniu przez d\u0142u\u017cszy czas. Dzi\u0119ki regulowanemu paskowi, kt\u00f3ry mo\u017cna dostosowa\u0107 do ka\u017cdego rodzaju g\u0142owy, zapewnia stabilno\u015b\u0107 i wygod\u0119, nawet podczas intensywnych aktywno\u015bci. Solidna konstrukcja z wodoodporn\u0105 obudow\u0105 sprawia, \u017ce latarka doskonale sprawdzi si\u0119 w trudnych warunkach atmosferycznych, takich jak deszcz czy wiatr, a funkcja indukcji pozwala korzysta\u0107 z niej bez konieczno\u015bci u\u017cywania r\u0105k.<\/p>\n<p>\n<img decoding=\"async\" src=\"https:\/\/assets.innpro.pl\/9385\/10953\/1.jpg\" border=\"0\" alt=\"Latarka czo\u0142owa Superfire HL91-X w pomara\u0144czowo-czarnym kolorze \u015bwiec\u0105ca jasnym \u015bwiat\u0142em.\" \/>\n<\/p>\n<h3>W zestawie:<\/h3>\n<ul class=\"list-disc pl-5\">\n<li>Latarka<\/li>\n<li>Kabel USB-C do USB-A<\/li>\n<\/ul>\n<div class=\"table-wrapper\">\n<p>\u00a0<\/p>\n<h3><\/h3>\n<table>\n<tbody>\n<tr>\n<th>Producent<\/th>\n<td>Superfire<\/td>\n<\/tr>\n<tr>\n<th>Model<\/th>\n<td>HL91-X<\/td>\n<\/tr>\n<tr>\n<th>Zasi\u0119g \u015bwiecenia<\/th>\n<td>160 m<\/td>\n<\/tr>\n<tr>\n<th>Czas pracy<\/th>\n<td>Oko\u0142o 3 godzin<\/td>\n<\/tr>\n<tr>\n<th>Czas \u0142adowania<\/th>\n<td>Oko\u0142o 1 godziny<\/td>\n<\/tr>\n<tr>\n<th>Zasilanie<\/th>\n<td>Bateria 18650<\/td>\n<\/tr>\n<tr>\n<th>Wodoodporno\u015b\u0107<\/th>\n<td>IP43<\/td>\n<\/tr>\n<tr>\n<th>Materia\u0142<\/th>\n<td>ABS<\/td>\n<\/tr>\n<tr>\n<th>Waga<\/th>\n<td>71 g<\/td>\n<\/tr>\n<tr>\n<th>Wymiary<\/th>\n<td>75 mm x 46 mm x 37 mm<\/td>\n<\/tr>\n<tr>\n<th>Zasi\u0119g 220 m<\/th>\n<td>Jasno\u015b\u0107<\/td>\n<\/tr>\n<tr>\n<th>200 lm<\/th>\n<\/tr>\n<\/tbody>\n<\/table>\n<\/div>\n","protected":false},"excerpt":{"rendered":"<p>Latarka czo\u0142owa Superfire HL91-X, 200 lm, 220 m Latarka czo\u0142owa Superfire HL91-X to idealne rozwi\u0105zanie dla tych, kt\u00f3rzy potrzebuj\u0105 niezawodnego<\/p>\n","protected":false},"featured_media":45930,"comment_status":"closed","ping_status":"open","template":"","meta":{"_acf_changed":false},"product_brand":[],"product_cat":[5938,5940,5937],"product_tag":[],"class_list":{"0":"post-59516","1":"product","2":"type-product","3":"status-publish","4":"has-post-thumbnail","6":"product_cat-latarki","7":"product_cat-czolowe","8":"product_cat-outdoor","9":"pa_okres-gwarancji-5754","10":"pa_producent-superfire","12":"first","13":"outofstock","14":"taxable","15":"shipping-taxable","16":"purchasable","17":"product-type-simple"},"acf":[],"yoast_head":"<!-- This site is optimized with the Yoast SEO plugin v27.2 - https:\/\/yoast.com\/product\/yoast-seo-wordpress\/ -->\n<title>Latarka czo\u0142owa SUPERFIRE HL91-X strumie\u0144 \u015bwietlny 200lm - IRONSKY.PL Sklep z Dronami<\/title>\n<meta name=\"description\" content=\"Latarka czo\u0142owa SUPERFIRE HL91-X strumie\u0144 \u015bwietlny 200lm - \u2705 sklep z dronami i fachowym doradztwem. \u2705 Tutaj kupisz produkty DJI, Yuneec, Parrot, Syma i wiele innych, a tak\u017ce kursy i licencje na operatora drona.\" \/>\n<meta name=\"robots\" content=\"index, follow, max-snippet:-1, max-image-preview:large, max-video-preview:-1\" \/>\n<link rel=\"canonical\" href=\"https:\/\/ironsky.pl\/sklep\/produkt\/latarka-czolowa-superfire-hl91-x-strumien-swietlny-200lm\/\" \/>\n<meta property=\"og:locale\" content=\"pl_PL\" \/>\n<meta property=\"og:type\" content=\"article\" \/>\n<meta property=\"og:title\" content=\"Latarka czo\u0142owa SUPERFIRE HL91-X strumie\u0144 \u015bwietlny 200lm - IRONSKY.PL Sklep z Dronami\" \/>\n<meta property=\"og:description\" content=\"Latarka czo\u0142owa SUPERFIRE HL91-X strumie\u0144 \u015bwietlny 200lm - \u2705 sklep z dronami i fachowym doradztwem. \u2705 Tutaj kupisz produkty DJI, Yuneec, Parrot, Syma i wiele innych, a tak\u017ce kursy i licencje na operatora drona.\" \/>\n<meta property=\"og:url\" content=\"https:\/\/ironsky.pl\/sklep\/produkt\/latarka-czolowa-superfire-hl91-x-strumien-swietlny-200lm\/\" \/>\n<meta property=\"og:site_name\" content=\"IRONSKY.PL Sklep z Dronami\" \/>\n<meta property=\"article:modified_time\" content=\"2026-04-15T08:48:31+00:00\" \/>\n<meta property=\"og:image\" content=\"https:\/\/ironsky.pl\/sklep\/wp-content\/uploads\/2025\/06\/46874_2.jpg\" \/>\n\t<meta property=\"og:image:width\" content=\"800\" \/>\n\t<meta property=\"og:image:height\" content=\"800\" \/>\n\t<meta property=\"og:image:type\" content=\"image\/jpeg\" \/>\n<meta name=\"twitter:card\" content=\"summary_large_image\" \/>\n<meta name=\"twitter:label1\" content=\"Szacowany czas czytania\" \/>\n\t<meta name=\"twitter:data1\" content=\"3 minuty\" \/>\n<script type=\"application\/ld+json\" class=\"yoast-schema-graph\">{\"@context\":\"https:\/\/schema.org\",\"@graph\":[{\"@type\":\"WebPage\",\"@id\":\"https:\/\/ironsky.pl\/sklep\/produkt\/latarka-czolowa-superfire-hl91-x-strumien-swietlny-200lm\/\",\"url\":\"https:\/\/ironsky.pl\/sklep\/produkt\/latarka-czolowa-superfire-hl91-x-strumien-swietlny-200lm\/\",\"name\":\"Latarka czo\u0142owa SUPERFIRE HL91-X strumie\u0144 \u015bwietlny 200lm - IRONSKY.PL Sklep z Dronami\",\"isPartOf\":{\"@id\":\"https:\/\/ironsky.pl\/sklep\/#website\"},\"primaryImageOfPage\":{\"@id\":\"https:\/\/ironsky.pl\/sklep\/produkt\/latarka-czolowa-superfire-hl91-x-strumien-swietlny-200lm\/#primaryimage\"},\"image\":{\"@id\":\"https:\/\/ironsky.pl\/sklep\/produkt\/latarka-czolowa-superfire-hl91-x-strumien-swietlny-200lm\/#primaryimage\"},\"thumbnailUrl\":\"https:\/\/ironsky.pl\/sklep\/wp-content\/uploads\/2025\/06\/46874_2.jpg\",\"datePublished\":\"2026-04-15T08:48:08+00:00\",\"dateModified\":\"2026-04-15T08:48:31+00:00\",\"description\":\"Latarka czo\u0142owa SUPERFIRE HL91-X strumie\u0144 \u015bwietlny 200lm - \u2705 sklep z dronami i fachowym doradztwem. \u2705 Tutaj kupisz produkty DJI, Yuneec, Parrot, Syma i wiele innych, a tak\u017ce kursy i licencje na operatora drona.\",\"breadcrumb\":{\"@id\":\"https:\/\/ironsky.pl\/sklep\/produkt\/latarka-czolowa-superfire-hl91-x-strumien-swietlny-200lm\/#breadcrumb\"},\"inLanguage\":\"pl-PL\",\"potentialAction\":[{\"@type\":\"ReadAction\",\"target\":[\"https:\/\/ironsky.pl\/sklep\/produkt\/latarka-czolowa-superfire-hl91-x-strumien-swietlny-200lm\/\"]}]},{\"@type\":\"ImageObject\",\"inLanguage\":\"pl-PL\",\"@id\":\"https:\/\/ironsky.pl\/sklep\/produkt\/latarka-czolowa-superfire-hl91-x-strumien-swietlny-200lm\/#primaryimage\",\"url\":\"https:\/\/ironsky.pl\/sklep\/wp-content\/uploads\/2025\/06\/46874_2.jpg\",\"contentUrl\":\"https:\/\/ironsky.pl\/sklep\/wp-content\/uploads\/2025\/06\/46874_2.jpg\",\"width\":800,\"height\":800},{\"@type\":\"BreadcrumbList\",\"@id\":\"https:\/\/ironsky.pl\/sklep\/produkt\/latarka-czolowa-superfire-hl91-x-strumien-swietlny-200lm\/#breadcrumb\",\"itemListElement\":[{\"@type\":\"ListItem\",\"position\":1,\"name\":\"Strona g\u0142\u00f3wna\",\"item\":\"https:\/\/ironsky.pl\/sklep\/\"},{\"@type\":\"ListItem\",\"position\":2,\"name\":\"Wszystkie produkty\",\"item\":\"https:\/\/ironsky.pl\/sklep\/produkty\/\"},{\"@type\":\"ListItem\",\"position\":3,\"name\":\"Latarka czo\u0142owa SUPERFIRE HL91-X strumie\u0144 \u015bwietlny 200lm\"}]},{\"@type\":\"WebSite\",\"@id\":\"https:\/\/ironsky.pl\/sklep\/#website\",\"url\":\"https:\/\/ironsky.pl\/sklep\/\",\"name\":\"IRONSKY.PL Sklep z Dronami\",\"description\":\"IRONSKY.PL Sklep z Dronami\",\"potentialAction\":[{\"@type\":\"SearchAction\",\"target\":{\"@type\":\"EntryPoint\",\"urlTemplate\":\"https:\/\/ironsky.pl\/sklep\/?s={search_term_string}\"},\"query-input\":{\"@type\":\"PropertyValueSpecification\",\"valueRequired\":true,\"valueName\":\"search_term_string\"}}],\"inLanguage\":\"pl-PL\"}]}<\/script>\n<!-- \/ Yoast SEO plugin. -->","yoast_head_json":{"title":"Latarka czo\u0142owa SUPERFIRE HL91-X strumie\u0144 \u015bwietlny 200lm - IRONSKY.PL Sklep z Dronami","description":"Latarka czo\u0142owa SUPERFIRE HL91-X strumie\u0144 \u015bwietlny 200lm - \u2705 sklep z dronami i fachowym doradztwem. \u2705 Tutaj kupisz produkty DJI, Yuneec, Parrot, Syma i wiele innych, a tak\u017ce kursy i licencje na operatora drona.","robots":{"index":"index","follow":"follow","max-snippet":"max-snippet:-1","max-image-preview":"max-image-preview:large","max-video-preview":"max-video-preview:-1"},"canonical":"https:\/\/ironsky.pl\/sklep\/produkt\/latarka-czolowa-superfire-hl91-x-strumien-swietlny-200lm\/","og_locale":"pl_PL","og_type":"article","og_title":"Latarka czo\u0142owa SUPERFIRE HL91-X strumie\u0144 \u015bwietlny 200lm - IRONSKY.PL Sklep z Dronami","og_description":"Latarka czo\u0142owa SUPERFIRE HL91-X strumie\u0144 \u015bwietlny 200lm - \u2705 sklep z dronami i fachowym doradztwem. \u2705 Tutaj kupisz produkty DJI, Yuneec, Parrot, Syma i wiele innych, a tak\u017ce kursy i licencje na operatora drona.","og_url":"https:\/\/ironsky.pl\/sklep\/produkt\/latarka-czolowa-superfire-hl91-x-strumien-swietlny-200lm\/","og_site_name":"IRONSKY.PL Sklep z Dronami","article_modified_time":"2026-04-15T08:48:31+00:00","og_image":[{"width":800,"height":800,"url":"https:\/\/ironsky.pl\/sklep\/wp-content\/uploads\/2025\/06\/46874_2.jpg","type":"image\/jpeg"}],"twitter_card":"summary_large_image","twitter_misc":{"Szacowany czas czytania":"3 minuty"},"schema":{"@context":"https:\/\/schema.org","@graph":[{"@type":"WebPage","@id":"https:\/\/ironsky.pl\/sklep\/produkt\/latarka-czolowa-superfire-hl91-x-strumien-swietlny-200lm\/","url":"https:\/\/ironsky.pl\/sklep\/produkt\/latarka-czolowa-superfire-hl91-x-strumien-swietlny-200lm\/","name":"Latarka czo\u0142owa SUPERFIRE HL91-X strumie\u0144 \u015bwietlny 200lm - IRONSKY.PL Sklep z Dronami","isPartOf":{"@id":"https:\/\/ironsky.pl\/sklep\/#website"},"primaryImageOfPage":{"@id":"https:\/\/ironsky.pl\/sklep\/produkt\/latarka-czolowa-superfire-hl91-x-strumien-swietlny-200lm\/#primaryimage"},"image":{"@id":"https:\/\/ironsky.pl\/sklep\/produkt\/latarka-czolowa-superfire-hl91-x-strumien-swietlny-200lm\/#primaryimage"},"thumbnailUrl":"https:\/\/ironsky.pl\/sklep\/wp-content\/uploads\/2025\/06\/46874_2.jpg","datePublished":"2026-04-15T08:48:08+00:00","dateModified":"2026-04-15T08:48:31+00:00","description":"Latarka czo\u0142owa SUPERFIRE HL91-X strumie\u0144 \u015bwietlny 200lm - \u2705 sklep z dronami i fachowym doradztwem. \u2705 Tutaj kupisz produkty DJI, Yuneec, Parrot, Syma i wiele innych, a tak\u017ce kursy i licencje na operatora drona.","breadcrumb":{"@id":"https:\/\/ironsky.pl\/sklep\/produkt\/latarka-czolowa-superfire-hl91-x-strumien-swietlny-200lm\/#breadcrumb"},"inLanguage":"pl-PL","potentialAction":[{"@type":"ReadAction","target":["https:\/\/ironsky.pl\/sklep\/produkt\/latarka-czolowa-superfire-hl91-x-strumien-swietlny-200lm\/"]}]},{"@type":"ImageObject","inLanguage":"pl-PL","@id":"https:\/\/ironsky.pl\/sklep\/produkt\/latarka-czolowa-superfire-hl91-x-strumien-swietlny-200lm\/#primaryimage","url":"https:\/\/ironsky.pl\/sklep\/wp-content\/uploads\/2025\/06\/46874_2.jpg","contentUrl":"https:\/\/ironsky.pl\/sklep\/wp-content\/uploads\/2025\/06\/46874_2.jpg","width":800,"height":800},{"@type":"BreadcrumbList","@id":"https:\/\/ironsky.pl\/sklep\/produkt\/latarka-czolowa-superfire-hl91-x-strumien-swietlny-200lm\/#breadcrumb","itemListElement":[{"@type":"ListItem","position":1,"name":"Strona g\u0142\u00f3wna","item":"https:\/\/ironsky.pl\/sklep\/"},{"@type":"ListItem","position":2,"name":"Wszystkie produkty","item":"https:\/\/ironsky.pl\/sklep\/produkty\/"},{"@type":"ListItem","position":3,"name":"Latarka czo\u0142owa SUPERFIRE HL91-X strumie\u0144 \u015bwietlny 200lm"}]},{"@type":"WebSite","@id":"https:\/\/ironsky.pl\/sklep\/#website","url":"https:\/\/ironsky.pl\/sklep\/","name":"IRONSKY.PL Sklep z Dronami","description":"IRONSKY.PL Sklep z Dronami","potentialAction":[{"@type":"SearchAction","target":{"@type":"EntryPoint","urlTemplate":"https:\/\/ironsky.pl\/sklep\/?s={search_term_string}"},"query-input":{"@type":"PropertyValueSpecification","valueRequired":true,"valueName":"search_term_string"}}],"inLanguage":"pl-PL"}]}},"_links":{"self":[{"href":"https:\/\/ironsky.pl\/sklep\/wp-json\/wp\/v2\/product\/59516","targetHints":{"allow":["GET"]}}],"collection":[{"href":"https:\/\/ironsky.pl\/sklep\/wp-json\/wp\/v2\/product"}],"about":[{"href":"https:\/\/ironsky.pl\/sklep\/wp-json\/wp\/v2\/types\/product"}],"replies":[{"embeddable":true,"href":"https:\/\/ironsky.pl\/sklep\/wp-json\/wp\/v2\/comments?post=59516"}],"wp:featuredmedia":[{"embeddable":true,"href":"https:\/\/ironsky.pl\/sklep\/wp-json\/wp\/v2\/media\/45930"}],"wp:attachment":[{"href":"https:\/\/ironsky.pl\/sklep\/wp-json\/wp\/v2\/media?parent=59516"}],"wp:term":[{"taxonomy":"product_brand","embeddable":true,"href":"https:\/\/ironsky.pl\/sklep\/wp-json\/wp\/v2\/product_brand?post=59516"},{"taxonomy":"product_cat","embeddable":true,"href":"https:\/\/ironsky.pl\/sklep\/wp-json\/wp\/v2\/product_cat?post=59516"},{"taxonomy":"product_tag","embeddable":true,"href":"https:\/\/ironsky.pl\/sklep\/wp-json\/wp\/v2\/product_tag?post=59516"}],"curies":[{"name":"wp","href":"https:\/\/api.w.org\/{rel}","templated":true}]}}