{"id":59514,"date":"2026-04-15T10:48:08","date_gmt":"2026-04-15T08:48:08","guid":{"rendered":"https:\/\/ironsky.pl\/sklep\/produkt\/latarka-superfire-g19-s-360lm\/"},"modified":"2026-04-15T10:48:28","modified_gmt":"2026-04-15T08:48:28","slug":"latarka-superfire-g19-s-360lm","status":"publish","type":"product","link":"https:\/\/ironsky.pl\/sklep\/produkt\/latarka-superfire-g19-s-360lm\/","title":{"rendered":"Latarka SUPERFIRE G19-S 360lm"},"content":{"rendered":"<h3>Latarka Superfire G19-S \u2013 regulacja jasno\u015bci<\/h3>\n<p>Latarka Superfire G19-S wyr\u00f3\u017cnia si\u0119 wysok\u0105 funkcjonalno\u015bci\u0105 i doskonale sprawdzi si\u0119 w ka\u017cdych warunkach. Oferuje jasno\u015b\u0107 do 360 lm i zasi\u0119g do 160 m. Jej kompaktowa konstrukcja \u0142\u0105czy wytrzyma\u0142o\u015b\u0107 z wieloma trybami o\u015bwietlenia, dzi\u0119ki czemu jest idealnym wyborem zar\u00f3wno dla profesjonalist\u00f3w, jak i mi\u0142o\u015bnik\u00f3w aktywno\u015bci outdoorowych. Wykonana z odpornego na uszkodzenia stopu aluminium \u2013 zapewnia niezawodne \u017ar\u00f3d\u0142o \u015bwiat\u0142a w ka\u017cdej sytuacji. Co wi\u0119cej do\u0142\u0105czone do zestawu opaski pozwalaj\u0105 nosi\u0107 j\u0105 na nadgarstku lub u\u017cywa\u0107 w roli czo\u0142\u00f3wki.<\/p>\n<p>\n<img decoding=\"async\" src=\"https:\/\/assets.innpro.pl\/9393\/10961\/6.jpg\" border=\"0\" alt=\"czarna latarka o sk\u0142adanej konstrukcji le\u017c\u0105ca na ciemnym tle\" \/>\n<\/p>\n<h3>Niezawodne o\u015bwietlenie<\/h3>\n<p>Latarka wyr\u00f3\u017cnia si\u0119 jasno\u015bci\u0105 do 360 lm i zasi\u0119giem do 160 m. Dzi\u0119ki temu doskonale sprawdzi si\u0119 w r\u00f3\u017cnych scenariuszach. Z powodzeniem wykorzystasz j\u0105 podczas nocnych wypraw, napraw w warsztacie czy niespodziewanych awarii pr\u0105du. Mo\u017cliwa jest r\u00f3wnie\u017c 5-stopniowa regulacja jasno\u015bci \u2013 bez trudu dostosujesz j\u0105 do swoich potrzeb.<\/p>\n<p>\n<img decoding=\"async\" src=\"https:\/\/assets.innpro.pl\/9393\/10961\/5.jpg\" border=\"0\" alt=\"czarna latarka przymocowana do ciemnej powierzchni za pomoc\u0105 wbudowanej magnetycznej ko\u0144c\u00f3wki\" \/>\n<\/p>\n<h3>Wytrzyma\u0142a konstrukcja<\/h3>\n<p>Superfire G19-S charakteryzuje si\u0119 solidn\u0105 obudow\u0105 wykonan\u0105 z wysokiej jako\u015bci stopu aluminium, co czyni j\u0105 odporn\u0105 na upadki i uszkodzenia mechaniczne. Taka konstrukcja zapewnia d\u0142ug\u0105 \u017cywotno\u015b\u0107 i niezawodno\u015b\u0107 nawet w najtrudniejszych warunkach. Latarka jest r\u00f3wnie\u017c lekka i \u0142atwa do przenoszenia, a dodatkowo ma specjalny klips, co sprawia, \u017ce idealnie nadaje si\u0119 do noszenia w plecaku, na pasku lub w kieszeni. Obudowa urz\u0105dzenia zosta\u0142a te\u017c zabezpieczona przed wod\u0105, co umo\u017cliwia jego u\u017cytkowanie w deszczu lub przy innych niesprzyjaj\u0105cych warunkach pogodowych.<\/p>\n<p>\n<img decoding=\"async\" src=\"https:\/\/assets.innpro.pl\/9393\/10961\/4.jpg\" border=\"0\" alt=\"czarna latarka stoj\u0105ca przed czerwonym organizerem z narz\u0119dziami\" \/>\n<\/p>\n<h3>Pos\u0142u\u017cy jako czo\u0142\u00f3wka<\/h3>\n<p>Model G19-S oferuje elastyczno\u015b\u0107 u\u017cytkowania dzi\u0119ki mo\u017cliwo\u015bci ustawienia g\u0142owicy pod k\u0105tem 90\u00b0. Pozwala to wykorzysta\u0107 go w roli latarki r\u0119cznej lub czo\u0142\u00f3wki, co zwi\u0119ksza wygod\u0119 i funkcjonalno\u015b\u0107 podczas r\u00f3\u017cnych zada\u0144. Niezale\u017cnie od tego, czy naprawiasz co\u015b w warsztacie, czy przemierzasz trudny teren, G19-S zapewnia niezawodne o\u015bwietlenie w ka\u017cdych warunkach. Ponadto magnetyczna ko\u0144c\u00f3wka pozwala na \u0142atwe przymocowanie latarki do metalowych powierzchni, co jest niezwykle przydatne podczas pracy wymagaj\u0105cej u\u017cycia obu r\u0105k.<\/p>\n<p>\n<img decoding=\"async\" src=\"https:\/\/assets.innpro.pl\/9393\/10961\/3.jpg\" border=\"0\" alt=\"czarna latarka z klipsem na ciemnym tle\" \/>\n<\/p>\n<h3>Wydajne \u017ar\u00f3d\u0142o \u015bwiat\u0142a<\/h3>\n<p>Superfire G19-S zosta\u0142a wyposa\u017cona w wysokiej jako\u015bci diody LED (Light Emitting Diode, dioda emituj\u0105ca \u015bwiat\u0142o), kt\u00f3re zapewniaj\u0105 mocne i jasne \u015bwiat\u0142o. Urz\u0105dzenie oferuje 5 tryb\u00f3w o\u015bwietlenia: High, Medium, Low, Strobe i SOS. Ka\u017cdy tryb jest \u0142atwo dost\u0119pny dzi\u0119ki intuicyjnemu prze\u0142\u0105cznikowi, co pozwala na szybkie dostosowanie dzia\u0142ania latarki do bie\u017c\u0105cych potrzeb. <\/p>\n<p>\n<img decoding=\"async\" src=\"https:\/\/assets.innpro.pl\/9393\/10961\/2.jpg\" border=\"0\" alt=\"m\u0119\u017cczyzna pracuj\u0105cy w warsztacie\" \/>\n<\/p>\n<h3>Efektywne zasilanie i \u0142adowanie USB-C<\/h3>\n<p>Latarka G19-S jest zasilana wydajnym, wymiennym akumulatorem litowo-jonowym typu 14500, kt\u00f3ry zapewnia d\u0142ugi czas pracy. Dzi\u0119ki portowi USB-C (Universal Serial Bus typu C, uniwersalne z\u0142\u0105cze do przesy\u0142ania danych i zasilania) \u0142adowanie urz\u0105dzenia jest szybkie i wygodne \u2013 mo\u017cesz odnawia\u0107 jego energi\u0119 na przyk\u0142ad za pomoc\u0105 powerbank\u00f3w, komputer\u00f3w czy \u0142adowarek samochodowych. Latarka ma tak\u017ce wska\u017anik stanu na\u0142adowania, co minimalizuje ryzyko niespodziewanego wyczerpania energii. Funkcja ta jest szczeg\u00f3lnie przydatna podczas d\u0142ugotrwa\u0142ych wypraw, gdzie dost\u0119p do \u017ar\u00f3d\u0142a zasilania mo\u017ce by\u0107 ograniczony.<\/p>\n<p>\n<img decoding=\"async\" src=\"https:\/\/assets.innpro.pl\/9393\/10961\/7.jpg\" border=\"0\" alt=\"zbli\u017cenie na czarn\u0105 latark\u0119 pod\u0142\u0105czon\u0105 do \u0142adowania\" \/>\n<\/p>\n<h3>Bezpiecze\u0144stwo i ochrona<\/h3>\n<p>Latarka G19-S jest wyposa\u017cona w zaawansowane zabezpieczenia, kt\u00f3re chroni\u0105 j\u0105 przed uszkodzeniami zwi\u0105zanymi z niew\u0142a\u015bciwym u\u017cytkowaniem. Urz\u0105dzenie ma ochron\u0119 przed odwrotn\u0105 polaryzacj\u0105, nadmiernym roz\u0142adowaniem, prze\u0142adowaniem oraz funkcj\u0119 automatycznego wy\u0142\u0105czenia przy niskim poziomie napi\u0119cia. Dodatkowo zosta\u0142o zaprojektowane z my\u015bl\u0105 o oszcz\u0119dzaniu energii, co zwi\u0119ksza jego efektywno\u015b\u0107 i \u017cywotno\u015b\u0107 akumulatora. Te zaawansowane funkcje zabezpieczaj\u0105ce sprawiaj\u0105, \u017ce G19-S jest niezawodnym wyborem dla os\u00f3b potrzebuj\u0105cych solidnego i bezpiecznego \u017ar\u00f3d\u0142a \u015bwiat\u0142a.<\/p>\n<p>\n<img decoding=\"async\" src=\"https:\/\/assets.innpro.pl\/9393\/10961\/1.jpg\" border=\"0\" alt=\"dwie czarne latarki \u2013 prosta i z\u0142o\u017cona \u2013 na ciemnym tle\" \/>\n<\/p>\n<h3>W zestawie<\/h3>\n<ul class=\"list-disc pl-5\">\n<li>latarka<\/li>\n<li>opaska na g\u0142ow\u0119<\/li>\n<li>bateria<\/li>\n<li>kabel \u0142adowania<\/li>\n<li>opaska na nadgarstek<\/li>\n<\/ul>\n<div class=\"table-wrapper\">\n<p>\u00a0<\/p>\n<h3><\/h3>\n<table>\n<tbody>\n<tr>\n<th>Producent<\/th>\n<td>Superfire<\/td>\n<\/tr>\n<tr>\n<th>Model<\/th>\n<td>G19-S<\/td>\n<\/tr>\n<tr>\n<th>Kolor<\/th>\n<td>czarny<\/td>\n<\/tr>\n<tr>\n<th>Wymiary<\/th>\n<td>120 \u00d7 23 \u00d7 23 mm<\/td>\n<\/tr>\n<tr>\n<th>Jasno\u015b\u0107<\/th>\n<td>Do 360 lm<\/td>\n<\/tr>\n<tr>\n<th>Zasi\u0119g<\/th>\n<td>Do 160 m<\/td>\n<\/tr>\n<tr>\n<th>Pojemno\u015b\u0107 akumulatora<\/th>\n<td>800 mAh<\/td>\n<\/tr>\n<tr>\n<th>Materia\u0142<\/th>\n<td>stop aluminium<\/td>\n<\/tr>\n<tr>\n<th>Waga<\/th>\n<td>95 g<\/td>\n<\/tr>\n<tr>\n<th>Wodoodporno\u015b\u0107<\/th>\n<td>IP42<\/td>\n<\/tr>\n<tr>\n<th>Czas pracy<\/th>\n<td>Ok. 2,5 h<\/td>\n<\/tr>\n<tr>\n<th>Rodzaj akumulatora<\/th>\n<td>14500<\/td>\n<\/tr>\n<tr>\n<th>Czas \u0142adowania<\/th>\n<td>Ok. 2,5 h<\/td>\n<\/tr>\n<tr>\n<th>Port \u0142adowania<\/th>\n<td>USB-C<\/td>\n<\/tr>\n<tr>\n<th>Regulacja jasno\u015bci<\/th>\n<td>5-poziomowa<\/td>\n<\/tr>\n<\/tbody>\n<\/table>\n<\/div>\n","protected":false},"excerpt":{"rendered":"<p>Latarka Superfire G19-S \u2013 regulacja jasno\u015bci Latarka Superfire G19-S wyr\u00f3\u017cnia si\u0119 wysok\u0105 funkcjonalno\u015bci\u0105 i doskonale sprawdzi si\u0119 w ka\u017cdych warunkach.<\/p>\n","protected":false},"featured_media":45917,"comment_status":"closed","ping_status":"open","template":"","meta":{"_acf_changed":false},"product_brand":[],"product_cat":[5938,5937,5939],"product_tag":[],"class_list":{"0":"post-59514","1":"product","2":"type-product","3":"status-publish","4":"has-post-thumbnail","6":"product_cat-latarki","7":"product_cat-outdoor","8":"product_cat-pozostale-latarki","9":"pa_okres-gwarancji-5754","10":"pa_producent-superfire","12":"first","13":"outofstock","14":"taxable","15":"shipping-taxable","16":"purchasable","17":"product-type-simple"},"acf":[],"yoast_head":"<!-- This site is optimized with the Yoast SEO plugin v27.2 - https:\/\/yoast.com\/product\/yoast-seo-wordpress\/ -->\n<title>Latarka SUPERFIRE G19-S 360lm - IRONSKY.PL Sklep z Dronami<\/title>\n<meta name=\"description\" content=\"Latarka SUPERFIRE G19-S 360lm - \u2705 sklep z dronami i fachowym doradztwem. \u2705 Tutaj kupisz produkty DJI, Yuneec, Parrot, Syma i wiele innych, a tak\u017ce kursy i licencje na operatora drona.\" \/>\n<meta name=\"robots\" content=\"index, follow, max-snippet:-1, max-image-preview:large, max-video-preview:-1\" \/>\n<link rel=\"canonical\" href=\"https:\/\/ironsky.pl\/sklep\/produkt\/latarka-superfire-g19-s-360lm\/\" \/>\n<meta property=\"og:locale\" content=\"pl_PL\" \/>\n<meta property=\"og:type\" content=\"article\" \/>\n<meta property=\"og:title\" content=\"Latarka SUPERFIRE G19-S 360lm - IRONSKY.PL Sklep z Dronami\" \/>\n<meta property=\"og:description\" content=\"Latarka SUPERFIRE G19-S 360lm - \u2705 sklep z dronami i fachowym doradztwem. \u2705 Tutaj kupisz produkty DJI, Yuneec, Parrot, Syma i wiele innych, a tak\u017ce kursy i licencje na operatora drona.\" \/>\n<meta property=\"og:url\" content=\"https:\/\/ironsky.pl\/sklep\/produkt\/latarka-superfire-g19-s-360lm\/\" \/>\n<meta property=\"og:site_name\" content=\"IRONSKY.PL Sklep z Dronami\" \/>\n<meta property=\"article:modified_time\" content=\"2026-04-15T08:48:28+00:00\" \/>\n<meta property=\"og:image\" content=\"https:\/\/ironsky.pl\/sklep\/wp-content\/uploads\/2025\/06\/46868_2.jpg\" \/>\n\t<meta property=\"og:image:width\" content=\"800\" \/>\n\t<meta property=\"og:image:height\" content=\"800\" \/>\n\t<meta property=\"og:image:type\" content=\"image\/jpeg\" \/>\n<meta name=\"twitter:card\" content=\"summary_large_image\" \/>\n<meta name=\"twitter:label1\" content=\"Szacowany czas czytania\" \/>\n\t<meta name=\"twitter:data1\" content=\"3 minuty\" \/>\n<script type=\"application\/ld+json\" class=\"yoast-schema-graph\">{\"@context\":\"https:\/\/schema.org\",\"@graph\":[{\"@type\":\"WebPage\",\"@id\":\"https:\/\/ironsky.pl\/sklep\/produkt\/latarka-superfire-g19-s-360lm\/\",\"url\":\"https:\/\/ironsky.pl\/sklep\/produkt\/latarka-superfire-g19-s-360lm\/\",\"name\":\"Latarka SUPERFIRE G19-S 360lm - IRONSKY.PL Sklep z Dronami\",\"isPartOf\":{\"@id\":\"https:\/\/ironsky.pl\/sklep\/#website\"},\"primaryImageOfPage\":{\"@id\":\"https:\/\/ironsky.pl\/sklep\/produkt\/latarka-superfire-g19-s-360lm\/#primaryimage\"},\"image\":{\"@id\":\"https:\/\/ironsky.pl\/sklep\/produkt\/latarka-superfire-g19-s-360lm\/#primaryimage\"},\"thumbnailUrl\":\"https:\/\/ironsky.pl\/sklep\/wp-content\/uploads\/2025\/06\/46868_2.jpg\",\"datePublished\":\"2026-04-15T08:48:08+00:00\",\"dateModified\":\"2026-04-15T08:48:28+00:00\",\"description\":\"Latarka SUPERFIRE G19-S 360lm - \u2705 sklep z dronami i fachowym doradztwem. \u2705 Tutaj kupisz produkty DJI, Yuneec, Parrot, Syma i wiele innych, a tak\u017ce kursy i licencje na operatora drona.\",\"breadcrumb\":{\"@id\":\"https:\/\/ironsky.pl\/sklep\/produkt\/latarka-superfire-g19-s-360lm\/#breadcrumb\"},\"inLanguage\":\"pl-PL\",\"potentialAction\":[{\"@type\":\"ReadAction\",\"target\":[\"https:\/\/ironsky.pl\/sklep\/produkt\/latarka-superfire-g19-s-360lm\/\"]}]},{\"@type\":\"ImageObject\",\"inLanguage\":\"pl-PL\",\"@id\":\"https:\/\/ironsky.pl\/sklep\/produkt\/latarka-superfire-g19-s-360lm\/#primaryimage\",\"url\":\"https:\/\/ironsky.pl\/sklep\/wp-content\/uploads\/2025\/06\/46868_2.jpg\",\"contentUrl\":\"https:\/\/ironsky.pl\/sklep\/wp-content\/uploads\/2025\/06\/46868_2.jpg\",\"width\":800,\"height\":800},{\"@type\":\"BreadcrumbList\",\"@id\":\"https:\/\/ironsky.pl\/sklep\/produkt\/latarka-superfire-g19-s-360lm\/#breadcrumb\",\"itemListElement\":[{\"@type\":\"ListItem\",\"position\":1,\"name\":\"Strona g\u0142\u00f3wna\",\"item\":\"https:\/\/ironsky.pl\/sklep\/\"},{\"@type\":\"ListItem\",\"position\":2,\"name\":\"Wszystkie produkty\",\"item\":\"https:\/\/ironsky.pl\/sklep\/produkty\/\"},{\"@type\":\"ListItem\",\"position\":3,\"name\":\"Latarka SUPERFIRE G19-S 360lm\"}]},{\"@type\":\"WebSite\",\"@id\":\"https:\/\/ironsky.pl\/sklep\/#website\",\"url\":\"https:\/\/ironsky.pl\/sklep\/\",\"name\":\"IRONSKY.PL Sklep z Dronami\",\"description\":\"IRONSKY.PL Sklep z Dronami\",\"potentialAction\":[{\"@type\":\"SearchAction\",\"target\":{\"@type\":\"EntryPoint\",\"urlTemplate\":\"https:\/\/ironsky.pl\/sklep\/?s={search_term_string}\"},\"query-input\":{\"@type\":\"PropertyValueSpecification\",\"valueRequired\":true,\"valueName\":\"search_term_string\"}}],\"inLanguage\":\"pl-PL\"}]}<\/script>\n<!-- \/ Yoast SEO plugin. -->","yoast_head_json":{"title":"Latarka SUPERFIRE G19-S 360lm - IRONSKY.PL Sklep z Dronami","description":"Latarka SUPERFIRE G19-S 360lm - \u2705 sklep z dronami i fachowym doradztwem. \u2705 Tutaj kupisz produkty DJI, Yuneec, Parrot, Syma i wiele innych, a tak\u017ce kursy i licencje na operatora drona.","robots":{"index":"index","follow":"follow","max-snippet":"max-snippet:-1","max-image-preview":"max-image-preview:large","max-video-preview":"max-video-preview:-1"},"canonical":"https:\/\/ironsky.pl\/sklep\/produkt\/latarka-superfire-g19-s-360lm\/","og_locale":"pl_PL","og_type":"article","og_title":"Latarka SUPERFIRE G19-S 360lm - IRONSKY.PL Sklep z Dronami","og_description":"Latarka SUPERFIRE G19-S 360lm - \u2705 sklep z dronami i fachowym doradztwem. \u2705 Tutaj kupisz produkty DJI, Yuneec, Parrot, Syma i wiele innych, a tak\u017ce kursy i licencje na operatora drona.","og_url":"https:\/\/ironsky.pl\/sklep\/produkt\/latarka-superfire-g19-s-360lm\/","og_site_name":"IRONSKY.PL Sklep z Dronami","article_modified_time":"2026-04-15T08:48:28+00:00","og_image":[{"width":800,"height":800,"url":"https:\/\/ironsky.pl\/sklep\/wp-content\/uploads\/2025\/06\/46868_2.jpg","type":"image\/jpeg"}],"twitter_card":"summary_large_image","twitter_misc":{"Szacowany czas czytania":"3 minuty"},"schema":{"@context":"https:\/\/schema.org","@graph":[{"@type":"WebPage","@id":"https:\/\/ironsky.pl\/sklep\/produkt\/latarka-superfire-g19-s-360lm\/","url":"https:\/\/ironsky.pl\/sklep\/produkt\/latarka-superfire-g19-s-360lm\/","name":"Latarka SUPERFIRE G19-S 360lm - IRONSKY.PL Sklep z Dronami","isPartOf":{"@id":"https:\/\/ironsky.pl\/sklep\/#website"},"primaryImageOfPage":{"@id":"https:\/\/ironsky.pl\/sklep\/produkt\/latarka-superfire-g19-s-360lm\/#primaryimage"},"image":{"@id":"https:\/\/ironsky.pl\/sklep\/produkt\/latarka-superfire-g19-s-360lm\/#primaryimage"},"thumbnailUrl":"https:\/\/ironsky.pl\/sklep\/wp-content\/uploads\/2025\/06\/46868_2.jpg","datePublished":"2026-04-15T08:48:08+00:00","dateModified":"2026-04-15T08:48:28+00:00","description":"Latarka SUPERFIRE G19-S 360lm - \u2705 sklep z dronami i fachowym doradztwem. \u2705 Tutaj kupisz produkty DJI, Yuneec, Parrot, Syma i wiele innych, a tak\u017ce kursy i licencje na operatora drona.","breadcrumb":{"@id":"https:\/\/ironsky.pl\/sklep\/produkt\/latarka-superfire-g19-s-360lm\/#breadcrumb"},"inLanguage":"pl-PL","potentialAction":[{"@type":"ReadAction","target":["https:\/\/ironsky.pl\/sklep\/produkt\/latarka-superfire-g19-s-360lm\/"]}]},{"@type":"ImageObject","inLanguage":"pl-PL","@id":"https:\/\/ironsky.pl\/sklep\/produkt\/latarka-superfire-g19-s-360lm\/#primaryimage","url":"https:\/\/ironsky.pl\/sklep\/wp-content\/uploads\/2025\/06\/46868_2.jpg","contentUrl":"https:\/\/ironsky.pl\/sklep\/wp-content\/uploads\/2025\/06\/46868_2.jpg","width":800,"height":800},{"@type":"BreadcrumbList","@id":"https:\/\/ironsky.pl\/sklep\/produkt\/latarka-superfire-g19-s-360lm\/#breadcrumb","itemListElement":[{"@type":"ListItem","position":1,"name":"Strona g\u0142\u00f3wna","item":"https:\/\/ironsky.pl\/sklep\/"},{"@type":"ListItem","position":2,"name":"Wszystkie produkty","item":"https:\/\/ironsky.pl\/sklep\/produkty\/"},{"@type":"ListItem","position":3,"name":"Latarka SUPERFIRE G19-S 360lm"}]},{"@type":"WebSite","@id":"https:\/\/ironsky.pl\/sklep\/#website","url":"https:\/\/ironsky.pl\/sklep\/","name":"IRONSKY.PL Sklep z Dronami","description":"IRONSKY.PL Sklep z Dronami","potentialAction":[{"@type":"SearchAction","target":{"@type":"EntryPoint","urlTemplate":"https:\/\/ironsky.pl\/sklep\/?s={search_term_string}"},"query-input":{"@type":"PropertyValueSpecification","valueRequired":true,"valueName":"search_term_string"}}],"inLanguage":"pl-PL"}]}},"_links":{"self":[{"href":"https:\/\/ironsky.pl\/sklep\/wp-json\/wp\/v2\/product\/59514","targetHints":{"allow":["GET"]}}],"collection":[{"href":"https:\/\/ironsky.pl\/sklep\/wp-json\/wp\/v2\/product"}],"about":[{"href":"https:\/\/ironsky.pl\/sklep\/wp-json\/wp\/v2\/types\/product"}],"replies":[{"embeddable":true,"href":"https:\/\/ironsky.pl\/sklep\/wp-json\/wp\/v2\/comments?post=59514"}],"wp:featuredmedia":[{"embeddable":true,"href":"https:\/\/ironsky.pl\/sklep\/wp-json\/wp\/v2\/media\/45917"}],"wp:attachment":[{"href":"https:\/\/ironsky.pl\/sklep\/wp-json\/wp\/v2\/media?parent=59514"}],"wp:term":[{"taxonomy":"product_brand","embeddable":true,"href":"https:\/\/ironsky.pl\/sklep\/wp-json\/wp\/v2\/product_brand?post=59514"},{"taxonomy":"product_cat","embeddable":true,"href":"https:\/\/ironsky.pl\/sklep\/wp-json\/wp\/v2\/product_cat?post=59514"},{"taxonomy":"product_tag","embeddable":true,"href":"https:\/\/ironsky.pl\/sklep\/wp-json\/wp\/v2\/product_tag?post=59514"}],"curies":[{"name":"wp","href":"https:\/\/api.w.org\/{rel}","templated":true}]}}