{"id":59498,"date":"2026-04-15T10:48:08","date_gmt":"2026-04-15T08:48:08","guid":{"rendered":"https:\/\/ironsky.pl\/sklep\/produkt\/statyw-telesin-magnetyczny-do-telefonu-mocowany-do-blatu\/"},"modified":"2026-04-15T10:48:13","modified_gmt":"2026-04-15T08:48:13","slug":"statyw-telesin-magnetyczny-do-telefonu-mocowany-do-blatu","status":"publish","type":"product","link":"https:\/\/ironsky.pl\/sklep\/produkt\/statyw-telesin-magnetyczny-do-telefonu-mocowany-do-blatu\/","title":{"rendered":"Statyw TELESIN magnetyczny do telefonu mocowany do blatu"},"content":{"rendered":"<h3>Magnetyczny statyw do telefonu mocowany do blatu Telesin<\/h3>\n<p>Tw\u00f3rz profesjonalne uj\u0119cia za pomoc\u0105 telefonu z wi\u0119ksz\u0105 \u0142atwo\u015bci\u0105. Zamocuj go do blatu i swobodnie nagrywaj filmy lub prowad\u017a transmisje online. Magnetyczne mocowanie zapewnia stabilno\u015b\u0107 i szybk\u0105 gotowo\u015b\u0107 do nagra\u0144, a wszechstronna regulacja pozwala uzyska\u0107 dok\u0142adnie taki kadr, jaki planujesz. Co wi\u0119cej, sk\u0142adana konstrukcja statywu pozwala bez przeszk\u00f3d spakowa\u0107 go i zabra\u0107 wsz\u0119dzie tam, gdzie potrzebujesz. Statyw wsp\u00f3\u0142pracuje z dodatkowymi akcesoriami, na przyk\u0142ad o\u015bwietleniem, dzi\u0119ki czemu dopracujesz swoje nagrania pod ka\u017cdym wzgl\u0119dem.<\/p>\n<p>\n<img decoding=\"async\" src=\"https:\/\/assets.innpro.pl\/10280\/12083\/2.jpg\" border=\"0\" \/>\n<\/p>\n<h3>Magnetyczne mocowanie \u2014 szybki dost\u0119p i pewne trzymanie<\/h3>\n<p>Dzi\u0119ki zastosowaniu magnetycznego pier\u015bcienia statyw Telesin umo\u017cliwia b\u0142yskawiczne przymocowanie telefonu za pomoc\u0105 jednej r\u0119ki. To innowacyjne rozwi\u0105zanie nie tylko upraszcza proces zak\u0142adania i zdejmowania telefonu, ale r\u00f3wnie\u017c zapewnia pewne trzymanie urz\u0105dzenia, eliminuj\u0105c ryzyko przypadkowego upuszczenia. Idealny dla u\u017cytkownik\u00f3w iPhone&#8217;\u00f3w z serii 13, 14, 15 z funkcj\u0105 MagSafe oraz posiadaczy telefon\u00f3w Android \u2014 wystarczy u\u017cy\u0107 dodatkowego magnetycznego pier\u015bcienia.<\/p>\n<p>\n<img decoding=\"async\" src=\"https:\/\/assets.innpro.pl\/10280\/12083\/3.jpg\" border=\"0\" \/>\n<\/p>\n<h3>Elastyczna regulacja k\u0105ta dla perfekcyjnych uj\u0119\u0107<\/h3>\n<p>Statyw Telesin wyposa\u017cony jest w obrotowy przegub t\u0142umi\u0105cy, kt\u00f3ry umo\u017cliwia p\u0142ynn\u0105 regulacj\u0119 k\u0105ta nachylenia. Masz pe\u0142n\u0105 kontrol\u0119 nad ustawieniem telefonu, co pozwala idealnie dopasowa\u0107 uj\u0119cia zar\u00f3wno do nagra\u0144 pionowych, jak i do zdj\u0119\u0107 z lotu ptaka. Dzi\u0119ki temu stworzysz profesjonalne nagrania bez wysi\u0142ku.<\/p>\n<p>\n<img decoding=\"async\" src=\"https:\/\/assets.innpro.pl\/10280\/12083\/7.jpg\" border=\"0\" \/>\n<\/p>\n<h3>Mocna konstrukcja i stabilne mocowanie do blatu<\/h3>\n<p>Solidna podstawa statywu oraz stabilne mocowanie do blatu zapewniaj\u0105, \u017ce urz\u0105dzenie nie przesunie si\u0119 ani nie zachwieje podczas u\u017cytkowania. Statyw mo\u017cna \u0142atwo przymocowa\u0107 do r\u00f3\u017cnych powierzchni, co czyni go idealnym narz\u0119dziem zar\u00f3wno do pracy w domu, jak i w podr\u00f3\u017cy. Dodatkowo silikonowe wyko\u0144czenie chroni zar\u00f3wno blat, jak i Twoje urz\u0105dzenie przed zarysowaniem. Mo\u017cliwo\u015b\u0107 z\u0142o\u017cenia statywu sprawia, \u017ce jest on \u0142atwy do przechowywania i transportu.<\/p>\n<p>\n<img decoding=\"async\" src=\"https:\/\/assets.innpro.pl\/10280\/12083\/4.jpg\" border=\"0\" \/>\n<\/p>\n<h3>Funkcjonalno\u015b\u0107 ch\u0142odzenia i \u0142adowania<\/h3>\n<p>Jednym z najwi\u0119kszych atut\u00f3w statywu Telesin jest mo\u017cliwo\u015b\u0107 mocowania radiatora (do zakupienia osobno) do tylnej cz\u0119\u015bci magnetycznego pier\u015bcienia, co pozwala na skuteczne odprowadzanie ciep\u0142a z telefonu. Ta funkcja sprawia, \u017ce statyw idealnie nadaje si\u0119 do d\u0142ugotrwa\u0142ych sesji nagrywania, kiedy intensywne u\u017cytkowanie telefonu mo\u017ce prowadzi\u0107 do jego przegrzewania.<\/p>\n<p>\n<img decoding=\"async\" src=\"https:\/\/assets.innpro.pl\/10280\/12083\/6.jpg\" border=\"0\" \/>\n<\/p>\n<h3>Rozszerzalno\u015b\u0107 z dodatkowymi akcesoriami<\/h3>\n<p>Statyw Telesin jest kompatybilny z lampami pier\u015bcieniowymi oraz innymi akcesoriami o interfejsie \u00bc\u2019\u2019, co pozwala na dostosowanie o\u015bwietlenia do potrzeb nagrywania. Niezale\u017cnie od tego, czy prowadzisz transmisj\u0119 na \u017cywo, nagrywasz vlogi czy tworzysz tre\u015bci do medi\u00f3w spo\u0142eczno\u015bciowych, mo\u017cesz \u0142atwo dostosowa\u0107 ustawienia, by uzyska\u0107 najlepsze efekty wizualne.<\/p>\n<p>\n<img decoding=\"async\" src=\"https:\/\/assets.innpro.pl\/10280\/12083\/1.jpg\" border=\"0\" \/>\n<\/p>\n<h3>W zestawie<\/h3>\n<ul class=\"list-disc pl-5\">\n<li>Statyw<\/li>\n<li>Magnetyczne mocowanie<\/li>\n<li>Magnetyczny pier\u015bcie\u0144\u00a0<\/li>\n<li>Klucz imbusowy<\/li>\n<li>Chusteczki czyszcz\u0105ce<\/li>\n<li>Instrukcja obs\u0142ugi<\/li>\n<\/ul>\n<div class=\"table-wrapper\">\n<p>\u00a0<\/p>\n<h3><\/h3>\n<table>\n<tbody>\n<tr>\n<th>Producent<\/th>\n<td>Telesin<\/td>\n<\/tr>\n<tr>\n<th>Model<\/th>\n<td>P3-DS-02<\/td>\n<\/tr>\n<tr>\n<th>Materia\u0142: <\/th>\n<td>Stop cynku + stop aluminium + ABS<\/td>\n<\/tr>\n<tr>\n<th>Wymiary: <\/th>\n<td>753 \u00d7 105 \u00d7 64 mm<\/td>\n<\/tr>\n<tr>\n<th>Waga: <\/th>\n<td>Oko\u0142o 395 g<\/td>\n<\/tr>\n<tr>\n<th>Zakres mocowania podstawy: <\/th>\n<td>0\u201352 mm<\/td>\n<\/tr>\n<tr>\n<th>Kompatybilno\u015b\u0107: <\/th>\n<td>Urz\u0105dzenia mobilne do 6,5 cala, iPhone 13\/14\/15 Pro\/Pro Max (MagSafe), telefony Android (z magnetycznym pier\u015bcieniem)<\/td>\n<\/tr>\n<tr>\n<th>Interfejs: <\/th>\n<td>1\/4 cala dla akcesori\u00f3w zewn\u0119trznych<\/td>\n<\/tr>\n<\/tbody>\n<\/table>\n<\/div>\n","protected":false},"excerpt":{"rendered":"<p>Magnetyczny statyw do telefonu mocowany do blatu Telesin Tw\u00f3rz profesjonalne uj\u0119cia za pomoc\u0105 telefonu z wi\u0119ksz\u0105 \u0142atwo\u015bci\u0105. Zamocuj go do<\/p>\n","protected":false},"featured_media":59499,"comment_status":"closed","ping_status":"open","template":"","meta":{"_acf_changed":false},"product_brand":[],"product_cat":[1128,6178,6176,6190,6177,1138],"product_tag":[],"class_list":{"0":"post-59498","1":"product","2":"type-product","3":"status-publish","4":"has-post-thumbnail","6":"product_cat-foto-wideo","7":"product_cat-mocowania","8":"product_cat-selfie-stiki","9":"product_cat-statywy-mocowania","10":"product_cat-statywy-selfie-stiki","11":"product_cat-wysiegniki","12":"pa_okres-gwarancji-5757","13":"pa_producent-telesin","15":"first","16":"outofstock","17":"taxable","18":"shipping-taxable","19":"purchasable","20":"product-type-simple"},"acf":[],"yoast_head":"<!-- This site is optimized with the Yoast SEO plugin v27.2 - https:\/\/yoast.com\/product\/yoast-seo-wordpress\/ -->\n<title>Statyw TELESIN magnetyczny do telefonu mocowany do blatu - IRONSKY.PL Sklep z Dronami<\/title>\n<meta name=\"description\" content=\"Statyw TELESIN magnetyczny do telefonu mocowany do blatu - \u2705 sklep z dronami i fachowym doradztwem. \u2705 Tutaj kupisz produkty DJI, Yuneec, Parrot, Syma i wiele innych, a tak\u017ce kursy i licencje na operatora drona.\" \/>\n<meta name=\"robots\" content=\"index, follow, max-snippet:-1, max-image-preview:large, max-video-preview:-1\" \/>\n<link rel=\"canonical\" href=\"https:\/\/ironsky.pl\/sklep\/produkt\/statyw-telesin-magnetyczny-do-telefonu-mocowany-do-blatu\/\" \/>\n<meta property=\"og:locale\" content=\"pl_PL\" \/>\n<meta property=\"og:type\" content=\"article\" \/>\n<meta property=\"og:title\" content=\"Statyw TELESIN magnetyczny do telefonu mocowany do blatu - IRONSKY.PL Sklep z Dronami\" \/>\n<meta property=\"og:description\" content=\"Statyw TELESIN magnetyczny do telefonu mocowany do blatu - \u2705 sklep z dronami i fachowym doradztwem. \u2705 Tutaj kupisz produkty DJI, Yuneec, Parrot, Syma i wiele innych, a tak\u017ce kursy i licencje na operatora drona.\" \/>\n<meta property=\"og:url\" content=\"https:\/\/ironsky.pl\/sklep\/produkt\/statyw-telesin-magnetyczny-do-telefonu-mocowany-do-blatu\/\" \/>\n<meta property=\"og:site_name\" content=\"IRONSKY.PL Sklep z Dronami\" \/>\n<meta property=\"article:modified_time\" content=\"2026-04-15T08:48:13+00:00\" \/>\n<meta property=\"og:image\" content=\"https:\/\/ironsky.pl\/sklep\/wp-content\/uploads\/2026\/04\/46809_1.jpg\" \/>\n\t<meta property=\"og:image:width\" content=\"800\" \/>\n\t<meta property=\"og:image:height\" content=\"800\" \/>\n\t<meta property=\"og:image:type\" content=\"image\/jpeg\" \/>\n<meta name=\"twitter:card\" content=\"summary_large_image\" \/>\n<meta name=\"twitter:label1\" content=\"Szacowany czas czytania\" \/>\n\t<meta name=\"twitter:data1\" content=\"2 minuty\" \/>\n<script type=\"application\/ld+json\" class=\"yoast-schema-graph\">{\"@context\":\"https:\/\/schema.org\",\"@graph\":[{\"@type\":\"WebPage\",\"@id\":\"https:\/\/ironsky.pl\/sklep\/produkt\/statyw-telesin-magnetyczny-do-telefonu-mocowany-do-blatu\/\",\"url\":\"https:\/\/ironsky.pl\/sklep\/produkt\/statyw-telesin-magnetyczny-do-telefonu-mocowany-do-blatu\/\",\"name\":\"Statyw TELESIN magnetyczny do telefonu mocowany do blatu - IRONSKY.PL Sklep z Dronami\",\"isPartOf\":{\"@id\":\"https:\/\/ironsky.pl\/sklep\/#website\"},\"primaryImageOfPage\":{\"@id\":\"https:\/\/ironsky.pl\/sklep\/produkt\/statyw-telesin-magnetyczny-do-telefonu-mocowany-do-blatu\/#primaryimage\"},\"image\":{\"@id\":\"https:\/\/ironsky.pl\/sklep\/produkt\/statyw-telesin-magnetyczny-do-telefonu-mocowany-do-blatu\/#primaryimage\"},\"thumbnailUrl\":\"https:\/\/ironsky.pl\/sklep\/wp-content\/uploads\/2026\/04\/46809_1.jpg\",\"datePublished\":\"2026-04-15T08:48:08+00:00\",\"dateModified\":\"2026-04-15T08:48:13+00:00\",\"description\":\"Statyw TELESIN magnetyczny do telefonu mocowany do blatu - \u2705 sklep z dronami i fachowym doradztwem. \u2705 Tutaj kupisz produkty DJI, Yuneec, Parrot, Syma i wiele innych, a tak\u017ce kursy i licencje na operatora drona.\",\"breadcrumb\":{\"@id\":\"https:\/\/ironsky.pl\/sklep\/produkt\/statyw-telesin-magnetyczny-do-telefonu-mocowany-do-blatu\/#breadcrumb\"},\"inLanguage\":\"pl-PL\",\"potentialAction\":[{\"@type\":\"ReadAction\",\"target\":[\"https:\/\/ironsky.pl\/sklep\/produkt\/statyw-telesin-magnetyczny-do-telefonu-mocowany-do-blatu\/\"]}]},{\"@type\":\"ImageObject\",\"inLanguage\":\"pl-PL\",\"@id\":\"https:\/\/ironsky.pl\/sklep\/produkt\/statyw-telesin-magnetyczny-do-telefonu-mocowany-do-blatu\/#primaryimage\",\"url\":\"https:\/\/ironsky.pl\/sklep\/wp-content\/uploads\/2026\/04\/46809_1.jpg\",\"contentUrl\":\"https:\/\/ironsky.pl\/sklep\/wp-content\/uploads\/2026\/04\/46809_1.jpg\",\"width\":800,\"height\":800},{\"@type\":\"BreadcrumbList\",\"@id\":\"https:\/\/ironsky.pl\/sklep\/produkt\/statyw-telesin-magnetyczny-do-telefonu-mocowany-do-blatu\/#breadcrumb\",\"itemListElement\":[{\"@type\":\"ListItem\",\"position\":1,\"name\":\"Strona g\u0142\u00f3wna\",\"item\":\"https:\/\/ironsky.pl\/sklep\/\"},{\"@type\":\"ListItem\",\"position\":2,\"name\":\"Wszystkie produkty\",\"item\":\"https:\/\/ironsky.pl\/sklep\/produkty\/\"},{\"@type\":\"ListItem\",\"position\":3,\"name\":\"Statyw TELESIN magnetyczny do telefonu mocowany do blatu\"}]},{\"@type\":\"WebSite\",\"@id\":\"https:\/\/ironsky.pl\/sklep\/#website\",\"url\":\"https:\/\/ironsky.pl\/sklep\/\",\"name\":\"IRONSKY.PL Sklep z Dronami\",\"description\":\"IRONSKY.PL Sklep z Dronami\",\"potentialAction\":[{\"@type\":\"SearchAction\",\"target\":{\"@type\":\"EntryPoint\",\"urlTemplate\":\"https:\/\/ironsky.pl\/sklep\/?s={search_term_string}\"},\"query-input\":{\"@type\":\"PropertyValueSpecification\",\"valueRequired\":true,\"valueName\":\"search_term_string\"}}],\"inLanguage\":\"pl-PL\"}]}<\/script>\n<!-- \/ Yoast SEO plugin. -->","yoast_head_json":{"title":"Statyw TELESIN magnetyczny do telefonu mocowany do blatu - IRONSKY.PL Sklep z Dronami","description":"Statyw TELESIN magnetyczny do telefonu mocowany do blatu - \u2705 sklep z dronami i fachowym doradztwem. \u2705 Tutaj kupisz produkty DJI, Yuneec, Parrot, Syma i wiele innych, a tak\u017ce kursy i licencje na operatora drona.","robots":{"index":"index","follow":"follow","max-snippet":"max-snippet:-1","max-image-preview":"max-image-preview:large","max-video-preview":"max-video-preview:-1"},"canonical":"https:\/\/ironsky.pl\/sklep\/produkt\/statyw-telesin-magnetyczny-do-telefonu-mocowany-do-blatu\/","og_locale":"pl_PL","og_type":"article","og_title":"Statyw TELESIN magnetyczny do telefonu mocowany do blatu - IRONSKY.PL Sklep z Dronami","og_description":"Statyw TELESIN magnetyczny do telefonu mocowany do blatu - \u2705 sklep z dronami i fachowym doradztwem. \u2705 Tutaj kupisz produkty DJI, Yuneec, Parrot, Syma i wiele innych, a tak\u017ce kursy i licencje na operatora drona.","og_url":"https:\/\/ironsky.pl\/sklep\/produkt\/statyw-telesin-magnetyczny-do-telefonu-mocowany-do-blatu\/","og_site_name":"IRONSKY.PL Sklep z Dronami","article_modified_time":"2026-04-15T08:48:13+00:00","og_image":[{"width":800,"height":800,"url":"https:\/\/ironsky.pl\/sklep\/wp-content\/uploads\/2026\/04\/46809_1.jpg","type":"image\/jpeg"}],"twitter_card":"summary_large_image","twitter_misc":{"Szacowany czas czytania":"2 minuty"},"schema":{"@context":"https:\/\/schema.org","@graph":[{"@type":"WebPage","@id":"https:\/\/ironsky.pl\/sklep\/produkt\/statyw-telesin-magnetyczny-do-telefonu-mocowany-do-blatu\/","url":"https:\/\/ironsky.pl\/sklep\/produkt\/statyw-telesin-magnetyczny-do-telefonu-mocowany-do-blatu\/","name":"Statyw TELESIN magnetyczny do telefonu mocowany do blatu - IRONSKY.PL Sklep z Dronami","isPartOf":{"@id":"https:\/\/ironsky.pl\/sklep\/#website"},"primaryImageOfPage":{"@id":"https:\/\/ironsky.pl\/sklep\/produkt\/statyw-telesin-magnetyczny-do-telefonu-mocowany-do-blatu\/#primaryimage"},"image":{"@id":"https:\/\/ironsky.pl\/sklep\/produkt\/statyw-telesin-magnetyczny-do-telefonu-mocowany-do-blatu\/#primaryimage"},"thumbnailUrl":"https:\/\/ironsky.pl\/sklep\/wp-content\/uploads\/2026\/04\/46809_1.jpg","datePublished":"2026-04-15T08:48:08+00:00","dateModified":"2026-04-15T08:48:13+00:00","description":"Statyw TELESIN magnetyczny do telefonu mocowany do blatu - \u2705 sklep z dronami i fachowym doradztwem. \u2705 Tutaj kupisz produkty DJI, Yuneec, Parrot, Syma i wiele innych, a tak\u017ce kursy i licencje na operatora drona.","breadcrumb":{"@id":"https:\/\/ironsky.pl\/sklep\/produkt\/statyw-telesin-magnetyczny-do-telefonu-mocowany-do-blatu\/#breadcrumb"},"inLanguage":"pl-PL","potentialAction":[{"@type":"ReadAction","target":["https:\/\/ironsky.pl\/sklep\/produkt\/statyw-telesin-magnetyczny-do-telefonu-mocowany-do-blatu\/"]}]},{"@type":"ImageObject","inLanguage":"pl-PL","@id":"https:\/\/ironsky.pl\/sklep\/produkt\/statyw-telesin-magnetyczny-do-telefonu-mocowany-do-blatu\/#primaryimage","url":"https:\/\/ironsky.pl\/sklep\/wp-content\/uploads\/2026\/04\/46809_1.jpg","contentUrl":"https:\/\/ironsky.pl\/sklep\/wp-content\/uploads\/2026\/04\/46809_1.jpg","width":800,"height":800},{"@type":"BreadcrumbList","@id":"https:\/\/ironsky.pl\/sklep\/produkt\/statyw-telesin-magnetyczny-do-telefonu-mocowany-do-blatu\/#breadcrumb","itemListElement":[{"@type":"ListItem","position":1,"name":"Strona g\u0142\u00f3wna","item":"https:\/\/ironsky.pl\/sklep\/"},{"@type":"ListItem","position":2,"name":"Wszystkie produkty","item":"https:\/\/ironsky.pl\/sklep\/produkty\/"},{"@type":"ListItem","position":3,"name":"Statyw TELESIN magnetyczny do telefonu mocowany do blatu"}]},{"@type":"WebSite","@id":"https:\/\/ironsky.pl\/sklep\/#website","url":"https:\/\/ironsky.pl\/sklep\/","name":"IRONSKY.PL Sklep z Dronami","description":"IRONSKY.PL Sklep z Dronami","potentialAction":[{"@type":"SearchAction","target":{"@type":"EntryPoint","urlTemplate":"https:\/\/ironsky.pl\/sklep\/?s={search_term_string}"},"query-input":{"@type":"PropertyValueSpecification","valueRequired":true,"valueName":"search_term_string"}}],"inLanguage":"pl-PL"}]}},"_links":{"self":[{"href":"https:\/\/ironsky.pl\/sklep\/wp-json\/wp\/v2\/product\/59498","targetHints":{"allow":["GET"]}}],"collection":[{"href":"https:\/\/ironsky.pl\/sklep\/wp-json\/wp\/v2\/product"}],"about":[{"href":"https:\/\/ironsky.pl\/sklep\/wp-json\/wp\/v2\/types\/product"}],"replies":[{"embeddable":true,"href":"https:\/\/ironsky.pl\/sklep\/wp-json\/wp\/v2\/comments?post=59498"}],"wp:featuredmedia":[{"embeddable":true,"href":"https:\/\/ironsky.pl\/sklep\/wp-json\/wp\/v2\/media\/59499"}],"wp:attachment":[{"href":"https:\/\/ironsky.pl\/sklep\/wp-json\/wp\/v2\/media?parent=59498"}],"wp:term":[{"taxonomy":"product_brand","embeddable":true,"href":"https:\/\/ironsky.pl\/sklep\/wp-json\/wp\/v2\/product_brand?post=59498"},{"taxonomy":"product_cat","embeddable":true,"href":"https:\/\/ironsky.pl\/sklep\/wp-json\/wp\/v2\/product_cat?post=59498"},{"taxonomy":"product_tag","embeddable":true,"href":"https:\/\/ironsky.pl\/sklep\/wp-json\/wp\/v2\/product_tag?post=59498"}],"curies":[{"name":"wp","href":"https:\/\/api.w.org\/{rel}","templated":true}]}}