{"id":59269,"date":"2026-04-15T10:45:29","date_gmt":"2026-04-15T08:45:29","guid":{"rendered":"https:\/\/ironsky.pl\/sklep\/produkt\/karta-przechwytywania-ugreen-cm489-hdmi-usb-usb-c\/"},"modified":"2026-04-15T10:45:45","modified_gmt":"2026-04-15T08:45:45","slug":"karta-przechwytywania-ugreen-cm489-hdmi-usb-usb-c","status":"publish","type":"product","link":"https:\/\/ironsky.pl\/sklep\/produkt\/karta-przechwytywania-ugreen-cm489-hdmi-usb-usb-c\/","title":{"rendered":"Karta przechwytywania UGREEN CM489 HDMI USB\/USB-C"},"content":{"rendered":"<h3>Karta przechwytywania obrazu \/ Grabber HDMI Ugreen CM489, 4K 60Hz, USB + USB-C<\/h3>\n<p>Karta przechwytuj\u0105ca UGREEN umo\u017cliwia przechwytywanie obrazu w maksymalnej rozdzielczo\u015bci wej\u015bciowej 4K przy 60 Hz i wyj\u015bciowej do 1080p przy 30 Hz, dzi\u0119ki szybkiemu portowi USB 2.0. Pod\u0142\u0105cz j\u0105 do r\u00f3\u017cnych \u017ar\u00f3de\u0142 wideo i audio, takich jak kamery czy aparaty fotograficzne, poprzez interfejs HDMI, a nast\u0119pnie przesy\u0142aj obraz do urz\u0105dzenia z wej\u015bciem USB lub USB-C. Idealnie nadaje si\u0119 do nagrywania wyra\u017anych film\u00f3w i d\u017awi\u0119ku, kt\u00f3re mo\u017cna przechowywa\u0107 na przysz\u0142o\u015b\u0107.<\/p>\n<p>\n<img decoding=\"async\" src=\"https:\/\/assets.innpro.pl\/8521\/9949\/3.jpg\" border=\"0\" \/>\n<\/p>\n<h3>Szeroka kompatybilno\u015b\u0107<\/h3>\n<p>Dzi\u0119ki podw\u00f3jnemu interfejsowi USB-A i USB-C, karta UGREEN jest kompatybilna z wi\u0119kszo\u015bci\u0105 nowoczesnych laptop\u00f3w, tablet\u00f3w, telefon\u00f3w kom\u00f3rkowych, aparat\u00f3w fotograficznych oraz kamer internetowych. U\u017cywaj jej do transmisji na \u017cywo z kamery, rejestrowania gier mobilnych i konsolowych w czasie rzeczywistym i wiele innych.<\/p>\n<p>\n<img decoding=\"async\" src=\"https:\/\/assets.innpro.pl\/8521\/9949\/5.jpg\" border=\"0\" \/>\n<\/p>\n<h3>Prosta instalacja i lekka konstrukcja<\/h3>\n<p>Karta przechwytuj\u0105ca UGREEN nie wymaga instalacji dodatkowych sterownik\u00f3w ani zewn\u0119trznego \u017ar\u00f3d\u0142a zasilania. Wystarczy j\u0105 pod\u0142\u0105czy\u0107 do wybranego urz\u0105dzenia i rozpocz\u0105\u0107 odtwarzanie film\u00f3w w wysokiej rozdzielczo\u015bci. Jej obudowa wykonana ze stopu aluminium zapewnia d\u0142ug\u0105 \u017cywotno\u015b\u0107, a lekka waga wynosz\u0105ca 19,9 g sprawia, \u017ce jest lekka i \u0142atwa do przenoszenia &#8211; bez problemu schowasz j\u0105 w plecaku czy w torbie.<\/p>\n<p>\n<img decoding=\"async\" src=\"https:\/\/assets.innpro.pl\/8521\/9949\/4.jpg\" border=\"0\" \/>\n<\/p>\n<h3>Szybka transmisja i niskie op\u00f3\u017anienia<\/h3>\n<p>Wyposa\u017cona w inteligentny chip, karta UGREEN oferuje szybko\u015b\u0107 transmisji przechwytywania wideo HDMI do 480 Mb\/s a do tego redukuje wszelkie op\u00f3\u017anienia do minimum. Pozwala to na nagrywanie wa\u017cnych spotka\u0144 czy konferencji w czasie rzeczywistym, co u\u0142atwia w p\u00f3\u017aniejszym przegl\u0105daniu. Najnowsza konstrukcja karty zapewnia wyj\u0105tkowo niskie op\u00f3\u017anienia podczas grania i nagrywania wideo, eliminuj\u0105c problemy z zawieszaniem si\u0119 i zak\u0142\u00f3ceniem blue screen. To sprawia, \u017ce urz\u0105dzenie zadowoli ka\u017cdego u\u017cytkownika.<\/p>\n<p>\n<img decoding=\"async\" src=\"https:\/\/assets.innpro.pl\/8521\/9949\/1.jpg\" border=\"0\" \/>\n<\/p>\n<h3>Uniwersalna zgodno\u015b\u0107 systemowa<\/h3>\n<p>Karta przechwytuj\u0105ca HDMI UGREEN jest kompatybilna z systemami Windows 8.1\/10, Linux, iOS 17 oraz Android. Idealna do przesy\u0142ania strumieniowego na \u017cywo, nagrywania, edytowania i przesy\u0142ania wideo w wysokiej rozdzielczo\u015bci za pomoc\u0105 program\u00f3w takich jak OBS, XSplit, Potplayer, QuickTime Player, itd. Nale\u017cy pami\u0119ta\u0107. \u017ce urz\u0105dzenia z systemem iPadOS musz\u0105 by\u0107 zaktualizowane do wersji 17 lub nowszej, poniewa\u017c produkt nie obs\u0142uguje przechwytywania i nagrywania, je\u015bli \u017ar\u00f3d\u0142o sygna\u0142u u\u017cywa protoko\u0142u szyfrowania HDCP.<\/p>\n<p>\n<img decoding=\"async\" src=\"https:\/\/assets.innpro.pl\/8521\/9949\/6.jpg\" border=\"0\" \/>\n<\/p>\n<h3>W zestawie:<\/h3>\n<ul class=\"list-disc pl-5\">\n<li>karta przechwytuj\u0105ca<\/li>\n<li>instrukcja obs\u0142ugi <\/li>\n<\/ul>\n<div class=\"table-wrapper\">\n<p>\u00a0<\/p>\n<h3><\/h3>\n<table>\n<tbody>\n<tr>\n<th>Producent<\/th>\n<td>Ugreen<\/td>\n<\/tr>\n<tr>\n<th>Model<\/th>\n<td>CM489<\/td>\n<\/tr>\n<tr>\n<th>Port wyj\u015bciowy<\/th>\n<td>USB-A, USB-C (1080P@30Hz)<\/td>\n<\/tr>\n<tr>\n<th>Port wej\u015bciowy<\/th>\n<td>HDMI 4K@60Hz<\/td>\n<\/tr>\n<tr>\n<th>Jako\u015b\u0107 nagrywania<\/th>\n<td>Full HD 1080p<\/td>\n<\/tr>\n<tr>\n<th>Typ instalacji<\/th>\n<td>Plug &amp; play<\/td>\n<\/tr>\n<tr>\n<th>Waga<\/th>\n<td>19,9 g<\/td>\n<\/tr>\n<tr>\n<th>Wymiary<\/th>\n<td>1.7cm x 8.5cm x 14.5cm<\/td>\n<\/tr>\n<tr>\n<th>Materia\u0142 wykonania<\/th>\n<td>aluminium<\/td>\n<\/tr>\n<tr>\n<th>Kompatybilne systemy operacyjne<\/th>\n<td>Linux, Windows 8\/10, Android, iOS 17<\/td>\n<\/tr>\n<\/tbody>\n<\/table>\n<\/div>\n","protected":false},"excerpt":{"rendered":"<p>Karta przechwytywania obrazu \/ Grabber HDMI Ugreen CM489, 4K 60Hz, USB + USB-C Karta przechwytuj\u0105ca UGREEN umo\u017cliwia przechwytywanie obrazu w<\/p>\n","protected":false},"featured_media":45745,"comment_status":"closed","ping_status":"open","template":"","meta":{"_acf_changed":false},"product_brand":[],"product_cat":[5930,5929],"product_tag":[],"class_list":{"0":"post-59269","1":"product","2":"type-product","3":"status-publish","4":"has-post-thumbnail","6":"product_cat-adaptery-przejsciowki-konwertery","7":"product_cat-akcesoria-it","8":"pa_okres-gwarancji-5757","9":"pa_producent-ugreen","11":"first","12":"outofstock","13":"taxable","14":"shipping-taxable","15":"purchasable","16":"product-type-simple"},"acf":[],"yoast_head":"<!-- This site is optimized with the Yoast SEO plugin v27.2 - https:\/\/yoast.com\/product\/yoast-seo-wordpress\/ -->\n<title>Karta przechwytywania UGREEN CM489 HDMI USB\/USB-C - IRONSKY.PL Sklep z Dronami<\/title>\n<meta name=\"description\" content=\"Karta przechwytywania UGREEN CM489 HDMI USB\/USB-C - \u2705 sklep z dronami i fachowym doradztwem. \u2705 Tutaj kupisz produkty DJI, Yuneec, Parrot, Syma i wiele innych, a tak\u017ce kursy i licencje na operatora drona.\" \/>\n<meta name=\"robots\" content=\"index, follow, max-snippet:-1, max-image-preview:large, max-video-preview:-1\" \/>\n<link rel=\"canonical\" href=\"https:\/\/ironsky.pl\/sklep\/produkt\/karta-przechwytywania-ugreen-cm489-hdmi-usb-usb-c\/\" \/>\n<meta property=\"og:locale\" content=\"pl_PL\" \/>\n<meta property=\"og:type\" content=\"article\" \/>\n<meta property=\"og:title\" content=\"Karta przechwytywania UGREEN CM489 HDMI USB\/USB-C - IRONSKY.PL Sklep z Dronami\" \/>\n<meta property=\"og:description\" content=\"Karta przechwytywania UGREEN CM489 HDMI USB\/USB-C - \u2705 sklep z dronami i fachowym doradztwem. \u2705 Tutaj kupisz produkty DJI, Yuneec, Parrot, Syma i wiele innych, a tak\u017ce kursy i licencje na operatora drona.\" \/>\n<meta property=\"og:url\" content=\"https:\/\/ironsky.pl\/sklep\/produkt\/karta-przechwytywania-ugreen-cm489-hdmi-usb-usb-c\/\" \/>\n<meta property=\"og:site_name\" content=\"IRONSKY.PL Sklep z Dronami\" \/>\n<meta property=\"article:modified_time\" content=\"2026-04-15T08:45:45+00:00\" \/>\n<meta property=\"og:image\" content=\"https:\/\/ironsky.pl\/sklep\/wp-content\/uploads\/2025\/06\/45857_1.jpg\" \/>\n\t<meta property=\"og:image:width\" content=\"800\" \/>\n\t<meta property=\"og:image:height\" content=\"800\" \/>\n\t<meta property=\"og:image:type\" content=\"image\/jpeg\" \/>\n<meta name=\"twitter:card\" content=\"summary_large_image\" \/>\n<meta name=\"twitter:label1\" content=\"Szacowany czas czytania\" \/>\n\t<meta name=\"twitter:data1\" content=\"2 minuty\" \/>\n<script type=\"application\/ld+json\" class=\"yoast-schema-graph\">{\"@context\":\"https:\/\/schema.org\",\"@graph\":[{\"@type\":\"WebPage\",\"@id\":\"https:\/\/ironsky.pl\/sklep\/produkt\/karta-przechwytywania-ugreen-cm489-hdmi-usb-usb-c\/\",\"url\":\"https:\/\/ironsky.pl\/sklep\/produkt\/karta-przechwytywania-ugreen-cm489-hdmi-usb-usb-c\/\",\"name\":\"Karta przechwytywania UGREEN CM489 HDMI USB\/USB-C - IRONSKY.PL Sklep z Dronami\",\"isPartOf\":{\"@id\":\"https:\/\/ironsky.pl\/sklep\/#website\"},\"primaryImageOfPage\":{\"@id\":\"https:\/\/ironsky.pl\/sklep\/produkt\/karta-przechwytywania-ugreen-cm489-hdmi-usb-usb-c\/#primaryimage\"},\"image\":{\"@id\":\"https:\/\/ironsky.pl\/sklep\/produkt\/karta-przechwytywania-ugreen-cm489-hdmi-usb-usb-c\/#primaryimage\"},\"thumbnailUrl\":\"https:\/\/ironsky.pl\/sklep\/wp-content\/uploads\/2025\/06\/45857_1.jpg\",\"datePublished\":\"2026-04-15T08:45:29+00:00\",\"dateModified\":\"2026-04-15T08:45:45+00:00\",\"description\":\"Karta przechwytywania UGREEN CM489 HDMI USB\/USB-C - \u2705 sklep z dronami i fachowym doradztwem. \u2705 Tutaj kupisz produkty DJI, Yuneec, Parrot, Syma i wiele innych, a tak\u017ce kursy i licencje na operatora drona.\",\"breadcrumb\":{\"@id\":\"https:\/\/ironsky.pl\/sklep\/produkt\/karta-przechwytywania-ugreen-cm489-hdmi-usb-usb-c\/#breadcrumb\"},\"inLanguage\":\"pl-PL\",\"potentialAction\":[{\"@type\":\"ReadAction\",\"target\":[\"https:\/\/ironsky.pl\/sklep\/produkt\/karta-przechwytywania-ugreen-cm489-hdmi-usb-usb-c\/\"]}]},{\"@type\":\"ImageObject\",\"inLanguage\":\"pl-PL\",\"@id\":\"https:\/\/ironsky.pl\/sklep\/produkt\/karta-przechwytywania-ugreen-cm489-hdmi-usb-usb-c\/#primaryimage\",\"url\":\"https:\/\/ironsky.pl\/sklep\/wp-content\/uploads\/2025\/06\/45857_1.jpg\",\"contentUrl\":\"https:\/\/ironsky.pl\/sklep\/wp-content\/uploads\/2025\/06\/45857_1.jpg\",\"width\":800,\"height\":800},{\"@type\":\"BreadcrumbList\",\"@id\":\"https:\/\/ironsky.pl\/sklep\/produkt\/karta-przechwytywania-ugreen-cm489-hdmi-usb-usb-c\/#breadcrumb\",\"itemListElement\":[{\"@type\":\"ListItem\",\"position\":1,\"name\":\"Strona g\u0142\u00f3wna\",\"item\":\"https:\/\/ironsky.pl\/sklep\/\"},{\"@type\":\"ListItem\",\"position\":2,\"name\":\"Wszystkie produkty\",\"item\":\"https:\/\/ironsky.pl\/sklep\/produkty\/\"},{\"@type\":\"ListItem\",\"position\":3,\"name\":\"Karta przechwytywania UGREEN CM489 HDMI USB\/USB-C\"}]},{\"@type\":\"WebSite\",\"@id\":\"https:\/\/ironsky.pl\/sklep\/#website\",\"url\":\"https:\/\/ironsky.pl\/sklep\/\",\"name\":\"IRONSKY.PL Sklep z Dronami\",\"description\":\"IRONSKY.PL Sklep z Dronami\",\"potentialAction\":[{\"@type\":\"SearchAction\",\"target\":{\"@type\":\"EntryPoint\",\"urlTemplate\":\"https:\/\/ironsky.pl\/sklep\/?s={search_term_string}\"},\"query-input\":{\"@type\":\"PropertyValueSpecification\",\"valueRequired\":true,\"valueName\":\"search_term_string\"}}],\"inLanguage\":\"pl-PL\"}]}<\/script>\n<!-- \/ Yoast SEO plugin. -->","yoast_head_json":{"title":"Karta przechwytywania UGREEN CM489 HDMI USB\/USB-C - IRONSKY.PL Sklep z Dronami","description":"Karta przechwytywania UGREEN CM489 HDMI USB\/USB-C - \u2705 sklep z dronami i fachowym doradztwem. \u2705 Tutaj kupisz produkty DJI, Yuneec, Parrot, Syma i wiele innych, a tak\u017ce kursy i licencje na operatora drona.","robots":{"index":"index","follow":"follow","max-snippet":"max-snippet:-1","max-image-preview":"max-image-preview:large","max-video-preview":"max-video-preview:-1"},"canonical":"https:\/\/ironsky.pl\/sklep\/produkt\/karta-przechwytywania-ugreen-cm489-hdmi-usb-usb-c\/","og_locale":"pl_PL","og_type":"article","og_title":"Karta przechwytywania UGREEN CM489 HDMI USB\/USB-C - IRONSKY.PL Sklep z Dronami","og_description":"Karta przechwytywania UGREEN CM489 HDMI USB\/USB-C - \u2705 sklep z dronami i fachowym doradztwem. \u2705 Tutaj kupisz produkty DJI, Yuneec, Parrot, Syma i wiele innych, a tak\u017ce kursy i licencje na operatora drona.","og_url":"https:\/\/ironsky.pl\/sklep\/produkt\/karta-przechwytywania-ugreen-cm489-hdmi-usb-usb-c\/","og_site_name":"IRONSKY.PL Sklep z Dronami","article_modified_time":"2026-04-15T08:45:45+00:00","og_image":[{"width":800,"height":800,"url":"https:\/\/ironsky.pl\/sklep\/wp-content\/uploads\/2025\/06\/45857_1.jpg","type":"image\/jpeg"}],"twitter_card":"summary_large_image","twitter_misc":{"Szacowany czas czytania":"2 minuty"},"schema":{"@context":"https:\/\/schema.org","@graph":[{"@type":"WebPage","@id":"https:\/\/ironsky.pl\/sklep\/produkt\/karta-przechwytywania-ugreen-cm489-hdmi-usb-usb-c\/","url":"https:\/\/ironsky.pl\/sklep\/produkt\/karta-przechwytywania-ugreen-cm489-hdmi-usb-usb-c\/","name":"Karta przechwytywania UGREEN CM489 HDMI USB\/USB-C - IRONSKY.PL Sklep z Dronami","isPartOf":{"@id":"https:\/\/ironsky.pl\/sklep\/#website"},"primaryImageOfPage":{"@id":"https:\/\/ironsky.pl\/sklep\/produkt\/karta-przechwytywania-ugreen-cm489-hdmi-usb-usb-c\/#primaryimage"},"image":{"@id":"https:\/\/ironsky.pl\/sklep\/produkt\/karta-przechwytywania-ugreen-cm489-hdmi-usb-usb-c\/#primaryimage"},"thumbnailUrl":"https:\/\/ironsky.pl\/sklep\/wp-content\/uploads\/2025\/06\/45857_1.jpg","datePublished":"2026-04-15T08:45:29+00:00","dateModified":"2026-04-15T08:45:45+00:00","description":"Karta przechwytywania UGREEN CM489 HDMI USB\/USB-C - \u2705 sklep z dronami i fachowym doradztwem. \u2705 Tutaj kupisz produkty DJI, Yuneec, Parrot, Syma i wiele innych, a tak\u017ce kursy i licencje na operatora drona.","breadcrumb":{"@id":"https:\/\/ironsky.pl\/sklep\/produkt\/karta-przechwytywania-ugreen-cm489-hdmi-usb-usb-c\/#breadcrumb"},"inLanguage":"pl-PL","potentialAction":[{"@type":"ReadAction","target":["https:\/\/ironsky.pl\/sklep\/produkt\/karta-przechwytywania-ugreen-cm489-hdmi-usb-usb-c\/"]}]},{"@type":"ImageObject","inLanguage":"pl-PL","@id":"https:\/\/ironsky.pl\/sklep\/produkt\/karta-przechwytywania-ugreen-cm489-hdmi-usb-usb-c\/#primaryimage","url":"https:\/\/ironsky.pl\/sklep\/wp-content\/uploads\/2025\/06\/45857_1.jpg","contentUrl":"https:\/\/ironsky.pl\/sklep\/wp-content\/uploads\/2025\/06\/45857_1.jpg","width":800,"height":800},{"@type":"BreadcrumbList","@id":"https:\/\/ironsky.pl\/sklep\/produkt\/karta-przechwytywania-ugreen-cm489-hdmi-usb-usb-c\/#breadcrumb","itemListElement":[{"@type":"ListItem","position":1,"name":"Strona g\u0142\u00f3wna","item":"https:\/\/ironsky.pl\/sklep\/"},{"@type":"ListItem","position":2,"name":"Wszystkie produkty","item":"https:\/\/ironsky.pl\/sklep\/produkty\/"},{"@type":"ListItem","position":3,"name":"Karta przechwytywania UGREEN CM489 HDMI USB\/USB-C"}]},{"@type":"WebSite","@id":"https:\/\/ironsky.pl\/sklep\/#website","url":"https:\/\/ironsky.pl\/sklep\/","name":"IRONSKY.PL Sklep z Dronami","description":"IRONSKY.PL Sklep z Dronami","potentialAction":[{"@type":"SearchAction","target":{"@type":"EntryPoint","urlTemplate":"https:\/\/ironsky.pl\/sklep\/?s={search_term_string}"},"query-input":{"@type":"PropertyValueSpecification","valueRequired":true,"valueName":"search_term_string"}}],"inLanguage":"pl-PL"}]}},"_links":{"self":[{"href":"https:\/\/ironsky.pl\/sklep\/wp-json\/wp\/v2\/product\/59269","targetHints":{"allow":["GET"]}}],"collection":[{"href":"https:\/\/ironsky.pl\/sklep\/wp-json\/wp\/v2\/product"}],"about":[{"href":"https:\/\/ironsky.pl\/sklep\/wp-json\/wp\/v2\/types\/product"}],"replies":[{"embeddable":true,"href":"https:\/\/ironsky.pl\/sklep\/wp-json\/wp\/v2\/comments?post=59269"}],"wp:featuredmedia":[{"embeddable":true,"href":"https:\/\/ironsky.pl\/sklep\/wp-json\/wp\/v2\/media\/45745"}],"wp:attachment":[{"href":"https:\/\/ironsky.pl\/sklep\/wp-json\/wp\/v2\/media?parent=59269"}],"wp:term":[{"taxonomy":"product_brand","embeddable":true,"href":"https:\/\/ironsky.pl\/sklep\/wp-json\/wp\/v2\/product_brand?post=59269"},{"taxonomy":"product_cat","embeddable":true,"href":"https:\/\/ironsky.pl\/sklep\/wp-json\/wp\/v2\/product_cat?post=59269"},{"taxonomy":"product_tag","embeddable":true,"href":"https:\/\/ironsky.pl\/sklep\/wp-json\/wp\/v2\/product_tag?post=59269"}],"curies":[{"name":"wp","href":"https:\/\/api.w.org\/{rel}","templated":true}]}}