{"id":59258,"date":"2026-04-15T10:45:29","date_gmt":"2026-04-15T08:45:29","guid":{"rendered":"https:\/\/ironsky.pl\/sklep\/produkt\/hub-orico-4-portowy-usb-a-czarny\/"},"modified":"2026-04-15T10:45:32","modified_gmt":"2026-04-15T08:45:32","slug":"hub-orico-4-portowy-usb-a-czarny","status":"publish","type":"product","link":"https:\/\/ironsky.pl\/sklep\/produkt\/hub-orico-4-portowy-usb-a-czarny\/","title":{"rendered":"Hub ORICO 4-portowy USB-A (czarny)"},"content":{"rendered":"<h3>Adapter Hub 4w1 Orico USB A3.0x4 (czarny)<\/h3>\n<p>Tw\u00f3j komputer lub laptop ma niewystarczaj\u0105c\u0105 liczb\u0119 port\u00f3w? Dzi\u0119ki Orico mo\u017cesz z \u0142atwo\u015bci\u0105 rozwi\u0105za\u0107 ten problem! Adapter zosta\u0142 wyposa\u017cony w 4 gniazda USB-A 3.0. Pozwala na szybki przesy\u0142 danych. Co wi\u0119cej, dzi\u0119ki przemy\u015blanej konstrukcji b\u0119dzie bardzo trwa\u0142y i odporny na zu\u017cycie.<\/p>\n<p>\n<img decoding=\"async\" src=\"https:\/\/assets.innpro.pl\/8265\/9668\/1.jpg\" border=\"0\" \/>\n<\/p>\n<h3><strong>Wiele mo\u017cliwo\u015bci<\/strong><\/h3>\n<p>Adapter Orico zosta\u0142 stworzony z my\u015bl\u0105 o komforcie u\u017cytkowania, dlatego wyposa\u017cony jest w a\u017c 4 gniazda USB-A 3.0. Dzi\u0119ki temu zyskujesz wi\u0119ksze mo\u017cliwo\u015bci korzystania z r\u00f3\u017cnych urz\u0105dze\u0144. Co wi\u0119cej, gwarantuj\u0105 one zwi\u0119kszon\u0105 pr\u0119dko\u015b\u0107 przesy\u0142ania danych. B\u0142yskawiczne kopiowanie plik\u00f3w czy korzystanie z innych urz\u0105dze\u0144 bez op\u00f3\u017anie\u0144 jest teraz mo\u017cliwe!<\/p>\n<p>\n<img decoding=\"async\" src=\"https:\/\/assets.innpro.pl\/8265\/9668\/2.jpg\" border=\"0\" \/>\n<\/p>\n<h3><strong>Komfort u\u017cytkowania<\/strong><\/h3>\n<p>Orico posiada cztery porty, kt\u00f3re mo\u017cna u\u017cywa\u0107 jednocze\u015bnie, dzi\u0119ki czemu zaspokoi wszystkie Twoje potrzeby. Bez wzgl\u0119du na liczb\u0119 urz\u0105dze\u0144, kt\u00f3re do niego pod\u0142\u0105czysz, urz\u0105dzenie sprosta wyzwaniu. Co wi\u0119cej, adapter Orico mo\u017ce obs\u0142u\u017cy\u0107 dwa 2,5-calowe dyski twarde 1T bez konieczno\u015bci pod\u0142\u0105czania dodatkowego zasilania. To oznacza wi\u0119kszy komfort i mniejszy ba\u0142agan na Twoim biurku.<\/p>\n<p>\n<img decoding=\"async\" src=\"https:\/\/assets.innpro.pl\/8265\/9668\/3.jpg\" border=\"0\" \/>\n<\/p>\n<h3><strong>Du\u017ca kompatybilno\u015b\u0107<\/strong><\/h3>\n<p>Adapter Orico to gwarancja komfortowej pracy. Wsp\u00f3\u0142pracuje on z wieloma urz\u0105dzeniami, takimi jak pami\u0119\u0107 USB, lampa USB, drukarka, mysz, przeno\u015bny dysk twardy, kamera i wiele innych. Dodatkowo, dzi\u0119ki wszechstronnej kompatybilno\u015bci z systemami Windows, Mac OS i Linux OS, zyskujesz uniwersalne rozwi\u0105zanie.<\/p>\n<p>\n<img decoding=\"async\" src=\"https:\/\/assets.innpro.pl\/8265\/9668\/5.jpg\" border=\"0\" \/>\n<\/p>\n<div class=\"table-wrapper\">\n<p>\u00a0<\/p>\n<h3><\/h3>\n<table>\n<tbody>\n<tr>\n<th>Producent <\/th>\n<td>Orico<\/td>\n<\/tr>\n<tr>\n<th>Model<\/th>\n<td>PAPW4A-C3-015-BK-EP<\/td>\n<\/tr>\n<tr>\n<th>Interfejs wej\u015bcia <\/th>\n<td>USB-C<\/td>\n<\/tr>\n<tr>\n<th>Interfejs wyj\u015bcia <\/th>\n<td>x4 USB-A3.0<\/td>\n<\/tr>\n<tr>\n<th>Przesy\u0142 danych <\/th>\n<td>5 Gps<\/td>\n<\/tr>\n<tr>\n<th>Wymiary <\/th>\n<td>98 \u00d7 34 \u00d7 12,6 mm<\/td>\n<\/tr>\n<tr>\n<th>Materia\u0142 <\/th>\n<td>ABS<\/td>\n<\/tr>\n<tr>\n<th>Kompatybilno\u015b\u0107 <\/th>\n<td>Windows \/ Mac OS \/ Linux<\/td>\n<\/tr>\n<\/tbody>\n<\/table>\n<\/div>\n","protected":false},"excerpt":{"rendered":"<p>Adapter Hub 4w1 Orico USB A3.0x4 (czarny) Tw\u00f3j komputer lub laptop ma niewystarczaj\u0105c\u0105 liczb\u0119 port\u00f3w? Dzi\u0119ki Orico mo\u017cesz z \u0142atwo\u015bci\u0105<\/p>\n","protected":false},"featured_media":45661,"comment_status":"closed","ping_status":"open","template":"","meta":{"_acf_changed":false},"product_brand":[],"product_cat":[5929,5934],"product_tag":[],"class_list":{"0":"post-59258","1":"product","2":"type-product","3":"status-publish","4":"has-post-thumbnail","6":"product_cat-akcesoria-it","7":"product_cat-huby","8":"pa_okres-gwarancji-5754","9":"pa_producent-orico","11":"first","12":"outofstock","13":"taxable","14":"shipping-taxable","15":"purchasable","16":"product-type-simple"},"acf":[],"yoast_head":"<!-- This site is optimized with the Yoast SEO plugin v27.2 - https:\/\/yoast.com\/product\/yoast-seo-wordpress\/ -->\n<title>Hub ORICO 4-portowy USB-A (czarny) - IRONSKY.PL Sklep z Dronami<\/title>\n<meta name=\"description\" content=\"Hub ORICO 4-portowy USB-A (czarny) - \u2705 sklep z dronami i fachowym doradztwem. \u2705 Tutaj kupisz produkty DJI, Yuneec, Parrot, Syma i wiele innych, a tak\u017ce kursy i licencje na operatora drona.\" \/>\n<meta name=\"robots\" content=\"index, follow, max-snippet:-1, max-image-preview:large, max-video-preview:-1\" \/>\n<link rel=\"canonical\" href=\"https:\/\/ironsky.pl\/sklep\/produkt\/hub-orico-4-portowy-usb-a-czarny\/\" \/>\n<meta property=\"og:locale\" content=\"pl_PL\" \/>\n<meta property=\"og:type\" content=\"article\" \/>\n<meta property=\"og:title\" content=\"Hub ORICO 4-portowy USB-A (czarny) - IRONSKY.PL Sklep z Dronami\" \/>\n<meta property=\"og:description\" content=\"Hub ORICO 4-portowy USB-A (czarny) - \u2705 sklep z dronami i fachowym doradztwem. \u2705 Tutaj kupisz produkty DJI, Yuneec, Parrot, Syma i wiele innych, a tak\u017ce kursy i licencje na operatora drona.\" \/>\n<meta property=\"og:url\" content=\"https:\/\/ironsky.pl\/sklep\/produkt\/hub-orico-4-portowy-usb-a-czarny\/\" \/>\n<meta property=\"og:site_name\" content=\"IRONSKY.PL Sklep z Dronami\" \/>\n<meta property=\"article:modified_time\" content=\"2026-04-15T08:45:32+00:00\" \/>\n<meta property=\"og:image\" content=\"https:\/\/ironsky.pl\/sklep\/wp-content\/uploads\/2025\/06\/45726_1.jpg\" \/>\n\t<meta property=\"og:image:width\" content=\"800\" \/>\n\t<meta property=\"og:image:height\" content=\"800\" \/>\n\t<meta property=\"og:image:type\" content=\"image\/jpeg\" \/>\n<meta name=\"twitter:card\" content=\"summary_large_image\" \/>\n<meta name=\"twitter:label1\" content=\"Szacowany czas czytania\" \/>\n\t<meta name=\"twitter:data1\" content=\"1 minuta\" \/>\n<script type=\"application\/ld+json\" class=\"yoast-schema-graph\">{\"@context\":\"https:\/\/schema.org\",\"@graph\":[{\"@type\":\"WebPage\",\"@id\":\"https:\/\/ironsky.pl\/sklep\/produkt\/hub-orico-4-portowy-usb-a-czarny\/\",\"url\":\"https:\/\/ironsky.pl\/sklep\/produkt\/hub-orico-4-portowy-usb-a-czarny\/\",\"name\":\"Hub ORICO 4-portowy USB-A (czarny) - IRONSKY.PL Sklep z Dronami\",\"isPartOf\":{\"@id\":\"https:\/\/ironsky.pl\/sklep\/#website\"},\"primaryImageOfPage\":{\"@id\":\"https:\/\/ironsky.pl\/sklep\/produkt\/hub-orico-4-portowy-usb-a-czarny\/#primaryimage\"},\"image\":{\"@id\":\"https:\/\/ironsky.pl\/sklep\/produkt\/hub-orico-4-portowy-usb-a-czarny\/#primaryimage\"},\"thumbnailUrl\":\"https:\/\/ironsky.pl\/sklep\/wp-content\/uploads\/2025\/06\/45726_1.jpg\",\"datePublished\":\"2026-04-15T08:45:29+00:00\",\"dateModified\":\"2026-04-15T08:45:32+00:00\",\"description\":\"Hub ORICO 4-portowy USB-A (czarny) - \u2705 sklep z dronami i fachowym doradztwem. \u2705 Tutaj kupisz produkty DJI, Yuneec, Parrot, Syma i wiele innych, a tak\u017ce kursy i licencje na operatora drona.\",\"breadcrumb\":{\"@id\":\"https:\/\/ironsky.pl\/sklep\/produkt\/hub-orico-4-portowy-usb-a-czarny\/#breadcrumb\"},\"inLanguage\":\"pl-PL\",\"potentialAction\":[{\"@type\":\"ReadAction\",\"target\":[\"https:\/\/ironsky.pl\/sklep\/produkt\/hub-orico-4-portowy-usb-a-czarny\/\"]}]},{\"@type\":\"ImageObject\",\"inLanguage\":\"pl-PL\",\"@id\":\"https:\/\/ironsky.pl\/sklep\/produkt\/hub-orico-4-portowy-usb-a-czarny\/#primaryimage\",\"url\":\"https:\/\/ironsky.pl\/sklep\/wp-content\/uploads\/2025\/06\/45726_1.jpg\",\"contentUrl\":\"https:\/\/ironsky.pl\/sklep\/wp-content\/uploads\/2025\/06\/45726_1.jpg\",\"width\":800,\"height\":800},{\"@type\":\"BreadcrumbList\",\"@id\":\"https:\/\/ironsky.pl\/sklep\/produkt\/hub-orico-4-portowy-usb-a-czarny\/#breadcrumb\",\"itemListElement\":[{\"@type\":\"ListItem\",\"position\":1,\"name\":\"Strona g\u0142\u00f3wna\",\"item\":\"https:\/\/ironsky.pl\/sklep\/\"},{\"@type\":\"ListItem\",\"position\":2,\"name\":\"Wszystkie produkty\",\"item\":\"https:\/\/ironsky.pl\/sklep\/produkty\/\"},{\"@type\":\"ListItem\",\"position\":3,\"name\":\"Hub ORICO 4-portowy USB-A (czarny)\"}]},{\"@type\":\"WebSite\",\"@id\":\"https:\/\/ironsky.pl\/sklep\/#website\",\"url\":\"https:\/\/ironsky.pl\/sklep\/\",\"name\":\"IRONSKY.PL Sklep z Dronami\",\"description\":\"IRONSKY.PL Sklep z Dronami\",\"potentialAction\":[{\"@type\":\"SearchAction\",\"target\":{\"@type\":\"EntryPoint\",\"urlTemplate\":\"https:\/\/ironsky.pl\/sklep\/?s={search_term_string}\"},\"query-input\":{\"@type\":\"PropertyValueSpecification\",\"valueRequired\":true,\"valueName\":\"search_term_string\"}}],\"inLanguage\":\"pl-PL\"}]}<\/script>\n<!-- \/ Yoast SEO plugin. -->","yoast_head_json":{"title":"Hub ORICO 4-portowy USB-A (czarny) - IRONSKY.PL Sklep z Dronami","description":"Hub ORICO 4-portowy USB-A (czarny) - \u2705 sklep z dronami i fachowym doradztwem. \u2705 Tutaj kupisz produkty DJI, Yuneec, Parrot, Syma i wiele innych, a tak\u017ce kursy i licencje na operatora drona.","robots":{"index":"index","follow":"follow","max-snippet":"max-snippet:-1","max-image-preview":"max-image-preview:large","max-video-preview":"max-video-preview:-1"},"canonical":"https:\/\/ironsky.pl\/sklep\/produkt\/hub-orico-4-portowy-usb-a-czarny\/","og_locale":"pl_PL","og_type":"article","og_title":"Hub ORICO 4-portowy USB-A (czarny) - IRONSKY.PL Sklep z Dronami","og_description":"Hub ORICO 4-portowy USB-A (czarny) - \u2705 sklep z dronami i fachowym doradztwem. \u2705 Tutaj kupisz produkty DJI, Yuneec, Parrot, Syma i wiele innych, a tak\u017ce kursy i licencje na operatora drona.","og_url":"https:\/\/ironsky.pl\/sklep\/produkt\/hub-orico-4-portowy-usb-a-czarny\/","og_site_name":"IRONSKY.PL Sklep z Dronami","article_modified_time":"2026-04-15T08:45:32+00:00","og_image":[{"width":800,"height":800,"url":"https:\/\/ironsky.pl\/sklep\/wp-content\/uploads\/2025\/06\/45726_1.jpg","type":"image\/jpeg"}],"twitter_card":"summary_large_image","twitter_misc":{"Szacowany czas czytania":"1 minuta"},"schema":{"@context":"https:\/\/schema.org","@graph":[{"@type":"WebPage","@id":"https:\/\/ironsky.pl\/sklep\/produkt\/hub-orico-4-portowy-usb-a-czarny\/","url":"https:\/\/ironsky.pl\/sklep\/produkt\/hub-orico-4-portowy-usb-a-czarny\/","name":"Hub ORICO 4-portowy USB-A (czarny) - IRONSKY.PL Sklep z Dronami","isPartOf":{"@id":"https:\/\/ironsky.pl\/sklep\/#website"},"primaryImageOfPage":{"@id":"https:\/\/ironsky.pl\/sklep\/produkt\/hub-orico-4-portowy-usb-a-czarny\/#primaryimage"},"image":{"@id":"https:\/\/ironsky.pl\/sklep\/produkt\/hub-orico-4-portowy-usb-a-czarny\/#primaryimage"},"thumbnailUrl":"https:\/\/ironsky.pl\/sklep\/wp-content\/uploads\/2025\/06\/45726_1.jpg","datePublished":"2026-04-15T08:45:29+00:00","dateModified":"2026-04-15T08:45:32+00:00","description":"Hub ORICO 4-portowy USB-A (czarny) - \u2705 sklep z dronami i fachowym doradztwem. \u2705 Tutaj kupisz produkty DJI, Yuneec, Parrot, Syma i wiele innych, a tak\u017ce kursy i licencje na operatora drona.","breadcrumb":{"@id":"https:\/\/ironsky.pl\/sklep\/produkt\/hub-orico-4-portowy-usb-a-czarny\/#breadcrumb"},"inLanguage":"pl-PL","potentialAction":[{"@type":"ReadAction","target":["https:\/\/ironsky.pl\/sklep\/produkt\/hub-orico-4-portowy-usb-a-czarny\/"]}]},{"@type":"ImageObject","inLanguage":"pl-PL","@id":"https:\/\/ironsky.pl\/sklep\/produkt\/hub-orico-4-portowy-usb-a-czarny\/#primaryimage","url":"https:\/\/ironsky.pl\/sklep\/wp-content\/uploads\/2025\/06\/45726_1.jpg","contentUrl":"https:\/\/ironsky.pl\/sklep\/wp-content\/uploads\/2025\/06\/45726_1.jpg","width":800,"height":800},{"@type":"BreadcrumbList","@id":"https:\/\/ironsky.pl\/sklep\/produkt\/hub-orico-4-portowy-usb-a-czarny\/#breadcrumb","itemListElement":[{"@type":"ListItem","position":1,"name":"Strona g\u0142\u00f3wna","item":"https:\/\/ironsky.pl\/sklep\/"},{"@type":"ListItem","position":2,"name":"Wszystkie produkty","item":"https:\/\/ironsky.pl\/sklep\/produkty\/"},{"@type":"ListItem","position":3,"name":"Hub ORICO 4-portowy USB-A (czarny)"}]},{"@type":"WebSite","@id":"https:\/\/ironsky.pl\/sklep\/#website","url":"https:\/\/ironsky.pl\/sklep\/","name":"IRONSKY.PL Sklep z Dronami","description":"IRONSKY.PL Sklep z Dronami","potentialAction":[{"@type":"SearchAction","target":{"@type":"EntryPoint","urlTemplate":"https:\/\/ironsky.pl\/sklep\/?s={search_term_string}"},"query-input":{"@type":"PropertyValueSpecification","valueRequired":true,"valueName":"search_term_string"}}],"inLanguage":"pl-PL"}]}},"_links":{"self":[{"href":"https:\/\/ironsky.pl\/sklep\/wp-json\/wp\/v2\/product\/59258","targetHints":{"allow":["GET"]}}],"collection":[{"href":"https:\/\/ironsky.pl\/sklep\/wp-json\/wp\/v2\/product"}],"about":[{"href":"https:\/\/ironsky.pl\/sklep\/wp-json\/wp\/v2\/types\/product"}],"replies":[{"embeddable":true,"href":"https:\/\/ironsky.pl\/sklep\/wp-json\/wp\/v2\/comments?post=59258"}],"wp:featuredmedia":[{"embeddable":true,"href":"https:\/\/ironsky.pl\/sklep\/wp-json\/wp\/v2\/media\/45661"}],"wp:attachment":[{"href":"https:\/\/ironsky.pl\/sklep\/wp-json\/wp\/v2\/media?parent=59258"}],"wp:term":[{"taxonomy":"product_brand","embeddable":true,"href":"https:\/\/ironsky.pl\/sklep\/wp-json\/wp\/v2\/product_brand?post=59258"},{"taxonomy":"product_cat","embeddable":true,"href":"https:\/\/ironsky.pl\/sklep\/wp-json\/wp\/v2\/product_cat?post=59258"},{"taxonomy":"product_tag","embeddable":true,"href":"https:\/\/ironsky.pl\/sklep\/wp-json\/wp\/v2\/product_tag?post=59258"}],"curies":[{"name":"wp","href":"https:\/\/api.w.org\/{rel}","templated":true}]}}