{"id":59041,"date":"2026-04-15T10:43:12","date_gmt":"2026-04-15T08:43:12","guid":{"rendered":"https:\/\/ironsky.pl\/sklep\/produkt\/czytnik-kart-freewell-pro-cfexpress-a-b-sd-tf\/"},"modified":"2026-04-15T10:43:15","modified_gmt":"2026-04-15T08:43:15","slug":"czytnik-kart-freewell-pro-cfexpress-a-b-sd-tf","status":"publish","type":"product","link":"https:\/\/ironsky.pl\/sklep\/produkt\/czytnik-kart-freewell-pro-cfexpress-a-b-sd-tf\/","title":{"rendered":"Czytnik kart FREEWELL Pro CFexpress A\/B SD TF"},"content":{"rendered":"<h3>Czytnik kart pami\u0119ci Freewell Pro CF A\/B, SD, TF<\/h3>\n<p>Freewell Duo Reader bez trudu odczytuje karty karty CF Express A i B, UHS-I i II SD, w tym SDXC, SDHC i micro SD, zaspokajaj\u0105c szerokie spektrum potrzeb zwi\u0105zanych z fotografi\u0105 i nagrywaniem film\u00f3w. Umo\u017cliwia r\u00f3wnie\u017c transfer danych i jest kompatybilny z szeregiem r\u00f3\u017cnych urz\u0105dze\u0144. Pozwala tak\u017ce odczytywa\u0107 dane z 2 kart jednocze\u015bnie na wybranym urz\u0105dzeniu.<\/p>\n<p>\n<img decoding=\"async\" src=\"https:\/\/assets.innpro.pl\/7054\/8206\/6.jpg\" border=\"0\" \/>\n<\/p>\n<h3>Szybki transfer danych<\/h3>\n<p>Port typu C umo\u017cliwia szybkie przesy\u0142anie danych do smartfon\u00f3w i tablet\u00f3w bez konieczno\u015bci instalowania dodatkowych aplikacji, a zgodno\u015b\u0107 z USB 3.2 GEN 1 i 2 zapewnia pr\u0119dko\u015b\u0107 do 10 Gb\/s. Dzi\u0119ki temu mo\u017cesz b\u0142yskawicznie przesy\u0142a\u0107 wybrane zdj\u0119cia, dokumenty lub filmy. Dodatkowo wska\u017anik \u015bwietlny poinformuje Ci\u0119 o statusie pracy urz\u0105dzenia.<\/p>\n<p>\n<img decoding=\"async\" src=\"https:\/\/assets.innpro.pl\/7054\/8206\/2.jpg\" border=\"0\" \/>\n<\/p>\n<h3>Kompaktowa i trwa\u0142a konstrukcja<\/h3>\n<p>Czytnik mo\u017ce Ci towarzyszy\u0107 niemal wsz\u0119dzie. Wyr\u00f3\u017cnia si\u0119 kompaktow\u0105 konstrukcj\u0105 i posiada karabi\u0144czyk, dzi\u0119ki czemu jego przechowywanie i transport nie sprawi\u0105 Ci problemu. Co wi\u0119cej, zastosowanie wysokiej jako\u015bci materia\u0142\u00f3w, w tym stopu aluminium, przek\u0142ada si\u0119 na trwa\u0142o\u015b\u0107 produktu.<\/p>\n<p>\n<img decoding=\"async\" src=\"https:\/\/assets.innpro.pl\/7054\/8206\/1.jpg\" border=\"0\" \/>\n<\/p>\n<h3>Pomie\u015bci wiele kart<\/h3>\n<p>Teraz wszystkie karty mo\u017cesz mie\u0107 w jednym miejscu. Czytnik pomie\u015bci 1 kart\u0119 CF Express typu A i 1 CF Express typu B, wraz z 3 kartami SD (UHS-I i II), 6 kartami micro SD i 2 gniazdami NANO SIM. Freewell Duo Reader wyznacza nowy standard wszechstronno\u015bci, zaspokajaj\u0105c potrzeby wymagaj\u0105cych u\u017cytkownik\u00f3w.<\/p>\n<p>\n<img decoding=\"async\" src=\"https:\/\/assets.innpro.pl\/7054\/8206\/5.jpg\" border=\"0\" \/>\n<\/p>\n<h3>Szeroka kompatybilno\u015b\u0107<\/h3>\n<p>Freewell Duo Reader jest kompatybilny z systemami Windows, MAC OS, Linux, Android i iPad OS \u2013 nie musisz si\u0119 obawia\u0107, \u017ce nie b\u0119dzie wsp\u00f3\u0142pracowa\u0142 z Twoim sprz\u0119tem. Co wi\u0119cej, plug-and-play sprawia, \u017ce szybko przygotujesz go do pracy bez konieczno\u015bci instalacji sterownik\u00f3w, zapewniaj\u0105c bezproblemowe korzystanie z r\u00f3\u017cnych urz\u0105dze\u0144 i system\u00f3w operacyjnych.<\/p>\n<p>\n<img decoding=\"async\" src=\"https:\/\/assets.innpro.pl\/7054\/8206\/7.jpg\" border=\"0\" \/>\n<\/p>\n<h3>W zestawie<\/h3>\n<ul class=\"list-disc pl-5\">\n<li>czytnik kart pami\u0119ci<\/li>\n<li>\n<p style=\"text-align:justify\">adapter USB-C do USB-A<\/p>\n<\/li>\n<li>\n<p style=\"text-align:justify\">karabi\u0144czyk<\/p>\n<\/li>\n<li>\n<p style=\"text-align:justify\">klucz do kart<\/p>\n<\/li>\n<li>\n<p style=\"text-align:justify\">instrukcja obs\u0142ugi<\/p>\n<\/li>\n<\/ul>\n<div class=\"table-wrapper\">\n<p>\u00a0<\/p>\n<h3><\/h3>\n<table>\n<tbody>\n<tr>\n<th>Producent<\/th>\n<td>Freewell<\/td>\n<\/tr>\n<tr>\n<th>Model<\/th>\n<td>FW-CR02-PRO<\/td>\n<\/tr>\n<tr>\n<th>Wymiary<\/th>\n<td>143.7 x 57.8 x 26.2 mm<\/td>\n<\/tr>\n<tr>\n<th>Waga<\/th>\n<td>168 g<\/td>\n<\/tr>\n<tr>\n<th>Materia\u0142<\/th>\n<td>stop aluminium, szk\u0142o, PS, ABS<\/td>\n<\/tr>\n<tr>\n<th>Sloty<\/th>\n<td>Nano SIM x2; CFE-B x1; CFE-A x1; TF x6; SD (UHS-I i II) x3<\/td>\n<\/tr>\n<tr>\n<th>Kompatybilno\u015b\u0107<\/th>\n<td>Microsoft Windows XP (lub nowsze), Mac OS 10.6.2 (lub nowsze), Linux Fedora FC8 (lub nowsze), Android, iOS, wszystkie urz\u0105dzenia z portem USB<\/td>\n<\/tr>\n<tr>\n<th>Chip<\/th>\n<td>GL3590, ASM2362, GL3231S<\/td>\n<\/tr>\n<tr>\n<th>Napi\u0119cie wej\u015bciowe<\/th>\n<td>DC 5V \/ 1.5 A<\/td>\n<\/tr>\n<tr>\n<th>Nat\u0119\u017cenie robocze<\/th>\n<td>900 mA<\/td>\n<\/tr>\n<\/tbody>\n<\/table>\n<\/div>\n","protected":false},"excerpt":{"rendered":"<p>Czytnik kart pami\u0119ci Freewell Pro CF A\/B, SD, TF Freewell Duo Reader bez trudu odczytuje karty karty CF Express A<\/p>\n","protected":false},"featured_media":45232,"comment_status":"closed","ping_status":"open","template":"","meta":{"_acf_changed":false},"product_brand":[],"product_cat":[5929,5943],"product_tag":[],"class_list":{"0":"post-59041","1":"product","2":"type-product","3":"status-publish","4":"has-post-thumbnail","6":"product_cat-akcesoria-it","7":"product_cat-czytniki-kart","8":"pa_okres-gwarancji-5754","9":"pa_producent-freewell","11":"first","12":"outofstock","13":"taxable","14":"shipping-taxable","15":"purchasable","16":"product-type-simple"},"acf":[],"yoast_head":"<!-- This site is optimized with the Yoast SEO plugin v27.2 - https:\/\/yoast.com\/product\/yoast-seo-wordpress\/ -->\n<title>Czytnik kart FREEWELL Pro CFexpress A\/B SD TF - IRONSKY.PL Sklep z Dronami<\/title>\n<meta name=\"description\" content=\"Czytnik kart FREEWELL Pro CFexpress A\/B SD TF - \u2705 sklep z dronami i fachowym doradztwem. \u2705 Tutaj kupisz produkty DJI, Yuneec, Parrot, Syma i wiele innych, a tak\u017ce kursy i licencje na operatora drona.\" \/>\n<meta name=\"robots\" content=\"index, follow, max-snippet:-1, max-image-preview:large, max-video-preview:-1\" \/>\n<link rel=\"canonical\" href=\"https:\/\/ironsky.pl\/sklep\/produkt\/czytnik-kart-freewell-pro-cfexpress-a-b-sd-tf\/\" \/>\n<meta property=\"og:locale\" content=\"pl_PL\" \/>\n<meta property=\"og:type\" content=\"article\" \/>\n<meta property=\"og:title\" content=\"Czytnik kart FREEWELL Pro CFexpress A\/B SD TF - IRONSKY.PL Sklep z Dronami\" \/>\n<meta property=\"og:description\" content=\"Czytnik kart FREEWELL Pro CFexpress A\/B SD TF - \u2705 sklep z dronami i fachowym doradztwem. \u2705 Tutaj kupisz produkty DJI, Yuneec, Parrot, Syma i wiele innych, a tak\u017ce kursy i licencje na operatora drona.\" \/>\n<meta property=\"og:url\" content=\"https:\/\/ironsky.pl\/sklep\/produkt\/czytnik-kart-freewell-pro-cfexpress-a-b-sd-tf\/\" \/>\n<meta property=\"og:site_name\" content=\"IRONSKY.PL Sklep z Dronami\" \/>\n<meta property=\"article:modified_time\" content=\"2026-04-15T08:43:15+00:00\" \/>\n<meta property=\"og:image\" content=\"https:\/\/ironsky.pl\/sklep\/wp-content\/uploads\/2025\/06\/44280_4.jpg\" \/>\n\t<meta property=\"og:image:width\" content=\"800\" \/>\n\t<meta property=\"og:image:height\" content=\"800\" \/>\n\t<meta property=\"og:image:type\" content=\"image\/jpeg\" \/>\n<meta name=\"twitter:card\" content=\"summary_large_image\" \/>\n<meta name=\"twitter:label1\" content=\"Szacowany czas czytania\" \/>\n\t<meta name=\"twitter:data1\" content=\"2 minuty\" \/>\n<script type=\"application\/ld+json\" class=\"yoast-schema-graph\">{\"@context\":\"https:\/\/schema.org\",\"@graph\":[{\"@type\":\"WebPage\",\"@id\":\"https:\/\/ironsky.pl\/sklep\/produkt\/czytnik-kart-freewell-pro-cfexpress-a-b-sd-tf\/\",\"url\":\"https:\/\/ironsky.pl\/sklep\/produkt\/czytnik-kart-freewell-pro-cfexpress-a-b-sd-tf\/\",\"name\":\"Czytnik kart FREEWELL Pro CFexpress A\/B SD TF - IRONSKY.PL Sklep z Dronami\",\"isPartOf\":{\"@id\":\"https:\/\/ironsky.pl\/sklep\/#website\"},\"primaryImageOfPage\":{\"@id\":\"https:\/\/ironsky.pl\/sklep\/produkt\/czytnik-kart-freewell-pro-cfexpress-a-b-sd-tf\/#primaryimage\"},\"image\":{\"@id\":\"https:\/\/ironsky.pl\/sklep\/produkt\/czytnik-kart-freewell-pro-cfexpress-a-b-sd-tf\/#primaryimage\"},\"thumbnailUrl\":\"https:\/\/ironsky.pl\/sklep\/wp-content\/uploads\/2025\/06\/44280_4.jpg\",\"datePublished\":\"2026-04-15T08:43:12+00:00\",\"dateModified\":\"2026-04-15T08:43:15+00:00\",\"description\":\"Czytnik kart FREEWELL Pro CFexpress A\/B SD TF - \u2705 sklep z dronami i fachowym doradztwem. \u2705 Tutaj kupisz produkty DJI, Yuneec, Parrot, Syma i wiele innych, a tak\u017ce kursy i licencje na operatora drona.\",\"breadcrumb\":{\"@id\":\"https:\/\/ironsky.pl\/sklep\/produkt\/czytnik-kart-freewell-pro-cfexpress-a-b-sd-tf\/#breadcrumb\"},\"inLanguage\":\"pl-PL\",\"potentialAction\":[{\"@type\":\"ReadAction\",\"target\":[\"https:\/\/ironsky.pl\/sklep\/produkt\/czytnik-kart-freewell-pro-cfexpress-a-b-sd-tf\/\"]}]},{\"@type\":\"ImageObject\",\"inLanguage\":\"pl-PL\",\"@id\":\"https:\/\/ironsky.pl\/sklep\/produkt\/czytnik-kart-freewell-pro-cfexpress-a-b-sd-tf\/#primaryimage\",\"url\":\"https:\/\/ironsky.pl\/sklep\/wp-content\/uploads\/2025\/06\/44280_4.jpg\",\"contentUrl\":\"https:\/\/ironsky.pl\/sklep\/wp-content\/uploads\/2025\/06\/44280_4.jpg\",\"width\":800,\"height\":800},{\"@type\":\"BreadcrumbList\",\"@id\":\"https:\/\/ironsky.pl\/sklep\/produkt\/czytnik-kart-freewell-pro-cfexpress-a-b-sd-tf\/#breadcrumb\",\"itemListElement\":[{\"@type\":\"ListItem\",\"position\":1,\"name\":\"Strona g\u0142\u00f3wna\",\"item\":\"https:\/\/ironsky.pl\/sklep\/\"},{\"@type\":\"ListItem\",\"position\":2,\"name\":\"Wszystkie produkty\",\"item\":\"https:\/\/ironsky.pl\/sklep\/produkty\/\"},{\"@type\":\"ListItem\",\"position\":3,\"name\":\"Czytnik kart FREEWELL Pro CFexpress A\/B SD TF\"}]},{\"@type\":\"WebSite\",\"@id\":\"https:\/\/ironsky.pl\/sklep\/#website\",\"url\":\"https:\/\/ironsky.pl\/sklep\/\",\"name\":\"IRONSKY.PL Sklep z Dronami\",\"description\":\"IRONSKY.PL Sklep z Dronami\",\"potentialAction\":[{\"@type\":\"SearchAction\",\"target\":{\"@type\":\"EntryPoint\",\"urlTemplate\":\"https:\/\/ironsky.pl\/sklep\/?s={search_term_string}\"},\"query-input\":{\"@type\":\"PropertyValueSpecification\",\"valueRequired\":true,\"valueName\":\"search_term_string\"}}],\"inLanguage\":\"pl-PL\"}]}<\/script>\n<!-- \/ Yoast SEO plugin. -->","yoast_head_json":{"title":"Czytnik kart FREEWELL Pro CFexpress A\/B SD TF - IRONSKY.PL Sklep z Dronami","description":"Czytnik kart FREEWELL Pro CFexpress A\/B SD TF - \u2705 sklep z dronami i fachowym doradztwem. \u2705 Tutaj kupisz produkty DJI, Yuneec, Parrot, Syma i wiele innych, a tak\u017ce kursy i licencje na operatora drona.","robots":{"index":"index","follow":"follow","max-snippet":"max-snippet:-1","max-image-preview":"max-image-preview:large","max-video-preview":"max-video-preview:-1"},"canonical":"https:\/\/ironsky.pl\/sklep\/produkt\/czytnik-kart-freewell-pro-cfexpress-a-b-sd-tf\/","og_locale":"pl_PL","og_type":"article","og_title":"Czytnik kart FREEWELL Pro CFexpress A\/B SD TF - IRONSKY.PL Sklep z Dronami","og_description":"Czytnik kart FREEWELL Pro CFexpress A\/B SD TF - \u2705 sklep z dronami i fachowym doradztwem. \u2705 Tutaj kupisz produkty DJI, Yuneec, Parrot, Syma i wiele innych, a tak\u017ce kursy i licencje na operatora drona.","og_url":"https:\/\/ironsky.pl\/sklep\/produkt\/czytnik-kart-freewell-pro-cfexpress-a-b-sd-tf\/","og_site_name":"IRONSKY.PL Sklep z Dronami","article_modified_time":"2026-04-15T08:43:15+00:00","og_image":[{"width":800,"height":800,"url":"https:\/\/ironsky.pl\/sklep\/wp-content\/uploads\/2025\/06\/44280_4.jpg","type":"image\/jpeg"}],"twitter_card":"summary_large_image","twitter_misc":{"Szacowany czas czytania":"2 minuty"},"schema":{"@context":"https:\/\/schema.org","@graph":[{"@type":"WebPage","@id":"https:\/\/ironsky.pl\/sklep\/produkt\/czytnik-kart-freewell-pro-cfexpress-a-b-sd-tf\/","url":"https:\/\/ironsky.pl\/sklep\/produkt\/czytnik-kart-freewell-pro-cfexpress-a-b-sd-tf\/","name":"Czytnik kart FREEWELL Pro CFexpress A\/B SD TF - IRONSKY.PL Sklep z Dronami","isPartOf":{"@id":"https:\/\/ironsky.pl\/sklep\/#website"},"primaryImageOfPage":{"@id":"https:\/\/ironsky.pl\/sklep\/produkt\/czytnik-kart-freewell-pro-cfexpress-a-b-sd-tf\/#primaryimage"},"image":{"@id":"https:\/\/ironsky.pl\/sklep\/produkt\/czytnik-kart-freewell-pro-cfexpress-a-b-sd-tf\/#primaryimage"},"thumbnailUrl":"https:\/\/ironsky.pl\/sklep\/wp-content\/uploads\/2025\/06\/44280_4.jpg","datePublished":"2026-04-15T08:43:12+00:00","dateModified":"2026-04-15T08:43:15+00:00","description":"Czytnik kart FREEWELL Pro CFexpress A\/B SD TF - \u2705 sklep z dronami i fachowym doradztwem. \u2705 Tutaj kupisz produkty DJI, Yuneec, Parrot, Syma i wiele innych, a tak\u017ce kursy i licencje na operatora drona.","breadcrumb":{"@id":"https:\/\/ironsky.pl\/sklep\/produkt\/czytnik-kart-freewell-pro-cfexpress-a-b-sd-tf\/#breadcrumb"},"inLanguage":"pl-PL","potentialAction":[{"@type":"ReadAction","target":["https:\/\/ironsky.pl\/sklep\/produkt\/czytnik-kart-freewell-pro-cfexpress-a-b-sd-tf\/"]}]},{"@type":"ImageObject","inLanguage":"pl-PL","@id":"https:\/\/ironsky.pl\/sklep\/produkt\/czytnik-kart-freewell-pro-cfexpress-a-b-sd-tf\/#primaryimage","url":"https:\/\/ironsky.pl\/sklep\/wp-content\/uploads\/2025\/06\/44280_4.jpg","contentUrl":"https:\/\/ironsky.pl\/sklep\/wp-content\/uploads\/2025\/06\/44280_4.jpg","width":800,"height":800},{"@type":"BreadcrumbList","@id":"https:\/\/ironsky.pl\/sklep\/produkt\/czytnik-kart-freewell-pro-cfexpress-a-b-sd-tf\/#breadcrumb","itemListElement":[{"@type":"ListItem","position":1,"name":"Strona g\u0142\u00f3wna","item":"https:\/\/ironsky.pl\/sklep\/"},{"@type":"ListItem","position":2,"name":"Wszystkie produkty","item":"https:\/\/ironsky.pl\/sklep\/produkty\/"},{"@type":"ListItem","position":3,"name":"Czytnik kart FREEWELL Pro CFexpress A\/B SD TF"}]},{"@type":"WebSite","@id":"https:\/\/ironsky.pl\/sklep\/#website","url":"https:\/\/ironsky.pl\/sklep\/","name":"IRONSKY.PL Sklep z Dronami","description":"IRONSKY.PL Sklep z Dronami","potentialAction":[{"@type":"SearchAction","target":{"@type":"EntryPoint","urlTemplate":"https:\/\/ironsky.pl\/sklep\/?s={search_term_string}"},"query-input":{"@type":"PropertyValueSpecification","valueRequired":true,"valueName":"search_term_string"}}],"inLanguage":"pl-PL"}]}},"_links":{"self":[{"href":"https:\/\/ironsky.pl\/sklep\/wp-json\/wp\/v2\/product\/59041","targetHints":{"allow":["GET"]}}],"collection":[{"href":"https:\/\/ironsky.pl\/sklep\/wp-json\/wp\/v2\/product"}],"about":[{"href":"https:\/\/ironsky.pl\/sklep\/wp-json\/wp\/v2\/types\/product"}],"replies":[{"embeddable":true,"href":"https:\/\/ironsky.pl\/sklep\/wp-json\/wp\/v2\/comments?post=59041"}],"wp:featuredmedia":[{"embeddable":true,"href":"https:\/\/ironsky.pl\/sklep\/wp-json\/wp\/v2\/media\/45232"}],"wp:attachment":[{"href":"https:\/\/ironsky.pl\/sklep\/wp-json\/wp\/v2\/media?parent=59041"}],"wp:term":[{"taxonomy":"product_brand","embeddable":true,"href":"https:\/\/ironsky.pl\/sklep\/wp-json\/wp\/v2\/product_brand?post=59041"},{"taxonomy":"product_cat","embeddable":true,"href":"https:\/\/ironsky.pl\/sklep\/wp-json\/wp\/v2\/product_cat?post=59041"},{"taxonomy":"product_tag","embeddable":true,"href":"https:\/\/ironsky.pl\/sklep\/wp-json\/wp\/v2\/product_tag?post=59041"}],"curies":[{"name":"wp","href":"https:\/\/api.w.org\/{rel}","templated":true}]}}