{"id":58991,"date":"2026-04-15T10:42:39","date_gmt":"2026-04-15T08:42:39","guid":{"rendered":"https:\/\/ironsky.pl\/sklep\/produkt\/obudowa-ochronna-oslona-smigiel-sunnylife-do-dji-avata-2-pomaranczowa\/"},"modified":"2026-04-15T10:42:43","modified_gmt":"2026-04-15T08:42:43","slug":"obudowa-ochronna-oslona-smigiel-sunnylife-do-dji-avata-2-pomaranczowa","status":"publish","type":"product","link":"https:\/\/ironsky.pl\/sklep\/produkt\/obudowa-ochronna-oslona-smigiel-sunnylife-do-dji-avata-2-pomaranczowa\/","title":{"rendered":"Obudowa ochronna + os\u0142ona \u015bmigie\u0142 SUNNYLIFE do DJI Avata 2 (pomara\u0144czowa)"},"content":{"rendered":"<h3>Obudowa ochronna + os\u0142ona \u015bmigie\u0142 Sunnylife do DJI Avata 2 (pomara\u0144czowa)<\/h3>\n<p>Obudowa ochronna w po\u0142\u0105czeniu z os\u0142on\u0105 \u015bmigie\u0142 od Sunnylife to idealne rozwi\u0105zanie dla Ciebie \u2013 solidne, lekkie i efektywne w zapewnianiu ochrony Twojemu dronowi DJI Avata 2. Dzi\u0119ki specjalnie zaprojektowanej os\u0142onie, Tw\u00f3j dron b\u0119dzie bezpieczny nawet podczas l\u0105dowania w trybie Turtle Mode, a p\u0142ytka skutecznie eliminuje ryzyko zarysowa\u0144 i uszkodze\u0144. Wytrzyma\u0142y materia\u0142 absorbuje si\u0142\u0119 uderzenia, chroni\u0105c drona przed uszkodzeniami mechanicznymi podczas nag\u0142ych zderze\u0144 czy upadk\u00f3w. Mimo swojej solidnej konstrukcji, jest niezwykle lekka \u2013 wa\u017cy zaledwie 10 g, wi\u0119c nie musisz martwi\u0107 si\u0119 o dodatkowe obci\u0105\u017cenie dla drona.<\/p>\n<p>\n<img decoding=\"async\" src=\"https:\/\/assets.innpro.pl\/6908\/8047\/1.jpg\" border=\"0\" \/>\n<\/p>\n<div class=\"table-wrapper\">\n<p>\u00a0<\/p>\n<h3><\/h3>\n<table>\n<tbody>\n<tr>\n<th>Producent<\/th>\n<td>Sunnylife<\/td>\n<\/tr>\n<tr>\n<th>Model<\/th>\n<td>AT2-KC828-C<\/td>\n<\/tr>\n<tr>\n<th>Kolor<\/th>\n<td>Pomara\u0144czowy<\/td>\n<\/tr>\n<tr>\n<th>Kompatybilno\u015b\u0107<\/th>\n<td>DJI Avata 2<\/td>\n<\/tr>\n<tr>\n<th>Materia\u0142<\/th>\n<td>Plastik<\/td>\n<\/tr>\n<tr>\n<th>Waga<\/th>\n<td>10 g<\/td>\n<\/tr>\n<\/tbody>\n<\/table>\n<\/div>\n","protected":false},"excerpt":{"rendered":"<p>Obudowa ochronna + os\u0142ona \u015bmigie\u0142 Sunnylife do DJI Avata 2 (pomara\u0144czowa) Obudowa ochronna w po\u0142\u0105czeniu z os\u0142on\u0105 \u015bmigie\u0142 od Sunnylife<\/p>\n","protected":false},"featured_media":58992,"comment_status":"closed","ping_status":"open","template":"","meta":{"_acf_changed":false},"product_brand":[],"product_cat":[6167,6170,1088],"product_tag":[],"class_list":{"0":"post-58991","1":"product","2":"type-product","3":"status-publish","4":"has-post-thumbnail","6":"product_cat-akcesoria-do-dronow","7":"product_cat-dji-akcesoria-do-dronow","8":"product_cat-drony","9":"pa_okres-gwarancji-5754","10":"pa_producent-sunnylife","12":"first","13":"outofstock","14":"taxable","15":"shipping-taxable","16":"purchasable","17":"product-type-simple"},"acf":[],"yoast_head":"<!-- This site is optimized with the Yoast SEO plugin v27.2 - https:\/\/yoast.com\/product\/yoast-seo-wordpress\/ -->\n<title>Obudowa ochronna + os\u0142ona \u015bmigie\u0142 SUNNYLIFE do DJI Avata 2 (pomara\u0144czowa) - IRONSKY.PL Sklep z Dronami<\/title>\n<meta name=\"description\" content=\"Obudowa ochronna + os\u0142ona \u015bmigie\u0142 SUNNYLIFE do DJI Avata 2 (pomara\u0144czowa) - \u2705 sklep z dronami i fachowym doradztwem. \u2705 Tutaj kupisz produkty DJI, Yuneec, Parrot, Syma i wiele innych, a tak\u017ce kursy i licencje na operatora drona.\" \/>\n<meta name=\"robots\" content=\"index, follow, max-snippet:-1, max-image-preview:large, max-video-preview:-1\" \/>\n<link rel=\"canonical\" href=\"https:\/\/ironsky.pl\/sklep\/produkt\/obudowa-ochronna-oslona-smigiel-sunnylife-do-dji-avata-2-pomaranczowa\/\" \/>\n<meta property=\"og:locale\" content=\"pl_PL\" \/>\n<meta property=\"og:type\" content=\"article\" \/>\n<meta property=\"og:title\" content=\"Obudowa ochronna + os\u0142ona \u015bmigie\u0142 SUNNYLIFE do DJI Avata 2 (pomara\u0144czowa) - IRONSKY.PL Sklep z Dronami\" \/>\n<meta property=\"og:description\" content=\"Obudowa ochronna + os\u0142ona \u015bmigie\u0142 SUNNYLIFE do DJI Avata 2 (pomara\u0144czowa) - \u2705 sklep z dronami i fachowym doradztwem. \u2705 Tutaj kupisz produkty DJI, Yuneec, Parrot, Syma i wiele innych, a tak\u017ce kursy i licencje na operatora drona.\" \/>\n<meta property=\"og:url\" content=\"https:\/\/ironsky.pl\/sklep\/produkt\/obudowa-ochronna-oslona-smigiel-sunnylife-do-dji-avata-2-pomaranczowa\/\" \/>\n<meta property=\"og:site_name\" content=\"IRONSKY.PL Sklep z Dronami\" \/>\n<meta property=\"article:modified_time\" content=\"2026-04-15T08:42:43+00:00\" \/>\n<meta property=\"og:image\" content=\"https:\/\/ironsky.pl\/sklep\/wp-content\/uploads\/2026\/04\/44176_1.webp\" \/>\n\t<meta property=\"og:image:width\" content=\"800\" \/>\n\t<meta property=\"og:image:height\" content=\"800\" \/>\n\t<meta property=\"og:image:type\" content=\"image\/webp\" \/>\n<meta name=\"twitter:card\" content=\"summary_large_image\" \/>\n<meta name=\"twitter:label1\" content=\"Szacowany czas czytania\" \/>\n\t<meta name=\"twitter:data1\" content=\"1 minuta\" \/>\n<script type=\"application\/ld+json\" class=\"yoast-schema-graph\">{\"@context\":\"https:\/\/schema.org\",\"@graph\":[{\"@type\":\"WebPage\",\"@id\":\"https:\/\/ironsky.pl\/sklep\/produkt\/obudowa-ochronna-oslona-smigiel-sunnylife-do-dji-avata-2-pomaranczowa\/\",\"url\":\"https:\/\/ironsky.pl\/sklep\/produkt\/obudowa-ochronna-oslona-smigiel-sunnylife-do-dji-avata-2-pomaranczowa\/\",\"name\":\"Obudowa ochronna + os\u0142ona \u015bmigie\u0142 SUNNYLIFE do DJI Avata 2 (pomara\u0144czowa) - IRONSKY.PL Sklep z Dronami\",\"isPartOf\":{\"@id\":\"https:\/\/ironsky.pl\/sklep\/#website\"},\"primaryImageOfPage\":{\"@id\":\"https:\/\/ironsky.pl\/sklep\/produkt\/obudowa-ochronna-oslona-smigiel-sunnylife-do-dji-avata-2-pomaranczowa\/#primaryimage\"},\"image\":{\"@id\":\"https:\/\/ironsky.pl\/sklep\/produkt\/obudowa-ochronna-oslona-smigiel-sunnylife-do-dji-avata-2-pomaranczowa\/#primaryimage\"},\"thumbnailUrl\":\"https:\/\/ironsky.pl\/sklep\/wp-content\/uploads\/2026\/04\/44176_1.webp\",\"datePublished\":\"2026-04-15T08:42:39+00:00\",\"dateModified\":\"2026-04-15T08:42:43+00:00\",\"description\":\"Obudowa ochronna + os\u0142ona \u015bmigie\u0142 SUNNYLIFE do DJI Avata 2 (pomara\u0144czowa) - \u2705 sklep z dronami i fachowym doradztwem. \u2705 Tutaj kupisz produkty DJI, Yuneec, Parrot, Syma i wiele innych, a tak\u017ce kursy i licencje na operatora drona.\",\"breadcrumb\":{\"@id\":\"https:\/\/ironsky.pl\/sklep\/produkt\/obudowa-ochronna-oslona-smigiel-sunnylife-do-dji-avata-2-pomaranczowa\/#breadcrumb\"},\"inLanguage\":\"pl-PL\",\"potentialAction\":[{\"@type\":\"ReadAction\",\"target\":[\"https:\/\/ironsky.pl\/sklep\/produkt\/obudowa-ochronna-oslona-smigiel-sunnylife-do-dji-avata-2-pomaranczowa\/\"]}]},{\"@type\":\"ImageObject\",\"inLanguage\":\"pl-PL\",\"@id\":\"https:\/\/ironsky.pl\/sklep\/produkt\/obudowa-ochronna-oslona-smigiel-sunnylife-do-dji-avata-2-pomaranczowa\/#primaryimage\",\"url\":\"https:\/\/ironsky.pl\/sklep\/wp-content\/uploads\/2026\/04\/44176_1.webp\",\"contentUrl\":\"https:\/\/ironsky.pl\/sklep\/wp-content\/uploads\/2026\/04\/44176_1.webp\",\"width\":800,\"height\":800},{\"@type\":\"BreadcrumbList\",\"@id\":\"https:\/\/ironsky.pl\/sklep\/produkt\/obudowa-ochronna-oslona-smigiel-sunnylife-do-dji-avata-2-pomaranczowa\/#breadcrumb\",\"itemListElement\":[{\"@type\":\"ListItem\",\"position\":1,\"name\":\"Strona g\u0142\u00f3wna\",\"item\":\"https:\/\/ironsky.pl\/sklep\/\"},{\"@type\":\"ListItem\",\"position\":2,\"name\":\"Wszystkie produkty\",\"item\":\"https:\/\/ironsky.pl\/sklep\/produkty\/\"},{\"@type\":\"ListItem\",\"position\":3,\"name\":\"Obudowa ochronna + os\u0142ona \u015bmigie\u0142 SUNNYLIFE do DJI Avata 2 (pomara\u0144czowa)\"}]},{\"@type\":\"WebSite\",\"@id\":\"https:\/\/ironsky.pl\/sklep\/#website\",\"url\":\"https:\/\/ironsky.pl\/sklep\/\",\"name\":\"IRONSKY.PL Sklep z Dronami\",\"description\":\"IRONSKY.PL Sklep z Dronami\",\"potentialAction\":[{\"@type\":\"SearchAction\",\"target\":{\"@type\":\"EntryPoint\",\"urlTemplate\":\"https:\/\/ironsky.pl\/sklep\/?s={search_term_string}\"},\"query-input\":{\"@type\":\"PropertyValueSpecification\",\"valueRequired\":true,\"valueName\":\"search_term_string\"}}],\"inLanguage\":\"pl-PL\"}]}<\/script>\n<!-- \/ Yoast SEO plugin. -->","yoast_head_json":{"title":"Obudowa ochronna + os\u0142ona \u015bmigie\u0142 SUNNYLIFE do DJI Avata 2 (pomara\u0144czowa) - IRONSKY.PL Sklep z Dronami","description":"Obudowa ochronna + os\u0142ona \u015bmigie\u0142 SUNNYLIFE do DJI Avata 2 (pomara\u0144czowa) - \u2705 sklep z dronami i fachowym doradztwem. \u2705 Tutaj kupisz produkty DJI, Yuneec, Parrot, Syma i wiele innych, a tak\u017ce kursy i licencje na operatora drona.","robots":{"index":"index","follow":"follow","max-snippet":"max-snippet:-1","max-image-preview":"max-image-preview:large","max-video-preview":"max-video-preview:-1"},"canonical":"https:\/\/ironsky.pl\/sklep\/produkt\/obudowa-ochronna-oslona-smigiel-sunnylife-do-dji-avata-2-pomaranczowa\/","og_locale":"pl_PL","og_type":"article","og_title":"Obudowa ochronna + os\u0142ona \u015bmigie\u0142 SUNNYLIFE do DJI Avata 2 (pomara\u0144czowa) - IRONSKY.PL Sklep z Dronami","og_description":"Obudowa ochronna + os\u0142ona \u015bmigie\u0142 SUNNYLIFE do DJI Avata 2 (pomara\u0144czowa) - \u2705 sklep z dronami i fachowym doradztwem. \u2705 Tutaj kupisz produkty DJI, Yuneec, Parrot, Syma i wiele innych, a tak\u017ce kursy i licencje na operatora drona.","og_url":"https:\/\/ironsky.pl\/sklep\/produkt\/obudowa-ochronna-oslona-smigiel-sunnylife-do-dji-avata-2-pomaranczowa\/","og_site_name":"IRONSKY.PL Sklep z Dronami","article_modified_time":"2026-04-15T08:42:43+00:00","og_image":[{"width":800,"height":800,"url":"https:\/\/ironsky.pl\/sklep\/wp-content\/uploads\/2026\/04\/44176_1.webp","type":"image\/webp"}],"twitter_card":"summary_large_image","twitter_misc":{"Szacowany czas czytania":"1 minuta"},"schema":{"@context":"https:\/\/schema.org","@graph":[{"@type":"WebPage","@id":"https:\/\/ironsky.pl\/sklep\/produkt\/obudowa-ochronna-oslona-smigiel-sunnylife-do-dji-avata-2-pomaranczowa\/","url":"https:\/\/ironsky.pl\/sklep\/produkt\/obudowa-ochronna-oslona-smigiel-sunnylife-do-dji-avata-2-pomaranczowa\/","name":"Obudowa ochronna + os\u0142ona \u015bmigie\u0142 SUNNYLIFE do DJI Avata 2 (pomara\u0144czowa) - IRONSKY.PL Sklep z Dronami","isPartOf":{"@id":"https:\/\/ironsky.pl\/sklep\/#website"},"primaryImageOfPage":{"@id":"https:\/\/ironsky.pl\/sklep\/produkt\/obudowa-ochronna-oslona-smigiel-sunnylife-do-dji-avata-2-pomaranczowa\/#primaryimage"},"image":{"@id":"https:\/\/ironsky.pl\/sklep\/produkt\/obudowa-ochronna-oslona-smigiel-sunnylife-do-dji-avata-2-pomaranczowa\/#primaryimage"},"thumbnailUrl":"https:\/\/ironsky.pl\/sklep\/wp-content\/uploads\/2026\/04\/44176_1.webp","datePublished":"2026-04-15T08:42:39+00:00","dateModified":"2026-04-15T08:42:43+00:00","description":"Obudowa ochronna + os\u0142ona \u015bmigie\u0142 SUNNYLIFE do DJI Avata 2 (pomara\u0144czowa) - \u2705 sklep z dronami i fachowym doradztwem. \u2705 Tutaj kupisz produkty DJI, Yuneec, Parrot, Syma i wiele innych, a tak\u017ce kursy i licencje na operatora drona.","breadcrumb":{"@id":"https:\/\/ironsky.pl\/sklep\/produkt\/obudowa-ochronna-oslona-smigiel-sunnylife-do-dji-avata-2-pomaranczowa\/#breadcrumb"},"inLanguage":"pl-PL","potentialAction":[{"@type":"ReadAction","target":["https:\/\/ironsky.pl\/sklep\/produkt\/obudowa-ochronna-oslona-smigiel-sunnylife-do-dji-avata-2-pomaranczowa\/"]}]},{"@type":"ImageObject","inLanguage":"pl-PL","@id":"https:\/\/ironsky.pl\/sklep\/produkt\/obudowa-ochronna-oslona-smigiel-sunnylife-do-dji-avata-2-pomaranczowa\/#primaryimage","url":"https:\/\/ironsky.pl\/sklep\/wp-content\/uploads\/2026\/04\/44176_1.webp","contentUrl":"https:\/\/ironsky.pl\/sklep\/wp-content\/uploads\/2026\/04\/44176_1.webp","width":800,"height":800},{"@type":"BreadcrumbList","@id":"https:\/\/ironsky.pl\/sklep\/produkt\/obudowa-ochronna-oslona-smigiel-sunnylife-do-dji-avata-2-pomaranczowa\/#breadcrumb","itemListElement":[{"@type":"ListItem","position":1,"name":"Strona g\u0142\u00f3wna","item":"https:\/\/ironsky.pl\/sklep\/"},{"@type":"ListItem","position":2,"name":"Wszystkie produkty","item":"https:\/\/ironsky.pl\/sklep\/produkty\/"},{"@type":"ListItem","position":3,"name":"Obudowa ochronna + os\u0142ona \u015bmigie\u0142 SUNNYLIFE do DJI Avata 2 (pomara\u0144czowa)"}]},{"@type":"WebSite","@id":"https:\/\/ironsky.pl\/sklep\/#website","url":"https:\/\/ironsky.pl\/sklep\/","name":"IRONSKY.PL Sklep z Dronami","description":"IRONSKY.PL Sklep z Dronami","potentialAction":[{"@type":"SearchAction","target":{"@type":"EntryPoint","urlTemplate":"https:\/\/ironsky.pl\/sklep\/?s={search_term_string}"},"query-input":{"@type":"PropertyValueSpecification","valueRequired":true,"valueName":"search_term_string"}}],"inLanguage":"pl-PL"}]}},"_links":{"self":[{"href":"https:\/\/ironsky.pl\/sklep\/wp-json\/wp\/v2\/product\/58991","targetHints":{"allow":["GET"]}}],"collection":[{"href":"https:\/\/ironsky.pl\/sklep\/wp-json\/wp\/v2\/product"}],"about":[{"href":"https:\/\/ironsky.pl\/sklep\/wp-json\/wp\/v2\/types\/product"}],"replies":[{"embeddable":true,"href":"https:\/\/ironsky.pl\/sklep\/wp-json\/wp\/v2\/comments?post=58991"}],"wp:featuredmedia":[{"embeddable":true,"href":"https:\/\/ironsky.pl\/sklep\/wp-json\/wp\/v2\/media\/58992"}],"wp:attachment":[{"href":"https:\/\/ironsky.pl\/sklep\/wp-json\/wp\/v2\/media?parent=58991"}],"wp:term":[{"taxonomy":"product_brand","embeddable":true,"href":"https:\/\/ironsky.pl\/sklep\/wp-json\/wp\/v2\/product_brand?post=58991"},{"taxonomy":"product_cat","embeddable":true,"href":"https:\/\/ironsky.pl\/sklep\/wp-json\/wp\/v2\/product_cat?post=58991"},{"taxonomy":"product_tag","embeddable":true,"href":"https:\/\/ironsky.pl\/sklep\/wp-json\/wp\/v2\/product_tag?post=58991"}],"curies":[{"name":"wp","href":"https:\/\/api.w.org\/{rel}","templated":true}]}}