{"id":58982,"date":"2026-04-15T10:42:21","date_gmt":"2026-04-15T08:42:21","guid":{"rendered":"https:\/\/ironsky.pl\/sklep\/produkt\/hub-ugreen-cm681-11-portowy-szary\/"},"modified":"2026-04-15T10:42:36","modified_gmt":"2026-04-15T08:42:36","slug":"hub-ugreen-cm681-11-portowy-szary","status":"publish","type":"product","link":"https:\/\/ironsky.pl\/sklep\/produkt\/hub-ugreen-cm681-11-portowy-szary\/","title":{"rendered":"Hub UGREEN CM681 11-portowy (szary)"},"content":{"rendered":"<h3>Hub USB-C Ugreen CM681, 3x USB, 2x HDMI, RJ45, SD\/TF, AUX, 2x USB-C (szary)<\/h3>\n<p>Zwi\u0119ksz swoj\u0105 produktywno\u015b\u0107 z hubem Ugreen CM681! Oferuje on a\u017c 11 r\u00f3\u017cnorodnych port\u00f3w, pozwalaj\u0105c Ci maksymalnie wykorzysta\u0107 Twojego urz\u0105dzenia. Dzi\u0119ki jego szerokiej kompatybilno\u015bci mo\u017cesz z powodzeniem korzysta\u0107 z niego zar\u00f3wno w po\u0142\u0105czeniu z laptopami, jak i tabletami.<\/p>\n<p>\n<img decoding=\"async\" src=\"https:\/\/assets.innpro.pl\/7117\/8286\/7.jpg\" border=\"0\" \/>\n<\/p>\n<h3>Transfer szybszy ni\u017c my\u015blisz<\/h3>\n<p>Przesy\u0142anie plik\u00f3w nigdy nie by\u0142o szybsze! Porty USB 3.2 oraz USB-C 3.2 zapewniaj\u0105 niesamowit\u0105 pr\u0119dko\u015b\u0107 transferu si\u0119gaj\u0105c\u0105 a\u017c 10 Gbps. Dzi\u0119ki temu w zaledwie kilka chwil prze\u015blesz potrzebne zdj\u0119cia, filmy czy dokumenty mi\u0119dzy wybranymi urz\u0105dzeniami.<\/p>\n<p>\n<img decoding=\"async\" src=\"https:\/\/assets.innpro.pl\/7117\/8286\/1.jpg\" border=\"0\" \/>\n<\/p>\n<h3>Niepowtarzalna jako\u015b\u0107 obrazu<\/h3>\n<p>Z portami HDMI-1 i HDMI-2, Ugreen CM681 pozwala na przesy\u0142anie obrazu w niesamowitej jako\u015bci. Port HDMI-1 wspiera rozdzielczo\u015b\u0107 4K@60Hz, podczas gdy port HDMI-2 zapewnia niezwyk\u0142\u0105 jako\u015b\u0107 8K@30Hz, dostarczaj\u0105c niezwykle klarowny i bogaty w szczeg\u00f3\u0142y obraz. Wspieraj\u0105 one r\u00f3wnie\u017c r\u00f3\u017cne tryby wy\u015bwietlania.<\/p>\n<p>\n<img decoding=\"async\" src=\"https:\/\/assets.innpro.pl\/7117\/8286\/3.jpg\" border=\"0\" \/>\n<\/p>\n<h3>Pe\u0142na moc w kilka chwil<\/h3>\n<p>Ugreen CM681 nie tylko rozszerza funkcjonalno\u015b\u0107 Twojego urz\u0105dzenia, ale tak\u017ce zapewnia b\u0142yskawiczne \u0142adowanie. Port USB-C mo\u017ce obs\u0142u\u017cy\u0107 \u0142adowanie z moc\u0105 do 100 W, dzi\u0119ki czemu w mgnieniu oka przywr\u00f3cisz energi\u0119 wybranym urz\u0105dzeniom.<\/p>\n<p>\n<img decoding=\"async\" src=\"https:\/\/assets.innpro.pl\/7117\/8286\/2.jpg\" border=\"0\" \/>\n<\/p>\n<h3>Stabilne po\u0142\u0105czenie internetowe<\/h3>\n<p>Nie tra\u0107 po\u0142\u0105czenia z Internetem! Z portem Ethernet RJ45, hub Ugreen CM681 gwarantuje stabilne po\u0142\u0105czenie z pr\u0119dko\u015bci\u0105 do 1000 Mbps. Dzi\u0119ki temu mo\u017cesz cieszy\u0107 si\u0119 p\u0142ynnym przesy\u0142aniem danych, szybkim dost\u0119pem do sieci oraz nieprzerwanym po\u0142\u0105czeniem nawet w najbardziej wymagaj\u0105cych sytuacjach<\/p>\n<p>\n<img decoding=\"async\" src=\"https:\/\/assets.innpro.pl\/7117\/8286\/5.jpg\" border=\"0\" \/>\n<\/p>\n<div class=\"table-wrapper\">\n<p>\u00a0<\/p>\n<h3><\/h3>\n<table>\n<tbody>\n<tr>\n<th>Producent<\/th>\n<td>Ugreen<\/td>\n<\/tr>\n<tr>\n<th>Model<\/th>\n<td>CM681<\/td>\n<\/tr>\n<tr>\n<th>Kolor<\/th>\n<td>Szary<\/td>\n<\/tr>\n<tr>\n<th>Porty<\/th>\n<td>2x USB 3.2, USB 3.0, 2x HDMI, RJ45, slot na kart\u0119 pami\u0119ci SD, slot na kart\u0119 pami\u0119ci TF, AUX, USB-C 3.2, USB-C<\/td>\n<\/tr>\n<tr>\n<th>Port HDMI-1<\/th>\n<td>Wspierana rozdzielczo\u015b\u0107: 4K@60Hz<\/td>\n<\/tr>\n<tr>\n<th>Port HDMI-2<\/th>\n<td>Wspierana rozdzielczo\u015b\u0107: 8K@30Hz<\/td>\n<\/tr>\n<tr>\n<th>Port USB 3.2<\/th>\n<td>Pr\u0119dko\u015b\u0107 transferu danych: 10 Gbps<\/td>\n<\/tr>\n<tr>\n<th>Port USB 3.0<\/th>\n<td>Pr\u0119dko\u015b\u0107 transferu danych<\/td>\n<\/tr>\n<tr>\n<th>Port USB-C 3.2<\/th>\n<td>Pr\u0119dko\u015b\u0107 transferu danych: 10 Gbps <\/td>\n<\/tr>\n<tr>\n<th>Port USB-C<\/th>\n<td>Moc \u0142adowania: PD100 W<\/td>\n<\/tr>\n<tr>\n<th>Port Ethernet<\/th>\n<td>Pr\u0119dko\u015b\u0107: 1000 Mbps<\/td>\n<\/tr>\n<tr>\n<th>Slot na kart\u0119 pami\u0119ci SD&amp;TF<\/th>\n<td>Pr\u0119dko\u015b\u0107 odczytu: 104 Mbps<\/td>\n<\/tr>\n<tr>\n<th>Kompatybilne systemy operacyjny<\/th>\n<td>Windows, macOS, iPadOS<\/td>\n<\/tr>\n<\/tbody>\n<\/table>\n<\/div>\n","protected":false},"excerpt":{"rendered":"<p>Hub USB-C Ugreen CM681, 3x USB, 2x HDMI, RJ45, SD\/TF, AUX, 2x USB-C (szary) Zwi\u0119ksz swoj\u0105 produktywno\u015b\u0107 z hubem Ugreen<\/p>\n","protected":false},"featured_media":45165,"comment_status":"closed","ping_status":"open","template":"","meta":{"_acf_changed":false},"product_brand":[],"product_cat":[5929,5934],"product_tag":[],"class_list":{"0":"post-58982","1":"product","2":"type-product","3":"status-publish","4":"has-post-thumbnail","6":"product_cat-akcesoria-it","7":"product_cat-huby","8":"pa_okres-gwarancji-5757","9":"pa_producent-ugreen","11":"first","12":"outofstock","13":"taxable","14":"shipping-taxable","15":"purchasable","16":"product-type-simple"},"acf":[],"yoast_head":"<!-- This site is optimized with the Yoast SEO plugin v27.2 - https:\/\/yoast.com\/product\/yoast-seo-wordpress\/ -->\n<title>Hub UGREEN CM681 11-portowy (szary) - IRONSKY.PL Sklep z Dronami<\/title>\n<meta name=\"description\" content=\"Hub UGREEN CM681 11-portowy (szary) - \u2705 sklep z dronami i fachowym doradztwem. \u2705 Tutaj kupisz produkty DJI, Yuneec, Parrot, Syma i wiele innych, a tak\u017ce kursy i licencje na operatora drona.\" \/>\n<meta name=\"robots\" content=\"index, follow, max-snippet:-1, max-image-preview:large, max-video-preview:-1\" \/>\n<link rel=\"canonical\" href=\"https:\/\/ironsky.pl\/sklep\/produkt\/hub-ugreen-cm681-11-portowy-szary\/\" \/>\n<meta property=\"og:locale\" content=\"pl_PL\" \/>\n<meta property=\"og:type\" content=\"article\" \/>\n<meta property=\"og:title\" content=\"Hub UGREEN CM681 11-portowy (szary) - IRONSKY.PL Sklep z Dronami\" \/>\n<meta property=\"og:description\" content=\"Hub UGREEN CM681 11-portowy (szary) - \u2705 sklep z dronami i fachowym doradztwem. \u2705 Tutaj kupisz produkty DJI, Yuneec, Parrot, Syma i wiele innych, a tak\u017ce kursy i licencje na operatora drona.\" \/>\n<meta property=\"og:url\" content=\"https:\/\/ironsky.pl\/sklep\/produkt\/hub-ugreen-cm681-11-portowy-szary\/\" \/>\n<meta property=\"og:site_name\" content=\"IRONSKY.PL Sklep z Dronami\" \/>\n<meta property=\"article:modified_time\" content=\"2026-04-15T08:42:36+00:00\" \/>\n<meta property=\"og:image\" content=\"https:\/\/ironsky.pl\/sklep\/wp-content\/uploads\/2025\/06\/44042_1.jpg\" \/>\n\t<meta property=\"og:image:width\" content=\"800\" \/>\n\t<meta property=\"og:image:height\" content=\"800\" \/>\n\t<meta property=\"og:image:type\" content=\"image\/jpeg\" \/>\n<meta name=\"twitter:card\" content=\"summary_large_image\" \/>\n<meta name=\"twitter:label1\" content=\"Szacowany czas czytania\" \/>\n\t<meta name=\"twitter:data1\" content=\"2 minuty\" \/>\n<script type=\"application\/ld+json\" class=\"yoast-schema-graph\">{\"@context\":\"https:\/\/schema.org\",\"@graph\":[{\"@type\":\"WebPage\",\"@id\":\"https:\/\/ironsky.pl\/sklep\/produkt\/hub-ugreen-cm681-11-portowy-szary\/\",\"url\":\"https:\/\/ironsky.pl\/sklep\/produkt\/hub-ugreen-cm681-11-portowy-szary\/\",\"name\":\"Hub UGREEN CM681 11-portowy (szary) - IRONSKY.PL Sklep z Dronami\",\"isPartOf\":{\"@id\":\"https:\/\/ironsky.pl\/sklep\/#website\"},\"primaryImageOfPage\":{\"@id\":\"https:\/\/ironsky.pl\/sklep\/produkt\/hub-ugreen-cm681-11-portowy-szary\/#primaryimage\"},\"image\":{\"@id\":\"https:\/\/ironsky.pl\/sklep\/produkt\/hub-ugreen-cm681-11-portowy-szary\/#primaryimage\"},\"thumbnailUrl\":\"https:\/\/ironsky.pl\/sklep\/wp-content\/uploads\/2025\/06\/44042_1.jpg\",\"datePublished\":\"2026-04-15T08:42:21+00:00\",\"dateModified\":\"2026-04-15T08:42:36+00:00\",\"description\":\"Hub UGREEN CM681 11-portowy (szary) - \u2705 sklep z dronami i fachowym doradztwem. \u2705 Tutaj kupisz produkty DJI, Yuneec, Parrot, Syma i wiele innych, a tak\u017ce kursy i licencje na operatora drona.\",\"breadcrumb\":{\"@id\":\"https:\/\/ironsky.pl\/sklep\/produkt\/hub-ugreen-cm681-11-portowy-szary\/#breadcrumb\"},\"inLanguage\":\"pl-PL\",\"potentialAction\":[{\"@type\":\"ReadAction\",\"target\":[\"https:\/\/ironsky.pl\/sklep\/produkt\/hub-ugreen-cm681-11-portowy-szary\/\"]}]},{\"@type\":\"ImageObject\",\"inLanguage\":\"pl-PL\",\"@id\":\"https:\/\/ironsky.pl\/sklep\/produkt\/hub-ugreen-cm681-11-portowy-szary\/#primaryimage\",\"url\":\"https:\/\/ironsky.pl\/sklep\/wp-content\/uploads\/2025\/06\/44042_1.jpg\",\"contentUrl\":\"https:\/\/ironsky.pl\/sklep\/wp-content\/uploads\/2025\/06\/44042_1.jpg\",\"width\":800,\"height\":800},{\"@type\":\"BreadcrumbList\",\"@id\":\"https:\/\/ironsky.pl\/sklep\/produkt\/hub-ugreen-cm681-11-portowy-szary\/#breadcrumb\",\"itemListElement\":[{\"@type\":\"ListItem\",\"position\":1,\"name\":\"Strona g\u0142\u00f3wna\",\"item\":\"https:\/\/ironsky.pl\/sklep\/\"},{\"@type\":\"ListItem\",\"position\":2,\"name\":\"Wszystkie produkty\",\"item\":\"https:\/\/ironsky.pl\/sklep\/produkty\/\"},{\"@type\":\"ListItem\",\"position\":3,\"name\":\"Hub UGREEN CM681 11-portowy (szary)\"}]},{\"@type\":\"WebSite\",\"@id\":\"https:\/\/ironsky.pl\/sklep\/#website\",\"url\":\"https:\/\/ironsky.pl\/sklep\/\",\"name\":\"IRONSKY.PL Sklep z Dronami\",\"description\":\"IRONSKY.PL Sklep z Dronami\",\"potentialAction\":[{\"@type\":\"SearchAction\",\"target\":{\"@type\":\"EntryPoint\",\"urlTemplate\":\"https:\/\/ironsky.pl\/sklep\/?s={search_term_string}\"},\"query-input\":{\"@type\":\"PropertyValueSpecification\",\"valueRequired\":true,\"valueName\":\"search_term_string\"}}],\"inLanguage\":\"pl-PL\"}]}<\/script>\n<!-- \/ Yoast SEO plugin. -->","yoast_head_json":{"title":"Hub UGREEN CM681 11-portowy (szary) - IRONSKY.PL Sklep z Dronami","description":"Hub UGREEN CM681 11-portowy (szary) - \u2705 sklep z dronami i fachowym doradztwem. \u2705 Tutaj kupisz produkty DJI, Yuneec, Parrot, Syma i wiele innych, a tak\u017ce kursy i licencje na operatora drona.","robots":{"index":"index","follow":"follow","max-snippet":"max-snippet:-1","max-image-preview":"max-image-preview:large","max-video-preview":"max-video-preview:-1"},"canonical":"https:\/\/ironsky.pl\/sklep\/produkt\/hub-ugreen-cm681-11-portowy-szary\/","og_locale":"pl_PL","og_type":"article","og_title":"Hub UGREEN CM681 11-portowy (szary) - IRONSKY.PL Sklep z Dronami","og_description":"Hub UGREEN CM681 11-portowy (szary) - \u2705 sklep z dronami i fachowym doradztwem. \u2705 Tutaj kupisz produkty DJI, Yuneec, Parrot, Syma i wiele innych, a tak\u017ce kursy i licencje na operatora drona.","og_url":"https:\/\/ironsky.pl\/sklep\/produkt\/hub-ugreen-cm681-11-portowy-szary\/","og_site_name":"IRONSKY.PL Sklep z Dronami","article_modified_time":"2026-04-15T08:42:36+00:00","og_image":[{"width":800,"height":800,"url":"https:\/\/ironsky.pl\/sklep\/wp-content\/uploads\/2025\/06\/44042_1.jpg","type":"image\/jpeg"}],"twitter_card":"summary_large_image","twitter_misc":{"Szacowany czas czytania":"2 minuty"},"schema":{"@context":"https:\/\/schema.org","@graph":[{"@type":"WebPage","@id":"https:\/\/ironsky.pl\/sklep\/produkt\/hub-ugreen-cm681-11-portowy-szary\/","url":"https:\/\/ironsky.pl\/sklep\/produkt\/hub-ugreen-cm681-11-portowy-szary\/","name":"Hub UGREEN CM681 11-portowy (szary) - IRONSKY.PL Sklep z Dronami","isPartOf":{"@id":"https:\/\/ironsky.pl\/sklep\/#website"},"primaryImageOfPage":{"@id":"https:\/\/ironsky.pl\/sklep\/produkt\/hub-ugreen-cm681-11-portowy-szary\/#primaryimage"},"image":{"@id":"https:\/\/ironsky.pl\/sklep\/produkt\/hub-ugreen-cm681-11-portowy-szary\/#primaryimage"},"thumbnailUrl":"https:\/\/ironsky.pl\/sklep\/wp-content\/uploads\/2025\/06\/44042_1.jpg","datePublished":"2026-04-15T08:42:21+00:00","dateModified":"2026-04-15T08:42:36+00:00","description":"Hub UGREEN CM681 11-portowy (szary) - \u2705 sklep z dronami i fachowym doradztwem. \u2705 Tutaj kupisz produkty DJI, Yuneec, Parrot, Syma i wiele innych, a tak\u017ce kursy i licencje na operatora drona.","breadcrumb":{"@id":"https:\/\/ironsky.pl\/sklep\/produkt\/hub-ugreen-cm681-11-portowy-szary\/#breadcrumb"},"inLanguage":"pl-PL","potentialAction":[{"@type":"ReadAction","target":["https:\/\/ironsky.pl\/sklep\/produkt\/hub-ugreen-cm681-11-portowy-szary\/"]}]},{"@type":"ImageObject","inLanguage":"pl-PL","@id":"https:\/\/ironsky.pl\/sklep\/produkt\/hub-ugreen-cm681-11-portowy-szary\/#primaryimage","url":"https:\/\/ironsky.pl\/sklep\/wp-content\/uploads\/2025\/06\/44042_1.jpg","contentUrl":"https:\/\/ironsky.pl\/sklep\/wp-content\/uploads\/2025\/06\/44042_1.jpg","width":800,"height":800},{"@type":"BreadcrumbList","@id":"https:\/\/ironsky.pl\/sklep\/produkt\/hub-ugreen-cm681-11-portowy-szary\/#breadcrumb","itemListElement":[{"@type":"ListItem","position":1,"name":"Strona g\u0142\u00f3wna","item":"https:\/\/ironsky.pl\/sklep\/"},{"@type":"ListItem","position":2,"name":"Wszystkie produkty","item":"https:\/\/ironsky.pl\/sklep\/produkty\/"},{"@type":"ListItem","position":3,"name":"Hub UGREEN CM681 11-portowy (szary)"}]},{"@type":"WebSite","@id":"https:\/\/ironsky.pl\/sklep\/#website","url":"https:\/\/ironsky.pl\/sklep\/","name":"IRONSKY.PL Sklep z Dronami","description":"IRONSKY.PL Sklep z Dronami","potentialAction":[{"@type":"SearchAction","target":{"@type":"EntryPoint","urlTemplate":"https:\/\/ironsky.pl\/sklep\/?s={search_term_string}"},"query-input":{"@type":"PropertyValueSpecification","valueRequired":true,"valueName":"search_term_string"}}],"inLanguage":"pl-PL"}]}},"_links":{"self":[{"href":"https:\/\/ironsky.pl\/sklep\/wp-json\/wp\/v2\/product\/58982","targetHints":{"allow":["GET"]}}],"collection":[{"href":"https:\/\/ironsky.pl\/sklep\/wp-json\/wp\/v2\/product"}],"about":[{"href":"https:\/\/ironsky.pl\/sklep\/wp-json\/wp\/v2\/types\/product"}],"replies":[{"embeddable":true,"href":"https:\/\/ironsky.pl\/sklep\/wp-json\/wp\/v2\/comments?post=58982"}],"wp:featuredmedia":[{"embeddable":true,"href":"https:\/\/ironsky.pl\/sklep\/wp-json\/wp\/v2\/media\/45165"}],"wp:attachment":[{"href":"https:\/\/ironsky.pl\/sklep\/wp-json\/wp\/v2\/media?parent=58982"}],"wp:term":[{"taxonomy":"product_brand","embeddable":true,"href":"https:\/\/ironsky.pl\/sklep\/wp-json\/wp\/v2\/product_brand?post=58982"},{"taxonomy":"product_cat","embeddable":true,"href":"https:\/\/ironsky.pl\/sklep\/wp-json\/wp\/v2\/product_cat?post=58982"},{"taxonomy":"product_tag","embeddable":true,"href":"https:\/\/ironsky.pl\/sklep\/wp-json\/wp\/v2\/product_tag?post=58982"}],"curies":[{"name":"wp","href":"https:\/\/api.w.org\/{rel}","templated":true}]}}