{"id":58939,"date":"2026-04-15T10:41:50","date_gmt":"2026-04-15T08:41:50","guid":{"rendered":"https:\/\/ironsky.pl\/sklep\/produkt\/uprzaz-piersiowa-sunnylife-dji-rc-rc-2\/"},"modified":"2026-04-15T10:42:05","modified_gmt":"2026-04-15T08:42:05","slug":"uprzaz-piersiowa-sunnylife-dji-rc-rc-2","status":"publish","type":"product","link":"https:\/\/ironsky.pl\/sklep\/produkt\/uprzaz-piersiowa-sunnylife-dji-rc-rc-2\/","title":{"rendered":"Uprz\u0105\u017c piersiowa SUNNYLIFE DJI RC\/RC 2"},"content":{"rendered":"<h3>Mocowanie na klatk\u0119 piersiow\u0105 SUNNYLIFE do kontrolera DJI RC \/ RC 2<\/h3>\n<p>Mocowanie na klatk\u0119 piersiow\u0105 od Sunnylife, idealne dopasowanie dla Twojego kontrolera DJI RC\/RC 2, umo\u017cliwi Ci swobodne korzystanie z drona w ka\u017cdej sytuacji. Dzi\u0119ki niemu mo\u017cesz uwolni\u0107 swoje r\u0119ce i cieszy\u0107 si\u0119 doskona\u0142ymi uj\u0119ciami z powietrza, bez konieczno\u015bci trzymania kontrolera w swoich r\u0119kach przez ca\u0142y. Regulacja k\u0105ta pozwala na dopasowanie mocowania do Twoich preferencji, zapewniaj\u0105c maksymaln\u0105 wygod\u0119 podczas u\u017cytkowania. Sk\u0142adny design u\u0142atwi przechowywanie i transport kontrolera w przerwie mi\u0119dzy uj\u0119ciami. Dzi\u0119ki 5 klamrom mo\u017cesz z \u0142atwo\u015bci\u0105 dostosowa\u0107 pas zar\u00f3wno w pionie, jak i poziomie do w\u0142asnych potrzeb.<\/p>\n<p>\n<img decoding=\"async\" src=\"https:\/\/assets.innpro.pl\/6876\/8015\/3.jpg\" border=\"0\" \/>\n<\/p>\n<div class=\"table-wrapper\">\n<p>\u00a0<\/p>\n<h3><\/h3>\n<table>\n<tbody>\n<tr>\n<th>Producent<\/th>\n<td>Sunnylife<\/td>\n<\/tr>\n<tr>\n<th>Model<\/th>\n<td>ZJ773-GY<\/td>\n<\/tr>\n<tr>\n<th>Kompatybilno\u015b\u0107<\/th>\n<td>DJI RC \/ RC 2<\/td>\n<\/tr>\n<tr>\n<th>Waga<\/th>\n<td>248 g<\/td>\n<\/tr>\n<\/tbody>\n<\/table>\n<\/div>\n","protected":false},"excerpt":{"rendered":"<p>Mocowanie na klatk\u0119 piersiow\u0105 SUNNYLIFE do kontrolera DJI RC \/ RC 2 Mocowanie na klatk\u0119 piersiow\u0105 od Sunnylife, idealne dopasowanie<\/p>\n","protected":false},"featured_media":58940,"comment_status":"closed","ping_status":"open","template":"","meta":{"_acf_changed":false},"product_brand":[],"product_cat":[6167,6170,1088],"product_tag":[],"class_list":{"0":"post-58939","1":"product","2":"type-product","3":"status-publish","4":"has-post-thumbnail","6":"product_cat-akcesoria-do-dronow","7":"product_cat-dji-akcesoria-do-dronow","8":"product_cat-drony","9":"pa_okres-gwarancji-5754","10":"pa_producent-sunnylife","12":"first","13":"outofstock","14":"taxable","15":"shipping-taxable","16":"purchasable","17":"product-type-simple"},"acf":[],"yoast_head":"<!-- This site is optimized with the Yoast SEO plugin v27.2 - https:\/\/yoast.com\/product\/yoast-seo-wordpress\/ -->\n<title>Uprz\u0105\u017c piersiowa SUNNYLIFE DJI RC\/RC 2 - IRONSKY.PL Sklep z Dronami<\/title>\n<meta name=\"description\" content=\"Uprz\u0105\u017c piersiowa SUNNYLIFE DJI RC\/RC 2 - \u2705 sklep z dronami i fachowym doradztwem. \u2705 Tutaj kupisz produkty DJI, Yuneec, Parrot, Syma i wiele innych, a tak\u017ce kursy i licencje na operatora drona.\" \/>\n<meta name=\"robots\" content=\"index, follow, max-snippet:-1, max-image-preview:large, max-video-preview:-1\" \/>\n<link rel=\"canonical\" href=\"https:\/\/ironsky.pl\/sklep\/produkt\/uprzaz-piersiowa-sunnylife-dji-rc-rc-2\/\" \/>\n<meta property=\"og:locale\" content=\"pl_PL\" \/>\n<meta property=\"og:type\" content=\"article\" \/>\n<meta property=\"og:title\" content=\"Uprz\u0105\u017c piersiowa SUNNYLIFE DJI RC\/RC 2 - IRONSKY.PL Sklep z Dronami\" \/>\n<meta property=\"og:description\" content=\"Uprz\u0105\u017c piersiowa SUNNYLIFE DJI RC\/RC 2 - \u2705 sklep z dronami i fachowym doradztwem. \u2705 Tutaj kupisz produkty DJI, Yuneec, Parrot, Syma i wiele innych, a tak\u017ce kursy i licencje na operatora drona.\" \/>\n<meta property=\"og:url\" content=\"https:\/\/ironsky.pl\/sklep\/produkt\/uprzaz-piersiowa-sunnylife-dji-rc-rc-2\/\" \/>\n<meta property=\"og:site_name\" content=\"IRONSKY.PL Sklep z Dronami\" \/>\n<meta property=\"article:modified_time\" content=\"2026-04-15T08:42:05+00:00\" \/>\n<meta property=\"og:image\" content=\"https:\/\/ironsky.pl\/sklep\/wp-content\/uploads\/2026\/04\/43894_1.webp\" \/>\n\t<meta property=\"og:image:width\" content=\"800\" \/>\n\t<meta property=\"og:image:height\" content=\"800\" \/>\n\t<meta property=\"og:image:type\" content=\"image\/webp\" \/>\n<meta name=\"twitter:card\" content=\"summary_large_image\" \/>\n<meta name=\"twitter:label1\" content=\"Szacowany czas czytania\" \/>\n\t<meta name=\"twitter:data1\" content=\"1 minuta\" \/>\n<script type=\"application\/ld+json\" class=\"yoast-schema-graph\">{\"@context\":\"https:\/\/schema.org\",\"@graph\":[{\"@type\":\"WebPage\",\"@id\":\"https:\/\/ironsky.pl\/sklep\/produkt\/uprzaz-piersiowa-sunnylife-dji-rc-rc-2\/\",\"url\":\"https:\/\/ironsky.pl\/sklep\/produkt\/uprzaz-piersiowa-sunnylife-dji-rc-rc-2\/\",\"name\":\"Uprz\u0105\u017c piersiowa SUNNYLIFE DJI RC\/RC 2 - IRONSKY.PL Sklep z Dronami\",\"isPartOf\":{\"@id\":\"https:\/\/ironsky.pl\/sklep\/#website\"},\"primaryImageOfPage\":{\"@id\":\"https:\/\/ironsky.pl\/sklep\/produkt\/uprzaz-piersiowa-sunnylife-dji-rc-rc-2\/#primaryimage\"},\"image\":{\"@id\":\"https:\/\/ironsky.pl\/sklep\/produkt\/uprzaz-piersiowa-sunnylife-dji-rc-rc-2\/#primaryimage\"},\"thumbnailUrl\":\"https:\/\/ironsky.pl\/sklep\/wp-content\/uploads\/2026\/04\/43894_1.webp\",\"datePublished\":\"2026-04-15T08:41:50+00:00\",\"dateModified\":\"2026-04-15T08:42:05+00:00\",\"description\":\"Uprz\u0105\u017c piersiowa SUNNYLIFE DJI RC\/RC 2 - \u2705 sklep z dronami i fachowym doradztwem. \u2705 Tutaj kupisz produkty DJI, Yuneec, Parrot, Syma i wiele innych, a tak\u017ce kursy i licencje na operatora drona.\",\"breadcrumb\":{\"@id\":\"https:\/\/ironsky.pl\/sklep\/produkt\/uprzaz-piersiowa-sunnylife-dji-rc-rc-2\/#breadcrumb\"},\"inLanguage\":\"pl-PL\",\"potentialAction\":[{\"@type\":\"ReadAction\",\"target\":[\"https:\/\/ironsky.pl\/sklep\/produkt\/uprzaz-piersiowa-sunnylife-dji-rc-rc-2\/\"]}]},{\"@type\":\"ImageObject\",\"inLanguage\":\"pl-PL\",\"@id\":\"https:\/\/ironsky.pl\/sklep\/produkt\/uprzaz-piersiowa-sunnylife-dji-rc-rc-2\/#primaryimage\",\"url\":\"https:\/\/ironsky.pl\/sklep\/wp-content\/uploads\/2026\/04\/43894_1.webp\",\"contentUrl\":\"https:\/\/ironsky.pl\/sklep\/wp-content\/uploads\/2026\/04\/43894_1.webp\",\"width\":800,\"height\":800},{\"@type\":\"BreadcrumbList\",\"@id\":\"https:\/\/ironsky.pl\/sklep\/produkt\/uprzaz-piersiowa-sunnylife-dji-rc-rc-2\/#breadcrumb\",\"itemListElement\":[{\"@type\":\"ListItem\",\"position\":1,\"name\":\"Strona g\u0142\u00f3wna\",\"item\":\"https:\/\/ironsky.pl\/sklep\/\"},{\"@type\":\"ListItem\",\"position\":2,\"name\":\"Wszystkie produkty\",\"item\":\"https:\/\/ironsky.pl\/sklep\/produkty\/\"},{\"@type\":\"ListItem\",\"position\":3,\"name\":\"Uprz\u0105\u017c piersiowa SUNNYLIFE DJI RC\/RC 2\"}]},{\"@type\":\"WebSite\",\"@id\":\"https:\/\/ironsky.pl\/sklep\/#website\",\"url\":\"https:\/\/ironsky.pl\/sklep\/\",\"name\":\"IRONSKY.PL Sklep z Dronami\",\"description\":\"IRONSKY.PL Sklep z Dronami\",\"potentialAction\":[{\"@type\":\"SearchAction\",\"target\":{\"@type\":\"EntryPoint\",\"urlTemplate\":\"https:\/\/ironsky.pl\/sklep\/?s={search_term_string}\"},\"query-input\":{\"@type\":\"PropertyValueSpecification\",\"valueRequired\":true,\"valueName\":\"search_term_string\"}}],\"inLanguage\":\"pl-PL\"}]}<\/script>\n<!-- \/ Yoast SEO plugin. -->","yoast_head_json":{"title":"Uprz\u0105\u017c piersiowa SUNNYLIFE DJI RC\/RC 2 - IRONSKY.PL Sklep z Dronami","description":"Uprz\u0105\u017c piersiowa SUNNYLIFE DJI RC\/RC 2 - \u2705 sklep z dronami i fachowym doradztwem. \u2705 Tutaj kupisz produkty DJI, Yuneec, Parrot, Syma i wiele innych, a tak\u017ce kursy i licencje na operatora drona.","robots":{"index":"index","follow":"follow","max-snippet":"max-snippet:-1","max-image-preview":"max-image-preview:large","max-video-preview":"max-video-preview:-1"},"canonical":"https:\/\/ironsky.pl\/sklep\/produkt\/uprzaz-piersiowa-sunnylife-dji-rc-rc-2\/","og_locale":"pl_PL","og_type":"article","og_title":"Uprz\u0105\u017c piersiowa SUNNYLIFE DJI RC\/RC 2 - IRONSKY.PL Sklep z Dronami","og_description":"Uprz\u0105\u017c piersiowa SUNNYLIFE DJI RC\/RC 2 - \u2705 sklep z dronami i fachowym doradztwem. \u2705 Tutaj kupisz produkty DJI, Yuneec, Parrot, Syma i wiele innych, a tak\u017ce kursy i licencje na operatora drona.","og_url":"https:\/\/ironsky.pl\/sklep\/produkt\/uprzaz-piersiowa-sunnylife-dji-rc-rc-2\/","og_site_name":"IRONSKY.PL Sklep z Dronami","article_modified_time":"2026-04-15T08:42:05+00:00","og_image":[{"width":800,"height":800,"url":"https:\/\/ironsky.pl\/sklep\/wp-content\/uploads\/2026\/04\/43894_1.webp","type":"image\/webp"}],"twitter_card":"summary_large_image","twitter_misc":{"Szacowany czas czytania":"1 minuta"},"schema":{"@context":"https:\/\/schema.org","@graph":[{"@type":"WebPage","@id":"https:\/\/ironsky.pl\/sklep\/produkt\/uprzaz-piersiowa-sunnylife-dji-rc-rc-2\/","url":"https:\/\/ironsky.pl\/sklep\/produkt\/uprzaz-piersiowa-sunnylife-dji-rc-rc-2\/","name":"Uprz\u0105\u017c piersiowa SUNNYLIFE DJI RC\/RC 2 - IRONSKY.PL Sklep z Dronami","isPartOf":{"@id":"https:\/\/ironsky.pl\/sklep\/#website"},"primaryImageOfPage":{"@id":"https:\/\/ironsky.pl\/sklep\/produkt\/uprzaz-piersiowa-sunnylife-dji-rc-rc-2\/#primaryimage"},"image":{"@id":"https:\/\/ironsky.pl\/sklep\/produkt\/uprzaz-piersiowa-sunnylife-dji-rc-rc-2\/#primaryimage"},"thumbnailUrl":"https:\/\/ironsky.pl\/sklep\/wp-content\/uploads\/2026\/04\/43894_1.webp","datePublished":"2026-04-15T08:41:50+00:00","dateModified":"2026-04-15T08:42:05+00:00","description":"Uprz\u0105\u017c piersiowa SUNNYLIFE DJI RC\/RC 2 - \u2705 sklep z dronami i fachowym doradztwem. \u2705 Tutaj kupisz produkty DJI, Yuneec, Parrot, Syma i wiele innych, a tak\u017ce kursy i licencje na operatora drona.","breadcrumb":{"@id":"https:\/\/ironsky.pl\/sklep\/produkt\/uprzaz-piersiowa-sunnylife-dji-rc-rc-2\/#breadcrumb"},"inLanguage":"pl-PL","potentialAction":[{"@type":"ReadAction","target":["https:\/\/ironsky.pl\/sklep\/produkt\/uprzaz-piersiowa-sunnylife-dji-rc-rc-2\/"]}]},{"@type":"ImageObject","inLanguage":"pl-PL","@id":"https:\/\/ironsky.pl\/sklep\/produkt\/uprzaz-piersiowa-sunnylife-dji-rc-rc-2\/#primaryimage","url":"https:\/\/ironsky.pl\/sklep\/wp-content\/uploads\/2026\/04\/43894_1.webp","contentUrl":"https:\/\/ironsky.pl\/sklep\/wp-content\/uploads\/2026\/04\/43894_1.webp","width":800,"height":800},{"@type":"BreadcrumbList","@id":"https:\/\/ironsky.pl\/sklep\/produkt\/uprzaz-piersiowa-sunnylife-dji-rc-rc-2\/#breadcrumb","itemListElement":[{"@type":"ListItem","position":1,"name":"Strona g\u0142\u00f3wna","item":"https:\/\/ironsky.pl\/sklep\/"},{"@type":"ListItem","position":2,"name":"Wszystkie produkty","item":"https:\/\/ironsky.pl\/sklep\/produkty\/"},{"@type":"ListItem","position":3,"name":"Uprz\u0105\u017c piersiowa SUNNYLIFE DJI RC\/RC 2"}]},{"@type":"WebSite","@id":"https:\/\/ironsky.pl\/sklep\/#website","url":"https:\/\/ironsky.pl\/sklep\/","name":"IRONSKY.PL Sklep z Dronami","description":"IRONSKY.PL Sklep z Dronami","potentialAction":[{"@type":"SearchAction","target":{"@type":"EntryPoint","urlTemplate":"https:\/\/ironsky.pl\/sklep\/?s={search_term_string}"},"query-input":{"@type":"PropertyValueSpecification","valueRequired":true,"valueName":"search_term_string"}}],"inLanguage":"pl-PL"}]}},"_links":{"self":[{"href":"https:\/\/ironsky.pl\/sklep\/wp-json\/wp\/v2\/product\/58939","targetHints":{"allow":["GET"]}}],"collection":[{"href":"https:\/\/ironsky.pl\/sklep\/wp-json\/wp\/v2\/product"}],"about":[{"href":"https:\/\/ironsky.pl\/sklep\/wp-json\/wp\/v2\/types\/product"}],"replies":[{"embeddable":true,"href":"https:\/\/ironsky.pl\/sklep\/wp-json\/wp\/v2\/comments?post=58939"}],"wp:featuredmedia":[{"embeddable":true,"href":"https:\/\/ironsky.pl\/sklep\/wp-json\/wp\/v2\/media\/58940"}],"wp:attachment":[{"href":"https:\/\/ironsky.pl\/sklep\/wp-json\/wp\/v2\/media?parent=58939"}],"wp:term":[{"taxonomy":"product_brand","embeddable":true,"href":"https:\/\/ironsky.pl\/sklep\/wp-json\/wp\/v2\/product_brand?post=58939"},{"taxonomy":"product_cat","embeddable":true,"href":"https:\/\/ironsky.pl\/sklep\/wp-json\/wp\/v2\/product_cat?post=58939"},{"taxonomy":"product_tag","embeddable":true,"href":"https:\/\/ironsky.pl\/sklep\/wp-json\/wp\/v2\/product_tag?post=58939"}],"curies":[{"name":"wp","href":"https:\/\/api.w.org\/{rel}","templated":true}]}}