{"id":58923,"date":"2026-04-15T10:41:50","date_gmt":"2026-04-15T08:41:50","guid":{"rendered":"https:\/\/ironsky.pl\/sklep\/produkt\/kijek-selfie-telesin-z-glowica-kulowa\/"},"modified":"2026-04-15T10:41:55","modified_gmt":"2026-04-15T08:41:55","slug":"kijek-selfie-telesin-z-glowica-kulowa","status":"publish","type":"product","link":"https:\/\/ironsky.pl\/sklep\/produkt\/kijek-selfie-telesin-z-glowica-kulowa\/","title":{"rendered":"Kijek selfie TELESIN z g\u0142owic\u0105 kulow\u0105"},"content":{"rendered":"<h3>Uchwyt selfie TELESIN z okr\u0105g\u0142\u0105 g\u0142owic\u0105 do kamer sportowych<\/h3>\n<p>Przenie\u015b swoje umiej\u0119tno\u015bci filmowania na nowy poziom dzi\u0119ki uchwytowi selfie TELESIN z okr\u0105g\u0142\u0105 g\u0142owic\u0105. To praktyczne akcesorium idealnie nadaje si\u0119 do dynamicznych uj\u0119\u0107, zar\u00f3wno na l\u0105dzie, jak i pod wod\u0105. Mo\u017cesz regulowa\u0107 jego d\u0142ugo\u015b\u0107 w zakresie 232-654 mm, a dzi\u0119ki uchwytowi pokrytemu silikonem zapewnisz sobie komfort u\u017cytkowania.<\/p>\n<p>\n<img decoding=\"async\" src=\"https:\/\/assets.innpro.pl\/6678\/7784\/1.jpg\" border=\"0\" \/>\n<\/p>\n<h3>Kompaktowy i wytrzyma\u0142y<\/h3>\n<p>Uchwyt selfie TELESIN wykonany jest z wysokiej jako\u015bci stopu aluminium oraz silikonu, co zapewnia mu trwa\u0142o\u015b\u0107 i lekko\u015b\u0107. Dzi\u0119ki wadze zaledwie 150 g oraz regulowanej d\u0142ugo\u015bci od 232 mm do 654 mm jest bardzo \u0142atwy w transporcie i idealny do r\u00f3\u017cnorodnych zastosowa\u0144. Co wi\u0119cej, produkt jest wodoodporny \u2013 doskonale sprawdzi si\u0119 podczas nagrywania wyj\u0105tkowych uj\u0119\u0107 pod wod\u0105.<\/p>\n<p>\n<img decoding=\"async\" src=\"https:\/\/assets.innpro.pl\/6678\/7784\/3.jpg\" border=\"0\" \/>\n<\/p>\n<h3>Okr\u0105g\u0142a g\u0142owica z pe\u0142n\u0105 regulacj\u0105<\/h3>\n<p>Uchwyt wyposa\u017cony jest w przegub kulowy, kt\u00f3ry umo\u017cliwia szybkie prze\u0142\u0105czanie mi\u0119dzy trybem poziomym i pionowym oraz pe\u0142n\u0105 rotacj\u0119 o 360\u00b0. Takie rozwi\u0105zanie pozwala na tworzenie kreatywnych uj\u0119\u0107 pod r\u00f3\u017cnymi k\u0105tami, co jest szczeg\u00f3lnie przydatne podczas nagrywania dynamicznych scen.<\/p>\n<p>\n<img decoding=\"async\" src=\"https:\/\/assets.innpro.pl\/6678\/7784\/5.jpg\" border=\"0\" \/>\n<\/p>\n<h3>Antypo\u015blizgowy uchwyt i bezpiecze\u0144stwo<\/h3>\n<p>R\u0119koje\u015b\u0107 uchwytu pokryta jest silikonem z antypo\u015blizgow\u0105 tekstur\u0105, co gwarantuje pewny chwyt nawet wtedy, gdy masz mokre r\u0119ce. Dodatkowo pasek na nadgarstek zapobiega przypadkowemu upuszczeniu uchwytu, co zwi\u0119ksza bezpiecze\u0144stwo u\u017cytkowania, zw\u0142aszcza podczas aktywno\u015bci fizycznej.<\/p>\n<p>\n<img decoding=\"async\" src=\"https:\/\/assets.innpro.pl\/6678\/7784\/4.jpg\" border=\"0\" \/>\n<\/p>\n<h3>Wszechstronna kompatybilno\u015b\u0107<\/h3>\n<p>Uchwyt TELESIN wyposa\u017cony jest w otw\u00f3r 1\/4 cala na spodzie, co pozwala na wygodny monta\u017c dodatkowych akcesori\u00f3w, takich jak na przyk\u0142ad statyw. Co wi\u0119cej, akcesorium jest kompatybilne z szerok\u0105 gam\u0105 kamer sportowych (r\u00f3wnie\u017c w obudowach wodoodpornych).<\/p>\n<p>\n<img decoding=\"async\" src=\"https:\/\/assets.innpro.pl\/6678\/7784\/6.jpg\" border=\"0\" \/>\n<\/p>\n<h3>W zestawie<\/h3>\n<ul class=\"list-disc pl-5\">\n<li>Selfie stick<\/li>\n<li>Adapter 1\/4<\/li>\n<li>\u015aruba<\/li>\n<li>Pasek na nadgarstek<\/li>\n<\/ul>\n<div class=\"table-wrapper\">\n<p>\u00a0<\/p>\n<h3><\/h3>\n<table>\n<tbody>\n<tr>\n<th>Producent<\/th>\n<td>TELESIN<\/td>\n<\/tr>\n<tr>\n<th>Model<\/th>\n<td>WSS-001<\/td>\n<\/tr>\n<tr>\n<th>Materia\u0142<\/th>\n<td>Stop aluminium, silikon<\/td>\n<\/tr>\n<tr>\n<th>Waga<\/th>\n<td>150 g<\/td>\n<\/tr>\n<tr>\n<th>Wymiary<\/th>\n<td>232-654 mm (z przegubem kulowym)<\/td>\n<\/tr>\n<\/tbody>\n<\/table>\n<\/div>\n","protected":false},"excerpt":{"rendered":"<p>Uchwyt selfie TELESIN z okr\u0105g\u0142\u0105 g\u0142owic\u0105 do kamer sportowych Przenie\u015b swoje umiej\u0119tno\u015bci filmowania na nowy poziom dzi\u0119ki uchwytowi selfie TELESIN<\/p>\n","protected":false},"featured_media":58924,"comment_status":"closed","ping_status":"open","template":"","meta":{"_acf_changed":false},"product_brand":[],"product_cat":[1128,6178,6176,6177,6181,1138],"product_tag":[],"class_list":{"0":"post-58923","1":"product","2":"type-product","3":"status-publish","4":"has-post-thumbnail","6":"product_cat-foto-wideo","7":"product_cat-mocowania","8":"product_cat-selfie-stiki","9":"product_cat-statywy-selfie-stiki","10":"product_cat-szelki-mocowania-i-uchwyty","11":"product_cat-wysiegniki","12":"pa_okres-gwarancji-5754","13":"pa_producent-telesin","15":"first","16":"outofstock","17":"taxable","18":"shipping-taxable","19":"purchasable","20":"product-type-simple"},"acf":[],"yoast_head":"<!-- This site is optimized with the Yoast SEO plugin v27.2 - https:\/\/yoast.com\/product\/yoast-seo-wordpress\/ -->\n<title>Kijek selfie TELESIN z g\u0142owic\u0105 kulow\u0105 - IRONSKY.PL Sklep z Dronami<\/title>\n<meta name=\"description\" content=\"Kijek selfie TELESIN z g\u0142owic\u0105 kulow\u0105 - \u2705 sklep z dronami i fachowym doradztwem. \u2705 Tutaj kupisz produkty DJI, Yuneec, Parrot, Syma i wiele innych, a tak\u017ce kursy i licencje na operatora drona.\" \/>\n<meta name=\"robots\" content=\"index, follow, max-snippet:-1, max-image-preview:large, max-video-preview:-1\" \/>\n<link rel=\"canonical\" href=\"https:\/\/ironsky.pl\/sklep\/produkt\/kijek-selfie-telesin-z-glowica-kulowa\/\" \/>\n<meta property=\"og:locale\" content=\"pl_PL\" \/>\n<meta property=\"og:type\" content=\"article\" \/>\n<meta property=\"og:title\" content=\"Kijek selfie TELESIN z g\u0142owic\u0105 kulow\u0105 - IRONSKY.PL Sklep z Dronami\" \/>\n<meta property=\"og:description\" content=\"Kijek selfie TELESIN z g\u0142owic\u0105 kulow\u0105 - \u2705 sklep z dronami i fachowym doradztwem. \u2705 Tutaj kupisz produkty DJI, Yuneec, Parrot, Syma i wiele innych, a tak\u017ce kursy i licencje na operatora drona.\" \/>\n<meta property=\"og:url\" content=\"https:\/\/ironsky.pl\/sklep\/produkt\/kijek-selfie-telesin-z-glowica-kulowa\/\" \/>\n<meta property=\"og:site_name\" content=\"IRONSKY.PL Sklep z Dronami\" \/>\n<meta property=\"article:modified_time\" content=\"2026-04-15T08:41:55+00:00\" \/>\n<meta property=\"og:image\" content=\"https:\/\/ironsky.pl\/sklep\/wp-content\/uploads\/2026\/04\/43843_1.jpg\" \/>\n\t<meta property=\"og:image:width\" content=\"800\" \/>\n\t<meta property=\"og:image:height\" content=\"800\" \/>\n\t<meta property=\"og:image:type\" content=\"image\/jpeg\" \/>\n<meta name=\"twitter:card\" content=\"summary_large_image\" \/>\n<meta name=\"twitter:label1\" content=\"Szacowany czas czytania\" \/>\n\t<meta name=\"twitter:data1\" content=\"1 minuta\" \/>\n<script type=\"application\/ld+json\" class=\"yoast-schema-graph\">{\"@context\":\"https:\/\/schema.org\",\"@graph\":[{\"@type\":\"WebPage\",\"@id\":\"https:\/\/ironsky.pl\/sklep\/produkt\/kijek-selfie-telesin-z-glowica-kulowa\/\",\"url\":\"https:\/\/ironsky.pl\/sklep\/produkt\/kijek-selfie-telesin-z-glowica-kulowa\/\",\"name\":\"Kijek selfie TELESIN z g\u0142owic\u0105 kulow\u0105 - IRONSKY.PL Sklep z Dronami\",\"isPartOf\":{\"@id\":\"https:\/\/ironsky.pl\/sklep\/#website\"},\"primaryImageOfPage\":{\"@id\":\"https:\/\/ironsky.pl\/sklep\/produkt\/kijek-selfie-telesin-z-glowica-kulowa\/#primaryimage\"},\"image\":{\"@id\":\"https:\/\/ironsky.pl\/sklep\/produkt\/kijek-selfie-telesin-z-glowica-kulowa\/#primaryimage\"},\"thumbnailUrl\":\"https:\/\/ironsky.pl\/sklep\/wp-content\/uploads\/2026\/04\/43843_1.jpg\",\"datePublished\":\"2026-04-15T08:41:50+00:00\",\"dateModified\":\"2026-04-15T08:41:55+00:00\",\"description\":\"Kijek selfie TELESIN z g\u0142owic\u0105 kulow\u0105 - \u2705 sklep z dronami i fachowym doradztwem. \u2705 Tutaj kupisz produkty DJI, Yuneec, Parrot, Syma i wiele innych, a tak\u017ce kursy i licencje na operatora drona.\",\"breadcrumb\":{\"@id\":\"https:\/\/ironsky.pl\/sklep\/produkt\/kijek-selfie-telesin-z-glowica-kulowa\/#breadcrumb\"},\"inLanguage\":\"pl-PL\",\"potentialAction\":[{\"@type\":\"ReadAction\",\"target\":[\"https:\/\/ironsky.pl\/sklep\/produkt\/kijek-selfie-telesin-z-glowica-kulowa\/\"]}]},{\"@type\":\"ImageObject\",\"inLanguage\":\"pl-PL\",\"@id\":\"https:\/\/ironsky.pl\/sklep\/produkt\/kijek-selfie-telesin-z-glowica-kulowa\/#primaryimage\",\"url\":\"https:\/\/ironsky.pl\/sklep\/wp-content\/uploads\/2026\/04\/43843_1.jpg\",\"contentUrl\":\"https:\/\/ironsky.pl\/sklep\/wp-content\/uploads\/2026\/04\/43843_1.jpg\",\"width\":800,\"height\":800},{\"@type\":\"BreadcrumbList\",\"@id\":\"https:\/\/ironsky.pl\/sklep\/produkt\/kijek-selfie-telesin-z-glowica-kulowa\/#breadcrumb\",\"itemListElement\":[{\"@type\":\"ListItem\",\"position\":1,\"name\":\"Strona g\u0142\u00f3wna\",\"item\":\"https:\/\/ironsky.pl\/sklep\/\"},{\"@type\":\"ListItem\",\"position\":2,\"name\":\"Wszystkie produkty\",\"item\":\"https:\/\/ironsky.pl\/sklep\/produkty\/\"},{\"@type\":\"ListItem\",\"position\":3,\"name\":\"Kijek selfie TELESIN z g\u0142owic\u0105 kulow\u0105\"}]},{\"@type\":\"WebSite\",\"@id\":\"https:\/\/ironsky.pl\/sklep\/#website\",\"url\":\"https:\/\/ironsky.pl\/sklep\/\",\"name\":\"IRONSKY.PL Sklep z Dronami\",\"description\":\"IRONSKY.PL Sklep z Dronami\",\"potentialAction\":[{\"@type\":\"SearchAction\",\"target\":{\"@type\":\"EntryPoint\",\"urlTemplate\":\"https:\/\/ironsky.pl\/sklep\/?s={search_term_string}\"},\"query-input\":{\"@type\":\"PropertyValueSpecification\",\"valueRequired\":true,\"valueName\":\"search_term_string\"}}],\"inLanguage\":\"pl-PL\"}]}<\/script>\n<!-- \/ Yoast SEO plugin. -->","yoast_head_json":{"title":"Kijek selfie TELESIN z g\u0142owic\u0105 kulow\u0105 - IRONSKY.PL Sklep z Dronami","description":"Kijek selfie TELESIN z g\u0142owic\u0105 kulow\u0105 - \u2705 sklep z dronami i fachowym doradztwem. \u2705 Tutaj kupisz produkty DJI, Yuneec, Parrot, Syma i wiele innych, a tak\u017ce kursy i licencje na operatora drona.","robots":{"index":"index","follow":"follow","max-snippet":"max-snippet:-1","max-image-preview":"max-image-preview:large","max-video-preview":"max-video-preview:-1"},"canonical":"https:\/\/ironsky.pl\/sklep\/produkt\/kijek-selfie-telesin-z-glowica-kulowa\/","og_locale":"pl_PL","og_type":"article","og_title":"Kijek selfie TELESIN z g\u0142owic\u0105 kulow\u0105 - IRONSKY.PL Sklep z Dronami","og_description":"Kijek selfie TELESIN z g\u0142owic\u0105 kulow\u0105 - \u2705 sklep z dronami i fachowym doradztwem. \u2705 Tutaj kupisz produkty DJI, Yuneec, Parrot, Syma i wiele innych, a tak\u017ce kursy i licencje na operatora drona.","og_url":"https:\/\/ironsky.pl\/sklep\/produkt\/kijek-selfie-telesin-z-glowica-kulowa\/","og_site_name":"IRONSKY.PL Sklep z Dronami","article_modified_time":"2026-04-15T08:41:55+00:00","og_image":[{"width":800,"height":800,"url":"https:\/\/ironsky.pl\/sklep\/wp-content\/uploads\/2026\/04\/43843_1.jpg","type":"image\/jpeg"}],"twitter_card":"summary_large_image","twitter_misc":{"Szacowany czas czytania":"1 minuta"},"schema":{"@context":"https:\/\/schema.org","@graph":[{"@type":"WebPage","@id":"https:\/\/ironsky.pl\/sklep\/produkt\/kijek-selfie-telesin-z-glowica-kulowa\/","url":"https:\/\/ironsky.pl\/sklep\/produkt\/kijek-selfie-telesin-z-glowica-kulowa\/","name":"Kijek selfie TELESIN z g\u0142owic\u0105 kulow\u0105 - IRONSKY.PL Sklep z Dronami","isPartOf":{"@id":"https:\/\/ironsky.pl\/sklep\/#website"},"primaryImageOfPage":{"@id":"https:\/\/ironsky.pl\/sklep\/produkt\/kijek-selfie-telesin-z-glowica-kulowa\/#primaryimage"},"image":{"@id":"https:\/\/ironsky.pl\/sklep\/produkt\/kijek-selfie-telesin-z-glowica-kulowa\/#primaryimage"},"thumbnailUrl":"https:\/\/ironsky.pl\/sklep\/wp-content\/uploads\/2026\/04\/43843_1.jpg","datePublished":"2026-04-15T08:41:50+00:00","dateModified":"2026-04-15T08:41:55+00:00","description":"Kijek selfie TELESIN z g\u0142owic\u0105 kulow\u0105 - \u2705 sklep z dronami i fachowym doradztwem. \u2705 Tutaj kupisz produkty DJI, Yuneec, Parrot, Syma i wiele innych, a tak\u017ce kursy i licencje na operatora drona.","breadcrumb":{"@id":"https:\/\/ironsky.pl\/sklep\/produkt\/kijek-selfie-telesin-z-glowica-kulowa\/#breadcrumb"},"inLanguage":"pl-PL","potentialAction":[{"@type":"ReadAction","target":["https:\/\/ironsky.pl\/sklep\/produkt\/kijek-selfie-telesin-z-glowica-kulowa\/"]}]},{"@type":"ImageObject","inLanguage":"pl-PL","@id":"https:\/\/ironsky.pl\/sklep\/produkt\/kijek-selfie-telesin-z-glowica-kulowa\/#primaryimage","url":"https:\/\/ironsky.pl\/sklep\/wp-content\/uploads\/2026\/04\/43843_1.jpg","contentUrl":"https:\/\/ironsky.pl\/sklep\/wp-content\/uploads\/2026\/04\/43843_1.jpg","width":800,"height":800},{"@type":"BreadcrumbList","@id":"https:\/\/ironsky.pl\/sklep\/produkt\/kijek-selfie-telesin-z-glowica-kulowa\/#breadcrumb","itemListElement":[{"@type":"ListItem","position":1,"name":"Strona g\u0142\u00f3wna","item":"https:\/\/ironsky.pl\/sklep\/"},{"@type":"ListItem","position":2,"name":"Wszystkie produkty","item":"https:\/\/ironsky.pl\/sklep\/produkty\/"},{"@type":"ListItem","position":3,"name":"Kijek selfie TELESIN z g\u0142owic\u0105 kulow\u0105"}]},{"@type":"WebSite","@id":"https:\/\/ironsky.pl\/sklep\/#website","url":"https:\/\/ironsky.pl\/sklep\/","name":"IRONSKY.PL Sklep z Dronami","description":"IRONSKY.PL Sklep z Dronami","potentialAction":[{"@type":"SearchAction","target":{"@type":"EntryPoint","urlTemplate":"https:\/\/ironsky.pl\/sklep\/?s={search_term_string}"},"query-input":{"@type":"PropertyValueSpecification","valueRequired":true,"valueName":"search_term_string"}}],"inLanguage":"pl-PL"}]}},"_links":{"self":[{"href":"https:\/\/ironsky.pl\/sklep\/wp-json\/wp\/v2\/product\/58923","targetHints":{"allow":["GET"]}}],"collection":[{"href":"https:\/\/ironsky.pl\/sklep\/wp-json\/wp\/v2\/product"}],"about":[{"href":"https:\/\/ironsky.pl\/sklep\/wp-json\/wp\/v2\/types\/product"}],"replies":[{"embeddable":true,"href":"https:\/\/ironsky.pl\/sklep\/wp-json\/wp\/v2\/comments?post=58923"}],"wp:featuredmedia":[{"embeddable":true,"href":"https:\/\/ironsky.pl\/sklep\/wp-json\/wp\/v2\/media\/58924"}],"wp:attachment":[{"href":"https:\/\/ironsky.pl\/sklep\/wp-json\/wp\/v2\/media?parent=58923"}],"wp:term":[{"taxonomy":"product_brand","embeddable":true,"href":"https:\/\/ironsky.pl\/sklep\/wp-json\/wp\/v2\/product_brand?post=58923"},{"taxonomy":"product_cat","embeddable":true,"href":"https:\/\/ironsky.pl\/sklep\/wp-json\/wp\/v2\/product_cat?post=58923"},{"taxonomy":"product_tag","embeddable":true,"href":"https:\/\/ironsky.pl\/sklep\/wp-json\/wp\/v2\/product_tag?post=58923"}],"curies":[{"name":"wp","href":"https:\/\/api.w.org\/{rel}","templated":true}]}}