{"id":58811,"date":"2026-04-15T10:40:35","date_gmt":"2026-04-15T08:40:35","guid":{"rendered":"https:\/\/ironsky.pl\/sklep\/produkt\/mini-pc-gmktec-m3-i5-12450h-32gb-1tb-ssd-win11-pro\/"},"modified":"2026-04-15T10:40:46","modified_gmt":"2026-04-15T08:40:46","slug":"mini-pc-gmktec-m3-i5-12450h-32gb-1tb-ssd-win11-pro","status":"publish","type":"product","link":"https:\/\/ironsky.pl\/sklep\/produkt\/mini-pc-gmktec-m3-i5-12450h-32gb-1tb-ssd-win11-pro\/","title":{"rendered":"Mini PC GMKtec M3 i5-12450H 32GB 1TB SSD Win11 Pro"},"content":{"rendered":"<h3>GMKtec M3 MINI-PC Intel i5-12450H 32GB RAM + 1TB (czarny)<\/h3>\n<p>GMKtec M3 MINI to kompaktowy (114 x 106 x 42.5 mm) komputer, idealny zar\u00f3wno do zastosowa\u0144 domowych, jak i profesjonalnych. Z 8-rdzeniowym procesorem Intel i5-12450H i uk\u0142adem graficznym Intel UHD 48 EU zapewnia imponuj\u0105c\u0105 wydajno\u015b\u0107. Ponadto 2 porty HDMI 2.0 i DisplayPort 1.4 pozwalaj\u0105 wy\u015bwietla\u0107 obraz na 3 monitorach jednocze\u015bnie.\u00a0Co wi\u0119cej, model posiada wbudowany Windows 11 Pro i obs\u0142uguje Linux.<\/p>\n<p>\n<img decoding=\"async\" src=\"https:\/\/assets.innpro.pl\/6498\/7593\/6.jpg\" border=\"0\" alt=\"\" \/>\n<\/p>\n<h3>Du\u017ca pojemno\u015b\u0107<\/h3>\n<p>M3 MINI-PC posiada pami\u0119\u0107 RAM 32 GB oraz dysk SSD 1 TB, co zapewnia wystarczaj\u0105c\u0105 ilo\u015b\u0107 miejsca na przechowywanie plik\u00f3w i aplikacji.<\/p>\n<p>\n<img decoding=\"async\" src=\"https:\/\/assets.innpro.pl\/6498\/7593\/1.jpg\" border=\"0\" alt=\"\" \/>\n<\/p>\n<h3>Szybkie po\u0142\u0105czenie<\/h3>\n<p>MINI PC M3 oferuje szybkie i niezawodne po\u0142\u0105czenie Dual Band Wi-Fi 6 2*2 2400 Mbps, dzi\u0119ki czemu nie musisz si\u0119 martwi\u0107 o zak\u0142\u00f3cenia. Opr\u00f3cz tego \u0142\u0105czy si\u0119 z kompatybilnym urz\u0105dzeniem poprzez Bluetooth 5.2 i posiada port Rj45, dzi\u0119ki kt\u00f3remu mo\u017cesz cieszy\u0107 si\u0119 po\u0142\u0105czeniem internetowym o pr\u0119dko\u015bci 2.5 G.<\/p>\n<p>\n<img decoding=\"async\" src=\"https:\/\/assets.innpro.pl\/6498\/7593\/3.jpg\" border=\"0\" alt=\"\" \/>\n<\/p>\n<h3>Wydajne dzia\u0142anie<\/h3>\n<p>Pracuj wygodnie z GMKtec M3 MINI. Mini komputer wykorzystuje o\u015bmiordzeniowy procesor Intel i5-12450H, co przek\u0142ada si\u0119 na wydajn\u0105 prac\u0119 sprz\u0119tu. Opr\u00f3cz tego oferuje uk\u0142ad graficzny UHD (48EU) i interfejs PCIe 3. generacji zapewniaj\u0105c pr\u0119dko\u015b\u0107 odczytywania na poziomie 3500 MB\/s.\u00a0\u00a0<\/p>\n<p>\n<img decoding=\"async\" src=\"https:\/\/assets.innpro.pl\/6498\/7593\/4.jpg\" border=\"0\" alt=\"\" \/>\n<\/p>\n<h3>Przemy\u015blany design<\/h3>\n<p>GMKtec M3 MINI posiada podw\u00f3jne, miedziane turbiny oraz wentylator, co chroni sprz\u0119t przed przegrzaniem. Opr\u00f3cz tego do\u0142\u0105czony do zestawu uchwyt VESA i \u015bruby umo\u017cliwiaj\u0105 przymocowanie komputera do wybranej powierzchni. Z kolei szereg r\u00f3\u017cnych port\u00f3w do wyboru: x2 HDMI, USB-C\/DP1.4, x3 USB3.2, x1 USB2.0, 3.5 mm audio oraz RJ45 pozwala pod\u0142\u0105czy\u0107 do komputera r\u00f3\u017cne urz\u0105dzenia.\u00a0<\/p>\n<p>\n<img decoding=\"async\" src=\"https:\/\/assets.innpro.pl\/6498\/7593\/5.jpg\" border=\"0\" alt=\"\" \/>\n<\/p>\n<h3>W zestawie<\/h3>\n<ul class=\"list-disc pl-5\">\n<li>MINI PC M3<\/li>\n<li>zasilacz + kabel\u00a0<\/li>\n<li>kabel HDMI<\/li>\n<li>uchwyt VESA + \u015bruby<\/li>\n<li>instrukcja obs\u0142ugi<\/li>\n<\/ul>\n<div class=\"table-wrapper\">\n<p>\u00a0<\/p>\n<h3><\/h3>\n<table>\n<tbody>\n<tr>\n<th>Producent<\/th>\n<td>GMKtec<\/td>\n<\/tr>\n<tr>\n<th>Model<\/th>\n<td>M3<\/td>\n<\/tr>\n<tr>\n<th>Wymiary<\/th>\n<td>114 x 106 x 42.5 mm<\/td>\n<\/tr>\n<tr>\n<th>Materia\u0142 obudowy<\/th>\n<td>ramka: metal, piaskowana oksydowana; wyko\u0144czenie: szk\u0142o hartowane; d\u00f3\u0142: plastik<\/td>\n<\/tr>\n<tr>\n<th>Waga<\/th>\n<td>430 g<\/td>\n<\/tr>\n<tr>\n<th>Procesor<\/th>\n<td>Intel i5-12450H<\/td>\n<\/tr>\n<tr>\n<th>Maks. taktowanie<\/th>\n<td>4.4 GHz<\/td>\n<\/tr>\n<tr>\n<th>Pob\u00f3r mocy<\/th>\n<td>45W<\/td>\n<\/tr>\n<tr>\n<th>Pami\u0119\u0107 RAM<\/th>\n<td>DDR4 3200<\/td>\n<\/tr>\n<tr>\n<th>Pojemno\u015b\u0107 pami\u0119ci RAM<\/th>\n<td>16 GB<\/td>\n<\/tr>\n<tr>\n<th>EMMC<\/th>\n<td>Nie<\/td>\n<\/tr>\n<tr>\n<th>SSD<\/th>\n<td>M.2 2280 512GB (wbudowany); obs\u0142uga do 2TB; mo\u017cliwo\u015b\u0107 rozbudowy o M.2 2242 SATA do 2TB<\/td>\n<\/tr>\n<tr>\n<th>Obs\u0142uga dysku 2,5&#8243; HDD\/SSD<\/th>\n<td>Nie<\/td>\n<\/tr>\n<tr>\n<th>Czytnik kart TF<\/th>\n<td>Nie<\/td>\n<\/tr>\n<tr>\n<th>Start zegara czasu rzeczywistego<\/th>\n<td>Obs\u0142ugiwany<\/td>\n<\/tr>\n<tr>\n<th>Obs\u0142uga BIOS<\/th>\n<td>Tak<\/td>\n<\/tr>\n<tr>\n<th>TPM<\/th>\n<td>TPM 2.0<\/td>\n<\/tr>\n<tr>\n<th>Wyj\u015bcia wideo<\/th>\n<td>x2 HDMI; x1 Type-C<\/td>\n<\/tr>\n<tr>\n<th>Wska\u017anik stanu<\/th>\n<td>Dioda statusu zasilania<\/td>\n<\/tr>\n<tr>\n<th>Wi-Fi<\/th>\n<td>Wi-Fi 6<\/td>\n<\/tr>\n<tr>\n<th>Typ Interfejsu<\/th>\n<td>PCIe<\/td>\n<\/tr>\n<tr>\n<th>Bluetooth<\/th>\n<td>5.2<\/td>\n<\/tr>\n<tr>\n<th>Interfejs Bluetooth<\/th>\n<td>USB 2.0<\/td>\n<\/tr>\n<tr>\n<th>Wbudowane Wi-Fi<\/th>\n<td>NIe<\/td>\n<\/tr>\n<tr>\n<th>Wbudowany Bluetooth<\/th>\n<td>Nie<\/td>\n<\/tr>\n<tr>\n<th>LAN<\/th>\n<td>x1 Giga LAN  2500M\/1000M\/100M\/10M<\/td>\n<\/tr>\n<tr>\n<th>USB 2.0<\/th>\n<td>x1 USB 2.0 USB-A <\/td>\n<\/tr>\n<tr>\n<th>USB 3.2<\/th>\n<td>x3 USB 3.2 USB-A<\/td>\n<\/tr>\n<tr>\n<th>Rozszerzenie pami\u0119ci zewn\u0119trznej<\/th>\n<td>Nie<\/td>\n<\/tr>\n<tr>\n<th>Wyj\u015bcia audio\/wideo<\/th>\n<td>x2 HDMI 2.0<\/td>\n<\/tr>\n<tr>\n<th>Porty Ethernet<\/th>\n<td>x1 RJ45<\/td>\n<\/tr>\n<tr>\n<th>Transfer danych<\/th>\n<td>Tak<\/td>\n<\/tr>\n<tr>\n<th>Przyciski<\/th>\n<td>Przycisk zasilania<\/td>\n<\/tr>\n<tr>\n<th>DC IN<\/th>\n<td>Tak<\/td>\n<\/tr>\n<tr>\n<th>Wej\u015bcie\/wyj\u015bcie audio<\/th>\n<td>1 x gniazdo s\u0142uchawkowe 3,5 mm (wej\u015bcie\/wyj\u015bcie)<\/td>\n<\/tr>\n<tr>\n<th>Anteny<\/th>\n<td>FPC Wi-Fi + BT; FPC Wi-Fi<\/td>\n<\/tr>\n<tr>\n<th>System operacyjny<\/th>\n<td>zainstalowany Windows 11 Pro, obs\u0142uga Linux<\/td>\n<\/tr>\n<tr>\n<th>Temperatura robocza <\/th>\n<td>0~40\u2103<\/td>\n<\/tr>\n<tr>\n<th>Temperatura przechowywania<\/th>\n<td>0~40\u2103<\/td>\n<\/tr>\n<tr>\n<th>Wilgotno\u015b\u0107<\/th>\n<td>10-90%RH<\/td>\n<\/tr>\n<tr>\n<th>Zasilanie<\/th>\n<td>wej\u015bcie 100~240V 50\/60Hz, wyj\u015bcie 20V\/5A 100W,DC 5.5\/2.5mm<\/td>\n<\/tr>\n<tr>\n<th>Zdalne sterowanie IR<\/th>\n<td>Nie<\/td>\n<\/tr>\n<tr>\n<th>VESA<\/th>\n<td>Tak<\/td>\n<\/tr>\n<tr>\n<th>Pasma radiowe<\/th>\n<td>WIFI 2.4G\/WIFI 5G\/BT<\/td>\n<\/tr>\n<tr>\n<th>Maks. moc nadawcza<\/th>\n<td>17dBm \/ 14dBm \/ 6dBm <\/td>\n<\/tr>\n<\/tbody>\n<\/table>\n<\/div>\n","protected":false},"excerpt":{"rendered":"<p>GMKtec M3 MINI-PC Intel i5-12450H 32GB RAM + 1TB (czarny) GMKtec M3 MINI to kompaktowy (114 x 106 x 42.5<\/p>\n","protected":false},"featured_media":48898,"comment_status":"closed","ping_status":"open","template":"","meta":{"_acf_changed":false},"product_brand":[],"product_cat":[5929,6006],"product_tag":[],"class_list":{"0":"post-58811","1":"product","2":"type-product","3":"status-publish","4":"has-post-thumbnail","6":"product_cat-akcesoria-it","7":"product_cat-mini-pc","8":"pa_okres-gwarancji-5754","9":"pa_producent-gmktec","11":"first","12":"outofstock","13":"taxable","14":"shipping-taxable","15":"purchasable","16":"product-type-simple"},"acf":[],"yoast_head":"<!-- This site is optimized with the Yoast SEO plugin v27.2 - https:\/\/yoast.com\/product\/yoast-seo-wordpress\/ -->\n<title>Mini PC GMKtec M3 i5-12450H 32GB 1TB SSD Win11 Pro - IRONSKY.PL Sklep z Dronami<\/title>\n<meta name=\"description\" content=\"Mini PC GMKtec M3 i5-12450H 32GB 1TB SSD Win11 Pro - \u2705 sklep z dronami i fachowym doradztwem. \u2705 Tutaj kupisz produkty DJI, Yuneec, Parrot, Syma i wiele innych, a tak\u017ce kursy i licencje na operatora drona.\" \/>\n<meta name=\"robots\" content=\"index, follow, max-snippet:-1, max-image-preview:large, max-video-preview:-1\" \/>\n<link rel=\"canonical\" href=\"https:\/\/ironsky.pl\/sklep\/produkt\/mini-pc-gmktec-m3-i5-12450h-32gb-1tb-ssd-win11-pro\/\" \/>\n<meta property=\"og:locale\" content=\"pl_PL\" \/>\n<meta property=\"og:type\" content=\"article\" \/>\n<meta property=\"og:title\" content=\"Mini PC GMKtec M3 i5-12450H 32GB 1TB SSD Win11 Pro - IRONSKY.PL Sklep z Dronami\" \/>\n<meta property=\"og:description\" content=\"Mini PC GMKtec M3 i5-12450H 32GB 1TB SSD Win11 Pro - \u2705 sklep z dronami i fachowym doradztwem. \u2705 Tutaj kupisz produkty DJI, Yuneec, Parrot, Syma i wiele innych, a tak\u017ce kursy i licencje na operatora drona.\" \/>\n<meta property=\"og:url\" content=\"https:\/\/ironsky.pl\/sklep\/produkt\/mini-pc-gmktec-m3-i5-12450h-32gb-1tb-ssd-win11-pro\/\" \/>\n<meta property=\"og:site_name\" content=\"IRONSKY.PL Sklep z Dronami\" \/>\n<meta property=\"article:modified_time\" content=\"2026-04-15T08:40:46+00:00\" \/>\n<meta property=\"og:image\" content=\"https:\/\/ironsky.pl\/sklep\/wp-content\/uploads\/2025\/10\/43223_1.jpg\" \/>\n\t<meta property=\"og:image:width\" content=\"800\" \/>\n\t<meta property=\"og:image:height\" content=\"800\" \/>\n\t<meta property=\"og:image:type\" content=\"image\/jpeg\" \/>\n<meta name=\"twitter:card\" content=\"summary_large_image\" \/>\n<meta name=\"twitter:label1\" content=\"Szacowany czas czytania\" \/>\n\t<meta name=\"twitter:data1\" content=\"2 minuty\" \/>\n<script type=\"application\/ld+json\" class=\"yoast-schema-graph\">{\"@context\":\"https:\/\/schema.org\",\"@graph\":[{\"@type\":\"WebPage\",\"@id\":\"https:\/\/ironsky.pl\/sklep\/produkt\/mini-pc-gmktec-m3-i5-12450h-32gb-1tb-ssd-win11-pro\/\",\"url\":\"https:\/\/ironsky.pl\/sklep\/produkt\/mini-pc-gmktec-m3-i5-12450h-32gb-1tb-ssd-win11-pro\/\",\"name\":\"Mini PC GMKtec M3 i5-12450H 32GB 1TB SSD Win11 Pro - IRONSKY.PL Sklep z Dronami\",\"isPartOf\":{\"@id\":\"https:\/\/ironsky.pl\/sklep\/#website\"},\"primaryImageOfPage\":{\"@id\":\"https:\/\/ironsky.pl\/sklep\/produkt\/mini-pc-gmktec-m3-i5-12450h-32gb-1tb-ssd-win11-pro\/#primaryimage\"},\"image\":{\"@id\":\"https:\/\/ironsky.pl\/sklep\/produkt\/mini-pc-gmktec-m3-i5-12450h-32gb-1tb-ssd-win11-pro\/#primaryimage\"},\"thumbnailUrl\":\"https:\/\/ironsky.pl\/sklep\/wp-content\/uploads\/2025\/10\/43223_1.jpg\",\"datePublished\":\"2026-04-15T08:40:35+00:00\",\"dateModified\":\"2026-04-15T08:40:46+00:00\",\"description\":\"Mini PC GMKtec M3 i5-12450H 32GB 1TB SSD Win11 Pro - \u2705 sklep z dronami i fachowym doradztwem. \u2705 Tutaj kupisz produkty DJI, Yuneec, Parrot, Syma i wiele innych, a tak\u017ce kursy i licencje na operatora drona.\",\"breadcrumb\":{\"@id\":\"https:\/\/ironsky.pl\/sklep\/produkt\/mini-pc-gmktec-m3-i5-12450h-32gb-1tb-ssd-win11-pro\/#breadcrumb\"},\"inLanguage\":\"pl-PL\",\"potentialAction\":[{\"@type\":\"ReadAction\",\"target\":[\"https:\/\/ironsky.pl\/sklep\/produkt\/mini-pc-gmktec-m3-i5-12450h-32gb-1tb-ssd-win11-pro\/\"]}]},{\"@type\":\"ImageObject\",\"inLanguage\":\"pl-PL\",\"@id\":\"https:\/\/ironsky.pl\/sklep\/produkt\/mini-pc-gmktec-m3-i5-12450h-32gb-1tb-ssd-win11-pro\/#primaryimage\",\"url\":\"https:\/\/ironsky.pl\/sklep\/wp-content\/uploads\/2025\/10\/43223_1.jpg\",\"contentUrl\":\"https:\/\/ironsky.pl\/sklep\/wp-content\/uploads\/2025\/10\/43223_1.jpg\",\"width\":800,\"height\":800},{\"@type\":\"BreadcrumbList\",\"@id\":\"https:\/\/ironsky.pl\/sklep\/produkt\/mini-pc-gmktec-m3-i5-12450h-32gb-1tb-ssd-win11-pro\/#breadcrumb\",\"itemListElement\":[{\"@type\":\"ListItem\",\"position\":1,\"name\":\"Strona g\u0142\u00f3wna\",\"item\":\"https:\/\/ironsky.pl\/sklep\/\"},{\"@type\":\"ListItem\",\"position\":2,\"name\":\"Wszystkie produkty\",\"item\":\"https:\/\/ironsky.pl\/sklep\/produkty\/\"},{\"@type\":\"ListItem\",\"position\":3,\"name\":\"Mini PC GMKtec M3 i5-12450H 32GB 1TB SSD Win11 Pro\"}]},{\"@type\":\"WebSite\",\"@id\":\"https:\/\/ironsky.pl\/sklep\/#website\",\"url\":\"https:\/\/ironsky.pl\/sklep\/\",\"name\":\"IRONSKY.PL Sklep z Dronami\",\"description\":\"IRONSKY.PL Sklep z Dronami\",\"potentialAction\":[{\"@type\":\"SearchAction\",\"target\":{\"@type\":\"EntryPoint\",\"urlTemplate\":\"https:\/\/ironsky.pl\/sklep\/?s={search_term_string}\"},\"query-input\":{\"@type\":\"PropertyValueSpecification\",\"valueRequired\":true,\"valueName\":\"search_term_string\"}}],\"inLanguage\":\"pl-PL\"}]}<\/script>\n<!-- \/ Yoast SEO plugin. -->","yoast_head_json":{"title":"Mini PC GMKtec M3 i5-12450H 32GB 1TB SSD Win11 Pro - IRONSKY.PL Sklep z Dronami","description":"Mini PC GMKtec M3 i5-12450H 32GB 1TB SSD Win11 Pro - \u2705 sklep z dronami i fachowym doradztwem. \u2705 Tutaj kupisz produkty DJI, Yuneec, Parrot, Syma i wiele innych, a tak\u017ce kursy i licencje na operatora drona.","robots":{"index":"index","follow":"follow","max-snippet":"max-snippet:-1","max-image-preview":"max-image-preview:large","max-video-preview":"max-video-preview:-1"},"canonical":"https:\/\/ironsky.pl\/sklep\/produkt\/mini-pc-gmktec-m3-i5-12450h-32gb-1tb-ssd-win11-pro\/","og_locale":"pl_PL","og_type":"article","og_title":"Mini PC GMKtec M3 i5-12450H 32GB 1TB SSD Win11 Pro - IRONSKY.PL Sklep z Dronami","og_description":"Mini PC GMKtec M3 i5-12450H 32GB 1TB SSD Win11 Pro - \u2705 sklep z dronami i fachowym doradztwem. \u2705 Tutaj kupisz produkty DJI, Yuneec, Parrot, Syma i wiele innych, a tak\u017ce kursy i licencje na operatora drona.","og_url":"https:\/\/ironsky.pl\/sklep\/produkt\/mini-pc-gmktec-m3-i5-12450h-32gb-1tb-ssd-win11-pro\/","og_site_name":"IRONSKY.PL Sklep z Dronami","article_modified_time":"2026-04-15T08:40:46+00:00","og_image":[{"width":800,"height":800,"url":"https:\/\/ironsky.pl\/sklep\/wp-content\/uploads\/2025\/10\/43223_1.jpg","type":"image\/jpeg"}],"twitter_card":"summary_large_image","twitter_misc":{"Szacowany czas czytania":"2 minuty"},"schema":{"@context":"https:\/\/schema.org","@graph":[{"@type":"WebPage","@id":"https:\/\/ironsky.pl\/sklep\/produkt\/mini-pc-gmktec-m3-i5-12450h-32gb-1tb-ssd-win11-pro\/","url":"https:\/\/ironsky.pl\/sklep\/produkt\/mini-pc-gmktec-m3-i5-12450h-32gb-1tb-ssd-win11-pro\/","name":"Mini PC GMKtec M3 i5-12450H 32GB 1TB SSD Win11 Pro - IRONSKY.PL Sklep z Dronami","isPartOf":{"@id":"https:\/\/ironsky.pl\/sklep\/#website"},"primaryImageOfPage":{"@id":"https:\/\/ironsky.pl\/sklep\/produkt\/mini-pc-gmktec-m3-i5-12450h-32gb-1tb-ssd-win11-pro\/#primaryimage"},"image":{"@id":"https:\/\/ironsky.pl\/sklep\/produkt\/mini-pc-gmktec-m3-i5-12450h-32gb-1tb-ssd-win11-pro\/#primaryimage"},"thumbnailUrl":"https:\/\/ironsky.pl\/sklep\/wp-content\/uploads\/2025\/10\/43223_1.jpg","datePublished":"2026-04-15T08:40:35+00:00","dateModified":"2026-04-15T08:40:46+00:00","description":"Mini PC GMKtec M3 i5-12450H 32GB 1TB SSD Win11 Pro - \u2705 sklep z dronami i fachowym doradztwem. \u2705 Tutaj kupisz produkty DJI, Yuneec, Parrot, Syma i wiele innych, a tak\u017ce kursy i licencje na operatora drona.","breadcrumb":{"@id":"https:\/\/ironsky.pl\/sklep\/produkt\/mini-pc-gmktec-m3-i5-12450h-32gb-1tb-ssd-win11-pro\/#breadcrumb"},"inLanguage":"pl-PL","potentialAction":[{"@type":"ReadAction","target":["https:\/\/ironsky.pl\/sklep\/produkt\/mini-pc-gmktec-m3-i5-12450h-32gb-1tb-ssd-win11-pro\/"]}]},{"@type":"ImageObject","inLanguage":"pl-PL","@id":"https:\/\/ironsky.pl\/sklep\/produkt\/mini-pc-gmktec-m3-i5-12450h-32gb-1tb-ssd-win11-pro\/#primaryimage","url":"https:\/\/ironsky.pl\/sklep\/wp-content\/uploads\/2025\/10\/43223_1.jpg","contentUrl":"https:\/\/ironsky.pl\/sklep\/wp-content\/uploads\/2025\/10\/43223_1.jpg","width":800,"height":800},{"@type":"BreadcrumbList","@id":"https:\/\/ironsky.pl\/sklep\/produkt\/mini-pc-gmktec-m3-i5-12450h-32gb-1tb-ssd-win11-pro\/#breadcrumb","itemListElement":[{"@type":"ListItem","position":1,"name":"Strona g\u0142\u00f3wna","item":"https:\/\/ironsky.pl\/sklep\/"},{"@type":"ListItem","position":2,"name":"Wszystkie produkty","item":"https:\/\/ironsky.pl\/sklep\/produkty\/"},{"@type":"ListItem","position":3,"name":"Mini PC GMKtec M3 i5-12450H 32GB 1TB SSD Win11 Pro"}]},{"@type":"WebSite","@id":"https:\/\/ironsky.pl\/sklep\/#website","url":"https:\/\/ironsky.pl\/sklep\/","name":"IRONSKY.PL Sklep z Dronami","description":"IRONSKY.PL Sklep z Dronami","potentialAction":[{"@type":"SearchAction","target":{"@type":"EntryPoint","urlTemplate":"https:\/\/ironsky.pl\/sklep\/?s={search_term_string}"},"query-input":{"@type":"PropertyValueSpecification","valueRequired":true,"valueName":"search_term_string"}}],"inLanguage":"pl-PL"}]}},"_links":{"self":[{"href":"https:\/\/ironsky.pl\/sklep\/wp-json\/wp\/v2\/product\/58811","targetHints":{"allow":["GET"]}}],"collection":[{"href":"https:\/\/ironsky.pl\/sklep\/wp-json\/wp\/v2\/product"}],"about":[{"href":"https:\/\/ironsky.pl\/sklep\/wp-json\/wp\/v2\/types\/product"}],"replies":[{"embeddable":true,"href":"https:\/\/ironsky.pl\/sklep\/wp-json\/wp\/v2\/comments?post=58811"}],"wp:featuredmedia":[{"embeddable":true,"href":"https:\/\/ironsky.pl\/sklep\/wp-json\/wp\/v2\/media\/48898"}],"wp:attachment":[{"href":"https:\/\/ironsky.pl\/sklep\/wp-json\/wp\/v2\/media?parent=58811"}],"wp:term":[{"taxonomy":"product_brand","embeddable":true,"href":"https:\/\/ironsky.pl\/sklep\/wp-json\/wp\/v2\/product_brand?post=58811"},{"taxonomy":"product_cat","embeddable":true,"href":"https:\/\/ironsky.pl\/sklep\/wp-json\/wp\/v2\/product_cat?post=58811"},{"taxonomy":"product_tag","embeddable":true,"href":"https:\/\/ironsky.pl\/sklep\/wp-json\/wp\/v2\/product_tag?post=58811"}],"curies":[{"name":"wp","href":"https:\/\/api.w.org\/{rel}","templated":true}]}}