{"id":58664,"date":"2026-04-15T10:39:01","date_gmt":"2026-04-15T08:39:01","guid":{"rendered":"https:\/\/ironsky.pl\/sklep\/produkt\/mocowanie-na-kierownice-pgytech-p-gm-170-2\/"},"modified":"2026-04-15T10:39:22","modified_gmt":"2026-04-15T08:39:22","slug":"mocowanie-na-kierownice-pgytech-p-gm-170-2","status":"publish","type":"product","link":"https:\/\/ironsky.pl\/sklep\/produkt\/mocowanie-na-kierownice-pgytech-p-gm-170-2\/","title":{"rendered":"Mocowanie na kierownic\u0119 PGYTECH P-GM-170"},"content":{"rendered":"<section class=\"longdescription cm col-12\" data-directory=\"true\" data-div-target=\"hide\" data-traits=\"true\" id=\"projector_longdescription\">\n<h3>Mocowanie na kierownic\u0119 PGYTECH P-GM-170<\/h3>\n<p>Mocowanie na kierownic\u0119 PGYTECH P-GM-170 pozwoli Ci tworzy\u0107 spektakularne nagrania podczas wypraw na motocyklu czy wycieczek rowerowych. Mo\u017cesz swobodnie regulowa\u0107 jego pozycj\u0119 kamery na 2 poziomach w zakresie 360\u00b0 i 180\u00b0, a dzi\u0119ki opatentowanej strukturze rotacyjnej, zapewnia ono nie tylko stabilno\u015b\u0107, ale tak\u017ce bezpiecze\u0144stwo, pozwalaj\u0105c Ci skupi\u0107 si\u0119 wy\u0142\u0105cznie na nagrywaniu.<\/p>\n<p>\n<img decoding=\"async\" alt=\"\" border=\"0\" src=\"https:\/\/assets.innpro.pl\/6150\/7212\/1.jpg\"\/>\n<\/p>\n<h3>Nieograniczone perspektywy<\/h3>\n<p>Teraz mo\u017cesz eksperymentowa\u0107 z r\u00f3\u017cnymi perspektywami i tworzy\u0107 niezwyk\u0142e uj\u0119cia bez \u017cadnych ogranicze\u0144. Dzi\u0119ki mechanizmowi kulowemu i mo\u017cliwo\u015bci obracania w dw\u00f3ch kierunkach, mocowanie zapewnia pe\u0142n\u0105 swobod\u0119 ruchu, umo\u017cliwiaj\u0105c ustawienie kamery w dowolnej pozycji.<\/p>\n<p>\n<img decoding=\"async\" alt=\"\" border=\"0\" src=\"https:\/\/assets.innpro.pl\/6150\/7212\/6.jpg\"\/>\n<\/p>\n<h3>Szeroka kompatybilno\u015b\u0107<\/h3>\n<p>W sk\u0142ad zestawu wchodz\u0105 r\u00f3wnie\u017c specjalne tuleje o r\u00f3\u017cnych \u015brednicach (6mm\/8mm\/10mm\/12mm\/14mm), co sprawia, \u017ce jest kompatybilne z r\u00f3\u017cnymi rodzajami kierownic i urz\u0105dze\u0144. Mocowanie doskonale wsp\u00f3\u0142pracuje z wieloma kamerami sportowymi \u2013 niezale\u017cnie od tego, jaki masz sprz\u0119t, to mocowanie z pewno\u015bci\u0105 b\u0119dzie pasowa\u0107 do Twoich potrzeb.<\/p>\n<p>\n<img decoding=\"async\" alt=\"\" border=\"0\" src=\"https:\/\/assets.innpro.pl\/6150\/7212\/4.jpg\"\/>\n<\/p>\n<h3>Szybki monta\u017c<\/h3>\n<p>Dzi\u0119ki innowacyjnemu systemowi patentowemu CapLock, proces monta\u017cu i demonta\u017cu staje si\u0119 niezwykle prosty i intuicyjny. Ju\u017c nie musisz marnowa\u0107 cennego czasu na skomplikowane operacje monta\u017cowe. Wystarczy kilka szybkich ruch\u00f3w, aby zamocowa\u0107 lub zdj\u0105\u0107 urz\u0105dzenie, dzi\u0119ki czemu mo\u017cesz skoncentrowa\u0107 si\u0119 na tym, co najwa\u017cniejsze \u2013 tworzeniu niezapomnianych uj\u0119\u0107 i nagraniach.<\/p>\n<p>\n<img decoding=\"async\" alt=\"\" border=\"0\" src=\"https:\/\/assets.innpro.pl\/6150\/7212\/2.jpg\"\/>\n<\/p>\n<h3>W zestawie:<\/h3>\n<ul class=\"list-disc pl-5\">\n<li>Mocowanie na kierownic\u0119<\/li>\n<li>Adapter do kamery sportowej<\/li>\n<li>\u015aruba<\/li>\n<li>Adapter 1\/4<\/li>\n<li>Wkr\u0119tak (S3\/S4) x2<\/li>\n<li>Tuleja rurowa (6\/8\/10\/12\/14 mm)<\/li>\n<li>Instrukcja obs\u0142ugi<\/li>\n<\/ul>\n<div class=\"table-wrapper\">\n<p>\u00a0<\/p>\n<h3><\/h3>\n<table>\n<tbody>\n<tr>\n<th>Producent<\/th>\n<td>PGYTECH<\/td>\n<\/tr>\n<tr>\n<th>Model<\/th>\n<td>P-GM-170<\/td>\n<\/tr>\n<tr>\n<th>Materia\u0142<\/th>\n<td>Stop aluminium + PA + guma<\/td>\n<\/tr>\n<tr>\n<th>Waga<\/th>\n<td>81 g<\/td>\n<\/tr>\n<tr>\n<th>Wymiary<\/th>\n<td>90 x 40 x 40 mm<\/td>\n<\/tr>\n<tr>\n<th>Kompatybilno\u015b\u0107<\/th>\n<td>Kamery sportowe, smartfony<\/td>\n<\/tr>\n<\/tbody>\n<\/table>\n<\/div>\n<\/section>\n","protected":false},"excerpt":{"rendered":"<p>Mocowanie na kierownic\u0119 PGYTECH P-GM-170 Mocowanie na kierownic\u0119 PGYTECH P-GM-170 pozwoli Ci tworzy\u0107 spektakularne nagrania podczas wypraw na motocyklu czy<\/p>\n","protected":false},"featured_media":58665,"comment_status":"closed","ping_status":"open","template":"","meta":{"_acf_changed":false},"product_brand":[],"product_cat":[1128,6178,6176,6177,1138,6179],"product_tag":[],"class_list":{"0":"post-58664","1":"product","2":"type-product","3":"status-publish","4":"has-post-thumbnail","6":"product_cat-foto-wideo","7":"product_cat-mocowania","8":"product_cat-selfie-stiki","9":"product_cat-statywy-selfie-stiki","10":"product_cat-wysiegniki","11":"product_cat-wysiegniki-i-uchwyty-selfie","12":"pa_okres-gwarancji-5754","13":"pa_producent-pgytech","15":"first","16":"outofstock","17":"taxable","18":"shipping-taxable","19":"purchasable","20":"product-type-simple"},"acf":[],"yoast_head":"<!-- This site is optimized with the Yoast SEO plugin v27.2 - https:\/\/yoast.com\/product\/yoast-seo-wordpress\/ -->\n<title>Mocowanie na kierownic\u0119 PGYTECH P-GM-170 - IRONSKY.PL Sklep z Dronami<\/title>\n<meta name=\"description\" content=\"Mocowanie na kierownic\u0119 PGYTECH P-GM-170 - \u2705 sklep z dronami i fachowym doradztwem. \u2705 Tutaj kupisz produkty DJI, Yuneec, Parrot, Syma i wiele innych, a tak\u017ce kursy i licencje na operatora drona.\" \/>\n<meta name=\"robots\" content=\"index, follow, max-snippet:-1, max-image-preview:large, max-video-preview:-1\" \/>\n<link rel=\"canonical\" href=\"https:\/\/ironsky.pl\/sklep\/produkt\/mocowanie-na-kierownice-pgytech-p-gm-170-2\/\" \/>\n<meta property=\"og:locale\" content=\"pl_PL\" \/>\n<meta property=\"og:type\" content=\"article\" \/>\n<meta property=\"og:title\" content=\"Mocowanie na kierownic\u0119 PGYTECH P-GM-170 - IRONSKY.PL Sklep z Dronami\" \/>\n<meta property=\"og:description\" content=\"Mocowanie na kierownic\u0119 PGYTECH P-GM-170 - \u2705 sklep z dronami i fachowym doradztwem. \u2705 Tutaj kupisz produkty DJI, Yuneec, Parrot, Syma i wiele innych, a tak\u017ce kursy i licencje na operatora drona.\" \/>\n<meta property=\"og:url\" content=\"https:\/\/ironsky.pl\/sklep\/produkt\/mocowanie-na-kierownice-pgytech-p-gm-170-2\/\" \/>\n<meta property=\"og:site_name\" content=\"IRONSKY.PL Sklep z Dronami\" \/>\n<meta property=\"article:modified_time\" content=\"2026-04-15T08:39:22+00:00\" \/>\n<meta property=\"og:image\" content=\"https:\/\/ironsky.pl\/sklep\/wp-content\/uploads\/2026\/04\/43027_1.jpg\" \/>\n\t<meta property=\"og:image:width\" content=\"800\" \/>\n\t<meta property=\"og:image:height\" content=\"800\" \/>\n\t<meta property=\"og:image:type\" content=\"image\/jpeg\" \/>\n<meta name=\"twitter:card\" content=\"summary_large_image\" \/>\n<meta name=\"twitter:label1\" content=\"Szacowany czas czytania\" \/>\n\t<meta name=\"twitter:data1\" content=\"1 minuta\" \/>\n<script type=\"application\/ld+json\" class=\"yoast-schema-graph\">{\"@context\":\"https:\/\/schema.org\",\"@graph\":[{\"@type\":\"WebPage\",\"@id\":\"https:\/\/ironsky.pl\/sklep\/produkt\/mocowanie-na-kierownice-pgytech-p-gm-170-2\/\",\"url\":\"https:\/\/ironsky.pl\/sklep\/produkt\/mocowanie-na-kierownice-pgytech-p-gm-170-2\/\",\"name\":\"Mocowanie na kierownic\u0119 PGYTECH P-GM-170 - IRONSKY.PL Sklep z Dronami\",\"isPartOf\":{\"@id\":\"https:\/\/ironsky.pl\/sklep\/#website\"},\"primaryImageOfPage\":{\"@id\":\"https:\/\/ironsky.pl\/sklep\/produkt\/mocowanie-na-kierownice-pgytech-p-gm-170-2\/#primaryimage\"},\"image\":{\"@id\":\"https:\/\/ironsky.pl\/sklep\/produkt\/mocowanie-na-kierownice-pgytech-p-gm-170-2\/#primaryimage\"},\"thumbnailUrl\":\"https:\/\/ironsky.pl\/sklep\/wp-content\/uploads\/2026\/04\/43027_1.jpg\",\"datePublished\":\"2026-04-15T08:39:01+00:00\",\"dateModified\":\"2026-04-15T08:39:22+00:00\",\"description\":\"Mocowanie na kierownic\u0119 PGYTECH P-GM-170 - \u2705 sklep z dronami i fachowym doradztwem. \u2705 Tutaj kupisz produkty DJI, Yuneec, Parrot, Syma i wiele innych, a tak\u017ce kursy i licencje na operatora drona.\",\"breadcrumb\":{\"@id\":\"https:\/\/ironsky.pl\/sklep\/produkt\/mocowanie-na-kierownice-pgytech-p-gm-170-2\/#breadcrumb\"},\"inLanguage\":\"pl-PL\",\"potentialAction\":[{\"@type\":\"ReadAction\",\"target\":[\"https:\/\/ironsky.pl\/sklep\/produkt\/mocowanie-na-kierownice-pgytech-p-gm-170-2\/\"]}]},{\"@type\":\"ImageObject\",\"inLanguage\":\"pl-PL\",\"@id\":\"https:\/\/ironsky.pl\/sklep\/produkt\/mocowanie-na-kierownice-pgytech-p-gm-170-2\/#primaryimage\",\"url\":\"https:\/\/ironsky.pl\/sklep\/wp-content\/uploads\/2026\/04\/43027_1.jpg\",\"contentUrl\":\"https:\/\/ironsky.pl\/sklep\/wp-content\/uploads\/2026\/04\/43027_1.jpg\",\"width\":800,\"height\":800},{\"@type\":\"BreadcrumbList\",\"@id\":\"https:\/\/ironsky.pl\/sklep\/produkt\/mocowanie-na-kierownice-pgytech-p-gm-170-2\/#breadcrumb\",\"itemListElement\":[{\"@type\":\"ListItem\",\"position\":1,\"name\":\"Strona g\u0142\u00f3wna\",\"item\":\"https:\/\/ironsky.pl\/sklep\/\"},{\"@type\":\"ListItem\",\"position\":2,\"name\":\"Wszystkie produkty\",\"item\":\"https:\/\/ironsky.pl\/sklep\/produkty\/\"},{\"@type\":\"ListItem\",\"position\":3,\"name\":\"Mocowanie na kierownic\u0119 PGYTECH P-GM-170\"}]},{\"@type\":\"WebSite\",\"@id\":\"https:\/\/ironsky.pl\/sklep\/#website\",\"url\":\"https:\/\/ironsky.pl\/sklep\/\",\"name\":\"IRONSKY.PL Sklep z Dronami\",\"description\":\"IRONSKY.PL Sklep z Dronami\",\"potentialAction\":[{\"@type\":\"SearchAction\",\"target\":{\"@type\":\"EntryPoint\",\"urlTemplate\":\"https:\/\/ironsky.pl\/sklep\/?s={search_term_string}\"},\"query-input\":{\"@type\":\"PropertyValueSpecification\",\"valueRequired\":true,\"valueName\":\"search_term_string\"}}],\"inLanguage\":\"pl-PL\"}]}<\/script>\n<!-- \/ Yoast SEO plugin. -->","yoast_head_json":{"title":"Mocowanie na kierownic\u0119 PGYTECH P-GM-170 - IRONSKY.PL Sklep z Dronami","description":"Mocowanie na kierownic\u0119 PGYTECH P-GM-170 - \u2705 sklep z dronami i fachowym doradztwem. \u2705 Tutaj kupisz produkty DJI, Yuneec, Parrot, Syma i wiele innych, a tak\u017ce kursy i licencje na operatora drona.","robots":{"index":"index","follow":"follow","max-snippet":"max-snippet:-1","max-image-preview":"max-image-preview:large","max-video-preview":"max-video-preview:-1"},"canonical":"https:\/\/ironsky.pl\/sklep\/produkt\/mocowanie-na-kierownice-pgytech-p-gm-170-2\/","og_locale":"pl_PL","og_type":"article","og_title":"Mocowanie na kierownic\u0119 PGYTECH P-GM-170 - IRONSKY.PL Sklep z Dronami","og_description":"Mocowanie na kierownic\u0119 PGYTECH P-GM-170 - \u2705 sklep z dronami i fachowym doradztwem. \u2705 Tutaj kupisz produkty DJI, Yuneec, Parrot, Syma i wiele innych, a tak\u017ce kursy i licencje na operatora drona.","og_url":"https:\/\/ironsky.pl\/sklep\/produkt\/mocowanie-na-kierownice-pgytech-p-gm-170-2\/","og_site_name":"IRONSKY.PL Sklep z Dronami","article_modified_time":"2026-04-15T08:39:22+00:00","og_image":[{"width":800,"height":800,"url":"https:\/\/ironsky.pl\/sklep\/wp-content\/uploads\/2026\/04\/43027_1.jpg","type":"image\/jpeg"}],"twitter_card":"summary_large_image","twitter_misc":{"Szacowany czas czytania":"1 minuta"},"schema":{"@context":"https:\/\/schema.org","@graph":[{"@type":"WebPage","@id":"https:\/\/ironsky.pl\/sklep\/produkt\/mocowanie-na-kierownice-pgytech-p-gm-170-2\/","url":"https:\/\/ironsky.pl\/sklep\/produkt\/mocowanie-na-kierownice-pgytech-p-gm-170-2\/","name":"Mocowanie na kierownic\u0119 PGYTECH P-GM-170 - IRONSKY.PL Sklep z Dronami","isPartOf":{"@id":"https:\/\/ironsky.pl\/sklep\/#website"},"primaryImageOfPage":{"@id":"https:\/\/ironsky.pl\/sklep\/produkt\/mocowanie-na-kierownice-pgytech-p-gm-170-2\/#primaryimage"},"image":{"@id":"https:\/\/ironsky.pl\/sklep\/produkt\/mocowanie-na-kierownice-pgytech-p-gm-170-2\/#primaryimage"},"thumbnailUrl":"https:\/\/ironsky.pl\/sklep\/wp-content\/uploads\/2026\/04\/43027_1.jpg","datePublished":"2026-04-15T08:39:01+00:00","dateModified":"2026-04-15T08:39:22+00:00","description":"Mocowanie na kierownic\u0119 PGYTECH P-GM-170 - \u2705 sklep z dronami i fachowym doradztwem. \u2705 Tutaj kupisz produkty DJI, Yuneec, Parrot, Syma i wiele innych, a tak\u017ce kursy i licencje na operatora drona.","breadcrumb":{"@id":"https:\/\/ironsky.pl\/sklep\/produkt\/mocowanie-na-kierownice-pgytech-p-gm-170-2\/#breadcrumb"},"inLanguage":"pl-PL","potentialAction":[{"@type":"ReadAction","target":["https:\/\/ironsky.pl\/sklep\/produkt\/mocowanie-na-kierownice-pgytech-p-gm-170-2\/"]}]},{"@type":"ImageObject","inLanguage":"pl-PL","@id":"https:\/\/ironsky.pl\/sklep\/produkt\/mocowanie-na-kierownice-pgytech-p-gm-170-2\/#primaryimage","url":"https:\/\/ironsky.pl\/sklep\/wp-content\/uploads\/2026\/04\/43027_1.jpg","contentUrl":"https:\/\/ironsky.pl\/sklep\/wp-content\/uploads\/2026\/04\/43027_1.jpg","width":800,"height":800},{"@type":"BreadcrumbList","@id":"https:\/\/ironsky.pl\/sklep\/produkt\/mocowanie-na-kierownice-pgytech-p-gm-170-2\/#breadcrumb","itemListElement":[{"@type":"ListItem","position":1,"name":"Strona g\u0142\u00f3wna","item":"https:\/\/ironsky.pl\/sklep\/"},{"@type":"ListItem","position":2,"name":"Wszystkie produkty","item":"https:\/\/ironsky.pl\/sklep\/produkty\/"},{"@type":"ListItem","position":3,"name":"Mocowanie na kierownic\u0119 PGYTECH P-GM-170"}]},{"@type":"WebSite","@id":"https:\/\/ironsky.pl\/sklep\/#website","url":"https:\/\/ironsky.pl\/sklep\/","name":"IRONSKY.PL Sklep z Dronami","description":"IRONSKY.PL Sklep z Dronami","potentialAction":[{"@type":"SearchAction","target":{"@type":"EntryPoint","urlTemplate":"https:\/\/ironsky.pl\/sklep\/?s={search_term_string}"},"query-input":{"@type":"PropertyValueSpecification","valueRequired":true,"valueName":"search_term_string"}}],"inLanguage":"pl-PL"}]}},"_links":{"self":[{"href":"https:\/\/ironsky.pl\/sklep\/wp-json\/wp\/v2\/product\/58664","targetHints":{"allow":["GET"]}}],"collection":[{"href":"https:\/\/ironsky.pl\/sklep\/wp-json\/wp\/v2\/product"}],"about":[{"href":"https:\/\/ironsky.pl\/sklep\/wp-json\/wp\/v2\/types\/product"}],"replies":[{"embeddable":true,"href":"https:\/\/ironsky.pl\/sklep\/wp-json\/wp\/v2\/comments?post=58664"}],"wp:featuredmedia":[{"embeddable":true,"href":"https:\/\/ironsky.pl\/sklep\/wp-json\/wp\/v2\/media\/58665"}],"wp:attachment":[{"href":"https:\/\/ironsky.pl\/sklep\/wp-json\/wp\/v2\/media?parent=58664"}],"wp:term":[{"taxonomy":"product_brand","embeddable":true,"href":"https:\/\/ironsky.pl\/sklep\/wp-json\/wp\/v2\/product_brand?post=58664"},{"taxonomy":"product_cat","embeddable":true,"href":"https:\/\/ironsky.pl\/sklep\/wp-json\/wp\/v2\/product_cat?post=58664"},{"taxonomy":"product_tag","embeddable":true,"href":"https:\/\/ironsky.pl\/sklep\/wp-json\/wp\/v2\/product_tag?post=58664"}],"curies":[{"name":"wp","href":"https:\/\/api.w.org\/{rel}","templated":true}]}}