{"id":58408,"date":"2026-04-15T10:35:58","date_gmt":"2026-04-15T08:35:58","guid":{"rendered":"https:\/\/ironsky.pl\/sklep\/produkt\/adapter-mppt-dji-do-stacji-zasilania-dji-power\/"},"modified":"2026-04-15T10:36:22","modified_gmt":"2026-04-15T08:36:22","slug":"adapter-mppt-dji-do-stacji-zasilania-dji-power","status":"publish","type":"product","link":"https:\/\/ironsky.pl\/sklep\/produkt\/adapter-mppt-dji-do-stacji-zasilania-dji-power\/","title":{"rendered":"Adapter MPPT DJI do stacji zasilania DJI Power"},"content":{"rendered":"<h3>Adapter paneli s\u0142onecznych MPPT do stacji zasilania DJI<\/h3>\n<p>Adapter paneli s\u0142onecznych MPPT do stacji zasilania DJI umo\u017cliwia ekologiczne \u0142adowanie stacji zasilania serii DJI Power za pomoc\u0105 energii s\u0142onecznej. Urz\u0105dzenie oferuje maksymaln\u0105 moc wyj\u015bciow\u0105 200 W na pojedynczym kanale i do 400 W przy trzech kana\u0142ach. Adapter pracuje w zakresie napi\u0119cia wej\u015bciowego 12-30 V DC i maksymalnym pr\u0105dzie 10 A dla pojedynczego kana\u0142u oraz 16 A przy trzech kana\u0142ach.<\/p>\n<p>\n<img decoding=\"async\" src=\"https:\/\/assets.innpro.pl\/7120\/8291\/1.jpg\" border=\"0\" \/>\n<\/p>\n<h3>Komfortowe u\u017cytkowanie<\/h3>\n<p>Adapter dzia\u0142a w temperaturach od -10\u00b0 do 45\u00b0 C, co pozwala na jego u\u017cycie w r\u00f3\u017cnych warunkach \u015brodowiskowych. Jest kompatybilny z modelami DJI Power 1000 i DJI Power 500 oraz z panelami s\u0142onecznymi marki Zignes z certyfikatem DJI. U\u017cycie paneli innych marek wymaga modu\u0142u MPPT i konwersji portu na interfejs XT60.<\/p>\n<p>\n<img decoding=\"async\" src=\"https:\/\/assets.innpro.pl\/7120\/8291\/2.jpg\" border=\"0\" \/>\n<\/p>\n<h3>Ekologiczne rozwi\u0105zania<\/h3>\n<p>To rozwi\u0105zanie jest idealne dla u\u017cytkownik\u00f3w, kt\u00f3rzy chc\u0105 korzysta\u0107 z odnawialnych \u017ar\u00f3de\u0142 energii, zmniejszaj\u0105c zale\u017cno\u015b\u0107 od sieci elektrycznej. Dzi\u0119ki adapterowi mo\u017cliwe jest \u0142adowanie urz\u0105dze\u0144 w miejscach bez dost\u0119pu do tradycyjnych \u017ar\u00f3de\u0142 energii, co zwi\u0119ksza mobilno\u015b\u0107 i ekologiczno\u015b\u0107 stacji zasilania DJI Power.<\/p>\n<p>\n<img decoding=\"async\" src=\"https:\/\/assets.innpro.pl\/7120\/8291\/4.jpg\" border=\"0\" \/>\n<\/p>\n<h3>W zestawie<\/h3>\n<ul class=\"list-disc pl-5\">\n<li>Modu\u0142 adaptera panelu s\u0142onecznego DJI Power (MPPT) \u00d7 1<\/li>\n<li>Metalowy wspornik rozpraszaj\u0105cy ciep\u0142o \u00d7 2<\/li>\n<li>Klucz sze\u015bciok\u0105tny z kulk\u0105 \u00d7 1<\/li>\n<li>\u015aruba 10 mm \u00d7 3<\/li>\n<li>\u015aruba 20 mm \u00d7 3<\/li>\n<\/ul>\n<div class=\"table-wrapper\">\n<p>\u00a0<\/p>\n<h3><\/h3>\n<table>\n<tbody>\n<tr>\n<th>Producent<\/th>\n<td>DJI<\/td>\n<\/tr>\n<tr>\n<th>Model <\/th>\n<td>CP.DY.00000041.01<\/td>\n<\/tr>\n<tr>\n<th>Ca\u0142kowita moc wyj\u015bciowa<\/th>\n<td>Pojedynczy kana\u0142: Maks. 200 W; Potr\u00f3jne kana\u0142y: Maks. 400 W (z DJI Power 1000); Maks. 300 W (z DJI Power 500)<\/td>\n<\/tr>\n<tr>\n<th>Napi\u0119cie wej\u015bciowe<\/th>\n<td>12-30 V, DC<\/td>\n<\/tr>\n<tr>\n<th>Maksymalny pr\u0105d wej\u015bciowy<\/th>\n<td>Pojedynczy kana\u0142: 10 A; Potr\u00f3jne kana\u0142y: 16 A<\/td>\n<\/tr>\n<tr>\n<th>Temperatura pracy<\/th>\n<td>-10\u00b0 do 45\u00b0 C (41\u00b0 do 113\u00b0 F)<\/td>\n<\/tr>\n<tr>\n<th>Kompatybilno\u015b\u0107<\/th>\n<td>DJI Power 1000, DJI Power 500<\/td>\n<\/tr>\n<\/tbody>\n<\/table>\n<\/div>\n","protected":false},"excerpt":{"rendered":"<p>Adapter paneli s\u0142onecznych MPPT do stacji zasilania DJI Adapter paneli s\u0142onecznych MPPT do stacji zasilania DJI umo\u017cliwia ekologiczne \u0142adowanie stacji<\/p>\n","protected":false},"featured_media":58409,"comment_status":"closed","ping_status":"open","template":"","meta":{"_acf_changed":false},"product_brand":[],"product_cat":[6196,1108,1111],"product_tag":[],"class_list":{"0":"post-58408","1":"product","2":"type-product","3":"status-publish","4":"has-post-thumbnail","6":"product_cat-akcesoria-stacje-zasilania","7":"product_cat-energia","8":"product_cat-stacje-zasilania","9":"pa_okres-gwarancji-5754","10":"pa_producent-dji","12":"first","13":"outofstock","14":"taxable","15":"shipping-taxable","16":"purchasable","17":"product-type-simple"},"acf":[],"yoast_head":"<!-- This site is optimized with the Yoast SEO plugin v27.2 - https:\/\/yoast.com\/product\/yoast-seo-wordpress\/ -->\n<title>Adapter MPPT DJI do stacji zasilania DJI Power - IRONSKY.PL Sklep z Dronami<\/title>\n<meta name=\"description\" content=\"Adapter MPPT DJI do stacji zasilania DJI Power - \u2705 sklep z dronami i fachowym doradztwem. \u2705 Tutaj kupisz produkty DJI, Yuneec, Parrot, Syma i wiele innych, a tak\u017ce kursy i licencje na operatora drona.\" \/>\n<meta name=\"robots\" content=\"index, follow, max-snippet:-1, max-image-preview:large, max-video-preview:-1\" \/>\n<link rel=\"canonical\" href=\"https:\/\/ironsky.pl\/sklep\/produkt\/adapter-mppt-dji-do-stacji-zasilania-dji-power\/\" \/>\n<meta property=\"og:locale\" content=\"pl_PL\" \/>\n<meta property=\"og:type\" content=\"article\" \/>\n<meta property=\"og:title\" content=\"Adapter MPPT DJI do stacji zasilania DJI Power - IRONSKY.PL Sklep z Dronami\" \/>\n<meta property=\"og:description\" content=\"Adapter MPPT DJI do stacji zasilania DJI Power - \u2705 sklep z dronami i fachowym doradztwem. \u2705 Tutaj kupisz produkty DJI, Yuneec, Parrot, Syma i wiele innych, a tak\u017ce kursy i licencje na operatora drona.\" \/>\n<meta property=\"og:url\" content=\"https:\/\/ironsky.pl\/sklep\/produkt\/adapter-mppt-dji-do-stacji-zasilania-dji-power\/\" \/>\n<meta property=\"og:site_name\" content=\"IRONSKY.PL Sklep z Dronami\" \/>\n<meta property=\"article:modified_time\" content=\"2026-04-15T08:36:22+00:00\" \/>\n<meta property=\"og:image\" content=\"https:\/\/ironsky.pl\/sklep\/wp-content\/uploads\/2026\/04\/42381_7.jpg\" \/>\n\t<meta property=\"og:image:width\" content=\"800\" \/>\n\t<meta property=\"og:image:height\" content=\"800\" \/>\n\t<meta property=\"og:image:type\" content=\"image\/jpeg\" \/>\n<meta name=\"twitter:card\" content=\"summary_large_image\" \/>\n<meta name=\"twitter:label1\" content=\"Szacowany czas czytania\" \/>\n\t<meta name=\"twitter:data1\" content=\"1 minuta\" \/>\n<script type=\"application\/ld+json\" class=\"yoast-schema-graph\">{\"@context\":\"https:\/\/schema.org\",\"@graph\":[{\"@type\":\"WebPage\",\"@id\":\"https:\/\/ironsky.pl\/sklep\/produkt\/adapter-mppt-dji-do-stacji-zasilania-dji-power\/\",\"url\":\"https:\/\/ironsky.pl\/sklep\/produkt\/adapter-mppt-dji-do-stacji-zasilania-dji-power\/\",\"name\":\"Adapter MPPT DJI do stacji zasilania DJI Power - IRONSKY.PL Sklep z Dronami\",\"isPartOf\":{\"@id\":\"https:\/\/ironsky.pl\/sklep\/#website\"},\"primaryImageOfPage\":{\"@id\":\"https:\/\/ironsky.pl\/sklep\/produkt\/adapter-mppt-dji-do-stacji-zasilania-dji-power\/#primaryimage\"},\"image\":{\"@id\":\"https:\/\/ironsky.pl\/sklep\/produkt\/adapter-mppt-dji-do-stacji-zasilania-dji-power\/#primaryimage\"},\"thumbnailUrl\":\"https:\/\/ironsky.pl\/sklep\/wp-content\/uploads\/2026\/04\/42381_7.jpg\",\"datePublished\":\"2026-04-15T08:35:58+00:00\",\"dateModified\":\"2026-04-15T08:36:22+00:00\",\"description\":\"Adapter MPPT DJI do stacji zasilania DJI Power - \u2705 sklep z dronami i fachowym doradztwem. \u2705 Tutaj kupisz produkty DJI, Yuneec, Parrot, Syma i wiele innych, a tak\u017ce kursy i licencje na operatora drona.\",\"breadcrumb\":{\"@id\":\"https:\/\/ironsky.pl\/sklep\/produkt\/adapter-mppt-dji-do-stacji-zasilania-dji-power\/#breadcrumb\"},\"inLanguage\":\"pl-PL\",\"potentialAction\":[{\"@type\":\"ReadAction\",\"target\":[\"https:\/\/ironsky.pl\/sklep\/produkt\/adapter-mppt-dji-do-stacji-zasilania-dji-power\/\"]}]},{\"@type\":\"ImageObject\",\"inLanguage\":\"pl-PL\",\"@id\":\"https:\/\/ironsky.pl\/sklep\/produkt\/adapter-mppt-dji-do-stacji-zasilania-dji-power\/#primaryimage\",\"url\":\"https:\/\/ironsky.pl\/sklep\/wp-content\/uploads\/2026\/04\/42381_7.jpg\",\"contentUrl\":\"https:\/\/ironsky.pl\/sklep\/wp-content\/uploads\/2026\/04\/42381_7.jpg\",\"width\":800,\"height\":800},{\"@type\":\"BreadcrumbList\",\"@id\":\"https:\/\/ironsky.pl\/sklep\/produkt\/adapter-mppt-dji-do-stacji-zasilania-dji-power\/#breadcrumb\",\"itemListElement\":[{\"@type\":\"ListItem\",\"position\":1,\"name\":\"Strona g\u0142\u00f3wna\",\"item\":\"https:\/\/ironsky.pl\/sklep\/\"},{\"@type\":\"ListItem\",\"position\":2,\"name\":\"Wszystkie produkty\",\"item\":\"https:\/\/ironsky.pl\/sklep\/produkty\/\"},{\"@type\":\"ListItem\",\"position\":3,\"name\":\"Adapter MPPT DJI do stacji zasilania DJI Power\"}]},{\"@type\":\"WebSite\",\"@id\":\"https:\/\/ironsky.pl\/sklep\/#website\",\"url\":\"https:\/\/ironsky.pl\/sklep\/\",\"name\":\"IRONSKY.PL Sklep z Dronami\",\"description\":\"IRONSKY.PL Sklep z Dronami\",\"potentialAction\":[{\"@type\":\"SearchAction\",\"target\":{\"@type\":\"EntryPoint\",\"urlTemplate\":\"https:\/\/ironsky.pl\/sklep\/?s={search_term_string}\"},\"query-input\":{\"@type\":\"PropertyValueSpecification\",\"valueRequired\":true,\"valueName\":\"search_term_string\"}}],\"inLanguage\":\"pl-PL\"}]}<\/script>\n<!-- \/ Yoast SEO plugin. -->","yoast_head_json":{"title":"Adapter MPPT DJI do stacji zasilania DJI Power - IRONSKY.PL Sklep z Dronami","description":"Adapter MPPT DJI do stacji zasilania DJI Power - \u2705 sklep z dronami i fachowym doradztwem. \u2705 Tutaj kupisz produkty DJI, Yuneec, Parrot, Syma i wiele innych, a tak\u017ce kursy i licencje na operatora drona.","robots":{"index":"index","follow":"follow","max-snippet":"max-snippet:-1","max-image-preview":"max-image-preview:large","max-video-preview":"max-video-preview:-1"},"canonical":"https:\/\/ironsky.pl\/sklep\/produkt\/adapter-mppt-dji-do-stacji-zasilania-dji-power\/","og_locale":"pl_PL","og_type":"article","og_title":"Adapter MPPT DJI do stacji zasilania DJI Power - IRONSKY.PL Sklep z Dronami","og_description":"Adapter MPPT DJI do stacji zasilania DJI Power - \u2705 sklep z dronami i fachowym doradztwem. \u2705 Tutaj kupisz produkty DJI, Yuneec, Parrot, Syma i wiele innych, a tak\u017ce kursy i licencje na operatora drona.","og_url":"https:\/\/ironsky.pl\/sklep\/produkt\/adapter-mppt-dji-do-stacji-zasilania-dji-power\/","og_site_name":"IRONSKY.PL Sklep z Dronami","article_modified_time":"2026-04-15T08:36:22+00:00","og_image":[{"width":800,"height":800,"url":"https:\/\/ironsky.pl\/sklep\/wp-content\/uploads\/2026\/04\/42381_7.jpg","type":"image\/jpeg"}],"twitter_card":"summary_large_image","twitter_misc":{"Szacowany czas czytania":"1 minuta"},"schema":{"@context":"https:\/\/schema.org","@graph":[{"@type":"WebPage","@id":"https:\/\/ironsky.pl\/sklep\/produkt\/adapter-mppt-dji-do-stacji-zasilania-dji-power\/","url":"https:\/\/ironsky.pl\/sklep\/produkt\/adapter-mppt-dji-do-stacji-zasilania-dji-power\/","name":"Adapter MPPT DJI do stacji zasilania DJI Power - IRONSKY.PL Sklep z Dronami","isPartOf":{"@id":"https:\/\/ironsky.pl\/sklep\/#website"},"primaryImageOfPage":{"@id":"https:\/\/ironsky.pl\/sklep\/produkt\/adapter-mppt-dji-do-stacji-zasilania-dji-power\/#primaryimage"},"image":{"@id":"https:\/\/ironsky.pl\/sklep\/produkt\/adapter-mppt-dji-do-stacji-zasilania-dji-power\/#primaryimage"},"thumbnailUrl":"https:\/\/ironsky.pl\/sklep\/wp-content\/uploads\/2026\/04\/42381_7.jpg","datePublished":"2026-04-15T08:35:58+00:00","dateModified":"2026-04-15T08:36:22+00:00","description":"Adapter MPPT DJI do stacji zasilania DJI Power - \u2705 sklep z dronami i fachowym doradztwem. \u2705 Tutaj kupisz produkty DJI, Yuneec, Parrot, Syma i wiele innych, a tak\u017ce kursy i licencje na operatora drona.","breadcrumb":{"@id":"https:\/\/ironsky.pl\/sklep\/produkt\/adapter-mppt-dji-do-stacji-zasilania-dji-power\/#breadcrumb"},"inLanguage":"pl-PL","potentialAction":[{"@type":"ReadAction","target":["https:\/\/ironsky.pl\/sklep\/produkt\/adapter-mppt-dji-do-stacji-zasilania-dji-power\/"]}]},{"@type":"ImageObject","inLanguage":"pl-PL","@id":"https:\/\/ironsky.pl\/sklep\/produkt\/adapter-mppt-dji-do-stacji-zasilania-dji-power\/#primaryimage","url":"https:\/\/ironsky.pl\/sklep\/wp-content\/uploads\/2026\/04\/42381_7.jpg","contentUrl":"https:\/\/ironsky.pl\/sklep\/wp-content\/uploads\/2026\/04\/42381_7.jpg","width":800,"height":800},{"@type":"BreadcrumbList","@id":"https:\/\/ironsky.pl\/sklep\/produkt\/adapter-mppt-dji-do-stacji-zasilania-dji-power\/#breadcrumb","itemListElement":[{"@type":"ListItem","position":1,"name":"Strona g\u0142\u00f3wna","item":"https:\/\/ironsky.pl\/sklep\/"},{"@type":"ListItem","position":2,"name":"Wszystkie produkty","item":"https:\/\/ironsky.pl\/sklep\/produkty\/"},{"@type":"ListItem","position":3,"name":"Adapter MPPT DJI do stacji zasilania DJI Power"}]},{"@type":"WebSite","@id":"https:\/\/ironsky.pl\/sklep\/#website","url":"https:\/\/ironsky.pl\/sklep\/","name":"IRONSKY.PL Sklep z Dronami","description":"IRONSKY.PL Sklep z Dronami","potentialAction":[{"@type":"SearchAction","target":{"@type":"EntryPoint","urlTemplate":"https:\/\/ironsky.pl\/sklep\/?s={search_term_string}"},"query-input":{"@type":"PropertyValueSpecification","valueRequired":true,"valueName":"search_term_string"}}],"inLanguage":"pl-PL"}]}},"_links":{"self":[{"href":"https:\/\/ironsky.pl\/sklep\/wp-json\/wp\/v2\/product\/58408","targetHints":{"allow":["GET"]}}],"collection":[{"href":"https:\/\/ironsky.pl\/sklep\/wp-json\/wp\/v2\/product"}],"about":[{"href":"https:\/\/ironsky.pl\/sklep\/wp-json\/wp\/v2\/types\/product"}],"replies":[{"embeddable":true,"href":"https:\/\/ironsky.pl\/sklep\/wp-json\/wp\/v2\/comments?post=58408"}],"wp:featuredmedia":[{"embeddable":true,"href":"https:\/\/ironsky.pl\/sklep\/wp-json\/wp\/v2\/media\/58409"}],"wp:attachment":[{"href":"https:\/\/ironsky.pl\/sklep\/wp-json\/wp\/v2\/media?parent=58408"}],"wp:term":[{"taxonomy":"product_brand","embeddable":true,"href":"https:\/\/ironsky.pl\/sklep\/wp-json\/wp\/v2\/product_brand?post=58408"},{"taxonomy":"product_cat","embeddable":true,"href":"https:\/\/ironsky.pl\/sklep\/wp-json\/wp\/v2\/product_cat?post=58408"},{"taxonomy":"product_tag","embeddable":true,"href":"https:\/\/ironsky.pl\/sklep\/wp-json\/wp\/v2\/product_tag?post=58408"}],"curies":[{"name":"wp","href":"https:\/\/api.w.org\/{rel}","templated":true}]}}