{"id":58353,"date":"2026-04-15T10:35:20","date_gmt":"2026-04-15T08:35:20","guid":{"rendered":"https:\/\/ironsky.pl\/sklep\/produkt\/zestaw-oswietlenia-neewer-zc-10s-2x-led\/"},"modified":"2026-04-15T10:35:52","modified_gmt":"2026-04-15T08:35:52","slug":"zestaw-oswietlenia-neewer-zc-10s-2x-led","status":"publish","type":"product","link":"https:\/\/ironsky.pl\/sklep\/produkt\/zestaw-oswietlenia-neewer-zc-10s-2x-led\/","title":{"rendered":"Zestaw o\u015bwietlenia NEEWER ZC-10S 2x LED"},"content":{"rendered":"<h3>Zestaw studyjny Neewer ZC-10S dwie lampy LED + filtry + statywy<\/h3>\n<p>Stw\u00f3rz profesjonalne studio w swoim domu. Zestaw Neewer ZC-10S oferuje 2 lampy, 2 statywy, kolorowe filtry i pr\u0119ty przed\u0142u\u017caj\u0105ce, dzi\u0119ki czemu z \u0142atwo\u015bci\u0105 przygotujesz wybrane miejsce do sesji zdj\u0119ciowych lub prowadzenia transmisji na \u017cywo. Wysoko\u015b\u0107 statyw\u00f3w i jasno\u015b\u0107 lamp (10%-100%) mo\u017cesz regulowa\u0107, dzi\u0119ki czemu dostosujesz ich dzia\u0142anie do w\u0142asnych potrzeb. Z kolei obs\u0142ug\u0119 u\u0142atwia zintegrowany z przewodem lampy prze\u0142\u0105cznik \u2013 szybko i wygodnie zwi\u0119kszysz lub zmniejszysz poziom jasno\u015bci.<\/p>\n<p>\n<img decoding=\"async\" alt=\"\" border=\"0\" src=\"https:\/\/assets.innpro.pl\/6086\/7146\/1.jpg\"\/>\n<\/p>\n<h3>Zasilanie z portu USB<\/h3>\n<p>Lampy LED mog\u0105 by\u0107 zasilane za pomoc\u0105 \u0142adowarki \u015bciennej USB (5V 2A) lub listwy zasilaj\u0105cej USB. W przypadku ci\u0105g\u0142ego, d\u0142ugotrwa\u0142ego u\u017cytkowania, nale\u017cy unika\u0107 zasilania lampy za pomoc\u0105 laptopa, tabletu lub powerbanku. Mo\u017ce to spowodowa\u0107 szybkie roz\u0142adowanie sprz\u0119tu i niewystarczaj\u0105c\u0105 ilo\u015b\u0107 mocy wyj\u015bciowej.<\/p>\n<p>\n<img decoding=\"async\" alt=\"\" border=\"0\" src=\"https:\/\/assets.innpro.pl\/6086\/7146\/2.jpg\"\/>\n<\/p>\n<h3>Swoboda u\u017cytkowania<\/h3>\n<p>Tw\u00f3rz unikalne uj\u0119cia i materia\u0142y. Do zestawu do\u0142\u0105czono 8 filtr\u00f3w w 4 kolorach (bia\u0142y, \u017c\u00f3\u0142ty, niebieski, czerwony), kt\u00f3re zapewniaj\u0105 mo\u017cliwo\u015b\u0107 tworzenia kolorowych efekt\u00f3w \u015bwietlnych. Z powodzeniem wykorzystasz je podczas tworzenia zdj\u0119\u0107, wideorozm\u00f3w, czy prowadzenia transmisji na \u017cywo na YouTube itp.<\/p>\n<p>\n<img decoding=\"async\" alt=\"\" border=\"0\" src=\"https:\/\/assets.innpro.pl\/6086\/7146\/3.jpg\"\/>\n<\/p>\n<h3>Sk\u0142adany statyw<\/h3>\n<p>Standardowy gwint \u00bc\u201d sprawia, \u017ce statyw mo\u017cna zamontowa\u0107 bezpo\u015brednio na panelu o\u015bwietleniowym \u2013 dzi\u0119ki temu o\u015bwietlisz doln\u0105 cz\u0119\u015b\u0107 kadru. Co wi\u0119cej, statyw z\u00a0 \u0142atwo\u015bci\u0105 roz\u0142o\u017cysz\/z\u0142o\u017cysz. Jego wysoko\u015b\u0107 mo\u017cna regulowa\u0107 w zakresie od 22,5 cm do 116 cm przy u\u017cyciu pr\u0119ta przed\u0142u\u017caj\u0105cego (w zestawie).\u00a0<\/p>\n<p>\n<img decoding=\"async\" alt=\"\" border=\"0\" src=\"https:\/\/assets.innpro.pl\/6086\/7146\/9.jpg\"\/>\n<\/p>\n<h3>W zestawie<\/h3>\n<ul class=\"list-disc pl-5\">\n<li>lampy LED x2<\/li>\n<li>\n<p style=\"text-align:justify\">statywy x2<\/p>\n<\/li>\n<li>\n<p style=\"text-align:justify\">pr\u0119ty przed\u0142u\u017caj\u0105ce x2<\/p>\n<\/li>\n<li>\n<p style=\"text-align:justify\">filtry (x2 bia\u0142e, x2 \u017c\u00f3\u0142te, x2 niebieskie, x2 czerwone)<\/p>\n<\/li>\n<\/ul>\n<div class=\"table-wrapper\">\n<p>\u00a0<\/p>\n<h3><\/h3>\n<table>\n<tbody>\n<tr>\n<th>Producent<\/th>\n<td>Neewer<\/td>\n<\/tr>\n<tr>\n<th>Model<\/th>\n<td>ZC-10S<\/td>\n<\/tr>\n<tr>\n<th>Wsp\u00f3\u0142czynnik oddawania barw<\/th>\n<td>90+ CRI<\/td>\n<\/tr>\n<tr>\n<th>Jasno\u015b\u0107<\/th>\n<td>1000 lux<\/td>\n<\/tr>\n<tr>\n<th>Temperatura barwowa<\/th>\n<td>5600 K<\/td>\n<\/tr>\n<tr>\n<th>Moc wyj\u015bciowa<\/th>\n<td>15 W<\/td>\n<\/tr>\n<tr>\n<th>Ilo\u015b\u0107 koralik\u00f3w LED<\/th>\n<td>66<\/td>\n<\/tr>\n<\/tbody>\n<\/table>\n<\/div>\n","protected":false},"excerpt":{"rendered":"<p>Zestaw studyjny Neewer ZC-10S dwie lampy LED + filtry + statywy Stw\u00f3rz profesjonalne studio w swoim domu. Zestaw Neewer ZC-10S<\/p>\n","protected":false},"featured_media":58354,"comment_status":"closed","ping_status":"open","template":"","meta":{"_acf_changed":false},"product_brand":[],"product_cat":[1128,6186,6182],"product_tag":[],"class_list":{"0":"post-58353","1":"product","2":"type-product","3":"status-publish","4":"has-post-thumbnail","6":"product_cat-foto-wideo","7":"product_cat-lampy","8":"product_cat-studio-fotograficzne","9":"pa_okres-gwarancji-5754","10":"pa_producent-neewer","12":"first","13":"outofstock","14":"taxable","15":"shipping-taxable","16":"purchasable","17":"product-type-simple"},"acf":[],"yoast_head":"<!-- This site is optimized with the Yoast SEO plugin v27.2 - https:\/\/yoast.com\/product\/yoast-seo-wordpress\/ -->\n<title>Zestaw o\u015bwietlenia NEEWER ZC-10S 2x LED - IRONSKY.PL Sklep z Dronami<\/title>\n<meta name=\"description\" content=\"Zestaw o\u015bwietlenia NEEWER ZC-10S 2x LED - \u2705 sklep z dronami i fachowym doradztwem. \u2705 Tutaj kupisz produkty DJI, Yuneec, Parrot, Syma i wiele innych, a tak\u017ce kursy i licencje na operatora drona.\" \/>\n<meta name=\"robots\" content=\"index, follow, max-snippet:-1, max-image-preview:large, max-video-preview:-1\" \/>\n<link rel=\"canonical\" href=\"https:\/\/ironsky.pl\/sklep\/produkt\/zestaw-oswietlenia-neewer-zc-10s-2x-led\/\" \/>\n<meta property=\"og:locale\" content=\"pl_PL\" \/>\n<meta property=\"og:type\" content=\"article\" \/>\n<meta property=\"og:title\" content=\"Zestaw o\u015bwietlenia NEEWER ZC-10S 2x LED - IRONSKY.PL Sklep z Dronami\" \/>\n<meta property=\"og:description\" content=\"Zestaw o\u015bwietlenia NEEWER ZC-10S 2x LED - \u2705 sklep z dronami i fachowym doradztwem. \u2705 Tutaj kupisz produkty DJI, Yuneec, Parrot, Syma i wiele innych, a tak\u017ce kursy i licencje na operatora drona.\" \/>\n<meta property=\"og:url\" content=\"https:\/\/ironsky.pl\/sklep\/produkt\/zestaw-oswietlenia-neewer-zc-10s-2x-led\/\" \/>\n<meta property=\"og:site_name\" content=\"IRONSKY.PL Sklep z Dronami\" \/>\n<meta property=\"article:modified_time\" content=\"2026-04-15T08:35:52+00:00\" \/>\n<meta property=\"og:image\" content=\"https:\/\/ironsky.pl\/sklep\/wp-content\/uploads\/2026\/04\/42310_1.jpg\" \/>\n\t<meta property=\"og:image:width\" content=\"800\" \/>\n\t<meta property=\"og:image:height\" content=\"800\" \/>\n\t<meta property=\"og:image:type\" content=\"image\/jpeg\" \/>\n<meta name=\"twitter:card\" content=\"summary_large_image\" \/>\n<meta name=\"twitter:label1\" content=\"Szacowany czas czytania\" \/>\n\t<meta name=\"twitter:data1\" content=\"2 minuty\" \/>\n<script type=\"application\/ld+json\" class=\"yoast-schema-graph\">{\"@context\":\"https:\/\/schema.org\",\"@graph\":[{\"@type\":\"WebPage\",\"@id\":\"https:\/\/ironsky.pl\/sklep\/produkt\/zestaw-oswietlenia-neewer-zc-10s-2x-led\/\",\"url\":\"https:\/\/ironsky.pl\/sklep\/produkt\/zestaw-oswietlenia-neewer-zc-10s-2x-led\/\",\"name\":\"Zestaw o\u015bwietlenia NEEWER ZC-10S 2x LED - IRONSKY.PL Sklep z Dronami\",\"isPartOf\":{\"@id\":\"https:\/\/ironsky.pl\/sklep\/#website\"},\"primaryImageOfPage\":{\"@id\":\"https:\/\/ironsky.pl\/sklep\/produkt\/zestaw-oswietlenia-neewer-zc-10s-2x-led\/#primaryimage\"},\"image\":{\"@id\":\"https:\/\/ironsky.pl\/sklep\/produkt\/zestaw-oswietlenia-neewer-zc-10s-2x-led\/#primaryimage\"},\"thumbnailUrl\":\"https:\/\/ironsky.pl\/sklep\/wp-content\/uploads\/2026\/04\/42310_1.jpg\",\"datePublished\":\"2026-04-15T08:35:20+00:00\",\"dateModified\":\"2026-04-15T08:35:52+00:00\",\"description\":\"Zestaw o\u015bwietlenia NEEWER ZC-10S 2x LED - \u2705 sklep z dronami i fachowym doradztwem. \u2705 Tutaj kupisz produkty DJI, Yuneec, Parrot, Syma i wiele innych, a tak\u017ce kursy i licencje na operatora drona.\",\"breadcrumb\":{\"@id\":\"https:\/\/ironsky.pl\/sklep\/produkt\/zestaw-oswietlenia-neewer-zc-10s-2x-led\/#breadcrumb\"},\"inLanguage\":\"pl-PL\",\"potentialAction\":[{\"@type\":\"ReadAction\",\"target\":[\"https:\/\/ironsky.pl\/sklep\/produkt\/zestaw-oswietlenia-neewer-zc-10s-2x-led\/\"]}]},{\"@type\":\"ImageObject\",\"inLanguage\":\"pl-PL\",\"@id\":\"https:\/\/ironsky.pl\/sklep\/produkt\/zestaw-oswietlenia-neewer-zc-10s-2x-led\/#primaryimage\",\"url\":\"https:\/\/ironsky.pl\/sklep\/wp-content\/uploads\/2026\/04\/42310_1.jpg\",\"contentUrl\":\"https:\/\/ironsky.pl\/sklep\/wp-content\/uploads\/2026\/04\/42310_1.jpg\",\"width\":800,\"height\":800},{\"@type\":\"BreadcrumbList\",\"@id\":\"https:\/\/ironsky.pl\/sklep\/produkt\/zestaw-oswietlenia-neewer-zc-10s-2x-led\/#breadcrumb\",\"itemListElement\":[{\"@type\":\"ListItem\",\"position\":1,\"name\":\"Strona g\u0142\u00f3wna\",\"item\":\"https:\/\/ironsky.pl\/sklep\/\"},{\"@type\":\"ListItem\",\"position\":2,\"name\":\"Wszystkie produkty\",\"item\":\"https:\/\/ironsky.pl\/sklep\/produkty\/\"},{\"@type\":\"ListItem\",\"position\":3,\"name\":\"Zestaw o\u015bwietlenia NEEWER ZC-10S 2x LED\"}]},{\"@type\":\"WebSite\",\"@id\":\"https:\/\/ironsky.pl\/sklep\/#website\",\"url\":\"https:\/\/ironsky.pl\/sklep\/\",\"name\":\"IRONSKY.PL Sklep z Dronami\",\"description\":\"IRONSKY.PL Sklep z Dronami\",\"potentialAction\":[{\"@type\":\"SearchAction\",\"target\":{\"@type\":\"EntryPoint\",\"urlTemplate\":\"https:\/\/ironsky.pl\/sklep\/?s={search_term_string}\"},\"query-input\":{\"@type\":\"PropertyValueSpecification\",\"valueRequired\":true,\"valueName\":\"search_term_string\"}}],\"inLanguage\":\"pl-PL\"}]}<\/script>\n<!-- \/ Yoast SEO plugin. -->","yoast_head_json":{"title":"Zestaw o\u015bwietlenia NEEWER ZC-10S 2x LED - IRONSKY.PL Sklep z Dronami","description":"Zestaw o\u015bwietlenia NEEWER ZC-10S 2x LED - \u2705 sklep z dronami i fachowym doradztwem. \u2705 Tutaj kupisz produkty DJI, Yuneec, Parrot, Syma i wiele innych, a tak\u017ce kursy i licencje na operatora drona.","robots":{"index":"index","follow":"follow","max-snippet":"max-snippet:-1","max-image-preview":"max-image-preview:large","max-video-preview":"max-video-preview:-1"},"canonical":"https:\/\/ironsky.pl\/sklep\/produkt\/zestaw-oswietlenia-neewer-zc-10s-2x-led\/","og_locale":"pl_PL","og_type":"article","og_title":"Zestaw o\u015bwietlenia NEEWER ZC-10S 2x LED - IRONSKY.PL Sklep z Dronami","og_description":"Zestaw o\u015bwietlenia NEEWER ZC-10S 2x LED - \u2705 sklep z dronami i fachowym doradztwem. \u2705 Tutaj kupisz produkty DJI, Yuneec, Parrot, Syma i wiele innych, a tak\u017ce kursy i licencje na operatora drona.","og_url":"https:\/\/ironsky.pl\/sklep\/produkt\/zestaw-oswietlenia-neewer-zc-10s-2x-led\/","og_site_name":"IRONSKY.PL Sklep z Dronami","article_modified_time":"2026-04-15T08:35:52+00:00","og_image":[{"width":800,"height":800,"url":"https:\/\/ironsky.pl\/sklep\/wp-content\/uploads\/2026\/04\/42310_1.jpg","type":"image\/jpeg"}],"twitter_card":"summary_large_image","twitter_misc":{"Szacowany czas czytania":"2 minuty"},"schema":{"@context":"https:\/\/schema.org","@graph":[{"@type":"WebPage","@id":"https:\/\/ironsky.pl\/sklep\/produkt\/zestaw-oswietlenia-neewer-zc-10s-2x-led\/","url":"https:\/\/ironsky.pl\/sklep\/produkt\/zestaw-oswietlenia-neewer-zc-10s-2x-led\/","name":"Zestaw o\u015bwietlenia NEEWER ZC-10S 2x LED - IRONSKY.PL Sklep z Dronami","isPartOf":{"@id":"https:\/\/ironsky.pl\/sklep\/#website"},"primaryImageOfPage":{"@id":"https:\/\/ironsky.pl\/sklep\/produkt\/zestaw-oswietlenia-neewer-zc-10s-2x-led\/#primaryimage"},"image":{"@id":"https:\/\/ironsky.pl\/sklep\/produkt\/zestaw-oswietlenia-neewer-zc-10s-2x-led\/#primaryimage"},"thumbnailUrl":"https:\/\/ironsky.pl\/sklep\/wp-content\/uploads\/2026\/04\/42310_1.jpg","datePublished":"2026-04-15T08:35:20+00:00","dateModified":"2026-04-15T08:35:52+00:00","description":"Zestaw o\u015bwietlenia NEEWER ZC-10S 2x LED - \u2705 sklep z dronami i fachowym doradztwem. \u2705 Tutaj kupisz produkty DJI, Yuneec, Parrot, Syma i wiele innych, a tak\u017ce kursy i licencje na operatora drona.","breadcrumb":{"@id":"https:\/\/ironsky.pl\/sklep\/produkt\/zestaw-oswietlenia-neewer-zc-10s-2x-led\/#breadcrumb"},"inLanguage":"pl-PL","potentialAction":[{"@type":"ReadAction","target":["https:\/\/ironsky.pl\/sklep\/produkt\/zestaw-oswietlenia-neewer-zc-10s-2x-led\/"]}]},{"@type":"ImageObject","inLanguage":"pl-PL","@id":"https:\/\/ironsky.pl\/sklep\/produkt\/zestaw-oswietlenia-neewer-zc-10s-2x-led\/#primaryimage","url":"https:\/\/ironsky.pl\/sklep\/wp-content\/uploads\/2026\/04\/42310_1.jpg","contentUrl":"https:\/\/ironsky.pl\/sklep\/wp-content\/uploads\/2026\/04\/42310_1.jpg","width":800,"height":800},{"@type":"BreadcrumbList","@id":"https:\/\/ironsky.pl\/sklep\/produkt\/zestaw-oswietlenia-neewer-zc-10s-2x-led\/#breadcrumb","itemListElement":[{"@type":"ListItem","position":1,"name":"Strona g\u0142\u00f3wna","item":"https:\/\/ironsky.pl\/sklep\/"},{"@type":"ListItem","position":2,"name":"Wszystkie produkty","item":"https:\/\/ironsky.pl\/sklep\/produkty\/"},{"@type":"ListItem","position":3,"name":"Zestaw o\u015bwietlenia NEEWER ZC-10S 2x LED"}]},{"@type":"WebSite","@id":"https:\/\/ironsky.pl\/sklep\/#website","url":"https:\/\/ironsky.pl\/sklep\/","name":"IRONSKY.PL Sklep z Dronami","description":"IRONSKY.PL Sklep z Dronami","potentialAction":[{"@type":"SearchAction","target":{"@type":"EntryPoint","urlTemplate":"https:\/\/ironsky.pl\/sklep\/?s={search_term_string}"},"query-input":{"@type":"PropertyValueSpecification","valueRequired":true,"valueName":"search_term_string"}}],"inLanguage":"pl-PL"}]}},"_links":{"self":[{"href":"https:\/\/ironsky.pl\/sklep\/wp-json\/wp\/v2\/product\/58353","targetHints":{"allow":["GET"]}}],"collection":[{"href":"https:\/\/ironsky.pl\/sklep\/wp-json\/wp\/v2\/product"}],"about":[{"href":"https:\/\/ironsky.pl\/sklep\/wp-json\/wp\/v2\/types\/product"}],"replies":[{"embeddable":true,"href":"https:\/\/ironsky.pl\/sklep\/wp-json\/wp\/v2\/comments?post=58353"}],"wp:featuredmedia":[{"embeddable":true,"href":"https:\/\/ironsky.pl\/sklep\/wp-json\/wp\/v2\/media\/58354"}],"wp:attachment":[{"href":"https:\/\/ironsky.pl\/sklep\/wp-json\/wp\/v2\/media?parent=58353"}],"wp:term":[{"taxonomy":"product_brand","embeddable":true,"href":"https:\/\/ironsky.pl\/sklep\/wp-json\/wp\/v2\/product_brand?post=58353"},{"taxonomy":"product_cat","embeddable":true,"href":"https:\/\/ironsky.pl\/sklep\/wp-json\/wp\/v2\/product_cat?post=58353"},{"taxonomy":"product_tag","embeddable":true,"href":"https:\/\/ironsky.pl\/sklep\/wp-json\/wp\/v2\/product_tag?post=58353"}],"curies":[{"name":"wp","href":"https:\/\/api.w.org\/{rel}","templated":true}]}}