{"id":58338,"date":"2026-04-15T10:35:20","date_gmt":"2026-04-15T08:35:20","guid":{"rendered":"https:\/\/ironsky.pl\/sklep\/produkt\/lampa-studyjna-led-neewer-660-pro-rgb-50w\/"},"modified":"2026-04-15T10:35:42","modified_gmt":"2026-04-15T08:35:42","slug":"lampa-studyjna-led-neewer-660-pro-rgb-50w","status":"publish","type":"product","link":"https:\/\/ironsky.pl\/sklep\/produkt\/lampa-studyjna-led-neewer-660-pro-rgb-50w\/","title":{"rendered":"Lampa studyjna LED NEEWER 660 PRO RGB 50W"},"content":{"rendered":"<h3>Lampa LED Neewer 660 PRO RGB 50W<\/h3>\n<p>Lampa LED Neewer 660 PRO to wszechstronne rozwi\u0105zanie o\u015bwietleniowe, kt\u00f3re sprosta wymaganiom profesjonalist\u00f3w w r\u00f3\u017cnych dziedzinach produkcji wideo, fotografii i streamingu. Dzi\u0119ki szerokiemu zakresowi temperatury barwowej i intensywnym kolorom RGB lampa pozwala uzyska\u0107 doskona\u0142e efekty o\u015bwietleniowe w ka\u017cdym \u015brodowisku pracy.<\/p>\n<p>\n<img decoding=\"async\" src=\"https:\/\/assets.innpro.pl\/5906\/13712\/5.jpg\" border=\"0\" \/>\n<\/p>\n<h3>9 wyj\u0105tkowych scen \u015bwietlnych na ka\u017cd\u0105 okazj\u0119<\/h3>\n<p>Neewer 660 PRO to lampa, kt\u00f3ra otworzy przed Tob\u0105 niemal nieograniczone mo\u017cliwo\u015bci kreatywnego o\u015bwietlenia! Dzi\u0119ki 9 wbudowanym scenom \u015bwietlnym dostosujesz atmosfer\u0119 do ka\u017cdej sytuacji. Chcesz poczu\u0107 si\u0119 jak na planie filmowym? Wybierz efekt wozu policyjnego lub ambulansu. Z kolei scena stra\u017cackiego wozu roz\u015bwietli przestrze\u0144 ogniem, a romantyczne \u015bwiat\u0142o \u015bwiec stworzy ciep\u0142\u0105 atmosfer\u0119. Na imprezie idealnie sprawdz\u0105 si\u0119 efekty fajerwerk\u00f3w oraz party, a b\u0142yskawice i paparazzi dodadz\u0105 dramatyzmu. Na koniec efekt telewizyjnego ekranu nada wn\u0119trzu dynamiczny charakter.<\/p>\n<p>\n<img decoding=\"async\" src=\"https:\/\/assets.innpro.pl\/5906\/13712\/4.jpg\" border=\"0\" \/>\n<\/p>\n<h3>Precyzyjna regulacja jasno\u015bci i kolor\u00f3w<\/h3>\n<p>Lampa Neewer 660 PRO oferuje mo\u017cliwo\u015b\u0107 dok\u0142adnej regulacji jasno\u015bci od 0% do 100%, co pozwala na idealne dopasowanie o\u015bwietlenia do warunk\u00f3w panuj\u0105cych w danej chwili. Szeroki zakres temperatury barwowej (od 3200K do 5600K) daje pe\u0142n\u0105 kontrol\u0119 nad ciep\u0142em i zimnem \u015bwiat\u0142a, natomiast funkcja o\u015bwietlenia RGB (zakres 0\u00b0 &#8211; 330\u00b0) umo\u017cliwia uzyskanie wyj\u0105tkowych efekt\u00f3w kolorystycznych, idealnych do kreatywnych projekt\u00f3w.<\/p>\n<p>\n<img decoding=\"async\" src=\"https:\/\/assets.innpro.pl\/5906\/13712\/7.jpg\" border=\"0\" \/>\n<\/p>\n<h3>Pe\u0142na kontrola o\u015bwietlenia za pomoc\u0105 aplikacji Neewer<\/h3>\n<p>Neewer 660 PRO oferuje pe\u0142n\u0105 kontrol\u0119 nad o\u015bwietleniem dzi\u0119ki dedykowanej aplikacji Neewer, kt\u00f3ra umo\u017cliwia zdalne sterowanie wszystkimi kluczowymi funkcjami. Za pomoc\u0105 aplikacji mo\u017cesz precyzyjnie regulowa\u0107 poziom jasno\u015bci, saturacj\u0119, temperatur\u0119 barwow\u0105 oraz kolor, dostosowuj\u0105c o\u015bwietlenie do ka\u017cdej sytuacji. Aplikacja pozwala r\u00f3wnie\u017c na wyb\u00f3r spo\u015br\u00f3d dost\u0119pnych scen o\u015bwietleniowych, a tak\u017ce kontrolowanie grupy lamp RGB, co zapewnia wygod\u0119 w pracy z wieloma urz\u0105dzeniami jednocze\u015bnie.<\/p>\n<p>\n<img decoding=\"async\" src=\"https:\/\/assets.innpro.pl\/5906\/13712\/1.jpg\" border=\"0\" \/>\n<\/p>\n<h3>Elastyczno\u015b\u0107 zasilania<\/h3>\n<p>Lampa Neewer 660 PRO zapewnia dwie opcje zasilania, kt\u00f3re gwarantuj\u0105 wygod\u0119 i elastyczno\u015b\u0107 w r\u00f3\u017cnych warunkach. W zestawie znajduje si\u0119 adapter AC, idealny do d\u0142ugich sesji zdj\u0119ciowych i nagra\u0144 w pomieszczeniach, zapewniaj\u0105cy sta\u0142e i niezawodne zasilanie. Z kolei akumulator litowo-jonowy NP-F550\/NP-F970 (do zakupu osobno) to doskona\u0142e rozwi\u0105zanie do pracy na zewn\u0105trz \u2013 umo\u017cliwia mobilno\u015b\u0107 i swobod\u0119 w plenerze, zapewniaj\u0105c d\u0142ugotrwa\u0142\u0105 energi\u0119, gdziekolwiek tego potrzebujesz.<\/p>\n<p>\n<img decoding=\"async\" src=\"https:\/\/assets.innpro.pl\/5906\/13712\/3.jpg\" border=\"0\" \/>\n<\/p>\n<h3>Dopracowana konstrukcja<\/h3>\n<p>Lampa mo\u017ce by\u0107 zamontowana zar\u00f3wno pionowo, jak i poziomo, co pozwala na dostosowanie jej do r\u00f3\u017cnych scenariuszy o\u015bwietleniowych. Wbudowany ekran LCD wy\u015bwietla wszystkie istotne parametry, takie jak jasno\u015b\u0107 czy poziom na\u0142adowania, umo\u017cliwiaj\u0105c szybki wgl\u0105d w ustawienia i precyzyjne dopasowanie o\u015bwietlenia. Dodatkowo obrotowe pokr\u0119t\u0142o zapewnia wygodn\u0105 regulacj\u0119 ustawienia lampy, co u\u0142atwia jej precyzyjne dopasowanie do wymaga\u0144 ka\u017cdej produkcji.<\/p>\n<p>\n<img decoding=\"async\" src=\"https:\/\/assets.innpro.pl\/5906\/13712\/2.jpg\" border=\"0\" \/>\n<\/p>\n<h3>W zestawie:<\/h3>\n<ul class=\"list-disc pl-5\">\n<li>Lampa<\/li>\n<li>Zasilacz<\/li>\n<li>Torba do przechowywania<\/li>\n<\/ul>\n<div class=\"table-wrapper\">\n<p>\u00a0<\/p>\n<h3><\/h3>\n<table>\n<tbody>\n<tr>\n<th>Producent<\/th>\n<td>Neewer<\/td>\n<\/tr>\n<tr>\n<th>Model<\/th>\n<td>B08MLHG5CP<\/td>\n<\/tr>\n<tr>\n<th>Materia\u0142<\/th>\n<td>Stop aluminium<\/td>\n<\/tr>\n<tr>\n<th>Moc <\/th>\n<td>50W<\/td>\n<\/tr>\n<tr>\n<th>Kolor<\/th>\n<td>RGB + Dwubarwny (zimny + ciep\u0142y)<\/td>\n<\/tr>\n<tr>\n<th>Liczba diod LED<\/th>\n<td>660<\/td>\n<\/tr>\n<tr>\n<th>Poziom jasno\u015bci<\/th>\n<td>7000 lux<\/td>\n<\/tr>\n<tr>\n<th>Wska\u017anik CRI<\/th>\n<td> &gt;97+<\/td>\n<\/tr>\n<tr>\n<th>Zakres temperatury barwowej<\/th>\n<td>3200K &#8211; 5600K<\/td>\n<\/tr>\n<tr>\n<th>Zakres kolor\u00f3w RGB<\/th>\n<td>0\u00b0 &#8211; 330\u00b0<\/td>\n<\/tr>\n<tr>\n<th>Zakres regulacji poziomu jasno\u015bci<\/th>\n<td>0% &#8211; 100%<\/td>\n<\/tr>\n<tr>\n<th>Napi\u0119cie wej\u015bciowe<\/th>\n<td>DC12-15V<\/td>\n<\/tr>\n<tr>\n<th>Wymiary<\/th>\n<td>23,2 x 20 x 5 cm<\/td>\n<\/tr>\n<tr>\n<th>Opcje monta\u017cu<\/th>\n<td>Uchwyt U-mount<\/td>\n<\/tr>\n<tr>\n<th>Opcje zasilania<\/th>\n<td>Adapter AC (w zestawie) lub baterie litowo-jonowe NP-F550\/NP-F970 (bateria nie jest do\u0142\u0105czona)<\/td>\n<\/tr>\n<\/tbody>\n<\/table>\n<\/div>\n","protected":false},"excerpt":{"rendered":"<p>Lampa LED Neewer 660 PRO RGB 50W Lampa LED Neewer 660 PRO to wszechstronne rozwi\u0105zanie o\u015bwietleniowe, kt\u00f3re sprosta wymaganiom profesjonalist\u00f3w<\/p>\n","protected":false},"featured_media":58339,"comment_status":"closed","ping_status":"open","template":"","meta":{"_acf_changed":false},"product_brand":[],"product_cat":[1128,6186,6182],"product_tag":[],"class_list":{"0":"post-58338","1":"product","2":"type-product","3":"status-publish","4":"has-post-thumbnail","6":"product_cat-foto-wideo","7":"product_cat-lampy","8":"product_cat-studio-fotograficzne","9":"pa_okres-gwarancji-5754","10":"pa_producent-neewer","12":"first","13":"outofstock","14":"taxable","15":"shipping-taxable","16":"purchasable","17":"product-type-simple"},"acf":[],"yoast_head":"<!-- This site is optimized with the Yoast SEO plugin v27.2 - https:\/\/yoast.com\/product\/yoast-seo-wordpress\/ -->\n<title>Lampa studyjna LED NEEWER 660 PRO RGB 50W - IRONSKY.PL Sklep z Dronami<\/title>\n<meta name=\"description\" content=\"Lampa studyjna LED NEEWER 660 PRO RGB 50W - \u2705 sklep z dronami i fachowym doradztwem. \u2705 Tutaj kupisz produkty DJI, Yuneec, Parrot, Syma i wiele innych, a tak\u017ce kursy i licencje na operatora drona.\" \/>\n<meta name=\"robots\" content=\"index, follow, max-snippet:-1, max-image-preview:large, max-video-preview:-1\" \/>\n<link rel=\"canonical\" href=\"https:\/\/ironsky.pl\/sklep\/produkt\/lampa-studyjna-led-neewer-660-pro-rgb-50w\/\" \/>\n<meta property=\"og:locale\" content=\"pl_PL\" \/>\n<meta property=\"og:type\" content=\"article\" \/>\n<meta property=\"og:title\" content=\"Lampa studyjna LED NEEWER 660 PRO RGB 50W - IRONSKY.PL Sklep z Dronami\" \/>\n<meta property=\"og:description\" content=\"Lampa studyjna LED NEEWER 660 PRO RGB 50W - \u2705 sklep z dronami i fachowym doradztwem. \u2705 Tutaj kupisz produkty DJI, Yuneec, Parrot, Syma i wiele innych, a tak\u017ce kursy i licencje na operatora drona.\" \/>\n<meta property=\"og:url\" content=\"https:\/\/ironsky.pl\/sklep\/produkt\/lampa-studyjna-led-neewer-660-pro-rgb-50w\/\" \/>\n<meta property=\"og:site_name\" content=\"IRONSKY.PL Sklep z Dronami\" \/>\n<meta property=\"article:modified_time\" content=\"2026-04-15T08:35:42+00:00\" \/>\n<meta property=\"og:image\" content=\"https:\/\/ironsky.pl\/sklep\/wp-content\/uploads\/2026\/04\/42303_1.jpg\" \/>\n\t<meta property=\"og:image:width\" content=\"800\" \/>\n\t<meta property=\"og:image:height\" content=\"800\" \/>\n\t<meta property=\"og:image:type\" content=\"image\/jpeg\" \/>\n<meta name=\"twitter:card\" content=\"summary_large_image\" \/>\n<meta name=\"twitter:label1\" content=\"Szacowany czas czytania\" \/>\n\t<meta name=\"twitter:data1\" content=\"3 minuty\" \/>\n<script type=\"application\/ld+json\" class=\"yoast-schema-graph\">{\"@context\":\"https:\/\/schema.org\",\"@graph\":[{\"@type\":\"WebPage\",\"@id\":\"https:\/\/ironsky.pl\/sklep\/produkt\/lampa-studyjna-led-neewer-660-pro-rgb-50w\/\",\"url\":\"https:\/\/ironsky.pl\/sklep\/produkt\/lampa-studyjna-led-neewer-660-pro-rgb-50w\/\",\"name\":\"Lampa studyjna LED NEEWER 660 PRO RGB 50W - IRONSKY.PL Sklep z Dronami\",\"isPartOf\":{\"@id\":\"https:\/\/ironsky.pl\/sklep\/#website\"},\"primaryImageOfPage\":{\"@id\":\"https:\/\/ironsky.pl\/sklep\/produkt\/lampa-studyjna-led-neewer-660-pro-rgb-50w\/#primaryimage\"},\"image\":{\"@id\":\"https:\/\/ironsky.pl\/sklep\/produkt\/lampa-studyjna-led-neewer-660-pro-rgb-50w\/#primaryimage\"},\"thumbnailUrl\":\"https:\/\/ironsky.pl\/sklep\/wp-content\/uploads\/2026\/04\/42303_1.jpg\",\"datePublished\":\"2026-04-15T08:35:20+00:00\",\"dateModified\":\"2026-04-15T08:35:42+00:00\",\"description\":\"Lampa studyjna LED NEEWER 660 PRO RGB 50W - \u2705 sklep z dronami i fachowym doradztwem. \u2705 Tutaj kupisz produkty DJI, Yuneec, Parrot, Syma i wiele innych, a tak\u017ce kursy i licencje na operatora drona.\",\"breadcrumb\":{\"@id\":\"https:\/\/ironsky.pl\/sklep\/produkt\/lampa-studyjna-led-neewer-660-pro-rgb-50w\/#breadcrumb\"},\"inLanguage\":\"pl-PL\",\"potentialAction\":[{\"@type\":\"ReadAction\",\"target\":[\"https:\/\/ironsky.pl\/sklep\/produkt\/lampa-studyjna-led-neewer-660-pro-rgb-50w\/\"]}]},{\"@type\":\"ImageObject\",\"inLanguage\":\"pl-PL\",\"@id\":\"https:\/\/ironsky.pl\/sklep\/produkt\/lampa-studyjna-led-neewer-660-pro-rgb-50w\/#primaryimage\",\"url\":\"https:\/\/ironsky.pl\/sklep\/wp-content\/uploads\/2026\/04\/42303_1.jpg\",\"contentUrl\":\"https:\/\/ironsky.pl\/sklep\/wp-content\/uploads\/2026\/04\/42303_1.jpg\",\"width\":800,\"height\":800},{\"@type\":\"BreadcrumbList\",\"@id\":\"https:\/\/ironsky.pl\/sklep\/produkt\/lampa-studyjna-led-neewer-660-pro-rgb-50w\/#breadcrumb\",\"itemListElement\":[{\"@type\":\"ListItem\",\"position\":1,\"name\":\"Strona g\u0142\u00f3wna\",\"item\":\"https:\/\/ironsky.pl\/sklep\/\"},{\"@type\":\"ListItem\",\"position\":2,\"name\":\"Wszystkie produkty\",\"item\":\"https:\/\/ironsky.pl\/sklep\/produkty\/\"},{\"@type\":\"ListItem\",\"position\":3,\"name\":\"Lampa studyjna LED NEEWER 660 PRO RGB 50W\"}]},{\"@type\":\"WebSite\",\"@id\":\"https:\/\/ironsky.pl\/sklep\/#website\",\"url\":\"https:\/\/ironsky.pl\/sklep\/\",\"name\":\"IRONSKY.PL Sklep z Dronami\",\"description\":\"IRONSKY.PL Sklep z Dronami\",\"potentialAction\":[{\"@type\":\"SearchAction\",\"target\":{\"@type\":\"EntryPoint\",\"urlTemplate\":\"https:\/\/ironsky.pl\/sklep\/?s={search_term_string}\"},\"query-input\":{\"@type\":\"PropertyValueSpecification\",\"valueRequired\":true,\"valueName\":\"search_term_string\"}}],\"inLanguage\":\"pl-PL\"}]}<\/script>\n<!-- \/ Yoast SEO plugin. -->","yoast_head_json":{"title":"Lampa studyjna LED NEEWER 660 PRO RGB 50W - IRONSKY.PL Sklep z Dronami","description":"Lampa studyjna LED NEEWER 660 PRO RGB 50W - \u2705 sklep z dronami i fachowym doradztwem. \u2705 Tutaj kupisz produkty DJI, Yuneec, Parrot, Syma i wiele innych, a tak\u017ce kursy i licencje na operatora drona.","robots":{"index":"index","follow":"follow","max-snippet":"max-snippet:-1","max-image-preview":"max-image-preview:large","max-video-preview":"max-video-preview:-1"},"canonical":"https:\/\/ironsky.pl\/sklep\/produkt\/lampa-studyjna-led-neewer-660-pro-rgb-50w\/","og_locale":"pl_PL","og_type":"article","og_title":"Lampa studyjna LED NEEWER 660 PRO RGB 50W - IRONSKY.PL Sklep z Dronami","og_description":"Lampa studyjna LED NEEWER 660 PRO RGB 50W - \u2705 sklep z dronami i fachowym doradztwem. \u2705 Tutaj kupisz produkty DJI, Yuneec, Parrot, Syma i wiele innych, a tak\u017ce kursy i licencje na operatora drona.","og_url":"https:\/\/ironsky.pl\/sklep\/produkt\/lampa-studyjna-led-neewer-660-pro-rgb-50w\/","og_site_name":"IRONSKY.PL Sklep z Dronami","article_modified_time":"2026-04-15T08:35:42+00:00","og_image":[{"width":800,"height":800,"url":"https:\/\/ironsky.pl\/sklep\/wp-content\/uploads\/2026\/04\/42303_1.jpg","type":"image\/jpeg"}],"twitter_card":"summary_large_image","twitter_misc":{"Szacowany czas czytania":"3 minuty"},"schema":{"@context":"https:\/\/schema.org","@graph":[{"@type":"WebPage","@id":"https:\/\/ironsky.pl\/sklep\/produkt\/lampa-studyjna-led-neewer-660-pro-rgb-50w\/","url":"https:\/\/ironsky.pl\/sklep\/produkt\/lampa-studyjna-led-neewer-660-pro-rgb-50w\/","name":"Lampa studyjna LED NEEWER 660 PRO RGB 50W - IRONSKY.PL Sklep z Dronami","isPartOf":{"@id":"https:\/\/ironsky.pl\/sklep\/#website"},"primaryImageOfPage":{"@id":"https:\/\/ironsky.pl\/sklep\/produkt\/lampa-studyjna-led-neewer-660-pro-rgb-50w\/#primaryimage"},"image":{"@id":"https:\/\/ironsky.pl\/sklep\/produkt\/lampa-studyjna-led-neewer-660-pro-rgb-50w\/#primaryimage"},"thumbnailUrl":"https:\/\/ironsky.pl\/sklep\/wp-content\/uploads\/2026\/04\/42303_1.jpg","datePublished":"2026-04-15T08:35:20+00:00","dateModified":"2026-04-15T08:35:42+00:00","description":"Lampa studyjna LED NEEWER 660 PRO RGB 50W - \u2705 sklep z dronami i fachowym doradztwem. \u2705 Tutaj kupisz produkty DJI, Yuneec, Parrot, Syma i wiele innych, a tak\u017ce kursy i licencje na operatora drona.","breadcrumb":{"@id":"https:\/\/ironsky.pl\/sklep\/produkt\/lampa-studyjna-led-neewer-660-pro-rgb-50w\/#breadcrumb"},"inLanguage":"pl-PL","potentialAction":[{"@type":"ReadAction","target":["https:\/\/ironsky.pl\/sklep\/produkt\/lampa-studyjna-led-neewer-660-pro-rgb-50w\/"]}]},{"@type":"ImageObject","inLanguage":"pl-PL","@id":"https:\/\/ironsky.pl\/sklep\/produkt\/lampa-studyjna-led-neewer-660-pro-rgb-50w\/#primaryimage","url":"https:\/\/ironsky.pl\/sklep\/wp-content\/uploads\/2026\/04\/42303_1.jpg","contentUrl":"https:\/\/ironsky.pl\/sklep\/wp-content\/uploads\/2026\/04\/42303_1.jpg","width":800,"height":800},{"@type":"BreadcrumbList","@id":"https:\/\/ironsky.pl\/sklep\/produkt\/lampa-studyjna-led-neewer-660-pro-rgb-50w\/#breadcrumb","itemListElement":[{"@type":"ListItem","position":1,"name":"Strona g\u0142\u00f3wna","item":"https:\/\/ironsky.pl\/sklep\/"},{"@type":"ListItem","position":2,"name":"Wszystkie produkty","item":"https:\/\/ironsky.pl\/sklep\/produkty\/"},{"@type":"ListItem","position":3,"name":"Lampa studyjna LED NEEWER 660 PRO RGB 50W"}]},{"@type":"WebSite","@id":"https:\/\/ironsky.pl\/sklep\/#website","url":"https:\/\/ironsky.pl\/sklep\/","name":"IRONSKY.PL Sklep z Dronami","description":"IRONSKY.PL Sklep z Dronami","potentialAction":[{"@type":"SearchAction","target":{"@type":"EntryPoint","urlTemplate":"https:\/\/ironsky.pl\/sklep\/?s={search_term_string}"},"query-input":{"@type":"PropertyValueSpecification","valueRequired":true,"valueName":"search_term_string"}}],"inLanguage":"pl-PL"}]}},"_links":{"self":[{"href":"https:\/\/ironsky.pl\/sklep\/wp-json\/wp\/v2\/product\/58338","targetHints":{"allow":["GET"]}}],"collection":[{"href":"https:\/\/ironsky.pl\/sklep\/wp-json\/wp\/v2\/product"}],"about":[{"href":"https:\/\/ironsky.pl\/sklep\/wp-json\/wp\/v2\/types\/product"}],"replies":[{"embeddable":true,"href":"https:\/\/ironsky.pl\/sklep\/wp-json\/wp\/v2\/comments?post=58338"}],"wp:featuredmedia":[{"embeddable":true,"href":"https:\/\/ironsky.pl\/sklep\/wp-json\/wp\/v2\/media\/58339"}],"wp:attachment":[{"href":"https:\/\/ironsky.pl\/sklep\/wp-json\/wp\/v2\/media?parent=58338"}],"wp:term":[{"taxonomy":"product_brand","embeddable":true,"href":"https:\/\/ironsky.pl\/sklep\/wp-json\/wp\/v2\/product_brand?post=58338"},{"taxonomy":"product_cat","embeddable":true,"href":"https:\/\/ironsky.pl\/sklep\/wp-json\/wp\/v2\/product_cat?post=58338"},{"taxonomy":"product_tag","embeddable":true,"href":"https:\/\/ironsky.pl\/sklep\/wp-json\/wp\/v2\/product_tag?post=58338"}],"curies":[{"name":"wp","href":"https:\/\/api.w.org\/{rel}","templated":true}]}}