{"id":58308,"date":"2026-04-15T10:35:20","date_gmt":"2026-04-15T08:35:20","guid":{"rendered":"https:\/\/ironsky.pl\/sklep\/produkt\/plytka-szybkozlaczki-dji-rs-lower-quick-release-plate-2024\/"},"modified":"2026-04-15T10:35:21","modified_gmt":"2026-04-15T08:35:21","slug":"plytka-szybkozlaczki-dji-rs-lower-quick-release-plate-2024","status":"publish","type":"product","link":"https:\/\/ironsky.pl\/sklep\/produkt\/plytka-szybkozlaczki-dji-rs-lower-quick-release-plate-2024\/","title":{"rendered":"P\u0142ytka szybkoz\u0142\u0105czki DJI RS Lower Quick-Release Plate (2024)"},"content":{"rendered":"<h3>DJI RS Lower Quick-Release Plate (2024)<\/h3>\n<\/p>\n<p>Dolna p\u0142ytka z szybkoz\u0142\u0105czk\u0105 ma skal\u0119 po obu stronach i z\u0105bkowan\u0105 szczelin\u0119 na spodzie. Stanowi to uzupe\u0142nienie pokr\u0119t\u0142a dostrajania na osi pochylenia gimbala, umo\u017cliwiaj\u0105c operatorom wykonywanie precyzyjnych co do milimetra regulacji podczas zmiany kamery lub obiektywu. U\u0142atwia r\u00f3wnie\u017c szybkie przechodzenie mi\u0119dzy statywami i stabilizatorami kamery.<\/p>\n<\/p>\n<p>\n<img decoding=\"async\" src=\"https:\/\/assets.innpro.pl\/5428\/6376\/1.jpg\" border=\"0\" \/>\n<\/p>\n<h3><\/h3>\n<ul class=\"list-disc pl-5\">\n<li>Dolna p\u0142ytka z szybkoz\u0142\u0105czk\u0105 \u00d7 1<\/li>\n<\/ul>\n<div class=\"table-wrapper\">\n<p>\u00a0<\/p>\n<h3><\/h3>\n<table>\n<tbody>\n<tr>\n<th>Waga<\/th>\n<td>80 g  <\/td>\n<\/tr>\n<tr>\n<th>Wymiary<\/th>\n<td>129,6 \u00d7 49,5 \u00d7 22 mm (D\u0142. \u00d7 Szer. \u00d7 Wys.)<\/td>\n<\/tr>\n<tr>\n<th>Kompatybilno\u015b\u0107<\/th>\n<td>DJI RS 4, DJI RS 3, DJI RS 2<\/td>\n<\/tr>\n<\/tbody>\n<\/table>\n<\/div>\n","protected":false},"excerpt":{"rendered":"<p>DJI RS Lower Quick-Release Plate (2024) Dolna p\u0142ytka z szybkoz\u0142\u0105czk\u0105 ma skal\u0119 po obu stronach i z\u0105bkowan\u0105 szczelin\u0119 na spodzie.<\/p>\n","protected":false},"featured_media":58309,"comment_status":"closed","ping_status":"open","template":"","meta":{"_acf_changed":false},"product_brand":[],"product_cat":[1130,6174,1128],"product_tag":[],"class_list":{"0":"post-58308","1":"product","2":"type-product","3":"status-publish","4":"has-post-thumbnail","6":"product_cat-akcesoria-foto","7":"product_cat-do-aparatow-i-kamer","8":"product_cat-foto-wideo","9":"pa_okres-gwarancji-5754","10":"pa_producent-dji","12":"first","13":"outofstock","14":"taxable","15":"shipping-taxable","16":"purchasable","17":"product-type-simple"},"acf":[],"yoast_head":"<!-- This site is optimized with the Yoast SEO plugin v27.2 - https:\/\/yoast.com\/product\/yoast-seo-wordpress\/ -->\n<title>P\u0142ytka szybkoz\u0142\u0105czki DJI RS Lower Quick-Release Plate (2024) - IRONSKY.PL Sklep z Dronami<\/title>\n<meta name=\"description\" content=\"P\u0142ytka szybkoz\u0142\u0105czki DJI RS Lower Quick-Release Plate (2024) - \u2705 sklep z dronami i fachowym doradztwem. \u2705 Tutaj kupisz produkty DJI, Yuneec, Parrot, Syma i wiele innych, a tak\u017ce kursy i licencje na operatora drona.\" \/>\n<meta name=\"robots\" content=\"index, follow, max-snippet:-1, max-image-preview:large, max-video-preview:-1\" \/>\n<link rel=\"canonical\" href=\"https:\/\/ironsky.pl\/sklep\/produkt\/plytka-szybkozlaczki-dji-rs-lower-quick-release-plate-2024\/\" \/>\n<meta property=\"og:locale\" content=\"pl_PL\" \/>\n<meta property=\"og:type\" content=\"article\" \/>\n<meta property=\"og:title\" content=\"P\u0142ytka szybkoz\u0142\u0105czki DJI RS Lower Quick-Release Plate (2024) - IRONSKY.PL Sklep z Dronami\" \/>\n<meta property=\"og:description\" content=\"P\u0142ytka szybkoz\u0142\u0105czki DJI RS Lower Quick-Release Plate (2024) - \u2705 sklep z dronami i fachowym doradztwem. \u2705 Tutaj kupisz produkty DJI, Yuneec, Parrot, Syma i wiele innych, a tak\u017ce kursy i licencje na operatora drona.\" \/>\n<meta property=\"og:url\" content=\"https:\/\/ironsky.pl\/sklep\/produkt\/plytka-szybkozlaczki-dji-rs-lower-quick-release-plate-2024\/\" \/>\n<meta property=\"og:site_name\" content=\"IRONSKY.PL Sklep z Dronami\" \/>\n<meta property=\"article:modified_time\" content=\"2026-04-15T08:35:21+00:00\" \/>\n<meta property=\"og:image\" content=\"https:\/\/ironsky.pl\/sklep\/wp-content\/uploads\/2026\/04\/42221_1.jpg\" \/>\n\t<meta property=\"og:image:width\" content=\"800\" \/>\n\t<meta property=\"og:image:height\" content=\"800\" \/>\n\t<meta property=\"og:image:type\" content=\"image\/jpeg\" \/>\n<meta name=\"twitter:card\" content=\"summary_large_image\" \/>\n<script type=\"application\/ld+json\" class=\"yoast-schema-graph\">{\"@context\":\"https:\/\/schema.org\",\"@graph\":[{\"@type\":\"WebPage\",\"@id\":\"https:\/\/ironsky.pl\/sklep\/produkt\/plytka-szybkozlaczki-dji-rs-lower-quick-release-plate-2024\/\",\"url\":\"https:\/\/ironsky.pl\/sklep\/produkt\/plytka-szybkozlaczki-dji-rs-lower-quick-release-plate-2024\/\",\"name\":\"P\u0142ytka szybkoz\u0142\u0105czki DJI RS Lower Quick-Release Plate (2024) - IRONSKY.PL Sklep z Dronami\",\"isPartOf\":{\"@id\":\"https:\/\/ironsky.pl\/sklep\/#website\"},\"primaryImageOfPage\":{\"@id\":\"https:\/\/ironsky.pl\/sklep\/produkt\/plytka-szybkozlaczki-dji-rs-lower-quick-release-plate-2024\/#primaryimage\"},\"image\":{\"@id\":\"https:\/\/ironsky.pl\/sklep\/produkt\/plytka-szybkozlaczki-dji-rs-lower-quick-release-plate-2024\/#primaryimage\"},\"thumbnailUrl\":\"https:\/\/ironsky.pl\/sklep\/wp-content\/uploads\/2026\/04\/42221_1.jpg\",\"datePublished\":\"2026-04-15T08:35:20+00:00\",\"dateModified\":\"2026-04-15T08:35:21+00:00\",\"description\":\"P\u0142ytka szybkoz\u0142\u0105czki DJI RS Lower Quick-Release Plate (2024) - \u2705 sklep z dronami i fachowym doradztwem. \u2705 Tutaj kupisz produkty DJI, Yuneec, Parrot, Syma i wiele innych, a tak\u017ce kursy i licencje na operatora drona.\",\"breadcrumb\":{\"@id\":\"https:\/\/ironsky.pl\/sklep\/produkt\/plytka-szybkozlaczki-dji-rs-lower-quick-release-plate-2024\/#breadcrumb\"},\"inLanguage\":\"pl-PL\",\"potentialAction\":[{\"@type\":\"ReadAction\",\"target\":[\"https:\/\/ironsky.pl\/sklep\/produkt\/plytka-szybkozlaczki-dji-rs-lower-quick-release-plate-2024\/\"]}]},{\"@type\":\"ImageObject\",\"inLanguage\":\"pl-PL\",\"@id\":\"https:\/\/ironsky.pl\/sklep\/produkt\/plytka-szybkozlaczki-dji-rs-lower-quick-release-plate-2024\/#primaryimage\",\"url\":\"https:\/\/ironsky.pl\/sklep\/wp-content\/uploads\/2026\/04\/42221_1.jpg\",\"contentUrl\":\"https:\/\/ironsky.pl\/sklep\/wp-content\/uploads\/2026\/04\/42221_1.jpg\",\"width\":800,\"height\":800},{\"@type\":\"BreadcrumbList\",\"@id\":\"https:\/\/ironsky.pl\/sklep\/produkt\/plytka-szybkozlaczki-dji-rs-lower-quick-release-plate-2024\/#breadcrumb\",\"itemListElement\":[{\"@type\":\"ListItem\",\"position\":1,\"name\":\"Strona g\u0142\u00f3wna\",\"item\":\"https:\/\/ironsky.pl\/sklep\/\"},{\"@type\":\"ListItem\",\"position\":2,\"name\":\"Wszystkie produkty\",\"item\":\"https:\/\/ironsky.pl\/sklep\/produkty\/\"},{\"@type\":\"ListItem\",\"position\":3,\"name\":\"P\u0142ytka szybkoz\u0142\u0105czki DJI RS Lower Quick-Release Plate (2024)\"}]},{\"@type\":\"WebSite\",\"@id\":\"https:\/\/ironsky.pl\/sklep\/#website\",\"url\":\"https:\/\/ironsky.pl\/sklep\/\",\"name\":\"IRONSKY.PL Sklep z Dronami\",\"description\":\"IRONSKY.PL Sklep z Dronami\",\"potentialAction\":[{\"@type\":\"SearchAction\",\"target\":{\"@type\":\"EntryPoint\",\"urlTemplate\":\"https:\/\/ironsky.pl\/sklep\/?s={search_term_string}\"},\"query-input\":{\"@type\":\"PropertyValueSpecification\",\"valueRequired\":true,\"valueName\":\"search_term_string\"}}],\"inLanguage\":\"pl-PL\"}]}<\/script>\n<!-- \/ Yoast SEO plugin. -->","yoast_head_json":{"title":"P\u0142ytka szybkoz\u0142\u0105czki DJI RS Lower Quick-Release Plate (2024) - IRONSKY.PL Sklep z Dronami","description":"P\u0142ytka szybkoz\u0142\u0105czki DJI RS Lower Quick-Release Plate (2024) - \u2705 sklep z dronami i fachowym doradztwem. \u2705 Tutaj kupisz produkty DJI, Yuneec, Parrot, Syma i wiele innych, a tak\u017ce kursy i licencje na operatora drona.","robots":{"index":"index","follow":"follow","max-snippet":"max-snippet:-1","max-image-preview":"max-image-preview:large","max-video-preview":"max-video-preview:-1"},"canonical":"https:\/\/ironsky.pl\/sklep\/produkt\/plytka-szybkozlaczki-dji-rs-lower-quick-release-plate-2024\/","og_locale":"pl_PL","og_type":"article","og_title":"P\u0142ytka szybkoz\u0142\u0105czki DJI RS Lower Quick-Release Plate (2024) - IRONSKY.PL Sklep z Dronami","og_description":"P\u0142ytka szybkoz\u0142\u0105czki DJI RS Lower Quick-Release Plate (2024) - \u2705 sklep z dronami i fachowym doradztwem. \u2705 Tutaj kupisz produkty DJI, Yuneec, Parrot, Syma i wiele innych, a tak\u017ce kursy i licencje na operatora drona.","og_url":"https:\/\/ironsky.pl\/sklep\/produkt\/plytka-szybkozlaczki-dji-rs-lower-quick-release-plate-2024\/","og_site_name":"IRONSKY.PL Sklep z Dronami","article_modified_time":"2026-04-15T08:35:21+00:00","og_image":[{"width":800,"height":800,"url":"https:\/\/ironsky.pl\/sklep\/wp-content\/uploads\/2026\/04\/42221_1.jpg","type":"image\/jpeg"}],"twitter_card":"summary_large_image","schema":{"@context":"https:\/\/schema.org","@graph":[{"@type":"WebPage","@id":"https:\/\/ironsky.pl\/sklep\/produkt\/plytka-szybkozlaczki-dji-rs-lower-quick-release-plate-2024\/","url":"https:\/\/ironsky.pl\/sklep\/produkt\/plytka-szybkozlaczki-dji-rs-lower-quick-release-plate-2024\/","name":"P\u0142ytka szybkoz\u0142\u0105czki DJI RS Lower Quick-Release Plate (2024) - IRONSKY.PL Sklep z Dronami","isPartOf":{"@id":"https:\/\/ironsky.pl\/sklep\/#website"},"primaryImageOfPage":{"@id":"https:\/\/ironsky.pl\/sklep\/produkt\/plytka-szybkozlaczki-dji-rs-lower-quick-release-plate-2024\/#primaryimage"},"image":{"@id":"https:\/\/ironsky.pl\/sklep\/produkt\/plytka-szybkozlaczki-dji-rs-lower-quick-release-plate-2024\/#primaryimage"},"thumbnailUrl":"https:\/\/ironsky.pl\/sklep\/wp-content\/uploads\/2026\/04\/42221_1.jpg","datePublished":"2026-04-15T08:35:20+00:00","dateModified":"2026-04-15T08:35:21+00:00","description":"P\u0142ytka szybkoz\u0142\u0105czki DJI RS Lower Quick-Release Plate (2024) - \u2705 sklep z dronami i fachowym doradztwem. \u2705 Tutaj kupisz produkty DJI, Yuneec, Parrot, Syma i wiele innych, a tak\u017ce kursy i licencje na operatora drona.","breadcrumb":{"@id":"https:\/\/ironsky.pl\/sklep\/produkt\/plytka-szybkozlaczki-dji-rs-lower-quick-release-plate-2024\/#breadcrumb"},"inLanguage":"pl-PL","potentialAction":[{"@type":"ReadAction","target":["https:\/\/ironsky.pl\/sklep\/produkt\/plytka-szybkozlaczki-dji-rs-lower-quick-release-plate-2024\/"]}]},{"@type":"ImageObject","inLanguage":"pl-PL","@id":"https:\/\/ironsky.pl\/sklep\/produkt\/plytka-szybkozlaczki-dji-rs-lower-quick-release-plate-2024\/#primaryimage","url":"https:\/\/ironsky.pl\/sklep\/wp-content\/uploads\/2026\/04\/42221_1.jpg","contentUrl":"https:\/\/ironsky.pl\/sklep\/wp-content\/uploads\/2026\/04\/42221_1.jpg","width":800,"height":800},{"@type":"BreadcrumbList","@id":"https:\/\/ironsky.pl\/sklep\/produkt\/plytka-szybkozlaczki-dji-rs-lower-quick-release-plate-2024\/#breadcrumb","itemListElement":[{"@type":"ListItem","position":1,"name":"Strona g\u0142\u00f3wna","item":"https:\/\/ironsky.pl\/sklep\/"},{"@type":"ListItem","position":2,"name":"Wszystkie produkty","item":"https:\/\/ironsky.pl\/sklep\/produkty\/"},{"@type":"ListItem","position":3,"name":"P\u0142ytka szybkoz\u0142\u0105czki DJI RS Lower Quick-Release Plate (2024)"}]},{"@type":"WebSite","@id":"https:\/\/ironsky.pl\/sklep\/#website","url":"https:\/\/ironsky.pl\/sklep\/","name":"IRONSKY.PL Sklep z Dronami","description":"IRONSKY.PL Sklep z Dronami","potentialAction":[{"@type":"SearchAction","target":{"@type":"EntryPoint","urlTemplate":"https:\/\/ironsky.pl\/sklep\/?s={search_term_string}"},"query-input":{"@type":"PropertyValueSpecification","valueRequired":true,"valueName":"search_term_string"}}],"inLanguage":"pl-PL"}]}},"_links":{"self":[{"href":"https:\/\/ironsky.pl\/sklep\/wp-json\/wp\/v2\/product\/58308","targetHints":{"allow":["GET"]}}],"collection":[{"href":"https:\/\/ironsky.pl\/sklep\/wp-json\/wp\/v2\/product"}],"about":[{"href":"https:\/\/ironsky.pl\/sklep\/wp-json\/wp\/v2\/types\/product"}],"replies":[{"embeddable":true,"href":"https:\/\/ironsky.pl\/sklep\/wp-json\/wp\/v2\/comments?post=58308"}],"wp:featuredmedia":[{"embeddable":true,"href":"https:\/\/ironsky.pl\/sklep\/wp-json\/wp\/v2\/media\/58309"}],"wp:attachment":[{"href":"https:\/\/ironsky.pl\/sklep\/wp-json\/wp\/v2\/media?parent=58308"}],"wp:term":[{"taxonomy":"product_brand","embeddable":true,"href":"https:\/\/ironsky.pl\/sklep\/wp-json\/wp\/v2\/product_brand?post=58308"},{"taxonomy":"product_cat","embeddable":true,"href":"https:\/\/ironsky.pl\/sklep\/wp-json\/wp\/v2\/product_cat?post=58308"},{"taxonomy":"product_tag","embeddable":true,"href":"https:\/\/ironsky.pl\/sklep\/wp-json\/wp\/v2\/product_tag?post=58308"}],"curies":[{"name":"wp","href":"https:\/\/api.w.org\/{rel}","templated":true}]}}