{"id":58168,"date":"2026-04-15T10:33:57","date_gmt":"2026-04-15T08:33:57","guid":{"rendered":"https:\/\/ironsky.pl\/sklep\/produkt\/hub-ugreen-revodok-cm511-6w1-usb-c-hdmi-pd-100w-szary\/"},"modified":"2026-04-15T10:34:00","modified_gmt":"2026-04-15T08:34:00","slug":"hub-ugreen-revodok-cm511-6w1-usb-c-hdmi-pd-100w-szary","status":"publish","type":"product","link":"https:\/\/ironsky.pl\/sklep\/produkt\/hub-ugreen-revodok-cm511-6w1-usb-c-hdmi-pd-100w-szary\/","title":{"rendered":"Hub UGREEN Revodok CM511 6w1 USB-C HDMI PD 100W (szary)"},"content":{"rendered":"<h3>Hub \/ Adapter Ugreen CM511 USB-C do 3x USB, HDMI, USB-C, HDMI 4K 30Hz, PD 100W (szary)<\/h3>\n<\/p>\n<p>Tw\u00f3j komputer ma za ma\u0142o port\u00f3w? Adapter Ugreen CM511 pomo\u017ce Ci rozwi\u0105za\u0107 ten problem! Urz\u0105dzenie oferuje 3 gniazda USB-A, gniazdo HDMI umo\u017cliwiaj\u0105ce wy\u015bwietlanie obrazu w 4K oraz gniazdo USB-C, kt\u00f3re pozwala na szybkie \u0142adowanie PD z moc\u0105 do 100 W. Jego dodatkowym atutem jest szeroka kompatybilno\u015b\u0107 \u2013 bez problemu pod\u0142\u0105czysz go do wi\u0119kszo\u015bci popularnych urz\u0105dze\u0144.<\/p>\n<\/p>\n<p>\n<img decoding=\"async\" src=\"https:\/\/assets.innpro.pl\/5387\/6309\/6.jpg\" border=\"0\" \/>\n<\/p>\n<h3>Zawsze pod r\u0119k\u0105<\/h3>\n<\/p>\n<p>Teraz bez problemu zabierzesz adapter do pracy, na uczelni\u0119 lub na wakacje. Urz\u0105dzenie marki Ugreen jest bardzo lekkie i kompaktowe, dzi\u0119ki czemu nie zajmuje zbyt wiele miejsca w plecaku czy torbie na laptopa. Produkt wyr\u00f3\u017cnia si\u0119 tak\u017ce efektywnym odprowadzaniem ciep\u0142a \u2013 nie b\u0119dzie nadmiernie si\u0119 nagrzewa\u0142. Co wi\u0119cej, jego aluminiowa obudowa jest bardzo trwa\u0142a i odporna na uszkodzenia, wbudowany chip gwarantuje stabiln\u0105 i niezawodn\u0105 prac\u0119, a 25-centymetrowy kabel w nylonowym oplocie pozwala wygodnie pod\u0142\u0105czy\u0107 hub do wybranego sprz\u0119tu.<\/p>\n<\/p>\n<p>\n<img decoding=\"async\" src=\"https:\/\/assets.innpro.pl\/5387\/6309\/3.jpg\" border=\"0\" \/>\n<\/p>\n<h3>Rozdzielczo\u015b\u0107 4K<\/h3>\n<\/p>\n<p>Chcesz obejrze\u0107 film na wi\u0119kszym ekranie? A mo\u017ce musisz poprowadzi\u0107 prezentacj\u0119 w pracy? \u017baden problem \u2013 port HDMI adaptera umo\u017cliwia wy\u015bwietlanie obrazu w 4K. Ciesz si\u0119 \u017cyw\u0105, wyrazist\u0105 kolorystyk\u0105 i fantastycznym bogactwem szczeg\u00f3\u0142\u00f3w!<\/p>\n<\/p>\n<p>\n<img decoding=\"async\" src=\"https:\/\/assets.innpro.pl\/5387\/6309\/5.jpg\" border=\"0\" \/>\n<\/p>\n<h3>Szybkie \u0142adowanie<\/h3>\n<\/p>\n<p>Ju\u017c nie musisz si\u0119 martwi\u0107, \u017ce Tw\u00f3j laptop roz\u0142aduje si\u0119 w najmniej odpowiednim momencie. Adapter Ugreen oferuje port USB-C, kt\u00f3ry obs\u0142uguje szybkie \u0142adowanie PD 100 W. Dzi\u0119ki temu zyskujesz pewno\u015b\u0107, \u017ce Tw\u00f3j sprz\u0119t jest zawsze gotowy do pracy!<\/p>\n<\/p>\n<p>\n<img decoding=\"async\" src=\"https:\/\/assets.innpro.pl\/5387\/6309\/4.jpg\" border=\"0\" \/>\n<\/p>\n<h3>B\u0142yskawiczne przesy\u0142anie plik\u00f3w<\/h3>\n<\/p>\n<p>Potrzebujesz skopiowa\u0107 swoje zdj\u0119cia czy nagrania wideo i zale\u017cy Ci na czasie? Niczym si\u0119 nie przejmuj \u2013 porty USB-A 3.0 adaptera umo\u017cliwiaj\u0105 transfer danych z pr\u0119dko\u015bci\u0105 si\u0119gaj\u0105c\u0105 5 Gbps. Dzi\u0119ki temu wszystkie pliki, kt\u00f3rych potrzebujesz, w mgnieniu oka znajd\u0105 si\u0119 w docelowym miejscu!<\/p>\n<\/p>\n<p>\n<img decoding=\"async\" src=\"https:\/\/assets.innpro.pl\/5387\/6309\/7.jpg\" border=\"0\" \/>\n<\/p>\n<h3>Szeroka kompatybilno\u015b\u0107<\/h3>\n<\/p>\n<p>Adapter bez problemu wsp\u00f3\u0142pracuje z wi\u0119kszo\u015bci\u0105 popularnych urz\u0105dze\u0144. Doskonale sprawdzi si\u0119 mi\u0119dzy innymi w po\u0142\u0105czeniu z laptopami, komputerami, tabletami, smartfonami, a nawet przeno\u015bnymi konsolami do gier! Produkt jest te\u017c kompatybilny z takimi systemami operacyjnymi jak Windows, macOS, Linux i Android.<\/p>\n<\/p>\n<p>\n<img decoding=\"async\" src=\"https:\/\/assets.innpro.pl\/5387\/6309\/2.jpg\" border=\"0\" \/>\n<\/p>\n<div class=\"table-wrapper\">\n<p>\u00a0<\/p>\n<h3><\/h3>\n<table>\n<tbody>\n<tr>\n<th>Producent<\/th>\n<td>Ugreen<\/td>\n<\/tr>\n<tr>\n<th>Model<\/th>\n<td>15596<\/td>\n<\/tr>\n<tr>\n<th>Kolor<\/th>\n<td>Szary<\/td>\n<\/tr>\n<tr>\n<th>Dost\u0119pne porty<\/th>\n<td>1x HDMI, 3x USB-A, 1x USB-C<\/td>\n<\/tr>\n<tr>\n<th>Maks. rozdzielczo\u015b\u0107<\/th>\n<td>4K<\/td>\n<\/tr>\n<tr>\n<th>Moc \u0142adowania (USB-C)<\/th>\n<td>PD 100 W maks.<\/td>\n<\/tr>\n<tr>\n<th>Pr\u0119dko\u015b\u0107 transmisji (USB-A)<\/th>\n<td>Do 5 Gbps<\/td>\n<\/tr>\n<tr>\n<th>Materia\u0142<\/th>\n<td>Aluminium<\/td>\n<\/tr>\n<tr>\n<th>D\u0142ugo\u015b\u0107 kabla<\/th>\n<td>25 cm<\/td>\n<\/tr>\n<tr>\n<th>Kompatybilno\u015b\u0107<\/th>\n<td>Windows, macOS, Linux, Android<\/td>\n<\/tr>\n<\/tbody>\n<\/table>\n<\/div>\n","protected":false},"excerpt":{"rendered":"<p>Hub \/ Adapter Ugreen CM511 USB-C do 3x USB, HDMI, USB-C, HDMI 4K 30Hz, PD 100W (szary) Tw\u00f3j komputer ma<\/p>\n","protected":false},"featured_media":44588,"comment_status":"closed","ping_status":"open","template":"","meta":{"_acf_changed":false},"product_brand":[],"product_cat":[5929,5934],"product_tag":[],"class_list":{"0":"post-58168","1":"product","2":"type-product","3":"status-publish","4":"has-post-thumbnail","6":"product_cat-akcesoria-it","7":"product_cat-huby","8":"pa_okres-gwarancji-5757","9":"pa_producent-ugreen","11":"first","12":"outofstock","13":"taxable","14":"shipping-taxable","15":"purchasable","16":"product-type-simple"},"acf":[],"yoast_head":"<!-- This site is optimized with the Yoast SEO plugin v27.2 - https:\/\/yoast.com\/product\/yoast-seo-wordpress\/ -->\n<title>Hub UGREEN Revodok CM511 6w1 USB-C HDMI PD 100W (szary) - IRONSKY.PL Sklep z Dronami<\/title>\n<meta name=\"description\" content=\"Hub UGREEN Revodok CM511 6w1 USB-C HDMI PD 100W (szary) - \u2705 sklep z dronami i fachowym doradztwem. \u2705 Tutaj kupisz produkty DJI, Yuneec, Parrot, Syma i wiele innych, a tak\u017ce kursy i licencje na operatora drona.\" \/>\n<meta name=\"robots\" content=\"index, follow, max-snippet:-1, max-image-preview:large, max-video-preview:-1\" \/>\n<link rel=\"canonical\" href=\"https:\/\/ironsky.pl\/sklep\/produkt\/hub-ugreen-revodok-cm511-6w1-usb-c-hdmi-pd-100w-szary\/\" \/>\n<meta property=\"og:locale\" content=\"pl_PL\" \/>\n<meta property=\"og:type\" content=\"article\" \/>\n<meta property=\"og:title\" content=\"Hub UGREEN Revodok CM511 6w1 USB-C HDMI PD 100W (szary) - IRONSKY.PL Sklep z Dronami\" \/>\n<meta property=\"og:description\" content=\"Hub UGREEN Revodok CM511 6w1 USB-C HDMI PD 100W (szary) - \u2705 sklep z dronami i fachowym doradztwem. \u2705 Tutaj kupisz produkty DJI, Yuneec, Parrot, Syma i wiele innych, a tak\u017ce kursy i licencje na operatora drona.\" \/>\n<meta property=\"og:url\" content=\"https:\/\/ironsky.pl\/sklep\/produkt\/hub-ugreen-revodok-cm511-6w1-usb-c-hdmi-pd-100w-szary\/\" \/>\n<meta property=\"og:site_name\" content=\"IRONSKY.PL Sklep z Dronami\" \/>\n<meta property=\"article:modified_time\" content=\"2026-04-15T08:34:00+00:00\" \/>\n<meta property=\"og:image\" content=\"https:\/\/ironsky.pl\/sklep\/wp-content\/uploads\/2025\/06\/41758_3.jpg\" \/>\n\t<meta property=\"og:image:width\" content=\"800\" \/>\n\t<meta property=\"og:image:height\" content=\"801\" \/>\n\t<meta property=\"og:image:type\" content=\"image\/jpeg\" \/>\n<meta name=\"twitter:card\" content=\"summary_large_image\" \/>\n<meta name=\"twitter:label1\" content=\"Szacowany czas czytania\" \/>\n\t<meta name=\"twitter:data1\" content=\"2 minuty\" \/>\n<script type=\"application\/ld+json\" class=\"yoast-schema-graph\">{\"@context\":\"https:\/\/schema.org\",\"@graph\":[{\"@type\":\"WebPage\",\"@id\":\"https:\/\/ironsky.pl\/sklep\/produkt\/hub-ugreen-revodok-cm511-6w1-usb-c-hdmi-pd-100w-szary\/\",\"url\":\"https:\/\/ironsky.pl\/sklep\/produkt\/hub-ugreen-revodok-cm511-6w1-usb-c-hdmi-pd-100w-szary\/\",\"name\":\"Hub UGREEN Revodok CM511 6w1 USB-C HDMI PD 100W (szary) - IRONSKY.PL Sklep z Dronami\",\"isPartOf\":{\"@id\":\"https:\/\/ironsky.pl\/sklep\/#website\"},\"primaryImageOfPage\":{\"@id\":\"https:\/\/ironsky.pl\/sklep\/produkt\/hub-ugreen-revodok-cm511-6w1-usb-c-hdmi-pd-100w-szary\/#primaryimage\"},\"image\":{\"@id\":\"https:\/\/ironsky.pl\/sklep\/produkt\/hub-ugreen-revodok-cm511-6w1-usb-c-hdmi-pd-100w-szary\/#primaryimage\"},\"thumbnailUrl\":\"https:\/\/ironsky.pl\/sklep\/wp-content\/uploads\/2025\/06\/41758_3.jpg\",\"datePublished\":\"2026-04-15T08:33:57+00:00\",\"dateModified\":\"2026-04-15T08:34:00+00:00\",\"description\":\"Hub UGREEN Revodok CM511 6w1 USB-C HDMI PD 100W (szary) - \u2705 sklep z dronami i fachowym doradztwem. \u2705 Tutaj kupisz produkty DJI, Yuneec, Parrot, Syma i wiele innych, a tak\u017ce kursy i licencje na operatora drona.\",\"breadcrumb\":{\"@id\":\"https:\/\/ironsky.pl\/sklep\/produkt\/hub-ugreen-revodok-cm511-6w1-usb-c-hdmi-pd-100w-szary\/#breadcrumb\"},\"inLanguage\":\"pl-PL\",\"potentialAction\":[{\"@type\":\"ReadAction\",\"target\":[\"https:\/\/ironsky.pl\/sklep\/produkt\/hub-ugreen-revodok-cm511-6w1-usb-c-hdmi-pd-100w-szary\/\"]}]},{\"@type\":\"ImageObject\",\"inLanguage\":\"pl-PL\",\"@id\":\"https:\/\/ironsky.pl\/sklep\/produkt\/hub-ugreen-revodok-cm511-6w1-usb-c-hdmi-pd-100w-szary\/#primaryimage\",\"url\":\"https:\/\/ironsky.pl\/sklep\/wp-content\/uploads\/2025\/06\/41758_3.jpg\",\"contentUrl\":\"https:\/\/ironsky.pl\/sklep\/wp-content\/uploads\/2025\/06\/41758_3.jpg\",\"width\":800,\"height\":801},{\"@type\":\"BreadcrumbList\",\"@id\":\"https:\/\/ironsky.pl\/sklep\/produkt\/hub-ugreen-revodok-cm511-6w1-usb-c-hdmi-pd-100w-szary\/#breadcrumb\",\"itemListElement\":[{\"@type\":\"ListItem\",\"position\":1,\"name\":\"Strona g\u0142\u00f3wna\",\"item\":\"https:\/\/ironsky.pl\/sklep\/\"},{\"@type\":\"ListItem\",\"position\":2,\"name\":\"Wszystkie produkty\",\"item\":\"https:\/\/ironsky.pl\/sklep\/produkty\/\"},{\"@type\":\"ListItem\",\"position\":3,\"name\":\"Hub UGREEN Revodok CM511 6w1 USB-C HDMI PD 100W (szary)\"}]},{\"@type\":\"WebSite\",\"@id\":\"https:\/\/ironsky.pl\/sklep\/#website\",\"url\":\"https:\/\/ironsky.pl\/sklep\/\",\"name\":\"IRONSKY.PL Sklep z Dronami\",\"description\":\"IRONSKY.PL Sklep z Dronami\",\"potentialAction\":[{\"@type\":\"SearchAction\",\"target\":{\"@type\":\"EntryPoint\",\"urlTemplate\":\"https:\/\/ironsky.pl\/sklep\/?s={search_term_string}\"},\"query-input\":{\"@type\":\"PropertyValueSpecification\",\"valueRequired\":true,\"valueName\":\"search_term_string\"}}],\"inLanguage\":\"pl-PL\"}]}<\/script>\n<!-- \/ Yoast SEO plugin. -->","yoast_head_json":{"title":"Hub UGREEN Revodok CM511 6w1 USB-C HDMI PD 100W (szary) - IRONSKY.PL Sklep z Dronami","description":"Hub UGREEN Revodok CM511 6w1 USB-C HDMI PD 100W (szary) - \u2705 sklep z dronami i fachowym doradztwem. \u2705 Tutaj kupisz produkty DJI, Yuneec, Parrot, Syma i wiele innych, a tak\u017ce kursy i licencje na operatora drona.","robots":{"index":"index","follow":"follow","max-snippet":"max-snippet:-1","max-image-preview":"max-image-preview:large","max-video-preview":"max-video-preview:-1"},"canonical":"https:\/\/ironsky.pl\/sklep\/produkt\/hub-ugreen-revodok-cm511-6w1-usb-c-hdmi-pd-100w-szary\/","og_locale":"pl_PL","og_type":"article","og_title":"Hub UGREEN Revodok CM511 6w1 USB-C HDMI PD 100W (szary) - IRONSKY.PL Sklep z Dronami","og_description":"Hub UGREEN Revodok CM511 6w1 USB-C HDMI PD 100W (szary) - \u2705 sklep z dronami i fachowym doradztwem. \u2705 Tutaj kupisz produkty DJI, Yuneec, Parrot, Syma i wiele innych, a tak\u017ce kursy i licencje na operatora drona.","og_url":"https:\/\/ironsky.pl\/sklep\/produkt\/hub-ugreen-revodok-cm511-6w1-usb-c-hdmi-pd-100w-szary\/","og_site_name":"IRONSKY.PL Sklep z Dronami","article_modified_time":"2026-04-15T08:34:00+00:00","og_image":[{"width":800,"height":801,"url":"https:\/\/ironsky.pl\/sklep\/wp-content\/uploads\/2025\/06\/41758_3.jpg","type":"image\/jpeg"}],"twitter_card":"summary_large_image","twitter_misc":{"Szacowany czas czytania":"2 minuty"},"schema":{"@context":"https:\/\/schema.org","@graph":[{"@type":"WebPage","@id":"https:\/\/ironsky.pl\/sklep\/produkt\/hub-ugreen-revodok-cm511-6w1-usb-c-hdmi-pd-100w-szary\/","url":"https:\/\/ironsky.pl\/sklep\/produkt\/hub-ugreen-revodok-cm511-6w1-usb-c-hdmi-pd-100w-szary\/","name":"Hub UGREEN Revodok CM511 6w1 USB-C HDMI PD 100W (szary) - IRONSKY.PL Sklep z Dronami","isPartOf":{"@id":"https:\/\/ironsky.pl\/sklep\/#website"},"primaryImageOfPage":{"@id":"https:\/\/ironsky.pl\/sklep\/produkt\/hub-ugreen-revodok-cm511-6w1-usb-c-hdmi-pd-100w-szary\/#primaryimage"},"image":{"@id":"https:\/\/ironsky.pl\/sklep\/produkt\/hub-ugreen-revodok-cm511-6w1-usb-c-hdmi-pd-100w-szary\/#primaryimage"},"thumbnailUrl":"https:\/\/ironsky.pl\/sklep\/wp-content\/uploads\/2025\/06\/41758_3.jpg","datePublished":"2026-04-15T08:33:57+00:00","dateModified":"2026-04-15T08:34:00+00:00","description":"Hub UGREEN Revodok CM511 6w1 USB-C HDMI PD 100W (szary) - \u2705 sklep z dronami i fachowym doradztwem. \u2705 Tutaj kupisz produkty DJI, Yuneec, Parrot, Syma i wiele innych, a tak\u017ce kursy i licencje na operatora drona.","breadcrumb":{"@id":"https:\/\/ironsky.pl\/sklep\/produkt\/hub-ugreen-revodok-cm511-6w1-usb-c-hdmi-pd-100w-szary\/#breadcrumb"},"inLanguage":"pl-PL","potentialAction":[{"@type":"ReadAction","target":["https:\/\/ironsky.pl\/sklep\/produkt\/hub-ugreen-revodok-cm511-6w1-usb-c-hdmi-pd-100w-szary\/"]}]},{"@type":"ImageObject","inLanguage":"pl-PL","@id":"https:\/\/ironsky.pl\/sklep\/produkt\/hub-ugreen-revodok-cm511-6w1-usb-c-hdmi-pd-100w-szary\/#primaryimage","url":"https:\/\/ironsky.pl\/sklep\/wp-content\/uploads\/2025\/06\/41758_3.jpg","contentUrl":"https:\/\/ironsky.pl\/sklep\/wp-content\/uploads\/2025\/06\/41758_3.jpg","width":800,"height":801},{"@type":"BreadcrumbList","@id":"https:\/\/ironsky.pl\/sklep\/produkt\/hub-ugreen-revodok-cm511-6w1-usb-c-hdmi-pd-100w-szary\/#breadcrumb","itemListElement":[{"@type":"ListItem","position":1,"name":"Strona g\u0142\u00f3wna","item":"https:\/\/ironsky.pl\/sklep\/"},{"@type":"ListItem","position":2,"name":"Wszystkie produkty","item":"https:\/\/ironsky.pl\/sklep\/produkty\/"},{"@type":"ListItem","position":3,"name":"Hub UGREEN Revodok CM511 6w1 USB-C HDMI PD 100W (szary)"}]},{"@type":"WebSite","@id":"https:\/\/ironsky.pl\/sklep\/#website","url":"https:\/\/ironsky.pl\/sklep\/","name":"IRONSKY.PL Sklep z Dronami","description":"IRONSKY.PL Sklep z Dronami","potentialAction":[{"@type":"SearchAction","target":{"@type":"EntryPoint","urlTemplate":"https:\/\/ironsky.pl\/sklep\/?s={search_term_string}"},"query-input":{"@type":"PropertyValueSpecification","valueRequired":true,"valueName":"search_term_string"}}],"inLanguage":"pl-PL"}]}},"_links":{"self":[{"href":"https:\/\/ironsky.pl\/sklep\/wp-json\/wp\/v2\/product\/58168","targetHints":{"allow":["GET"]}}],"collection":[{"href":"https:\/\/ironsky.pl\/sklep\/wp-json\/wp\/v2\/product"}],"about":[{"href":"https:\/\/ironsky.pl\/sklep\/wp-json\/wp\/v2\/types\/product"}],"replies":[{"embeddable":true,"href":"https:\/\/ironsky.pl\/sklep\/wp-json\/wp\/v2\/comments?post=58168"}],"wp:featuredmedia":[{"embeddable":true,"href":"https:\/\/ironsky.pl\/sklep\/wp-json\/wp\/v2\/media\/44588"}],"wp:attachment":[{"href":"https:\/\/ironsky.pl\/sklep\/wp-json\/wp\/v2\/media?parent=58168"}],"wp:term":[{"taxonomy":"product_brand","embeddable":true,"href":"https:\/\/ironsky.pl\/sklep\/wp-json\/wp\/v2\/product_brand?post=58168"},{"taxonomy":"product_cat","embeddable":true,"href":"https:\/\/ironsky.pl\/sklep\/wp-json\/wp\/v2\/product_cat?post=58168"},{"taxonomy":"product_tag","embeddable":true,"href":"https:\/\/ironsky.pl\/sklep\/wp-json\/wp\/v2\/product_tag?post=58168"}],"curies":[{"name":"wp","href":"https:\/\/api.w.org\/{rel}","templated":true}]}}