{"id":58167,"date":"2026-04-15T10:33:57","date_gmt":"2026-04-15T08:33:57","guid":{"rendered":"https:\/\/ironsky.pl\/sklep\/produkt\/kabel-ugreen-dp119-displayport-hdmi-3m-czarny\/"},"modified":"2026-04-15T10:33:59","modified_gmt":"2026-04-15T08:33:59","slug":"kabel-ugreen-dp119-displayport-hdmi-3m-czarny","status":"publish","type":"product","link":"https:\/\/ironsky.pl\/sklep\/produkt\/kabel-ugreen-dp119-displayport-hdmi-3m-czarny\/","title":{"rendered":"Kabel UGREEN DP119 DisplayPort-HDMI 3m (czarny)"},"content":{"rendered":"<h3>Kabel DisplayPort do HDMI Ugreen DP119, 4K 60Hz, 3m (czarny)<\/h3>\n<\/p>\n<p>Kabel DisplayPort do HDMI marki Ugreen wyznacza nowe standardy w transmisji obrazu. Obs\u0142uguj\u0105c rozdzielczo\u015b\u0107 do 4K przy 60Hz (z kompatybilno\u015bci\u0105 wsteczn\u0105 do 2K@60Hz i 1080P@120Hz), gwarantuje u\u017cytkownikom niesamowit\u0105 jako\u015b\u0107 wizualn\u0105. Dzi\u0119ki obs\u0142udze HDR zapewnia wyj\u0105tkowy obraz z ja\u015bniejszymi kolorami oraz wy\u017cszym kontrastem, co oznacza p\u0142ynniejsze i bardziej realistyczne wra\u017cenia podczas grania i ogl\u0105dania. Produkt wyr\u00f3\u017cnia si\u0119 tak\u017ce wsparciem dla 3D i szerok\u0105 kompatybilno\u015bci\u0105.<\/p>\n<\/p>\n<p>\n<img decoding=\"async\" src=\"https:\/\/assets.innpro.pl\/5397\/6323\/3.jpg\" border=\"0\" \/>\n<\/p>\n<h3>Wiele ekran\u00f3w bez kompromis\u00f3w<\/h3>\n<\/p>\n<p>Jako aktywny kabel z DisplayPort na HDMI, DP119 wspiera tryb Eyefinity Multiple Screen SLS oraz technologi\u0119 AMD Eyefinity Multi-Display, umo\u017cliwiaj\u0105c pod\u0142\u0105czenie do 6 ekran\u00f3w jednocze\u015bnie. To rozwi\u0105zanie jednokierunkowe, nie wymagaj\u0105ce adapter\u00f3w, sterownik\u00f3w ani oprogramowania, co sprawia, \u017ce jest idealne dla os\u00f3b potrzebuj\u0105cych rozszerzy\u0107 swoje mo\u017cliwo\u015bci pracy czy rozrywki bez dodatkowych komplikacji.<\/p>\n<\/p>\n<p>\n<img decoding=\"async\" src=\"https:\/\/assets.innpro.pl\/5397\/6323\/2.jpg\" border=\"0\" \/>\n<\/p>\n<h3>Stabilna transmisja audio i wideo<\/h3>\n<\/p>\n<p>Z wykorzystaniem standardu DP 1.2, kabel ten zapewnia transmisj\u0119 danych z pr\u0119dko\u015bci\u0105 do 18 Gbps i 240 Hz, co gwarantuje niezr\u00f3wnan\u0105 jako\u015b\u0107 d\u017awi\u0119ku i obrazu bez efektu migotania ekranu. Uwaga: mo\u017cliwe jest jedynie przesy\u0142anie obrazu z portu DisplayPort na HDMI \u2013 odwrotna transmisja nie jest dost\u0119pna.<\/p>\n<\/p>\n<p>\n<img decoding=\"async\" src=\"https:\/\/assets.innpro.pl\/5397\/6323\/1.jpg\" border=\"0\" \/>\n<\/p>\n<h3>Wytrzyma\u0142y materia\u0142 i uniwersalna kompatybilno\u015b\u0107<\/h3>\n<\/p>\n<p>Nylonowy oplot i obudowa z aluminium zapewniaj\u0105 wytrzyma\u0142o\u015b\u0107 i odporno\u015b\u0107 na uszkodzenia, a tak\u017ce \u0142atwo\u015b\u0107 w pod\u0142\u0105czaniu i od\u0142\u0105czaniu. Grubszy przew\u00f3d miedziany minimalizuje straty sygna\u0142u, zapewniaj\u0105c szybk\u0105 i bezpieczn\u0105 transmisj\u0119 danych, a dodatkowy pasek Velcro u\u0142atwia przechowywanie, czyni\u0105c kabel DP119 idealnym dla domowych biur i nie tylko.<\/p>\n<\/p>\n<p>\n<img decoding=\"async\" src=\"https:\/\/assets.innpro.pl\/5397\/6323\/4.jpg\" border=\"0\" \/>\n<\/p>\n<h3>Szeroka kompatybilno\u015b\u0107<\/h3>\n<\/p>\n<p>Kabel jest kompatybilny z urz\u0105dzeniami wyposa\u017conymi w DisplayPort, takimi jak laptopy, komputery stacjonarne czy karty graficzne. Z kolei jego z\u0142\u0105cze HDMI bez problemu pod\u0142\u0105czysz mi\u0119dzy innymi do telewizora, projektowa, monitora lub zestawu VR. Uwaga: produkt nie jest kompatybilny z urz\u0105dzeniami \u017ar\u00f3d\u0142owymi HDMI, takimi jak MacBook, PlayStation, Nintendo Switch oraz Xbox.<\/p>\n<\/p>\n<p>\n<img decoding=\"async\" src=\"https:\/\/assets.innpro.pl\/5397\/6323\/6.jpg\" border=\"0\" \/>\n<\/p>\n<h3>3 tryby wy\u015bwietlania do wyboru<\/h3>\n<\/p>\n<p>Kabel DisplayPort do HDMI Ugreen DP119 oferuje trzy tryby wy\u015bwietlania do wyboru: lustrzany (mirror), rozszerzony (extended) i wieloekranowy (multi-screen). Tryb lustrzany idealnie nadaje si\u0119 do prezentacji i konferencji, umo\u017cliwiaj\u0105c wy\u015bwietlanie tego samego obrazu na kilku ekranach. Tryb rozszerzony pozwala na zwi\u0119kszenie przestrzeni roboczej poprzez dodanie dodatkowych monitor\u00f3w, co jest idealne dla grafik\u00f3w, programist\u00f3w i wszystkich, kt\u00f3rzy potrzebuj\u0105 wi\u0119cej miejsca na swoje projekty. Natomiast tryb wieloekranowy maksymalizuje mo\u017cliwo\u015bci gamingowe i rozrywkowe, oferuj\u0105c niezr\u00f3wnane do\u015bwiadczenia w grach i ogl\u0105daniu multimedi\u00f3w.<\/p>\n<\/p>\n<p>\n<img decoding=\"async\" src=\"https:\/\/assets.innpro.pl\/5397\/6323\/7.jpg\" border=\"0\" \/>\n<\/p>\n<div class=\"table-wrapper\">\n<p>\u00a0<\/p>\n<h3><\/h3>\n<table>\n<tbody>\n<tr>\n<th>Producent<\/th>\n<td>Ugreen<\/td>\n<\/tr>\n<tr>\n<th>Model<\/th>\n<td>25491<\/td>\n<\/tr>\n<tr>\n<th>Kolor<\/th>\n<td>Czarny<\/td>\n<\/tr>\n<tr>\n<th>Typ<\/th>\n<td>DisplayPort do HDMI<\/td>\n<\/tr>\n<tr>\n<th>Maks. rozdzielczo\u015b\u0107<\/th>\n<td>4K<\/td>\n<\/tr>\n<tr>\n<th>Materia\u0142<\/th>\n<td>Stop aluminium + nylonowy oplot<\/td>\n<\/tr>\n<tr>\n<th>D\u0142ugo\u015b\u0107 kabla<\/th>\n<td>3 m<\/td>\n<\/tr>\n<\/tbody>\n<\/table>\n<\/div>\n","protected":false},"excerpt":{"rendered":"<p>Kabel DisplayPort do HDMI Ugreen DP119, 4K 60Hz, 3m (czarny) Kabel DisplayPort do HDMI marki Ugreen wyznacza nowe standardy w<\/p>\n","protected":false},"featured_media":44585,"comment_status":"closed","ping_status":"open","template":"","meta":{"_acf_changed":false},"product_brand":[],"product_cat":[5929,5931,5933],"product_tag":[],"class_list":{"0":"post-58167","1":"product","2":"type-product","3":"status-publish","4":"has-post-thumbnail","6":"product_cat-akcesoria-it","7":"product_cat-kable","8":"product_cat-wideo","9":"pa_okres-gwarancji-5757","10":"pa_producent-ugreen","12":"first","13":"outofstock","14":"taxable","15":"shipping-taxable","16":"purchasable","17":"product-type-simple"},"acf":[],"yoast_head":"<!-- This site is optimized with the Yoast SEO plugin v27.2 - https:\/\/yoast.com\/product\/yoast-seo-wordpress\/ -->\n<title>Kabel UGREEN DP119 DisplayPort-HDMI 3m (czarny) - IRONSKY.PL Sklep z Dronami<\/title>\n<meta name=\"description\" content=\"Kabel UGREEN DP119 DisplayPort-HDMI 3m (czarny) - \u2705 sklep z dronami i fachowym doradztwem. \u2705 Tutaj kupisz produkty DJI, Yuneec, Parrot, Syma i wiele innych, a tak\u017ce kursy i licencje na operatora drona.\" \/>\n<meta name=\"robots\" content=\"index, follow, max-snippet:-1, max-image-preview:large, max-video-preview:-1\" \/>\n<link rel=\"canonical\" href=\"https:\/\/ironsky.pl\/sklep\/produkt\/kabel-ugreen-dp119-displayport-hdmi-3m-czarny\/\" \/>\n<meta property=\"og:locale\" content=\"pl_PL\" \/>\n<meta property=\"og:type\" content=\"article\" \/>\n<meta property=\"og:title\" content=\"Kabel UGREEN DP119 DisplayPort-HDMI 3m (czarny) - IRONSKY.PL Sklep z Dronami\" \/>\n<meta property=\"og:description\" content=\"Kabel UGREEN DP119 DisplayPort-HDMI 3m (czarny) - \u2705 sklep z dronami i fachowym doradztwem. \u2705 Tutaj kupisz produkty DJI, Yuneec, Parrot, Syma i wiele innych, a tak\u017ce kursy i licencje na operatora drona.\" \/>\n<meta property=\"og:url\" content=\"https:\/\/ironsky.pl\/sklep\/produkt\/kabel-ugreen-dp119-displayport-hdmi-3m-czarny\/\" \/>\n<meta property=\"og:site_name\" content=\"IRONSKY.PL Sklep z Dronami\" \/>\n<meta property=\"article:modified_time\" content=\"2026-04-15T08:33:59+00:00\" \/>\n<meta property=\"og:image\" content=\"https:\/\/ironsky.pl\/sklep\/wp-content\/uploads\/2025\/06\/41752_2.jpg\" \/>\n\t<meta property=\"og:image:width\" content=\"800\" \/>\n\t<meta property=\"og:image:height\" content=\"800\" \/>\n\t<meta property=\"og:image:type\" content=\"image\/jpeg\" \/>\n<meta name=\"twitter:card\" content=\"summary_large_image\" \/>\n<meta name=\"twitter:label1\" content=\"Szacowany czas czytania\" \/>\n\t<meta name=\"twitter:data1\" content=\"2 minuty\" \/>\n<script type=\"application\/ld+json\" class=\"yoast-schema-graph\">{\"@context\":\"https:\/\/schema.org\",\"@graph\":[{\"@type\":\"WebPage\",\"@id\":\"https:\/\/ironsky.pl\/sklep\/produkt\/kabel-ugreen-dp119-displayport-hdmi-3m-czarny\/\",\"url\":\"https:\/\/ironsky.pl\/sklep\/produkt\/kabel-ugreen-dp119-displayport-hdmi-3m-czarny\/\",\"name\":\"Kabel UGREEN DP119 DisplayPort-HDMI 3m (czarny) - IRONSKY.PL Sklep z Dronami\",\"isPartOf\":{\"@id\":\"https:\/\/ironsky.pl\/sklep\/#website\"},\"primaryImageOfPage\":{\"@id\":\"https:\/\/ironsky.pl\/sklep\/produkt\/kabel-ugreen-dp119-displayport-hdmi-3m-czarny\/#primaryimage\"},\"image\":{\"@id\":\"https:\/\/ironsky.pl\/sklep\/produkt\/kabel-ugreen-dp119-displayport-hdmi-3m-czarny\/#primaryimage\"},\"thumbnailUrl\":\"https:\/\/ironsky.pl\/sklep\/wp-content\/uploads\/2025\/06\/41752_2.jpg\",\"datePublished\":\"2026-04-15T08:33:57+00:00\",\"dateModified\":\"2026-04-15T08:33:59+00:00\",\"description\":\"Kabel UGREEN DP119 DisplayPort-HDMI 3m (czarny) - \u2705 sklep z dronami i fachowym doradztwem. \u2705 Tutaj kupisz produkty DJI, Yuneec, Parrot, Syma i wiele innych, a tak\u017ce kursy i licencje na operatora drona.\",\"breadcrumb\":{\"@id\":\"https:\/\/ironsky.pl\/sklep\/produkt\/kabel-ugreen-dp119-displayport-hdmi-3m-czarny\/#breadcrumb\"},\"inLanguage\":\"pl-PL\",\"potentialAction\":[{\"@type\":\"ReadAction\",\"target\":[\"https:\/\/ironsky.pl\/sklep\/produkt\/kabel-ugreen-dp119-displayport-hdmi-3m-czarny\/\"]}]},{\"@type\":\"ImageObject\",\"inLanguage\":\"pl-PL\",\"@id\":\"https:\/\/ironsky.pl\/sklep\/produkt\/kabel-ugreen-dp119-displayport-hdmi-3m-czarny\/#primaryimage\",\"url\":\"https:\/\/ironsky.pl\/sklep\/wp-content\/uploads\/2025\/06\/41752_2.jpg\",\"contentUrl\":\"https:\/\/ironsky.pl\/sklep\/wp-content\/uploads\/2025\/06\/41752_2.jpg\",\"width\":800,\"height\":800},{\"@type\":\"BreadcrumbList\",\"@id\":\"https:\/\/ironsky.pl\/sklep\/produkt\/kabel-ugreen-dp119-displayport-hdmi-3m-czarny\/#breadcrumb\",\"itemListElement\":[{\"@type\":\"ListItem\",\"position\":1,\"name\":\"Strona g\u0142\u00f3wna\",\"item\":\"https:\/\/ironsky.pl\/sklep\/\"},{\"@type\":\"ListItem\",\"position\":2,\"name\":\"Wszystkie produkty\",\"item\":\"https:\/\/ironsky.pl\/sklep\/produkty\/\"},{\"@type\":\"ListItem\",\"position\":3,\"name\":\"Kabel UGREEN DP119 DisplayPort-HDMI 3m (czarny)\"}]},{\"@type\":\"WebSite\",\"@id\":\"https:\/\/ironsky.pl\/sklep\/#website\",\"url\":\"https:\/\/ironsky.pl\/sklep\/\",\"name\":\"IRONSKY.PL Sklep z Dronami\",\"description\":\"IRONSKY.PL Sklep z Dronami\",\"potentialAction\":[{\"@type\":\"SearchAction\",\"target\":{\"@type\":\"EntryPoint\",\"urlTemplate\":\"https:\/\/ironsky.pl\/sklep\/?s={search_term_string}\"},\"query-input\":{\"@type\":\"PropertyValueSpecification\",\"valueRequired\":true,\"valueName\":\"search_term_string\"}}],\"inLanguage\":\"pl-PL\"}]}<\/script>\n<!-- \/ Yoast SEO plugin. -->","yoast_head_json":{"title":"Kabel UGREEN DP119 DisplayPort-HDMI 3m (czarny) - IRONSKY.PL Sklep z Dronami","description":"Kabel UGREEN DP119 DisplayPort-HDMI 3m (czarny) - \u2705 sklep z dronami i fachowym doradztwem. \u2705 Tutaj kupisz produkty DJI, Yuneec, Parrot, Syma i wiele innych, a tak\u017ce kursy i licencje na operatora drona.","robots":{"index":"index","follow":"follow","max-snippet":"max-snippet:-1","max-image-preview":"max-image-preview:large","max-video-preview":"max-video-preview:-1"},"canonical":"https:\/\/ironsky.pl\/sklep\/produkt\/kabel-ugreen-dp119-displayport-hdmi-3m-czarny\/","og_locale":"pl_PL","og_type":"article","og_title":"Kabel UGREEN DP119 DisplayPort-HDMI 3m (czarny) - IRONSKY.PL Sklep z Dronami","og_description":"Kabel UGREEN DP119 DisplayPort-HDMI 3m (czarny) - \u2705 sklep z dronami i fachowym doradztwem. \u2705 Tutaj kupisz produkty DJI, Yuneec, Parrot, Syma i wiele innych, a tak\u017ce kursy i licencje na operatora drona.","og_url":"https:\/\/ironsky.pl\/sklep\/produkt\/kabel-ugreen-dp119-displayport-hdmi-3m-czarny\/","og_site_name":"IRONSKY.PL Sklep z Dronami","article_modified_time":"2026-04-15T08:33:59+00:00","og_image":[{"width":800,"height":800,"url":"https:\/\/ironsky.pl\/sklep\/wp-content\/uploads\/2025\/06\/41752_2.jpg","type":"image\/jpeg"}],"twitter_card":"summary_large_image","twitter_misc":{"Szacowany czas czytania":"2 minuty"},"schema":{"@context":"https:\/\/schema.org","@graph":[{"@type":"WebPage","@id":"https:\/\/ironsky.pl\/sklep\/produkt\/kabel-ugreen-dp119-displayport-hdmi-3m-czarny\/","url":"https:\/\/ironsky.pl\/sklep\/produkt\/kabel-ugreen-dp119-displayport-hdmi-3m-czarny\/","name":"Kabel UGREEN DP119 DisplayPort-HDMI 3m (czarny) - IRONSKY.PL Sklep z Dronami","isPartOf":{"@id":"https:\/\/ironsky.pl\/sklep\/#website"},"primaryImageOfPage":{"@id":"https:\/\/ironsky.pl\/sklep\/produkt\/kabel-ugreen-dp119-displayport-hdmi-3m-czarny\/#primaryimage"},"image":{"@id":"https:\/\/ironsky.pl\/sklep\/produkt\/kabel-ugreen-dp119-displayport-hdmi-3m-czarny\/#primaryimage"},"thumbnailUrl":"https:\/\/ironsky.pl\/sklep\/wp-content\/uploads\/2025\/06\/41752_2.jpg","datePublished":"2026-04-15T08:33:57+00:00","dateModified":"2026-04-15T08:33:59+00:00","description":"Kabel UGREEN DP119 DisplayPort-HDMI 3m (czarny) - \u2705 sklep z dronami i fachowym doradztwem. \u2705 Tutaj kupisz produkty DJI, Yuneec, Parrot, Syma i wiele innych, a tak\u017ce kursy i licencje na operatora drona.","breadcrumb":{"@id":"https:\/\/ironsky.pl\/sklep\/produkt\/kabel-ugreen-dp119-displayport-hdmi-3m-czarny\/#breadcrumb"},"inLanguage":"pl-PL","potentialAction":[{"@type":"ReadAction","target":["https:\/\/ironsky.pl\/sklep\/produkt\/kabel-ugreen-dp119-displayport-hdmi-3m-czarny\/"]}]},{"@type":"ImageObject","inLanguage":"pl-PL","@id":"https:\/\/ironsky.pl\/sklep\/produkt\/kabel-ugreen-dp119-displayport-hdmi-3m-czarny\/#primaryimage","url":"https:\/\/ironsky.pl\/sklep\/wp-content\/uploads\/2025\/06\/41752_2.jpg","contentUrl":"https:\/\/ironsky.pl\/sklep\/wp-content\/uploads\/2025\/06\/41752_2.jpg","width":800,"height":800},{"@type":"BreadcrumbList","@id":"https:\/\/ironsky.pl\/sklep\/produkt\/kabel-ugreen-dp119-displayport-hdmi-3m-czarny\/#breadcrumb","itemListElement":[{"@type":"ListItem","position":1,"name":"Strona g\u0142\u00f3wna","item":"https:\/\/ironsky.pl\/sklep\/"},{"@type":"ListItem","position":2,"name":"Wszystkie produkty","item":"https:\/\/ironsky.pl\/sklep\/produkty\/"},{"@type":"ListItem","position":3,"name":"Kabel UGREEN DP119 DisplayPort-HDMI 3m (czarny)"}]},{"@type":"WebSite","@id":"https:\/\/ironsky.pl\/sklep\/#website","url":"https:\/\/ironsky.pl\/sklep\/","name":"IRONSKY.PL Sklep z Dronami","description":"IRONSKY.PL Sklep z Dronami","potentialAction":[{"@type":"SearchAction","target":{"@type":"EntryPoint","urlTemplate":"https:\/\/ironsky.pl\/sklep\/?s={search_term_string}"},"query-input":{"@type":"PropertyValueSpecification","valueRequired":true,"valueName":"search_term_string"}}],"inLanguage":"pl-PL"}]}},"_links":{"self":[{"href":"https:\/\/ironsky.pl\/sklep\/wp-json\/wp\/v2\/product\/58167","targetHints":{"allow":["GET"]}}],"collection":[{"href":"https:\/\/ironsky.pl\/sklep\/wp-json\/wp\/v2\/product"}],"about":[{"href":"https:\/\/ironsky.pl\/sklep\/wp-json\/wp\/v2\/types\/product"}],"replies":[{"embeddable":true,"href":"https:\/\/ironsky.pl\/sklep\/wp-json\/wp\/v2\/comments?post=58167"}],"wp:featuredmedia":[{"embeddable":true,"href":"https:\/\/ironsky.pl\/sklep\/wp-json\/wp\/v2\/media\/44585"}],"wp:attachment":[{"href":"https:\/\/ironsky.pl\/sklep\/wp-json\/wp\/v2\/media?parent=58167"}],"wp:term":[{"taxonomy":"product_brand","embeddable":true,"href":"https:\/\/ironsky.pl\/sklep\/wp-json\/wp\/v2\/product_brand?post=58167"},{"taxonomy":"product_cat","embeddable":true,"href":"https:\/\/ironsky.pl\/sklep\/wp-json\/wp\/v2\/product_cat?post=58167"},{"taxonomy":"product_tag","embeddable":true,"href":"https:\/\/ironsky.pl\/sklep\/wp-json\/wp\/v2\/product_tag?post=58167"}],"curies":[{"name":"wp","href":"https:\/\/api.w.org\/{rel}","templated":true}]}}