{"id":58166,"date":"2026-04-15T10:33:57","date_gmt":"2026-04-15T08:33:57","guid":{"rendered":"https:\/\/ironsky.pl\/sklep\/produkt\/kabel-ugreen-dp120-displayport-1-4-3m-czarny\/"},"modified":"2026-04-15T10:33:58","modified_gmt":"2026-04-15T08:33:58","slug":"kabel-ugreen-dp120-displayport-1-4-3m-czarny","status":"publish","type":"product","link":"https:\/\/ironsky.pl\/sklep\/produkt\/kabel-ugreen-dp120-displayport-1-4-3m-czarny\/","title":{"rendered":"Kabel UGREEN DP120 DisplayPort 1.4 3m (czarny)"},"content":{"rendered":"<h3>Kabel DisplayPort 1.4 Ugreen DP120, 8K 60Hz, 32.4Gbps, 3m (czarny)<\/h3>\n<\/p>\n<p>Kabel DisplayPort 1.4 marki Ugreen wyznacza nowe granice jako\u015bci obrazu, oferuj\u0105c wsparcie dla rozdzielczo\u015bci do 8K przy 60 Hz, 4K przy 240 Hz oraz 2K przy 240 Hz. Obs\u0142uguje tak\u017ce dynamiczny HDR, kt\u00f3ry znacz\u0105co poprawia kontrast i jasno\u015b\u0107, wzbogaca detale i zapewnia wyrazist\u0105, \u017cyw\u0105 kolorystyk\u0119. W efekcie u\u017cytkownik mo\u017ce cieszy\u0107 si\u0119 wymarzonym poziomem immersji podczas ogl\u0105dania film\u00f3w i rozgrywki! Kabel wspiera te\u017c efekt 3D i wyr\u00f3\u017cnia si\u0119 szerok\u0105 kompatybilno\u015bci\u0105.<\/p>\n<\/p>\n<p>\n<img decoding=\"async\" src=\"https:\/\/assets.innpro.pl\/5399\/6326\/3.jpg\" border=\"0\" \/>\n<\/p>\n<h3>3 tryby wy\u015bwietlania do Twojej dyspozycji<\/h3>\n<\/p>\n<p>Ten praktyczny kabel wspiera 3 tryby wy\u015bwietlania \u2013 lustrzany (mirror), rozszerzony na dwa ekrany (dual-screen expansion) oraz scalania wielu ekran\u00f3w (multi-screen splicing). W trybie lustrzanym i scalania ekran\u00f3w, u\u017cytkownik mo\u017ce cieszy\u0107 si\u0119 du\u017cym obszarem wy\u015bwietlania i szerszym polem widzenia w grach, co u\u0142atwia wykrywanie pozycji przeciwnika. W trybie rozszerzonym mo\u017cliwa jest praca na dw\u00f3ch ekranach jednocze\u015bnie, co znacz\u0105co zwi\u0119ksza wygod\u0119 i efektywno\u015b\u0107 dzia\u0142a\u0144. To doskona\u0142a opcja dla grafik\u00f3w, programist\u00f3w i nie tylko!<\/p>\n<\/p>\n<p>\n<img decoding=\"async\" src=\"https:\/\/assets.innpro.pl\/5399\/6326\/6.jpg\" border=\"0\" \/>\n<\/p>\n<h3>Trwa\u0142e materia\u0142y, wyj\u0105tkowa wytrzyma\u0142o\u015b\u0107<\/h3>\n<\/p>\n<p>Model DP120 jest wyposa\u017cony w obudow\u0119 ze stopu aluminium i nylonowy oplot, dzi\u0119ki czemu jest bardzo wytrzyma\u0142y i zapewnia stabilno\u015b\u0107 transmisji nawet w wysokich temperaturach. Jego zaawansowane odprowadzanie ciep\u0142a idealnie sprawdza si\u0119 podczas d\u0142ugotrwa\u0142ych transmisji na \u017cywo i intensywnych sesji gamingowych. Dodatkowo z\u0142\u0105cza kabla s\u0105 odporne na rdzewienie i gwarantuj\u0105 d\u0142ug\u0105 \u017cywotno\u015b\u0107.<\/p>\n<\/p>\n<p>\n<img decoding=\"async\" src=\"https:\/\/assets.innpro.pl\/5399\/6326\/7.jpg\" border=\"0\" \/>\n<\/p>\n<h3>B\u0142yskawiczna transmisja dla p\u0142ynnej rozgrywki<\/h3>\n<\/p>\n<p>Ten certyfikowany przez VESA kabel DP 1.4 przewy\u017csza poprzedni standard DP 1.2, oferuj\u0105c pr\u0119dko\u015b\u0107 transmisji si\u0119gaj\u0105c\u0105 32,4 Gbit\/s. Pozwala to na jednoczesne i szybkie przesy\u0142anie d\u017awi\u0119ku i obrazu, co \u015bwietnie sprawdza si\u0119 na przyk\u0142ad podczas ogl\u0105dania film\u00f3w i grania w gry. Ponadto nylonowy oplot kabla wzmocniony jest dodatkow\u0105 blaszk\u0105 cynow\u0105, co minimalizuje zak\u0142\u00f3cenia i zapewnia stabiln\u0105 transmisj\u0119.<\/p>\n<\/p>\n<p>\n<img decoding=\"async\" src=\"https:\/\/assets.innpro.pl\/5399\/6326\/5.jpg\" border=\"0\" \/>\n<\/p>\n<h3>Szeroka kompatybilno\u015b\u0107 i wszechstronno\u015b\u0107 zastosowa\u0144\u00a0\u00a0<\/h3>\n<\/p>\n<p>Ten kabel DP na DP 1.4 jest wstecznie kompatybilny z DP 1.2, co sprawia, \u017ce nadaje si\u0119 do r\u00f3\u017cnorodnych urz\u0105dze\u0144 ze standardowym interfejsem DP, takich jak komputery stacjonarne, monitory, telewizory i inne. Produkt obs\u0142uguje te\u017c rozdzielczo\u015bci i cz\u0119stotliwo\u015bci od\u015bwie\u017cania takie jak 7680&#215;4320@60Hz, 3840&#215;2160@240Hz, 2560&#215;1440@240Hz, 1920&#215;1080@240Hz, co czyni go uniwersalnym rozwi\u0105zaniem dla najbardziej wymagaj\u0105cych zastosowa\u0144 multimedialnych i gamingowych.<\/p>\n<\/p>\n<p>\n<img decoding=\"async\" src=\"https:\/\/assets.innpro.pl\/5399\/6326\/4.jpg\" border=\"0\" \/>\n<\/p>\n<div class=\"table-wrapper\">\n<p>\u00a0<\/p>\n<h3><\/h3>\n<table>\n<tbody>\n<tr>\n<th>Producent<\/th>\n<td>Ugreen<\/td>\n<\/tr>\n<tr>\n<th>Model<\/th>\n<td>25906<\/td>\n<\/tr>\n<tr>\n<th>Kolor<\/th>\n<td>Czarny<\/td>\n<\/tr>\n<tr>\n<th>Typ<\/th>\n<td>DisplayPort do DisplayPort<\/td>\n<\/tr>\n<tr>\n<th>Maks. rozdzielczo\u015b\u0107<\/th>\n<td>8K<\/td>\n<\/tr>\n<tr>\n<th>Materia\u0142 <\/th>\n<td>Aluminium + nylonowy oplot<\/td>\n<\/tr>\n<tr>\n<th>D\u0142ugo\u015b\u0107 kabla<\/th>\n<td>3 m<\/td>\n<\/tr>\n<\/tbody>\n<\/table>\n<\/div>\n","protected":false},"excerpt":{"rendered":"<p>Kabel DisplayPort 1.4 Ugreen DP120, 8K 60Hz, 32.4Gbps, 3m (czarny) Kabel DisplayPort 1.4 marki Ugreen wyznacza nowe granice jako\u015bci obrazu,<\/p>\n","protected":false},"featured_media":44582,"comment_status":"closed","ping_status":"open","template":"","meta":{"_acf_changed":false},"product_brand":[],"product_cat":[5929,5931,5933],"product_tag":[],"class_list":{"0":"post-58166","1":"product","2":"type-product","3":"status-publish","4":"has-post-thumbnail","6":"product_cat-akcesoria-it","7":"product_cat-kable","8":"product_cat-wideo","9":"pa_okres-gwarancji-5757","10":"pa_producent-ugreen","12":"first","13":"outofstock","14":"taxable","15":"shipping-taxable","16":"purchasable","17":"product-type-simple"},"acf":[],"yoast_head":"<!-- This site is optimized with the Yoast SEO plugin v27.2 - https:\/\/yoast.com\/product\/yoast-seo-wordpress\/ -->\n<title>Kabel UGREEN DP120 DisplayPort 1.4 3m (czarny) - IRONSKY.PL Sklep z Dronami<\/title>\n<meta name=\"description\" content=\"Kabel UGREEN DP120 DisplayPort 1.4 3m (czarny) - \u2705 sklep z dronami i fachowym doradztwem. \u2705 Tutaj kupisz produkty DJI, Yuneec, Parrot, Syma i wiele innych, a tak\u017ce kursy i licencje na operatora drona.\" \/>\n<meta name=\"robots\" content=\"index, follow, max-snippet:-1, max-image-preview:large, max-video-preview:-1\" \/>\n<link rel=\"canonical\" href=\"https:\/\/ironsky.pl\/sklep\/produkt\/kabel-ugreen-dp120-displayport-1-4-3m-czarny\/\" \/>\n<meta property=\"og:locale\" content=\"pl_PL\" \/>\n<meta property=\"og:type\" content=\"article\" \/>\n<meta property=\"og:title\" content=\"Kabel UGREEN DP120 DisplayPort 1.4 3m (czarny) - IRONSKY.PL Sklep z Dronami\" \/>\n<meta property=\"og:description\" content=\"Kabel UGREEN DP120 DisplayPort 1.4 3m (czarny) - \u2705 sklep z dronami i fachowym doradztwem. \u2705 Tutaj kupisz produkty DJI, Yuneec, Parrot, Syma i wiele innych, a tak\u017ce kursy i licencje na operatora drona.\" \/>\n<meta property=\"og:url\" content=\"https:\/\/ironsky.pl\/sklep\/produkt\/kabel-ugreen-dp120-displayport-1-4-3m-czarny\/\" \/>\n<meta property=\"og:site_name\" content=\"IRONSKY.PL Sklep z Dronami\" \/>\n<meta property=\"article:modified_time\" content=\"2026-04-15T08:33:58+00:00\" \/>\n<meta property=\"og:image\" content=\"https:\/\/ironsky.pl\/sklep\/wp-content\/uploads\/2025\/06\/41751_2.jpg\" \/>\n\t<meta property=\"og:image:width\" content=\"800\" \/>\n\t<meta property=\"og:image:height\" content=\"800\" \/>\n\t<meta property=\"og:image:type\" content=\"image\/jpeg\" \/>\n<meta name=\"twitter:card\" content=\"summary_large_image\" \/>\n<meta name=\"twitter:label1\" content=\"Szacowany czas czytania\" \/>\n\t<meta name=\"twitter:data1\" content=\"2 minuty\" \/>\n<script type=\"application\/ld+json\" class=\"yoast-schema-graph\">{\"@context\":\"https:\/\/schema.org\",\"@graph\":[{\"@type\":\"WebPage\",\"@id\":\"https:\/\/ironsky.pl\/sklep\/produkt\/kabel-ugreen-dp120-displayport-1-4-3m-czarny\/\",\"url\":\"https:\/\/ironsky.pl\/sklep\/produkt\/kabel-ugreen-dp120-displayport-1-4-3m-czarny\/\",\"name\":\"Kabel UGREEN DP120 DisplayPort 1.4 3m (czarny) - IRONSKY.PL Sklep z Dronami\",\"isPartOf\":{\"@id\":\"https:\/\/ironsky.pl\/sklep\/#website\"},\"primaryImageOfPage\":{\"@id\":\"https:\/\/ironsky.pl\/sklep\/produkt\/kabel-ugreen-dp120-displayport-1-4-3m-czarny\/#primaryimage\"},\"image\":{\"@id\":\"https:\/\/ironsky.pl\/sklep\/produkt\/kabel-ugreen-dp120-displayport-1-4-3m-czarny\/#primaryimage\"},\"thumbnailUrl\":\"https:\/\/ironsky.pl\/sklep\/wp-content\/uploads\/2025\/06\/41751_2.jpg\",\"datePublished\":\"2026-04-15T08:33:57+00:00\",\"dateModified\":\"2026-04-15T08:33:58+00:00\",\"description\":\"Kabel UGREEN DP120 DisplayPort 1.4 3m (czarny) - \u2705 sklep z dronami i fachowym doradztwem. \u2705 Tutaj kupisz produkty DJI, Yuneec, Parrot, Syma i wiele innych, a tak\u017ce kursy i licencje na operatora drona.\",\"breadcrumb\":{\"@id\":\"https:\/\/ironsky.pl\/sklep\/produkt\/kabel-ugreen-dp120-displayport-1-4-3m-czarny\/#breadcrumb\"},\"inLanguage\":\"pl-PL\",\"potentialAction\":[{\"@type\":\"ReadAction\",\"target\":[\"https:\/\/ironsky.pl\/sklep\/produkt\/kabel-ugreen-dp120-displayport-1-4-3m-czarny\/\"]}]},{\"@type\":\"ImageObject\",\"inLanguage\":\"pl-PL\",\"@id\":\"https:\/\/ironsky.pl\/sklep\/produkt\/kabel-ugreen-dp120-displayport-1-4-3m-czarny\/#primaryimage\",\"url\":\"https:\/\/ironsky.pl\/sklep\/wp-content\/uploads\/2025\/06\/41751_2.jpg\",\"contentUrl\":\"https:\/\/ironsky.pl\/sklep\/wp-content\/uploads\/2025\/06\/41751_2.jpg\",\"width\":800,\"height\":800},{\"@type\":\"BreadcrumbList\",\"@id\":\"https:\/\/ironsky.pl\/sklep\/produkt\/kabel-ugreen-dp120-displayport-1-4-3m-czarny\/#breadcrumb\",\"itemListElement\":[{\"@type\":\"ListItem\",\"position\":1,\"name\":\"Strona g\u0142\u00f3wna\",\"item\":\"https:\/\/ironsky.pl\/sklep\/\"},{\"@type\":\"ListItem\",\"position\":2,\"name\":\"Wszystkie produkty\",\"item\":\"https:\/\/ironsky.pl\/sklep\/produkty\/\"},{\"@type\":\"ListItem\",\"position\":3,\"name\":\"Kabel UGREEN DP120 DisplayPort 1.4 3m (czarny)\"}]},{\"@type\":\"WebSite\",\"@id\":\"https:\/\/ironsky.pl\/sklep\/#website\",\"url\":\"https:\/\/ironsky.pl\/sklep\/\",\"name\":\"IRONSKY.PL Sklep z Dronami\",\"description\":\"IRONSKY.PL Sklep z Dronami\",\"potentialAction\":[{\"@type\":\"SearchAction\",\"target\":{\"@type\":\"EntryPoint\",\"urlTemplate\":\"https:\/\/ironsky.pl\/sklep\/?s={search_term_string}\"},\"query-input\":{\"@type\":\"PropertyValueSpecification\",\"valueRequired\":true,\"valueName\":\"search_term_string\"}}],\"inLanguage\":\"pl-PL\"}]}<\/script>\n<!-- \/ Yoast SEO plugin. -->","yoast_head_json":{"title":"Kabel UGREEN DP120 DisplayPort 1.4 3m (czarny) - IRONSKY.PL Sklep z Dronami","description":"Kabel UGREEN DP120 DisplayPort 1.4 3m (czarny) - \u2705 sklep z dronami i fachowym doradztwem. \u2705 Tutaj kupisz produkty DJI, Yuneec, Parrot, Syma i wiele innych, a tak\u017ce kursy i licencje na operatora drona.","robots":{"index":"index","follow":"follow","max-snippet":"max-snippet:-1","max-image-preview":"max-image-preview:large","max-video-preview":"max-video-preview:-1"},"canonical":"https:\/\/ironsky.pl\/sklep\/produkt\/kabel-ugreen-dp120-displayport-1-4-3m-czarny\/","og_locale":"pl_PL","og_type":"article","og_title":"Kabel UGREEN DP120 DisplayPort 1.4 3m (czarny) - IRONSKY.PL Sklep z Dronami","og_description":"Kabel UGREEN DP120 DisplayPort 1.4 3m (czarny) - \u2705 sklep z dronami i fachowym doradztwem. \u2705 Tutaj kupisz produkty DJI, Yuneec, Parrot, Syma i wiele innych, a tak\u017ce kursy i licencje na operatora drona.","og_url":"https:\/\/ironsky.pl\/sklep\/produkt\/kabel-ugreen-dp120-displayport-1-4-3m-czarny\/","og_site_name":"IRONSKY.PL Sklep z Dronami","article_modified_time":"2026-04-15T08:33:58+00:00","og_image":[{"width":800,"height":800,"url":"https:\/\/ironsky.pl\/sklep\/wp-content\/uploads\/2025\/06\/41751_2.jpg","type":"image\/jpeg"}],"twitter_card":"summary_large_image","twitter_misc":{"Szacowany czas czytania":"2 minuty"},"schema":{"@context":"https:\/\/schema.org","@graph":[{"@type":"WebPage","@id":"https:\/\/ironsky.pl\/sklep\/produkt\/kabel-ugreen-dp120-displayport-1-4-3m-czarny\/","url":"https:\/\/ironsky.pl\/sklep\/produkt\/kabel-ugreen-dp120-displayport-1-4-3m-czarny\/","name":"Kabel UGREEN DP120 DisplayPort 1.4 3m (czarny) - IRONSKY.PL Sklep z Dronami","isPartOf":{"@id":"https:\/\/ironsky.pl\/sklep\/#website"},"primaryImageOfPage":{"@id":"https:\/\/ironsky.pl\/sklep\/produkt\/kabel-ugreen-dp120-displayport-1-4-3m-czarny\/#primaryimage"},"image":{"@id":"https:\/\/ironsky.pl\/sklep\/produkt\/kabel-ugreen-dp120-displayport-1-4-3m-czarny\/#primaryimage"},"thumbnailUrl":"https:\/\/ironsky.pl\/sklep\/wp-content\/uploads\/2025\/06\/41751_2.jpg","datePublished":"2026-04-15T08:33:57+00:00","dateModified":"2026-04-15T08:33:58+00:00","description":"Kabel UGREEN DP120 DisplayPort 1.4 3m (czarny) - \u2705 sklep z dronami i fachowym doradztwem. \u2705 Tutaj kupisz produkty DJI, Yuneec, Parrot, Syma i wiele innych, a tak\u017ce kursy i licencje na operatora drona.","breadcrumb":{"@id":"https:\/\/ironsky.pl\/sklep\/produkt\/kabel-ugreen-dp120-displayport-1-4-3m-czarny\/#breadcrumb"},"inLanguage":"pl-PL","potentialAction":[{"@type":"ReadAction","target":["https:\/\/ironsky.pl\/sklep\/produkt\/kabel-ugreen-dp120-displayport-1-4-3m-czarny\/"]}]},{"@type":"ImageObject","inLanguage":"pl-PL","@id":"https:\/\/ironsky.pl\/sklep\/produkt\/kabel-ugreen-dp120-displayport-1-4-3m-czarny\/#primaryimage","url":"https:\/\/ironsky.pl\/sklep\/wp-content\/uploads\/2025\/06\/41751_2.jpg","contentUrl":"https:\/\/ironsky.pl\/sklep\/wp-content\/uploads\/2025\/06\/41751_2.jpg","width":800,"height":800},{"@type":"BreadcrumbList","@id":"https:\/\/ironsky.pl\/sklep\/produkt\/kabel-ugreen-dp120-displayport-1-4-3m-czarny\/#breadcrumb","itemListElement":[{"@type":"ListItem","position":1,"name":"Strona g\u0142\u00f3wna","item":"https:\/\/ironsky.pl\/sklep\/"},{"@type":"ListItem","position":2,"name":"Wszystkie produkty","item":"https:\/\/ironsky.pl\/sklep\/produkty\/"},{"@type":"ListItem","position":3,"name":"Kabel UGREEN DP120 DisplayPort 1.4 3m (czarny)"}]},{"@type":"WebSite","@id":"https:\/\/ironsky.pl\/sklep\/#website","url":"https:\/\/ironsky.pl\/sklep\/","name":"IRONSKY.PL Sklep z Dronami","description":"IRONSKY.PL Sklep z Dronami","potentialAction":[{"@type":"SearchAction","target":{"@type":"EntryPoint","urlTemplate":"https:\/\/ironsky.pl\/sklep\/?s={search_term_string}"},"query-input":{"@type":"PropertyValueSpecification","valueRequired":true,"valueName":"search_term_string"}}],"inLanguage":"pl-PL"}]}},"_links":{"self":[{"href":"https:\/\/ironsky.pl\/sklep\/wp-json\/wp\/v2\/product\/58166","targetHints":{"allow":["GET"]}}],"collection":[{"href":"https:\/\/ironsky.pl\/sklep\/wp-json\/wp\/v2\/product"}],"about":[{"href":"https:\/\/ironsky.pl\/sklep\/wp-json\/wp\/v2\/types\/product"}],"replies":[{"embeddable":true,"href":"https:\/\/ironsky.pl\/sklep\/wp-json\/wp\/v2\/comments?post=58166"}],"wp:featuredmedia":[{"embeddable":true,"href":"https:\/\/ironsky.pl\/sklep\/wp-json\/wp\/v2\/media\/44582"}],"wp:attachment":[{"href":"https:\/\/ironsky.pl\/sklep\/wp-json\/wp\/v2\/media?parent=58166"}],"wp:term":[{"taxonomy":"product_brand","embeddable":true,"href":"https:\/\/ironsky.pl\/sklep\/wp-json\/wp\/v2\/product_brand?post=58166"},{"taxonomy":"product_cat","embeddable":true,"href":"https:\/\/ironsky.pl\/sklep\/wp-json\/wp\/v2\/product_cat?post=58166"},{"taxonomy":"product_tag","embeddable":true,"href":"https:\/\/ironsky.pl\/sklep\/wp-json\/wp\/v2\/product_tag?post=58166"}],"curies":[{"name":"wp","href":"https:\/\/api.w.org\/{rel}","templated":true}]}}