{"id":58064,"date":"2026-04-15T10:32:41","date_gmt":"2026-04-15T08:32:41","guid":{"rendered":"https:\/\/ironsky.pl\/sklep\/produkt\/plecak-tomtoc-vintpack-ta1-156-156-22l-czarny\/"},"modified":"2026-04-15T10:32:53","modified_gmt":"2026-04-15T08:32:53","slug":"plecak-tomtoc-vintpack-ta1-156-156-22l-czarny","status":"publish","type":"product","link":"https:\/\/ironsky.pl\/sklep\/produkt\/plecak-tomtoc-vintpack-ta1-156-156-22l-czarny\/","title":{"rendered":"Plecak TOMTOC VintPack-TA1 15,6&#8243; 15,6&#8243;\/22L (czarny)"},"content":{"rendered":"<h3>Plecak na laptopa Tomtoc VintPack-TA1, 22L \/ 15,6&#8221; (czarny)<\/h3>\n<p>Szukasz por\u0119cznego, wygodnego i wytrzyma\u0142ego plecaka na laptopa? Postaw na model VintPack-TA1 marki Tomtoc! Dzi\u0119ki pojemno\u015bci a\u017c 22 L bez problemu zmie\u015bcisz w nim wszystkie potrzebne przedmioty, a wiele dost\u0119pnych kieszeni i przegr\u00f3dek pozwoli Ci na odpowiedni\u0105 organizacj\u0119 przestrzeni. Plecak wyr\u00f3\u017cnia si\u0119 tak\u017ce stylowym designem, kt\u00f3ry z pewno\u015bci\u0105 przypadnie do gustu wielu u\u017cytkownikom. Niewa\u017cne, czy wybierasz si\u0119 w g\u00f3ry, czy planujesz weekend w mie\u015bcie \u2013 VintPack-TA1 Ci\u0119 nie zawiedzie!<\/p>\n<p>\n<img decoding=\"async\" src=\"https:\/\/assets.innpro.pl\/5253\/6155\/3.jpg\" border=\"0\" \/>\n<\/p>\n<h3>Du\u017ca pojemno\u015b\u0107, wiele dost\u0119pnych kieszeni<\/h3>\n<p>Nie obawiaj si\u0119, \u017ce zabraknie Ci miejsca na niezb\u0119dne akcesoria. Pojemno\u015b\u0107 plecaka wynosi a\u017c 22 L, co oznacza, \u017ce bez problemu zmie\u015bcisz w nim nie tylko laptopa, ale te\u017c na przyk\u0142ad telefon, portfel, potrzebne kable, aparat cyfrowy, s\u0142uchawki czy butelk\u0119 z wod\u0105. Co wi\u0119cej, dzi\u0119ki starannie przemy\u015blanej konstrukcji z \u0142atwo\u015bci\u0105 zachowasz porz\u0105dek. Dost\u0119pna jest przestronna komora g\u0142\u00f3wna, przegr\u00f3dka na laptopa i tablet, a tak\u017ce magnetyczna kiesze\u0144, boczna kiesze\u0144 i kieszonka na zamek.<\/p>\n<p>\n<img decoding=\"async\" src=\"https:\/\/assets.innpro.pl\/5253\/6155\/1.jpg\" border=\"0\" \/>\n<\/p>\n<h3>Dopracowany w ka\u017cdym szczeg\u00f3le<\/h3>\n<p>Miej pewno\u015b\u0107, \u017ce transportowane w plecaku urz\u0105dzenia s\u0105 bezpieczne. Model VintPack-TA1 ma specjaln\u0105 przegr\u00f3dk\u0119, kt\u00f3ra zosta\u0142a wy\u0142o\u017cona mi\u0119kk\u0105 wy\u015bci\u00f3\u0142k\u0105 chroni\u0105c\u0105 przed wstrz\u0105sami i uderzeniami. Bez problemu zmie\u015bcisz w niej laptopa o przek\u0105tnej do 15,6 cala oraz tablet do 12,9 cala. Do dyspozycji masz r\u00f3wnie\u017c boczn\u0105 kiesze\u0144, kt\u00f3ra zapewnia szybki dost\u0119p do potrzebnych przedmiot\u00f3w \u2013 teraz w mgnieniu oka wyjmiesz aparat lub telefon!<\/p>\n<p>\n<img decoding=\"async\" src=\"https:\/\/assets.innpro.pl\/5253\/6155\/2.jpg\" border=\"0\" \/>\n<\/p>\n<h3>Dla Twojej wygody<\/h3>\n<p>Ciesz si\u0119 niezr\u00f3wnanym komfortem nawet podczas d\u0142ugich wypraw. Tylna cz\u0119\u015b\u0107 plecaka powsta\u0142a z mi\u0119kkich, oddychaj\u0105cych materia\u0142\u00f3w, co zapewnia wymarzon\u0105 wygod\u0119. Na uwag\u0119 zas\u0142uguj\u0105 tak\u017ce wy\u015bcie\u0142ane paski na ramiona, kt\u00f3re pozwalaj\u0105 unikn\u0105\u0107 b\u00f3lu przy wi\u0119kszych obci\u0105\u017ceniach, a ponadto mo\u017cna je z \u0142atwo\u015bci\u0105 wyregulowa\u0107. Model VintPack-TA1 ma r\u00f3wnie\u017c wyj\u0105tkowo trwa\u0142e klamry i zamki b\u0142yskawiczne \u2013 b\u0119dzie \u015bwietnie Ci s\u0142u\u017cy\u0107 przez d\u0142ugi czas.<\/p>\n<p>\n<img decoding=\"async\" src=\"https:\/\/assets.innpro.pl\/5253\/6155\/6.jpg\" border=\"0\" \/>\n<\/p>\n<div class=\"table-wrapper\">\n<p>\u00a0<\/p>\n<h3><\/h3>\n<table>\n<tbody>\n<tr>\n<th>Producent<\/th>\n<td>Tomtoc<\/td>\n<\/tr>\n<tr>\n<th>Nazwa<\/th>\n<td>VintPack-TA1<\/td>\n<\/tr>\n<tr>\n<th>Model<\/th>\n<td>TA1M1D1<\/td>\n<\/tr>\n<tr>\n<th>Kolor<\/th>\n<td>Czarny<\/td>\n<\/tr>\n<tr>\n<th>Pojemno\u015b\u0107<\/th>\n<td>22 L<\/td>\n<\/tr>\n<tr>\n<th>Wymiary<\/th>\n<td>Ok. 45 x 30 x 15 cm<\/td>\n<\/tr>\n<tr>\n<th>Waga<\/th>\n<td>900 g<\/td>\n<\/tr>\n<tr>\n<th>Kieszenie<\/th>\n<td>kiesze\u0144 g\u00f3rna, kiesze\u0144 zapinana na zamek, kiesze\u0144 magnetyczna z przodu, dwie regulowane kieszenie boczne, boczna kiesze\u0144 z \u0142atwym dost\u0119pem, przegroda na 15,6-calowego laptopa oraz na 13-calowego iPada Pro<\/td>\n<\/tr>\n<\/tbody>\n<\/table>\n<\/div>\n","protected":false},"excerpt":{"rendered":"<p>Plecak na laptopa Tomtoc VintPack-TA1, 22L \/ 15,6&#8221; (czarny) Szukasz por\u0119cznego, wygodnego i wytrzyma\u0142ego plecaka na laptopa? Postaw na model<\/p>\n","protected":false},"featured_media":48852,"comment_status":"closed","ping_status":"open","template":"","meta":{"_acf_changed":false},"product_brand":[],"product_cat":[5929,5955],"product_tag":[],"class_list":{"0":"post-58064","1":"product","2":"type-product","3":"status-publish","4":"has-post-thumbnail","6":"product_cat-akcesoria-it","7":"product_cat-przenoszenie","8":"pa_okres-gwarancji-5757","9":"pa_producent-tomtoc","11":"first","12":"outofstock","13":"taxable","14":"shipping-taxable","15":"purchasable","16":"product-type-simple"},"acf":[],"yoast_head":"<!-- This site is optimized with the Yoast SEO plugin v27.2 - https:\/\/yoast.com\/product\/yoast-seo-wordpress\/ -->\n<title>Plecak TOMTOC VintPack-TA1 15,6&quot; 15,6&quot;\/22L (czarny) - IRONSKY.PL Sklep z Dronami<\/title>\n<meta name=\"description\" content=\"Plecak TOMTOC VintPack-TA1 15,6&quot; 15,6&quot;\/22L (czarny) - \u2705 sklep z dronami i fachowym doradztwem. \u2705 Tutaj kupisz produkty DJI, Yuneec, Parrot, Syma i wiele innych, a tak\u017ce kursy i licencje na operatora drona.\" \/>\n<meta name=\"robots\" content=\"index, follow, max-snippet:-1, max-image-preview:large, max-video-preview:-1\" \/>\n<link rel=\"canonical\" href=\"https:\/\/ironsky.pl\/sklep\/produkt\/plecak-tomtoc-vintpack-ta1-156-156-22l-czarny\/\" \/>\n<meta property=\"og:locale\" content=\"pl_PL\" \/>\n<meta property=\"og:type\" content=\"article\" \/>\n<meta property=\"og:title\" content=\"Plecak TOMTOC VintPack-TA1 15,6&quot; 15,6&quot;\/22L (czarny) - IRONSKY.PL Sklep z Dronami\" \/>\n<meta property=\"og:description\" content=\"Plecak TOMTOC VintPack-TA1 15,6&quot; 15,6&quot;\/22L (czarny) - \u2705 sklep z dronami i fachowym doradztwem. \u2705 Tutaj kupisz produkty DJI, Yuneec, Parrot, Syma i wiele innych, a tak\u017ce kursy i licencje na operatora drona.\" \/>\n<meta property=\"og:url\" content=\"https:\/\/ironsky.pl\/sklep\/produkt\/plecak-tomtoc-vintpack-ta1-156-156-22l-czarny\/\" \/>\n<meta property=\"og:site_name\" content=\"IRONSKY.PL Sklep z Dronami\" \/>\n<meta property=\"article:modified_time\" content=\"2026-04-15T08:32:53+00:00\" \/>\n<meta property=\"og:image\" content=\"https:\/\/ironsky.pl\/sklep\/wp-content\/uploads\/2025\/10\/41387_4.jpg\" \/>\n\t<meta property=\"og:image:width\" content=\"800\" \/>\n\t<meta property=\"og:image:height\" content=\"800\" \/>\n\t<meta property=\"og:image:type\" content=\"image\/jpeg\" \/>\n<meta name=\"twitter:card\" content=\"summary_large_image\" \/>\n<meta name=\"twitter:label1\" content=\"Szacowany czas czytania\" \/>\n\t<meta name=\"twitter:data1\" content=\"2 minuty\" \/>\n<script type=\"application\/ld+json\" class=\"yoast-schema-graph\">{\"@context\":\"https:\/\/schema.org\",\"@graph\":[{\"@type\":\"WebPage\",\"@id\":\"https:\/\/ironsky.pl\/sklep\/produkt\/plecak-tomtoc-vintpack-ta1-156-156-22l-czarny\/\",\"url\":\"https:\/\/ironsky.pl\/sklep\/produkt\/plecak-tomtoc-vintpack-ta1-156-156-22l-czarny\/\",\"name\":\"Plecak TOMTOC VintPack-TA1 15,6\\\" 15,6\\\"\/22L (czarny) - IRONSKY.PL Sklep z Dronami\",\"isPartOf\":{\"@id\":\"https:\/\/ironsky.pl\/sklep\/#website\"},\"primaryImageOfPage\":{\"@id\":\"https:\/\/ironsky.pl\/sklep\/produkt\/plecak-tomtoc-vintpack-ta1-156-156-22l-czarny\/#primaryimage\"},\"image\":{\"@id\":\"https:\/\/ironsky.pl\/sklep\/produkt\/plecak-tomtoc-vintpack-ta1-156-156-22l-czarny\/#primaryimage\"},\"thumbnailUrl\":\"https:\/\/ironsky.pl\/sklep\/wp-content\/uploads\/2025\/10\/41387_4.jpg\",\"datePublished\":\"2026-04-15T08:32:41+00:00\",\"dateModified\":\"2026-04-15T08:32:53+00:00\",\"description\":\"Plecak TOMTOC VintPack-TA1 15,6\\\" 15,6\\\"\/22L (czarny) - \u2705 sklep z dronami i fachowym doradztwem. \u2705 Tutaj kupisz produkty DJI, Yuneec, Parrot, Syma i wiele innych, a tak\u017ce kursy i licencje na operatora drona.\",\"breadcrumb\":{\"@id\":\"https:\/\/ironsky.pl\/sklep\/produkt\/plecak-tomtoc-vintpack-ta1-156-156-22l-czarny\/#breadcrumb\"},\"inLanguage\":\"pl-PL\",\"potentialAction\":[{\"@type\":\"ReadAction\",\"target\":[\"https:\/\/ironsky.pl\/sklep\/produkt\/plecak-tomtoc-vintpack-ta1-156-156-22l-czarny\/\"]}]},{\"@type\":\"ImageObject\",\"inLanguage\":\"pl-PL\",\"@id\":\"https:\/\/ironsky.pl\/sklep\/produkt\/plecak-tomtoc-vintpack-ta1-156-156-22l-czarny\/#primaryimage\",\"url\":\"https:\/\/ironsky.pl\/sklep\/wp-content\/uploads\/2025\/10\/41387_4.jpg\",\"contentUrl\":\"https:\/\/ironsky.pl\/sklep\/wp-content\/uploads\/2025\/10\/41387_4.jpg\",\"width\":800,\"height\":800},{\"@type\":\"BreadcrumbList\",\"@id\":\"https:\/\/ironsky.pl\/sklep\/produkt\/plecak-tomtoc-vintpack-ta1-156-156-22l-czarny\/#breadcrumb\",\"itemListElement\":[{\"@type\":\"ListItem\",\"position\":1,\"name\":\"Strona g\u0142\u00f3wna\",\"item\":\"https:\/\/ironsky.pl\/sklep\/\"},{\"@type\":\"ListItem\",\"position\":2,\"name\":\"Wszystkie produkty\",\"item\":\"https:\/\/ironsky.pl\/sklep\/produkty\/\"},{\"@type\":\"ListItem\",\"position\":3,\"name\":\"Plecak TOMTOC VintPack-TA1 15,6&#8243; 15,6&#8243;\/22L (czarny)\"}]},{\"@type\":\"WebSite\",\"@id\":\"https:\/\/ironsky.pl\/sklep\/#website\",\"url\":\"https:\/\/ironsky.pl\/sklep\/\",\"name\":\"IRONSKY.PL Sklep z Dronami\",\"description\":\"IRONSKY.PL Sklep z Dronami\",\"potentialAction\":[{\"@type\":\"SearchAction\",\"target\":{\"@type\":\"EntryPoint\",\"urlTemplate\":\"https:\/\/ironsky.pl\/sklep\/?s={search_term_string}\"},\"query-input\":{\"@type\":\"PropertyValueSpecification\",\"valueRequired\":true,\"valueName\":\"search_term_string\"}}],\"inLanguage\":\"pl-PL\"}]}<\/script>\n<!-- \/ Yoast SEO plugin. -->","yoast_head_json":{"title":"Plecak TOMTOC VintPack-TA1 15,6\" 15,6\"\/22L (czarny) - IRONSKY.PL Sklep z Dronami","description":"Plecak TOMTOC VintPack-TA1 15,6\" 15,6\"\/22L (czarny) - \u2705 sklep z dronami i fachowym doradztwem. \u2705 Tutaj kupisz produkty DJI, Yuneec, Parrot, Syma i wiele innych, a tak\u017ce kursy i licencje na operatora drona.","robots":{"index":"index","follow":"follow","max-snippet":"max-snippet:-1","max-image-preview":"max-image-preview:large","max-video-preview":"max-video-preview:-1"},"canonical":"https:\/\/ironsky.pl\/sklep\/produkt\/plecak-tomtoc-vintpack-ta1-156-156-22l-czarny\/","og_locale":"pl_PL","og_type":"article","og_title":"Plecak TOMTOC VintPack-TA1 15,6\" 15,6\"\/22L (czarny) - IRONSKY.PL Sklep z Dronami","og_description":"Plecak TOMTOC VintPack-TA1 15,6\" 15,6\"\/22L (czarny) - \u2705 sklep z dronami i fachowym doradztwem. \u2705 Tutaj kupisz produkty DJI, Yuneec, Parrot, Syma i wiele innych, a tak\u017ce kursy i licencje na operatora drona.","og_url":"https:\/\/ironsky.pl\/sklep\/produkt\/plecak-tomtoc-vintpack-ta1-156-156-22l-czarny\/","og_site_name":"IRONSKY.PL Sklep z Dronami","article_modified_time":"2026-04-15T08:32:53+00:00","og_image":[{"width":800,"height":800,"url":"https:\/\/ironsky.pl\/sklep\/wp-content\/uploads\/2025\/10\/41387_4.jpg","type":"image\/jpeg"}],"twitter_card":"summary_large_image","twitter_misc":{"Szacowany czas czytania":"2 minuty"},"schema":{"@context":"https:\/\/schema.org","@graph":[{"@type":"WebPage","@id":"https:\/\/ironsky.pl\/sklep\/produkt\/plecak-tomtoc-vintpack-ta1-156-156-22l-czarny\/","url":"https:\/\/ironsky.pl\/sklep\/produkt\/plecak-tomtoc-vintpack-ta1-156-156-22l-czarny\/","name":"Plecak TOMTOC VintPack-TA1 15,6\" 15,6\"\/22L (czarny) - IRONSKY.PL Sklep z Dronami","isPartOf":{"@id":"https:\/\/ironsky.pl\/sklep\/#website"},"primaryImageOfPage":{"@id":"https:\/\/ironsky.pl\/sklep\/produkt\/plecak-tomtoc-vintpack-ta1-156-156-22l-czarny\/#primaryimage"},"image":{"@id":"https:\/\/ironsky.pl\/sklep\/produkt\/plecak-tomtoc-vintpack-ta1-156-156-22l-czarny\/#primaryimage"},"thumbnailUrl":"https:\/\/ironsky.pl\/sklep\/wp-content\/uploads\/2025\/10\/41387_4.jpg","datePublished":"2026-04-15T08:32:41+00:00","dateModified":"2026-04-15T08:32:53+00:00","description":"Plecak TOMTOC VintPack-TA1 15,6\" 15,6\"\/22L (czarny) - \u2705 sklep z dronami i fachowym doradztwem. \u2705 Tutaj kupisz produkty DJI, Yuneec, Parrot, Syma i wiele innych, a tak\u017ce kursy i licencje na operatora drona.","breadcrumb":{"@id":"https:\/\/ironsky.pl\/sklep\/produkt\/plecak-tomtoc-vintpack-ta1-156-156-22l-czarny\/#breadcrumb"},"inLanguage":"pl-PL","potentialAction":[{"@type":"ReadAction","target":["https:\/\/ironsky.pl\/sklep\/produkt\/plecak-tomtoc-vintpack-ta1-156-156-22l-czarny\/"]}]},{"@type":"ImageObject","inLanguage":"pl-PL","@id":"https:\/\/ironsky.pl\/sklep\/produkt\/plecak-tomtoc-vintpack-ta1-156-156-22l-czarny\/#primaryimage","url":"https:\/\/ironsky.pl\/sklep\/wp-content\/uploads\/2025\/10\/41387_4.jpg","contentUrl":"https:\/\/ironsky.pl\/sklep\/wp-content\/uploads\/2025\/10\/41387_4.jpg","width":800,"height":800},{"@type":"BreadcrumbList","@id":"https:\/\/ironsky.pl\/sklep\/produkt\/plecak-tomtoc-vintpack-ta1-156-156-22l-czarny\/#breadcrumb","itemListElement":[{"@type":"ListItem","position":1,"name":"Strona g\u0142\u00f3wna","item":"https:\/\/ironsky.pl\/sklep\/"},{"@type":"ListItem","position":2,"name":"Wszystkie produkty","item":"https:\/\/ironsky.pl\/sklep\/produkty\/"},{"@type":"ListItem","position":3,"name":"Plecak TOMTOC VintPack-TA1 15,6&#8243; 15,6&#8243;\/22L (czarny)"}]},{"@type":"WebSite","@id":"https:\/\/ironsky.pl\/sklep\/#website","url":"https:\/\/ironsky.pl\/sklep\/","name":"IRONSKY.PL Sklep z Dronami","description":"IRONSKY.PL Sklep z Dronami","potentialAction":[{"@type":"SearchAction","target":{"@type":"EntryPoint","urlTemplate":"https:\/\/ironsky.pl\/sklep\/?s={search_term_string}"},"query-input":{"@type":"PropertyValueSpecification","valueRequired":true,"valueName":"search_term_string"}}],"inLanguage":"pl-PL"}]}},"_links":{"self":[{"href":"https:\/\/ironsky.pl\/sklep\/wp-json\/wp\/v2\/product\/58064","targetHints":{"allow":["GET"]}}],"collection":[{"href":"https:\/\/ironsky.pl\/sklep\/wp-json\/wp\/v2\/product"}],"about":[{"href":"https:\/\/ironsky.pl\/sklep\/wp-json\/wp\/v2\/types\/product"}],"replies":[{"embeddable":true,"href":"https:\/\/ironsky.pl\/sklep\/wp-json\/wp\/v2\/comments?post=58064"}],"wp:featuredmedia":[{"embeddable":true,"href":"https:\/\/ironsky.pl\/sklep\/wp-json\/wp\/v2\/media\/48852"}],"wp:attachment":[{"href":"https:\/\/ironsky.pl\/sklep\/wp-json\/wp\/v2\/media?parent=58064"}],"wp:term":[{"taxonomy":"product_brand","embeddable":true,"href":"https:\/\/ironsky.pl\/sklep\/wp-json\/wp\/v2\/product_brand?post=58064"},{"taxonomy":"product_cat","embeddable":true,"href":"https:\/\/ironsky.pl\/sklep\/wp-json\/wp\/v2\/product_cat?post=58064"},{"taxonomy":"product_tag","embeddable":true,"href":"https:\/\/ironsky.pl\/sklep\/wp-json\/wp\/v2\/product_tag?post=58064"}],"curies":[{"name":"wp","href":"https:\/\/api.w.org\/{rel}","templated":true}]}}