{"id":58055,"date":"2026-04-15T10:32:41","date_gmt":"2026-04-15T08:32:41","guid":{"rendered":"https:\/\/ironsky.pl\/sklep\/produkt\/uchwyt-magnetyczny-sunnylife-op3-zj761-do-osmo-pocket-3\/"},"modified":"2026-04-15T10:32:48","modified_gmt":"2026-04-15T08:32:48","slug":"uchwyt-magnetyczny-sunnylife-op3-zj761-do-osmo-pocket-3","status":"publish","type":"product","link":"https:\/\/ironsky.pl\/sklep\/produkt\/uchwyt-magnetyczny-sunnylife-op3-zj761-do-osmo-pocket-3\/","title":{"rendered":"Uchwyt magnetyczny SUNNYLIFE OP3-ZJ761 do Osmo Pocket 3"},"content":{"rendered":"<h3>Uchwyt magnetyczny Sunnylife do DJI Osmo Pocket 3 (OP3-ZJ761)<\/h3>\n<\/p>\n<p>Poznaj uchwyt magnetyczny OP3-ZJ761 od Sunnylife, specjalnie zaprojektowany dla kamery DJI Osmo Pocket 3. Dzi\u0119ki przemy\u015blanej konstrukcji i u\u017cyciu innowacyjnych materia\u0142\u00f3w ten uchwyt stanowi doskona\u0142e narz\u0119dzie dla tw\u00f3rc\u00f3w tre\u015bci, zapewniaj\u0105c nowe mo\u017cliwo\u015bci i wi\u0119ksz\u0105 elastyczno\u015b\u0107 w tworzeniu dynamicznych i kreatywnych uj\u0119\u0107.<\/p>\n<\/p>\n<p>\n<img decoding=\"async\" src=\"https:\/\/assets.innpro.pl\/4843\/5604\/7.jpg\" border=\"0\" \/>\n<\/p>\n<h3>Moc i trwa\u0142o\u015b\u0107 konstrukcji<\/h3>\n<\/p>\n<p>Solidno\u015b\u0107 uchwytu OP3-ZJ761 wynika z zastosowania wytrzyma\u0142ych materia\u0142\u00f3w: po\u0142\u0105czenia plastiku, silikonu i wbudowanych sze\u015bciu magnes\u00f3w o du\u017cej sile przyci\u0105gania. Te magnesy zapewniaj\u0105, \u017ce kamera pozostanie stabilnie zamocowana nawet w trudnych warunkach, na przyk\u0142ad podczas uprawiania sport\u00f3w ekstremalnych czy w trakcie szybkiej jazdy. Wymiary 43 \u00d7 66 \u00d7 47 mm oraz waga 63 g sprawiaj\u0105, \u017ce uchwyt jest zar\u00f3wno por\u0119czny, jak i dyskretny, nie ograniczaj\u0105c przy tym mo\u017cliwo\u015bci manewrowania kamer\u0105.<\/p>\n<\/p>\n<p>\n<img decoding=\"async\" src=\"https:\/\/assets.innpro.pl\/4843\/5604\/4.jpg\" border=\"0\" \/>\n<\/p>\n<h3>Uniwersalno\u015b\u0107 i adaptacyjno\u015b\u0107<\/h3>\n<\/p>\n<p>Dzi\u0119ki wielofunkcyjno\u015bci uchwyt OP3-ZJ761 idealnie sprawdza si\u0119 w r\u00f3\u017cnorodnych warunkach \u2013 od tworzenia vlog\u00f3w, przez jazd\u0119 na motocyklu, a\u017c po u\u017cycie w samochodzie. Elastyczno\u015b\u0107 mocowania pozwala u\u017cytkownikom na eksplorowanie nowych k\u0105t\u00f3w i perspektyw, co jest kluczowe w dynamicznym \u015bwiecie produkcji wideo. Kompatybilno\u015b\u0107 z DJI Osmo Pocket 3 gwarantuje, \u017ce uchwyt b\u0119dzie idealnym towarzyszem dla tej kamery, rozszerzaj\u0105c jej mo\u017cliwo\u015bci.<\/p>\n<\/p>\n<p>\n<img decoding=\"async\" src=\"https:\/\/assets.innpro.pl\/4843\/5604\/3.jpg\" border=\"0\" \/>\n<\/p>\n<h3>Ochrona i stabilno\u015b\u0107<\/h3>\n<\/p>\n<p>Dzi\u0119ki antypo\u015blizgowej silikonowej podk\u0142adce uchwyt gwarantuje solidno\u015b\u0107 monta\u017cu oraz chroni urz\u0105dzenie przed zarysowaniami. Wbudowane mi\u0119kkie podk\u0142adki absorbuj\u0105 wstrz\u0105sy i dodatkowo zabezpieczaj\u0105 Osmo Pocket 3 przed wszelkimi uszkodzeniami, co jest nieocenione, zw\u0142aszcza w trudnych warunkach zewn\u0119trznych.<\/p>\n<\/p>\n<p>\n<img decoding=\"async\" src=\"https:\/\/assets.innpro.pl\/4843\/5604\/2.jpg\" border=\"0\" \/>\n<\/p>\n<h3>Prostota instalacji<\/h3>\n<\/p>\n<p>Nie martw si\u0119 o skomplikowany monta\u017c uchwytu Sunnylife. Cechuje si\u0119 on szybk\u0105 i \u0142atw\u0105 instalacj\u0105. Dzi\u0119ki temu pozwala na natychmiastowe przyst\u0105pienie do filmowania. Takie podej\u015bcie minimalizuje czas przygotowania sprz\u0119tu, co jest niezwykle wa\u017cne w sytuacjach, gdzie liczy si\u0119 ka\u017cda chwila.<\/p>\n<\/p>\n<p>\n<img decoding=\"async\" src=\"https:\/\/assets.innpro.pl\/4843\/5604\/5.jpg\" border=\"0\" \/>\n<\/p>\n<div class=\"table-wrapper\">\n<p>\u00a0<\/p>\n<h3><\/h3>\n<table>\n<tbody>\n<tr>\n<th>Producent <\/th>\n<td>Sunnylife <\/td>\n<\/tr>\n<tr>\n<th>Model<\/th>\n<td>OP3-ZJ761<\/td>\n<\/tr>\n<tr>\n<th>Materia\u0142 <\/th>\n<td>Plastik + magnes + silikon<\/td>\n<\/tr>\n<tr>\n<th>Waga<\/th>\n<td>63 g<\/td>\n<\/tr>\n<tr>\n<th>Wymiary <\/th>\n<td>43 \u00d7 66 \u00d7 47 mm<\/td>\n<\/tr>\n<tr>\n<th>Kompatybilno\u015b\u0107<\/th>\n<td>DJI Osmo Pocket 3 <\/td>\n<\/tr>\n<\/tbody>\n<\/table>\n<\/div>\n","protected":false},"excerpt":{"rendered":"<p>Uchwyt magnetyczny Sunnylife do DJI Osmo Pocket 3 (OP3-ZJ761) Poznaj uchwyt magnetyczny OP3-ZJ761 od Sunnylife, specjalnie zaprojektowany dla kamery DJI<\/p>\n","protected":false},"featured_media":58056,"comment_status":"closed","ping_status":"open","template":"","meta":{"_acf_changed":false},"product_brand":[],"product_cat":[1130,1137,1128],"product_tag":[],"class_list":{"0":"post-58055","1":"product","2":"type-product","3":"status-publish","4":"has-post-thumbnail","6":"product_cat-akcesoria-foto","7":"product_cat-do-kamer-sportowych","8":"product_cat-foto-wideo","9":"pa_okres-gwarancji-5754","10":"pa_producent-sunnylife","12":"first","13":"outofstock","14":"taxable","15":"shipping-taxable","16":"purchasable","17":"product-type-simple"},"acf":[],"yoast_head":"<!-- This site is optimized with the Yoast SEO plugin v27.2 - https:\/\/yoast.com\/product\/yoast-seo-wordpress\/ -->\n<title>Uchwyt magnetyczny SUNNYLIFE OP3-ZJ761 do Osmo Pocket 3 - IRONSKY.PL Sklep z Dronami<\/title>\n<meta name=\"description\" content=\"Uchwyt magnetyczny SUNNYLIFE OP3-ZJ761 do Osmo Pocket 3 - \u2705 sklep z dronami i fachowym doradztwem. \u2705 Tutaj kupisz produkty DJI, Yuneec, Parrot, Syma i wiele innych, a tak\u017ce kursy i licencje na operatora drona.\" \/>\n<meta name=\"robots\" content=\"index, follow, max-snippet:-1, max-image-preview:large, max-video-preview:-1\" \/>\n<link rel=\"canonical\" href=\"https:\/\/ironsky.pl\/sklep\/produkt\/uchwyt-magnetyczny-sunnylife-op3-zj761-do-osmo-pocket-3\/\" \/>\n<meta property=\"og:locale\" content=\"pl_PL\" \/>\n<meta property=\"og:type\" content=\"article\" \/>\n<meta property=\"og:title\" content=\"Uchwyt magnetyczny SUNNYLIFE OP3-ZJ761 do Osmo Pocket 3 - IRONSKY.PL Sklep z Dronami\" \/>\n<meta property=\"og:description\" content=\"Uchwyt magnetyczny SUNNYLIFE OP3-ZJ761 do Osmo Pocket 3 - \u2705 sklep z dronami i fachowym doradztwem. \u2705 Tutaj kupisz produkty DJI, Yuneec, Parrot, Syma i wiele innych, a tak\u017ce kursy i licencje na operatora drona.\" \/>\n<meta property=\"og:url\" content=\"https:\/\/ironsky.pl\/sklep\/produkt\/uchwyt-magnetyczny-sunnylife-op3-zj761-do-osmo-pocket-3\/\" \/>\n<meta property=\"og:site_name\" content=\"IRONSKY.PL Sklep z Dronami\" \/>\n<meta property=\"article:modified_time\" content=\"2026-04-15T08:32:48+00:00\" \/>\n<meta property=\"og:image\" content=\"https:\/\/ironsky.pl\/sklep\/wp-content\/uploads\/2026\/04\/41370_1.webp\" \/>\n\t<meta property=\"og:image:width\" content=\"800\" \/>\n\t<meta property=\"og:image:height\" content=\"800\" \/>\n\t<meta property=\"og:image:type\" content=\"image\/webp\" \/>\n<meta name=\"twitter:card\" content=\"summary_large_image\" \/>\n<meta name=\"twitter:label1\" content=\"Szacowany czas czytania\" \/>\n\t<meta name=\"twitter:data1\" content=\"2 minuty\" \/>\n<script type=\"application\/ld+json\" class=\"yoast-schema-graph\">{\"@context\":\"https:\/\/schema.org\",\"@graph\":[{\"@type\":\"WebPage\",\"@id\":\"https:\/\/ironsky.pl\/sklep\/produkt\/uchwyt-magnetyczny-sunnylife-op3-zj761-do-osmo-pocket-3\/\",\"url\":\"https:\/\/ironsky.pl\/sklep\/produkt\/uchwyt-magnetyczny-sunnylife-op3-zj761-do-osmo-pocket-3\/\",\"name\":\"Uchwyt magnetyczny SUNNYLIFE OP3-ZJ761 do Osmo Pocket 3 - IRONSKY.PL Sklep z Dronami\",\"isPartOf\":{\"@id\":\"https:\/\/ironsky.pl\/sklep\/#website\"},\"primaryImageOfPage\":{\"@id\":\"https:\/\/ironsky.pl\/sklep\/produkt\/uchwyt-magnetyczny-sunnylife-op3-zj761-do-osmo-pocket-3\/#primaryimage\"},\"image\":{\"@id\":\"https:\/\/ironsky.pl\/sklep\/produkt\/uchwyt-magnetyczny-sunnylife-op3-zj761-do-osmo-pocket-3\/#primaryimage\"},\"thumbnailUrl\":\"https:\/\/ironsky.pl\/sklep\/wp-content\/uploads\/2026\/04\/41370_1.webp\",\"datePublished\":\"2026-04-15T08:32:41+00:00\",\"dateModified\":\"2026-04-15T08:32:48+00:00\",\"description\":\"Uchwyt magnetyczny SUNNYLIFE OP3-ZJ761 do Osmo Pocket 3 - \u2705 sklep z dronami i fachowym doradztwem. \u2705 Tutaj kupisz produkty DJI, Yuneec, Parrot, Syma i wiele innych, a tak\u017ce kursy i licencje na operatora drona.\",\"breadcrumb\":{\"@id\":\"https:\/\/ironsky.pl\/sklep\/produkt\/uchwyt-magnetyczny-sunnylife-op3-zj761-do-osmo-pocket-3\/#breadcrumb\"},\"inLanguage\":\"pl-PL\",\"potentialAction\":[{\"@type\":\"ReadAction\",\"target\":[\"https:\/\/ironsky.pl\/sklep\/produkt\/uchwyt-magnetyczny-sunnylife-op3-zj761-do-osmo-pocket-3\/\"]}]},{\"@type\":\"ImageObject\",\"inLanguage\":\"pl-PL\",\"@id\":\"https:\/\/ironsky.pl\/sklep\/produkt\/uchwyt-magnetyczny-sunnylife-op3-zj761-do-osmo-pocket-3\/#primaryimage\",\"url\":\"https:\/\/ironsky.pl\/sklep\/wp-content\/uploads\/2026\/04\/41370_1.webp\",\"contentUrl\":\"https:\/\/ironsky.pl\/sklep\/wp-content\/uploads\/2026\/04\/41370_1.webp\",\"width\":800,\"height\":800},{\"@type\":\"BreadcrumbList\",\"@id\":\"https:\/\/ironsky.pl\/sklep\/produkt\/uchwyt-magnetyczny-sunnylife-op3-zj761-do-osmo-pocket-3\/#breadcrumb\",\"itemListElement\":[{\"@type\":\"ListItem\",\"position\":1,\"name\":\"Strona g\u0142\u00f3wna\",\"item\":\"https:\/\/ironsky.pl\/sklep\/\"},{\"@type\":\"ListItem\",\"position\":2,\"name\":\"Wszystkie produkty\",\"item\":\"https:\/\/ironsky.pl\/sklep\/produkty\/\"},{\"@type\":\"ListItem\",\"position\":3,\"name\":\"Uchwyt magnetyczny SUNNYLIFE OP3-ZJ761 do Osmo Pocket 3\"}]},{\"@type\":\"WebSite\",\"@id\":\"https:\/\/ironsky.pl\/sklep\/#website\",\"url\":\"https:\/\/ironsky.pl\/sklep\/\",\"name\":\"IRONSKY.PL Sklep z Dronami\",\"description\":\"IRONSKY.PL Sklep z Dronami\",\"potentialAction\":[{\"@type\":\"SearchAction\",\"target\":{\"@type\":\"EntryPoint\",\"urlTemplate\":\"https:\/\/ironsky.pl\/sklep\/?s={search_term_string}\"},\"query-input\":{\"@type\":\"PropertyValueSpecification\",\"valueRequired\":true,\"valueName\":\"search_term_string\"}}],\"inLanguage\":\"pl-PL\"}]}<\/script>\n<!-- \/ Yoast SEO plugin. -->","yoast_head_json":{"title":"Uchwyt magnetyczny SUNNYLIFE OP3-ZJ761 do Osmo Pocket 3 - IRONSKY.PL Sklep z Dronami","description":"Uchwyt magnetyczny SUNNYLIFE OP3-ZJ761 do Osmo Pocket 3 - \u2705 sklep z dronami i fachowym doradztwem. \u2705 Tutaj kupisz produkty DJI, Yuneec, Parrot, Syma i wiele innych, a tak\u017ce kursy i licencje na operatora drona.","robots":{"index":"index","follow":"follow","max-snippet":"max-snippet:-1","max-image-preview":"max-image-preview:large","max-video-preview":"max-video-preview:-1"},"canonical":"https:\/\/ironsky.pl\/sklep\/produkt\/uchwyt-magnetyczny-sunnylife-op3-zj761-do-osmo-pocket-3\/","og_locale":"pl_PL","og_type":"article","og_title":"Uchwyt magnetyczny SUNNYLIFE OP3-ZJ761 do Osmo Pocket 3 - IRONSKY.PL Sklep z Dronami","og_description":"Uchwyt magnetyczny SUNNYLIFE OP3-ZJ761 do Osmo Pocket 3 - \u2705 sklep z dronami i fachowym doradztwem. \u2705 Tutaj kupisz produkty DJI, Yuneec, Parrot, Syma i wiele innych, a tak\u017ce kursy i licencje na operatora drona.","og_url":"https:\/\/ironsky.pl\/sklep\/produkt\/uchwyt-magnetyczny-sunnylife-op3-zj761-do-osmo-pocket-3\/","og_site_name":"IRONSKY.PL Sklep z Dronami","article_modified_time":"2026-04-15T08:32:48+00:00","og_image":[{"width":800,"height":800,"url":"https:\/\/ironsky.pl\/sklep\/wp-content\/uploads\/2026\/04\/41370_1.webp","type":"image\/webp"}],"twitter_card":"summary_large_image","twitter_misc":{"Szacowany czas czytania":"2 minuty"},"schema":{"@context":"https:\/\/schema.org","@graph":[{"@type":"WebPage","@id":"https:\/\/ironsky.pl\/sklep\/produkt\/uchwyt-magnetyczny-sunnylife-op3-zj761-do-osmo-pocket-3\/","url":"https:\/\/ironsky.pl\/sklep\/produkt\/uchwyt-magnetyczny-sunnylife-op3-zj761-do-osmo-pocket-3\/","name":"Uchwyt magnetyczny SUNNYLIFE OP3-ZJ761 do Osmo Pocket 3 - IRONSKY.PL Sklep z Dronami","isPartOf":{"@id":"https:\/\/ironsky.pl\/sklep\/#website"},"primaryImageOfPage":{"@id":"https:\/\/ironsky.pl\/sklep\/produkt\/uchwyt-magnetyczny-sunnylife-op3-zj761-do-osmo-pocket-3\/#primaryimage"},"image":{"@id":"https:\/\/ironsky.pl\/sklep\/produkt\/uchwyt-magnetyczny-sunnylife-op3-zj761-do-osmo-pocket-3\/#primaryimage"},"thumbnailUrl":"https:\/\/ironsky.pl\/sklep\/wp-content\/uploads\/2026\/04\/41370_1.webp","datePublished":"2026-04-15T08:32:41+00:00","dateModified":"2026-04-15T08:32:48+00:00","description":"Uchwyt magnetyczny SUNNYLIFE OP3-ZJ761 do Osmo Pocket 3 - \u2705 sklep z dronami i fachowym doradztwem. \u2705 Tutaj kupisz produkty DJI, Yuneec, Parrot, Syma i wiele innych, a tak\u017ce kursy i licencje na operatora drona.","breadcrumb":{"@id":"https:\/\/ironsky.pl\/sklep\/produkt\/uchwyt-magnetyczny-sunnylife-op3-zj761-do-osmo-pocket-3\/#breadcrumb"},"inLanguage":"pl-PL","potentialAction":[{"@type":"ReadAction","target":["https:\/\/ironsky.pl\/sklep\/produkt\/uchwyt-magnetyczny-sunnylife-op3-zj761-do-osmo-pocket-3\/"]}]},{"@type":"ImageObject","inLanguage":"pl-PL","@id":"https:\/\/ironsky.pl\/sklep\/produkt\/uchwyt-magnetyczny-sunnylife-op3-zj761-do-osmo-pocket-3\/#primaryimage","url":"https:\/\/ironsky.pl\/sklep\/wp-content\/uploads\/2026\/04\/41370_1.webp","contentUrl":"https:\/\/ironsky.pl\/sklep\/wp-content\/uploads\/2026\/04\/41370_1.webp","width":800,"height":800},{"@type":"BreadcrumbList","@id":"https:\/\/ironsky.pl\/sklep\/produkt\/uchwyt-magnetyczny-sunnylife-op3-zj761-do-osmo-pocket-3\/#breadcrumb","itemListElement":[{"@type":"ListItem","position":1,"name":"Strona g\u0142\u00f3wna","item":"https:\/\/ironsky.pl\/sklep\/"},{"@type":"ListItem","position":2,"name":"Wszystkie produkty","item":"https:\/\/ironsky.pl\/sklep\/produkty\/"},{"@type":"ListItem","position":3,"name":"Uchwyt magnetyczny SUNNYLIFE OP3-ZJ761 do Osmo Pocket 3"}]},{"@type":"WebSite","@id":"https:\/\/ironsky.pl\/sklep\/#website","url":"https:\/\/ironsky.pl\/sklep\/","name":"IRONSKY.PL Sklep z Dronami","description":"IRONSKY.PL Sklep z Dronami","potentialAction":[{"@type":"SearchAction","target":{"@type":"EntryPoint","urlTemplate":"https:\/\/ironsky.pl\/sklep\/?s={search_term_string}"},"query-input":{"@type":"PropertyValueSpecification","valueRequired":true,"valueName":"search_term_string"}}],"inLanguage":"pl-PL"}]}},"_links":{"self":[{"href":"https:\/\/ironsky.pl\/sklep\/wp-json\/wp\/v2\/product\/58055","targetHints":{"allow":["GET"]}}],"collection":[{"href":"https:\/\/ironsky.pl\/sklep\/wp-json\/wp\/v2\/product"}],"about":[{"href":"https:\/\/ironsky.pl\/sklep\/wp-json\/wp\/v2\/types\/product"}],"replies":[{"embeddable":true,"href":"https:\/\/ironsky.pl\/sklep\/wp-json\/wp\/v2\/comments?post=58055"}],"wp:featuredmedia":[{"embeddable":true,"href":"https:\/\/ironsky.pl\/sklep\/wp-json\/wp\/v2\/media\/58056"}],"wp:attachment":[{"href":"https:\/\/ironsky.pl\/sklep\/wp-json\/wp\/v2\/media?parent=58055"}],"wp:term":[{"taxonomy":"product_brand","embeddable":true,"href":"https:\/\/ironsky.pl\/sklep\/wp-json\/wp\/v2\/product_brand?post=58055"},{"taxonomy":"product_cat","embeddable":true,"href":"https:\/\/ironsky.pl\/sklep\/wp-json\/wp\/v2\/product_cat?post=58055"},{"taxonomy":"product_tag","embeddable":true,"href":"https:\/\/ironsky.pl\/sklep\/wp-json\/wp\/v2\/product_tag?post=58055"}],"curies":[{"name":"wp","href":"https:\/\/api.w.org\/{rel}","templated":true}]}}