{"id":58043,"date":"2026-04-15T10:32:00","date_gmt":"2026-04-15T08:32:00","guid":{"rendered":"https:\/\/ironsky.pl\/sklep\/produkt\/uchwyt-na-dlon-sunnylife-do-dji-osmo-pocket-3\/"},"modified":"2026-04-15T10:32:40","modified_gmt":"2026-04-15T08:32:40","slug":"uchwyt-na-dlon-sunnylife-do-dji-osmo-pocket-3","status":"publish","type":"product","link":"https:\/\/ironsky.pl\/sklep\/produkt\/uchwyt-na-dlon-sunnylife-do-dji-osmo-pocket-3\/","title":{"rendered":"Uchwyt na d\u0142o\u0144 SUNNYLIFE do DJI Osmo Pocket 3"},"content":{"rendered":"<h3>Uchwyt na d\u0142o\u0144 Sunnylife do kamery DJI OSMO Pocket 3<\/h3>\n<\/p>\n<p>Zadbaj o swoj\u0105 wygod\u0119 podczas wielogodzinnych nagra\u0144. Uchwyt na d\u0142o\u0144 Sunnylife u\u0142atwia korzystanie z kamery DJI OSMO Pocket 3. Adapter typu cold shoe pozwala na monta\u017c dodatkowych akcesori\u00f3w. Istnieje te\u017c mo\u017cliwo\u015b\u0107 regulacji d\u0142ugo\u015bci opaski, co dodatkowo zwi\u0119ksza wygod\u0119 u\u017cytkowania. Produkt jest r\u00f3wnie\u017c kompatybilny z obudowami Sunnylife BHT746 i Z754.<\/p>\n<\/p>\n<p>\n<img decoding=\"async\" src=\"https:\/\/assets.innpro.pl\/4660\/5386\/6.jpg\" border=\"0\" alt=\"M\u0119\u017cczyzna nagrywaj\u0105cy przy pomocy kamery DJI OSMO Pocket 3, kt\u00f3r\u0105 trzyma przy pomocy uchwytu na d\u0142o\u0144 Sunnylife.\" \/>\n<\/p>\n<h3>Komfort u\u017cytkowania<\/h3>\n<\/p>\n<p>Uchwyt na d\u0142o\u0144 marki Sunnylife poprawia komfort u\u017cytkowania kamery DJI OSMO Pocket 3, zapewniaj\u0105c odpr\u0119\u017cenie d\u0142oni podczas przerw w nagrywaniu. Produkt zosta\u0142 wykonany z matowej sk\u00f3ry PU o delikatnej fakturze, kt\u00f3ra gwarantuje przyjemno\u015b\u0107 dotyku oraz wysok\u0105 trwa\u0142o\u015b\u0107.\u00a0<\/p>\n<\/p>\n<p>\n<img decoding=\"async\" src=\"https:\/\/assets.innpro.pl\/4660\/5386\/2.jpg\" border=\"0\" alt=\"Opuszczona d\u0142o\u0144 m\u0119\u017cczyzny, w kt\u00f3rej wida\u0107 uchwyt Sunnylife, zamontowany na kamerze DJI OSMO Pocket 3.\" \/>\n<\/p>\n<h3>Mo\u017cliwo\u015b\u0107 regulacji<\/h3>\n<\/p>\n<p>Produkt wyposa\u017cony jest w regulowany rzep, kt\u00f3ry pozwala na dopasowanie d\u0142ugo\u015bci do indywidualnych potrzeb. Dzi\u0119ki temu zawsze b\u0119dziesz cieszy\u0107 si\u0119 maksymalnym komfortem podczas pracy tw\u00f3rczej.<\/p>\n<\/p>\n<p>\n<img decoding=\"async\" src=\"https:\/\/assets.innpro.pl\/4660\/5386\/4.jpg\" border=\"0\" alt=\"Regulacja rzepy uchwytu Sunnylife.\" \/>\n<\/p>\n<h3>Monta\u017c akcesori\u00f3w<\/h3>\n<\/p>\n<p>Dzi\u0119ki adapterowi typu cold shoe mo\u017cna zamontowa\u0107 r\u00f3\u017cnorodne akcesoria, takie jak dodatkowe o\u015bwietlenie lub mikrofon. W efekcie podniesiesz jako\u015b\u0107 swoich nagra\u0144 i uzyskasz upragnione efekty.<\/p>\n<\/p>\n<p>\n<img decoding=\"async\" src=\"https:\/\/assets.innpro.pl\/4660\/5386\/5.jpg\" border=\"0\" alt=\"Nagrywanie za pomoc\u0105 kamery DJI OSMO Pocket 3, kt\u00f3ra zamontowana jest na uchwycie Sunnylife wraz z dodatkowym o\u015bwietleniem.\" \/>\n<\/p>\n<h3>Uniwersalno\u015b\u0107 mocowania<\/h3>\n<\/p>\n<p>Uchwyt Sunnylife umo\u017cliwia wygodne korzystanie z kamery DJI OSMO Pocket 3 w r\u00f3\u017cnych konfiguracjach. Produkt jest kompatybilny z kilkoma rodzajami uchwyt\u00f3w: podstawowym, bez dodatkowych akcesori\u00f3w (Naked), uchwytem wyposa\u017conym w gwint 1\/4&#8243; do mocowania dodatkowego osprz\u0119tu (Handle with 1\/4&#8243; Thread), oraz uchwytem z wbudowanym akumulatorem zapewniaj\u0105cym dodatkowe zasilanie (Battery Handle).<\/p>\n<\/p>\n<p>\n<img decoding=\"async\" src=\"https:\/\/assets.innpro.pl\/4660\/5386\/3.jpg\" border=\"0\" alt=\"Dwie d\u0142onie trzymaj\u0105ce dwie kamery DJI, kt\u00f3re przymocowane s\u0105 do uchwytu.\" \/>\n<\/p>\n<h3>Dodatkowe dogodno\u015bci<\/h3>\n<\/p>\n<p>Istnieje mo\u017cliwo\u015b\u0107 przed\u0142u\u017cenia uchwytu, co u\u0142atwia utrzymanie kamery w stabilnej pozycji. Produkt umo\u017cliwia \u0142atwe filmowanie i nie wp\u0142ywa negatywnie na dost\u0119p do karty SD. Mo\u017cna te\u017c wygodnie doczepi\u0107 smycz.<\/p>\n<\/p>\n<p>\n<img decoding=\"async\" src=\"https:\/\/assets.innpro.pl\/4660\/5386\/7.jpg\" border=\"0\" alt=\"M\u0119ska d\u0142o\u0144, w kt\u00f3rej wida\u0107 uchwyt Sunnylife, do kt\u00f3rego przymocowana jest kamera.\" \/>\n<\/p>\n<div class=\"table-wrapper\">\n<p>\u00a0<\/p>\n<h3><\/h3>\n<table>\n<tbody>\n<tr>\n<th>Producent<\/th>\n<td>Sunnylife<\/td>\n<\/tr>\n<tr>\n<th>Model<\/th>\n<td>OP3-SD763<\/td>\n<\/tr>\n<tr>\n<th>Kompatybilno\u015b\u0107<\/th>\n<td>Osmo Pocket 3<\/td>\n<\/tr>\n<tr>\n<th>Materia\u0142<\/th>\n<td>Tworzywo sztuczne + sk\u00f3ra PU<\/td>\n<\/tr>\n<tr>\n<th>Wymiary<\/th>\n<td>100 x 43 x 39 mm<\/td>\n<\/tr>\n<tr>\n<th>Waga<\/th>\n<td>30 g<\/td>\n<\/tr>\n<\/tbody>\n<\/table>\n<\/div>\n","protected":false},"excerpt":{"rendered":"<p>Uchwyt na d\u0142o\u0144 Sunnylife do kamery DJI OSMO Pocket 3 Zadbaj o swoj\u0105 wygod\u0119 podczas wielogodzinnych nagra\u0144. Uchwyt na d\u0142o\u0144<\/p>\n","protected":false},"featured_media":58044,"comment_status":"closed","ping_status":"open","template":"","meta":{"_acf_changed":false},"product_brand":[],"product_cat":[1128,6178,6176,6177,6181,1138],"product_tag":[],"class_list":{"0":"post-58043","1":"product","2":"type-product","3":"status-publish","4":"has-post-thumbnail","6":"product_cat-foto-wideo","7":"product_cat-mocowania","8":"product_cat-selfie-stiki","9":"product_cat-statywy-selfie-stiki","10":"product_cat-szelki-mocowania-i-uchwyty","11":"product_cat-wysiegniki","12":"pa_okres-gwarancji-5754","13":"pa_producent-sunnylife","15":"first","16":"outofstock","17":"taxable","18":"shipping-taxable","19":"purchasable","20":"product-type-simple"},"acf":[],"yoast_head":"<!-- This site is optimized with the Yoast SEO plugin v27.2 - https:\/\/yoast.com\/product\/yoast-seo-wordpress\/ -->\n<title>Uchwyt na d\u0142o\u0144 SUNNYLIFE do DJI Osmo Pocket 3 - IRONSKY.PL Sklep z Dronami<\/title>\n<meta name=\"description\" content=\"Uchwyt na d\u0142o\u0144 SUNNYLIFE do DJI Osmo Pocket 3 - \u2705 sklep z dronami i fachowym doradztwem. \u2705 Tutaj kupisz produkty DJI, Yuneec, Parrot, Syma i wiele innych, a tak\u017ce kursy i licencje na operatora drona.\" \/>\n<meta name=\"robots\" content=\"index, follow, max-snippet:-1, max-image-preview:large, max-video-preview:-1\" \/>\n<link rel=\"canonical\" href=\"https:\/\/ironsky.pl\/sklep\/produkt\/uchwyt-na-dlon-sunnylife-do-dji-osmo-pocket-3\/\" \/>\n<meta property=\"og:locale\" content=\"pl_PL\" \/>\n<meta property=\"og:type\" content=\"article\" \/>\n<meta property=\"og:title\" content=\"Uchwyt na d\u0142o\u0144 SUNNYLIFE do DJI Osmo Pocket 3 - IRONSKY.PL Sklep z Dronami\" \/>\n<meta property=\"og:description\" content=\"Uchwyt na d\u0142o\u0144 SUNNYLIFE do DJI Osmo Pocket 3 - \u2705 sklep z dronami i fachowym doradztwem. \u2705 Tutaj kupisz produkty DJI, Yuneec, Parrot, Syma i wiele innych, a tak\u017ce kursy i licencje na operatora drona.\" \/>\n<meta property=\"og:url\" content=\"https:\/\/ironsky.pl\/sklep\/produkt\/uchwyt-na-dlon-sunnylife-do-dji-osmo-pocket-3\/\" \/>\n<meta property=\"og:site_name\" content=\"IRONSKY.PL Sklep z Dronami\" \/>\n<meta property=\"article:modified_time\" content=\"2026-04-15T08:32:40+00:00\" \/>\n<meta property=\"og:image\" content=\"https:\/\/ironsky.pl\/sklep\/wp-content\/uploads\/2026\/04\/41044_1.webp\" \/>\n\t<meta property=\"og:image:width\" content=\"800\" \/>\n\t<meta property=\"og:image:height\" content=\"800\" \/>\n\t<meta property=\"og:image:type\" content=\"image\/webp\" \/>\n<meta name=\"twitter:card\" content=\"summary_large_image\" \/>\n<meta name=\"twitter:label1\" content=\"Szacowany czas czytania\" \/>\n\t<meta name=\"twitter:data1\" content=\"1 minuta\" \/>\n<script type=\"application\/ld+json\" class=\"yoast-schema-graph\">{\"@context\":\"https:\/\/schema.org\",\"@graph\":[{\"@type\":\"WebPage\",\"@id\":\"https:\/\/ironsky.pl\/sklep\/produkt\/uchwyt-na-dlon-sunnylife-do-dji-osmo-pocket-3\/\",\"url\":\"https:\/\/ironsky.pl\/sklep\/produkt\/uchwyt-na-dlon-sunnylife-do-dji-osmo-pocket-3\/\",\"name\":\"Uchwyt na d\u0142o\u0144 SUNNYLIFE do DJI Osmo Pocket 3 - IRONSKY.PL Sklep z Dronami\",\"isPartOf\":{\"@id\":\"https:\/\/ironsky.pl\/sklep\/#website\"},\"primaryImageOfPage\":{\"@id\":\"https:\/\/ironsky.pl\/sklep\/produkt\/uchwyt-na-dlon-sunnylife-do-dji-osmo-pocket-3\/#primaryimage\"},\"image\":{\"@id\":\"https:\/\/ironsky.pl\/sklep\/produkt\/uchwyt-na-dlon-sunnylife-do-dji-osmo-pocket-3\/#primaryimage\"},\"thumbnailUrl\":\"https:\/\/ironsky.pl\/sklep\/wp-content\/uploads\/2026\/04\/41044_1.webp\",\"datePublished\":\"2026-04-15T08:32:00+00:00\",\"dateModified\":\"2026-04-15T08:32:40+00:00\",\"description\":\"Uchwyt na d\u0142o\u0144 SUNNYLIFE do DJI Osmo Pocket 3 - \u2705 sklep z dronami i fachowym doradztwem. \u2705 Tutaj kupisz produkty DJI, Yuneec, Parrot, Syma i wiele innych, a tak\u017ce kursy i licencje na operatora drona.\",\"breadcrumb\":{\"@id\":\"https:\/\/ironsky.pl\/sklep\/produkt\/uchwyt-na-dlon-sunnylife-do-dji-osmo-pocket-3\/#breadcrumb\"},\"inLanguage\":\"pl-PL\",\"potentialAction\":[{\"@type\":\"ReadAction\",\"target\":[\"https:\/\/ironsky.pl\/sklep\/produkt\/uchwyt-na-dlon-sunnylife-do-dji-osmo-pocket-3\/\"]}]},{\"@type\":\"ImageObject\",\"inLanguage\":\"pl-PL\",\"@id\":\"https:\/\/ironsky.pl\/sklep\/produkt\/uchwyt-na-dlon-sunnylife-do-dji-osmo-pocket-3\/#primaryimage\",\"url\":\"https:\/\/ironsky.pl\/sklep\/wp-content\/uploads\/2026\/04\/41044_1.webp\",\"contentUrl\":\"https:\/\/ironsky.pl\/sklep\/wp-content\/uploads\/2026\/04\/41044_1.webp\",\"width\":800,\"height\":800},{\"@type\":\"BreadcrumbList\",\"@id\":\"https:\/\/ironsky.pl\/sklep\/produkt\/uchwyt-na-dlon-sunnylife-do-dji-osmo-pocket-3\/#breadcrumb\",\"itemListElement\":[{\"@type\":\"ListItem\",\"position\":1,\"name\":\"Strona g\u0142\u00f3wna\",\"item\":\"https:\/\/ironsky.pl\/sklep\/\"},{\"@type\":\"ListItem\",\"position\":2,\"name\":\"Wszystkie produkty\",\"item\":\"https:\/\/ironsky.pl\/sklep\/produkty\/\"},{\"@type\":\"ListItem\",\"position\":3,\"name\":\"Uchwyt na d\u0142o\u0144 SUNNYLIFE do DJI Osmo Pocket 3\"}]},{\"@type\":\"WebSite\",\"@id\":\"https:\/\/ironsky.pl\/sklep\/#website\",\"url\":\"https:\/\/ironsky.pl\/sklep\/\",\"name\":\"IRONSKY.PL Sklep z Dronami\",\"description\":\"IRONSKY.PL Sklep z Dronami\",\"potentialAction\":[{\"@type\":\"SearchAction\",\"target\":{\"@type\":\"EntryPoint\",\"urlTemplate\":\"https:\/\/ironsky.pl\/sklep\/?s={search_term_string}\"},\"query-input\":{\"@type\":\"PropertyValueSpecification\",\"valueRequired\":true,\"valueName\":\"search_term_string\"}}],\"inLanguage\":\"pl-PL\"}]}<\/script>\n<!-- \/ Yoast SEO plugin. -->","yoast_head_json":{"title":"Uchwyt na d\u0142o\u0144 SUNNYLIFE do DJI Osmo Pocket 3 - IRONSKY.PL Sklep z Dronami","description":"Uchwyt na d\u0142o\u0144 SUNNYLIFE do DJI Osmo Pocket 3 - \u2705 sklep z dronami i fachowym doradztwem. \u2705 Tutaj kupisz produkty DJI, Yuneec, Parrot, Syma i wiele innych, a tak\u017ce kursy i licencje na operatora drona.","robots":{"index":"index","follow":"follow","max-snippet":"max-snippet:-1","max-image-preview":"max-image-preview:large","max-video-preview":"max-video-preview:-1"},"canonical":"https:\/\/ironsky.pl\/sklep\/produkt\/uchwyt-na-dlon-sunnylife-do-dji-osmo-pocket-3\/","og_locale":"pl_PL","og_type":"article","og_title":"Uchwyt na d\u0142o\u0144 SUNNYLIFE do DJI Osmo Pocket 3 - IRONSKY.PL Sklep z Dronami","og_description":"Uchwyt na d\u0142o\u0144 SUNNYLIFE do DJI Osmo Pocket 3 - \u2705 sklep z dronami i fachowym doradztwem. \u2705 Tutaj kupisz produkty DJI, Yuneec, Parrot, Syma i wiele innych, a tak\u017ce kursy i licencje na operatora drona.","og_url":"https:\/\/ironsky.pl\/sklep\/produkt\/uchwyt-na-dlon-sunnylife-do-dji-osmo-pocket-3\/","og_site_name":"IRONSKY.PL Sklep z Dronami","article_modified_time":"2026-04-15T08:32:40+00:00","og_image":[{"width":800,"height":800,"url":"https:\/\/ironsky.pl\/sklep\/wp-content\/uploads\/2026\/04\/41044_1.webp","type":"image\/webp"}],"twitter_card":"summary_large_image","twitter_misc":{"Szacowany czas czytania":"1 minuta"},"schema":{"@context":"https:\/\/schema.org","@graph":[{"@type":"WebPage","@id":"https:\/\/ironsky.pl\/sklep\/produkt\/uchwyt-na-dlon-sunnylife-do-dji-osmo-pocket-3\/","url":"https:\/\/ironsky.pl\/sklep\/produkt\/uchwyt-na-dlon-sunnylife-do-dji-osmo-pocket-3\/","name":"Uchwyt na d\u0142o\u0144 SUNNYLIFE do DJI Osmo Pocket 3 - IRONSKY.PL Sklep z Dronami","isPartOf":{"@id":"https:\/\/ironsky.pl\/sklep\/#website"},"primaryImageOfPage":{"@id":"https:\/\/ironsky.pl\/sklep\/produkt\/uchwyt-na-dlon-sunnylife-do-dji-osmo-pocket-3\/#primaryimage"},"image":{"@id":"https:\/\/ironsky.pl\/sklep\/produkt\/uchwyt-na-dlon-sunnylife-do-dji-osmo-pocket-3\/#primaryimage"},"thumbnailUrl":"https:\/\/ironsky.pl\/sklep\/wp-content\/uploads\/2026\/04\/41044_1.webp","datePublished":"2026-04-15T08:32:00+00:00","dateModified":"2026-04-15T08:32:40+00:00","description":"Uchwyt na d\u0142o\u0144 SUNNYLIFE do DJI Osmo Pocket 3 - \u2705 sklep z dronami i fachowym doradztwem. \u2705 Tutaj kupisz produkty DJI, Yuneec, Parrot, Syma i wiele innych, a tak\u017ce kursy i licencje na operatora drona.","breadcrumb":{"@id":"https:\/\/ironsky.pl\/sklep\/produkt\/uchwyt-na-dlon-sunnylife-do-dji-osmo-pocket-3\/#breadcrumb"},"inLanguage":"pl-PL","potentialAction":[{"@type":"ReadAction","target":["https:\/\/ironsky.pl\/sklep\/produkt\/uchwyt-na-dlon-sunnylife-do-dji-osmo-pocket-3\/"]}]},{"@type":"ImageObject","inLanguage":"pl-PL","@id":"https:\/\/ironsky.pl\/sklep\/produkt\/uchwyt-na-dlon-sunnylife-do-dji-osmo-pocket-3\/#primaryimage","url":"https:\/\/ironsky.pl\/sklep\/wp-content\/uploads\/2026\/04\/41044_1.webp","contentUrl":"https:\/\/ironsky.pl\/sklep\/wp-content\/uploads\/2026\/04\/41044_1.webp","width":800,"height":800},{"@type":"BreadcrumbList","@id":"https:\/\/ironsky.pl\/sklep\/produkt\/uchwyt-na-dlon-sunnylife-do-dji-osmo-pocket-3\/#breadcrumb","itemListElement":[{"@type":"ListItem","position":1,"name":"Strona g\u0142\u00f3wna","item":"https:\/\/ironsky.pl\/sklep\/"},{"@type":"ListItem","position":2,"name":"Wszystkie produkty","item":"https:\/\/ironsky.pl\/sklep\/produkty\/"},{"@type":"ListItem","position":3,"name":"Uchwyt na d\u0142o\u0144 SUNNYLIFE do DJI Osmo Pocket 3"}]},{"@type":"WebSite","@id":"https:\/\/ironsky.pl\/sklep\/#website","url":"https:\/\/ironsky.pl\/sklep\/","name":"IRONSKY.PL Sklep z Dronami","description":"IRONSKY.PL Sklep z Dronami","potentialAction":[{"@type":"SearchAction","target":{"@type":"EntryPoint","urlTemplate":"https:\/\/ironsky.pl\/sklep\/?s={search_term_string}"},"query-input":{"@type":"PropertyValueSpecification","valueRequired":true,"valueName":"search_term_string"}}],"inLanguage":"pl-PL"}]}},"_links":{"self":[{"href":"https:\/\/ironsky.pl\/sklep\/wp-json\/wp\/v2\/product\/58043","targetHints":{"allow":["GET"]}}],"collection":[{"href":"https:\/\/ironsky.pl\/sklep\/wp-json\/wp\/v2\/product"}],"about":[{"href":"https:\/\/ironsky.pl\/sklep\/wp-json\/wp\/v2\/types\/product"}],"replies":[{"embeddable":true,"href":"https:\/\/ironsky.pl\/sklep\/wp-json\/wp\/v2\/comments?post=58043"}],"wp:featuredmedia":[{"embeddable":true,"href":"https:\/\/ironsky.pl\/sklep\/wp-json\/wp\/v2\/media\/58044"}],"wp:attachment":[{"href":"https:\/\/ironsky.pl\/sklep\/wp-json\/wp\/v2\/media?parent=58043"}],"wp:term":[{"taxonomy":"product_brand","embeddable":true,"href":"https:\/\/ironsky.pl\/sklep\/wp-json\/wp\/v2\/product_brand?post=58043"},{"taxonomy":"product_cat","embeddable":true,"href":"https:\/\/ironsky.pl\/sklep\/wp-json\/wp\/v2\/product_cat?post=58043"},{"taxonomy":"product_tag","embeddable":true,"href":"https:\/\/ironsky.pl\/sklep\/wp-json\/wp\/v2\/product_tag?post=58043"}],"curies":[{"name":"wp","href":"https:\/\/api.w.org\/{rel}","templated":true}]}}