{"id":57879,"date":"2026-04-15T10:30:41","date_gmt":"2026-04-15T08:30:41","guid":{"rendered":"https:\/\/ironsky.pl\/sklep\/produkt\/uchwyt-na-telefon-sunnylife-dji-osmo-pocket-3\/"},"modified":"2026-04-15T10:30:56","modified_gmt":"2026-04-15T08:30:56","slug":"uchwyt-na-telefon-sunnylife-dji-osmo-pocket-3","status":"publish","type":"product","link":"https:\/\/ironsky.pl\/sklep\/produkt\/uchwyt-na-telefon-sunnylife-dji-osmo-pocket-3\/","title":{"rendered":"Uchwyt na telefon SUNNYLIFE DJI Osmo Pocket 3"},"content":{"rendered":"<h3>Uchwyt na telefon z etui Sunnylife do Osmo Pocket 3<\/h3>\n<p><p>Je\u015bli jeste\u015b u\u017cytkownikiem kamery Osmo Pocket 3 i szukasz rozwi\u0105zania, kt\u00f3re pozwoli Ci na jeszcze lepsze wykorzystanie jej potencja\u0142u, to uchwyt na telefon z etui Sunnylife to niezast\u0105pione akcesorium dla Ciebie. Oferuje nie tylko wsparcie podczas fotografowania w poziomie i pionie, ale tak\u017ce wiele innych mo\u017cliwo\u015bci, kt\u00f3re zrewolucjonizuj\u0105 Twoje do\u015bwiadczenia filmowe.<\/p>\n<\/p>\n<p><img decoding=\"async\" src=\"https:\/\/assets.innpro.pl\/2858\/3072\/5.jpg\" border=\"0\" alt=\"\"><\/p>\n<h3>Przemy\u015blany design<\/h3>\n<p><p>Uchwyt jest specjalnie zaprojektowany, aby idealnie pasowa\u0107 do kamery Osmo Pocket 3. Dzi\u0119ki temu masz pewno\u015b\u0107, \u017ce Twoje urz\u0105dzenia dzia\u0142aj\u0105 w pe\u0142nej harmonii, co zwi\u0119ksza komfort i wydajno\u015b\u0107 podczas u\u017cytkowania. Wykonany zosta\u0142 z wysokiej jako\u015bci tworzywa sztucznego i silikonu, dzi\u0119ki czemu jest trwa\u0142y i wytrzyma\u0142y.&nbsp;<\/p>\n<\/p>\n<p><img decoding=\"async\" src=\"https:\/\/assets.innpro.pl\/2858\/3072\/3.jpg\" border=\"0\" alt=\"\"><\/p>\n<h3>Kreatywno\u015b\u0107 bez granic<\/h3>\n<p><p>Uchwyt nie tylko utrzymuje Tw\u00f3j telefon, ale tak\u017ce wspiera fotografowanie zar\u00f3wno w poziomie, jak i w pionie. Teraz mo\u017cesz swobodnie eksperymentowa\u0107 z k\u0105tami i perspektywami, tworz\u0105c niesamowite uj\u0119cia. Je\u015bli potrzebujesz zamontowa\u0107 mikrofon lub dodatkowe o\u015bwietlenie, uchwyt jest got\u00f3w na to wyzwanie. Dzi\u0119ki elastycznemu projektowi, bez problemu dopasujesz dodatkowe akcesoria, co pozwala na jeszcze lepsz\u0105 jako\u015b\u0107 d\u017awi\u0119ku i obrazu.<\/p>\n<\/p>\n<p><img decoding=\"async\" src=\"https:\/\/assets.innpro.pl\/2858\/3072\/6.jpg\" border=\"0\" alt=\"\"><\/p>\n<h3>Dopasuj do swych potrzeb<\/h3>\n<p><p>Uchwyt mo\u017cna \u0142atwo dostosowa\u0107 do r\u00f3\u017cnych rozmiar\u00f3w telefon\u00f3w, oferuj\u0105c regulacj\u0119 od 62 do 100 mm. Bez wzgl\u0119du na to, jaki masz model, uchwyt Sunnylife doskonale si\u0119 sprawdzi. Co wi\u0119cej, je\u015bli potrzebujesz zamontowa\u0107 sw\u00f3j Osmo Pocket 3 na statywie lub innym akcesorium, uchwyt ma wej\u015bcie na standardow\u0105 \u015brub\u0119 1\/4. To oznacza, \u017ce mo\u017cesz swobodnie korzysta\u0107 z r\u00f3\u017cnych rozwi\u0105za\u0144 monta\u017cowych.<\/p>\n<\/p>\n<p><img decoding=\"async\" src=\"https:\/\/assets.innpro.pl\/2858\/3072\/4.jpg\" border=\"0\" alt=\"\"><\/p>\n<h3>Komfort u\u017cytkowania<\/h3>\n<p><p>Uchwyt Sunnylife to tak\u017ce praktyczne pude\u0142ko do przechowywania filtr\u00f3w czy kart pami\u0119ci. Dzi\u0119ki temu masz wszystkie niezb\u0119dne akcesoria zawsze pod r\u0119k\u0105, co u\u0142atwia organizacj\u0119 podczas Twoich filmowych przyg\u00f3d. Ponadto uchwyt zosta\u0142 starannie zaprojektowany, aby nie utrudnia\u0107 korzystania z kamery. Bez wzgl\u0119du na to, czy jeste\u015b w terenie, czy pracujesz w studio, uchwyt dostarcza niezawodne wsparcie i wygod\u0119 obs\u0142ugi.<\/p>\n<\/p>\n<p><img decoding=\"async\" src=\"https:\/\/assets.innpro.pl\/2858\/3072\/1.jpg\" border=\"0\" alt=\"\"><\/p>\n<div class=\"table-wrapper\">\n<p>&nbsp;<\/p>\n<h3><\/h3>\n<table>\n<tbody>\n<tr>\n<th>Producent <\/th>\n<td>Sunnylife <\/td>\n<\/tr>\n<tr>\n<th>Model<\/th>\n<td>OP3-AD744<\/td>\n<\/tr>\n<tr>\n<th>Kompatybilno\u015b\u0107<\/th>\n<td>Osmo Pocket 3 <\/td>\n<\/tr>\n<tr>\n<th>Materia\u0142 <\/th>\n<td>Tworzywo sztuczne + silikon <\/td>\n<\/tr>\n<tr>\n<th><\/th>\n<td><\/td>\n<\/tr>\n<\/tbody>\n<\/table>\n<\/div>\n","protected":false},"excerpt":{"rendered":"<p>Uchwyt na telefon z etui Sunnylife do Osmo Pocket 3 Je\u015bli jeste\u015b u\u017cytkownikiem kamery Osmo Pocket 3 i szukasz rozwi\u0105zania,<\/p>\n","protected":false},"featured_media":57880,"comment_status":"closed","ping_status":"open","template":"","meta":{"_acf_changed":false},"product_brand":[],"product_cat":[1130,1137,1128],"product_tag":[],"class_list":{"0":"post-57879","1":"product","2":"type-product","3":"status-publish","4":"has-post-thumbnail","6":"product_cat-akcesoria-foto","7":"product_cat-do-kamer-sportowych","8":"product_cat-foto-wideo","9":"pa_okres-gwarancji-5754","10":"pa_producent-sunnylife","12":"first","13":"outofstock","14":"taxable","15":"shipping-taxable","16":"purchasable","17":"product-type-simple"},"acf":[],"yoast_head":"<!-- This site is optimized with the Yoast SEO plugin v27.2 - https:\/\/yoast.com\/product\/yoast-seo-wordpress\/ -->\n<title>Uchwyt na telefon SUNNYLIFE DJI Osmo Pocket 3 - IRONSKY.PL Sklep z Dronami<\/title>\n<meta name=\"description\" content=\"Uchwyt na telefon SUNNYLIFE DJI Osmo Pocket 3 - \u2705 sklep z dronami i fachowym doradztwem. \u2705 Tutaj kupisz produkty DJI, Yuneec, Parrot, Syma i wiele innych, a tak\u017ce kursy i licencje na operatora drona.\" \/>\n<meta name=\"robots\" content=\"index, follow, max-snippet:-1, max-image-preview:large, max-video-preview:-1\" \/>\n<link rel=\"canonical\" href=\"https:\/\/ironsky.pl\/sklep\/produkt\/uchwyt-na-telefon-sunnylife-dji-osmo-pocket-3\/\" \/>\n<meta property=\"og:locale\" content=\"pl_PL\" \/>\n<meta property=\"og:type\" content=\"article\" \/>\n<meta property=\"og:title\" content=\"Uchwyt na telefon SUNNYLIFE DJI Osmo Pocket 3 - IRONSKY.PL Sklep z Dronami\" \/>\n<meta property=\"og:description\" content=\"Uchwyt na telefon SUNNYLIFE DJI Osmo Pocket 3 - \u2705 sklep z dronami i fachowym doradztwem. \u2705 Tutaj kupisz produkty DJI, Yuneec, Parrot, Syma i wiele innych, a tak\u017ce kursy i licencje na operatora drona.\" \/>\n<meta property=\"og:url\" content=\"https:\/\/ironsky.pl\/sklep\/produkt\/uchwyt-na-telefon-sunnylife-dji-osmo-pocket-3\/\" \/>\n<meta property=\"og:site_name\" content=\"IRONSKY.PL Sklep z Dronami\" \/>\n<meta property=\"article:modified_time\" content=\"2026-04-15T08:30:56+00:00\" \/>\n<meta property=\"og:image\" content=\"https:\/\/ironsky.pl\/sklep\/wp-content\/uploads\/2026\/04\/37030_1.webp\" \/>\n\t<meta property=\"og:image:width\" content=\"800\" \/>\n\t<meta property=\"og:image:height\" content=\"800\" \/>\n\t<meta property=\"og:image:type\" content=\"image\/webp\" \/>\n<meta name=\"twitter:card\" content=\"summary_large_image\" \/>\n<meta name=\"twitter:label1\" content=\"Szacowany czas czytania\" \/>\n\t<meta name=\"twitter:data1\" content=\"2 minuty\" \/>\n<script type=\"application\/ld+json\" class=\"yoast-schema-graph\">{\"@context\":\"https:\/\/schema.org\",\"@graph\":[{\"@type\":\"WebPage\",\"@id\":\"https:\/\/ironsky.pl\/sklep\/produkt\/uchwyt-na-telefon-sunnylife-dji-osmo-pocket-3\/\",\"url\":\"https:\/\/ironsky.pl\/sklep\/produkt\/uchwyt-na-telefon-sunnylife-dji-osmo-pocket-3\/\",\"name\":\"Uchwyt na telefon SUNNYLIFE DJI Osmo Pocket 3 - IRONSKY.PL Sklep z Dronami\",\"isPartOf\":{\"@id\":\"https:\/\/ironsky.pl\/sklep\/#website\"},\"primaryImageOfPage\":{\"@id\":\"https:\/\/ironsky.pl\/sklep\/produkt\/uchwyt-na-telefon-sunnylife-dji-osmo-pocket-3\/#primaryimage\"},\"image\":{\"@id\":\"https:\/\/ironsky.pl\/sklep\/produkt\/uchwyt-na-telefon-sunnylife-dji-osmo-pocket-3\/#primaryimage\"},\"thumbnailUrl\":\"https:\/\/ironsky.pl\/sklep\/wp-content\/uploads\/2026\/04\/37030_1.webp\",\"datePublished\":\"2026-04-15T08:30:41+00:00\",\"dateModified\":\"2026-04-15T08:30:56+00:00\",\"description\":\"Uchwyt na telefon SUNNYLIFE DJI Osmo Pocket 3 - \u2705 sklep z dronami i fachowym doradztwem. \u2705 Tutaj kupisz produkty DJI, Yuneec, Parrot, Syma i wiele innych, a tak\u017ce kursy i licencje na operatora drona.\",\"breadcrumb\":{\"@id\":\"https:\/\/ironsky.pl\/sklep\/produkt\/uchwyt-na-telefon-sunnylife-dji-osmo-pocket-3\/#breadcrumb\"},\"inLanguage\":\"pl-PL\",\"potentialAction\":[{\"@type\":\"ReadAction\",\"target\":[\"https:\/\/ironsky.pl\/sklep\/produkt\/uchwyt-na-telefon-sunnylife-dji-osmo-pocket-3\/\"]}]},{\"@type\":\"ImageObject\",\"inLanguage\":\"pl-PL\",\"@id\":\"https:\/\/ironsky.pl\/sklep\/produkt\/uchwyt-na-telefon-sunnylife-dji-osmo-pocket-3\/#primaryimage\",\"url\":\"https:\/\/ironsky.pl\/sklep\/wp-content\/uploads\/2026\/04\/37030_1.webp\",\"contentUrl\":\"https:\/\/ironsky.pl\/sklep\/wp-content\/uploads\/2026\/04\/37030_1.webp\",\"width\":800,\"height\":800},{\"@type\":\"BreadcrumbList\",\"@id\":\"https:\/\/ironsky.pl\/sklep\/produkt\/uchwyt-na-telefon-sunnylife-dji-osmo-pocket-3\/#breadcrumb\",\"itemListElement\":[{\"@type\":\"ListItem\",\"position\":1,\"name\":\"Strona g\u0142\u00f3wna\",\"item\":\"https:\/\/ironsky.pl\/sklep\/\"},{\"@type\":\"ListItem\",\"position\":2,\"name\":\"Wszystkie produkty\",\"item\":\"https:\/\/ironsky.pl\/sklep\/produkty\/\"},{\"@type\":\"ListItem\",\"position\":3,\"name\":\"Uchwyt na telefon SUNNYLIFE DJI Osmo Pocket 3\"}]},{\"@type\":\"WebSite\",\"@id\":\"https:\/\/ironsky.pl\/sklep\/#website\",\"url\":\"https:\/\/ironsky.pl\/sklep\/\",\"name\":\"IRONSKY.PL Sklep z Dronami\",\"description\":\"IRONSKY.PL Sklep z Dronami\",\"potentialAction\":[{\"@type\":\"SearchAction\",\"target\":{\"@type\":\"EntryPoint\",\"urlTemplate\":\"https:\/\/ironsky.pl\/sklep\/?s={search_term_string}\"},\"query-input\":{\"@type\":\"PropertyValueSpecification\",\"valueRequired\":true,\"valueName\":\"search_term_string\"}}],\"inLanguage\":\"pl-PL\"}]}<\/script>\n<!-- \/ Yoast SEO plugin. -->","yoast_head_json":{"title":"Uchwyt na telefon SUNNYLIFE DJI Osmo Pocket 3 - IRONSKY.PL Sklep z Dronami","description":"Uchwyt na telefon SUNNYLIFE DJI Osmo Pocket 3 - \u2705 sklep z dronami i fachowym doradztwem. \u2705 Tutaj kupisz produkty DJI, Yuneec, Parrot, Syma i wiele innych, a tak\u017ce kursy i licencje na operatora drona.","robots":{"index":"index","follow":"follow","max-snippet":"max-snippet:-1","max-image-preview":"max-image-preview:large","max-video-preview":"max-video-preview:-1"},"canonical":"https:\/\/ironsky.pl\/sklep\/produkt\/uchwyt-na-telefon-sunnylife-dji-osmo-pocket-3\/","og_locale":"pl_PL","og_type":"article","og_title":"Uchwyt na telefon SUNNYLIFE DJI Osmo Pocket 3 - IRONSKY.PL Sklep z Dronami","og_description":"Uchwyt na telefon SUNNYLIFE DJI Osmo Pocket 3 - \u2705 sklep z dronami i fachowym doradztwem. \u2705 Tutaj kupisz produkty DJI, Yuneec, Parrot, Syma i wiele innych, a tak\u017ce kursy i licencje na operatora drona.","og_url":"https:\/\/ironsky.pl\/sklep\/produkt\/uchwyt-na-telefon-sunnylife-dji-osmo-pocket-3\/","og_site_name":"IRONSKY.PL Sklep z Dronami","article_modified_time":"2026-04-15T08:30:56+00:00","og_image":[{"width":800,"height":800,"url":"https:\/\/ironsky.pl\/sklep\/wp-content\/uploads\/2026\/04\/37030_1.webp","type":"image\/webp"}],"twitter_card":"summary_large_image","twitter_misc":{"Szacowany czas czytania":"2 minuty"},"schema":{"@context":"https:\/\/schema.org","@graph":[{"@type":"WebPage","@id":"https:\/\/ironsky.pl\/sklep\/produkt\/uchwyt-na-telefon-sunnylife-dji-osmo-pocket-3\/","url":"https:\/\/ironsky.pl\/sklep\/produkt\/uchwyt-na-telefon-sunnylife-dji-osmo-pocket-3\/","name":"Uchwyt na telefon SUNNYLIFE DJI Osmo Pocket 3 - IRONSKY.PL Sklep z Dronami","isPartOf":{"@id":"https:\/\/ironsky.pl\/sklep\/#website"},"primaryImageOfPage":{"@id":"https:\/\/ironsky.pl\/sklep\/produkt\/uchwyt-na-telefon-sunnylife-dji-osmo-pocket-3\/#primaryimage"},"image":{"@id":"https:\/\/ironsky.pl\/sklep\/produkt\/uchwyt-na-telefon-sunnylife-dji-osmo-pocket-3\/#primaryimage"},"thumbnailUrl":"https:\/\/ironsky.pl\/sklep\/wp-content\/uploads\/2026\/04\/37030_1.webp","datePublished":"2026-04-15T08:30:41+00:00","dateModified":"2026-04-15T08:30:56+00:00","description":"Uchwyt na telefon SUNNYLIFE DJI Osmo Pocket 3 - \u2705 sklep z dronami i fachowym doradztwem. \u2705 Tutaj kupisz produkty DJI, Yuneec, Parrot, Syma i wiele innych, a tak\u017ce kursy i licencje na operatora drona.","breadcrumb":{"@id":"https:\/\/ironsky.pl\/sklep\/produkt\/uchwyt-na-telefon-sunnylife-dji-osmo-pocket-3\/#breadcrumb"},"inLanguage":"pl-PL","potentialAction":[{"@type":"ReadAction","target":["https:\/\/ironsky.pl\/sklep\/produkt\/uchwyt-na-telefon-sunnylife-dji-osmo-pocket-3\/"]}]},{"@type":"ImageObject","inLanguage":"pl-PL","@id":"https:\/\/ironsky.pl\/sklep\/produkt\/uchwyt-na-telefon-sunnylife-dji-osmo-pocket-3\/#primaryimage","url":"https:\/\/ironsky.pl\/sklep\/wp-content\/uploads\/2026\/04\/37030_1.webp","contentUrl":"https:\/\/ironsky.pl\/sklep\/wp-content\/uploads\/2026\/04\/37030_1.webp","width":800,"height":800},{"@type":"BreadcrumbList","@id":"https:\/\/ironsky.pl\/sklep\/produkt\/uchwyt-na-telefon-sunnylife-dji-osmo-pocket-3\/#breadcrumb","itemListElement":[{"@type":"ListItem","position":1,"name":"Strona g\u0142\u00f3wna","item":"https:\/\/ironsky.pl\/sklep\/"},{"@type":"ListItem","position":2,"name":"Wszystkie produkty","item":"https:\/\/ironsky.pl\/sklep\/produkty\/"},{"@type":"ListItem","position":3,"name":"Uchwyt na telefon SUNNYLIFE DJI Osmo Pocket 3"}]},{"@type":"WebSite","@id":"https:\/\/ironsky.pl\/sklep\/#website","url":"https:\/\/ironsky.pl\/sklep\/","name":"IRONSKY.PL Sklep z Dronami","description":"IRONSKY.PL Sklep z Dronami","potentialAction":[{"@type":"SearchAction","target":{"@type":"EntryPoint","urlTemplate":"https:\/\/ironsky.pl\/sklep\/?s={search_term_string}"},"query-input":{"@type":"PropertyValueSpecification","valueRequired":true,"valueName":"search_term_string"}}],"inLanguage":"pl-PL"}]}},"_links":{"self":[{"href":"https:\/\/ironsky.pl\/sklep\/wp-json\/wp\/v2\/product\/57879","targetHints":{"allow":["GET"]}}],"collection":[{"href":"https:\/\/ironsky.pl\/sklep\/wp-json\/wp\/v2\/product"}],"about":[{"href":"https:\/\/ironsky.pl\/sklep\/wp-json\/wp\/v2\/types\/product"}],"replies":[{"embeddable":true,"href":"https:\/\/ironsky.pl\/sklep\/wp-json\/wp\/v2\/comments?post=57879"}],"wp:featuredmedia":[{"embeddable":true,"href":"https:\/\/ironsky.pl\/sklep\/wp-json\/wp\/v2\/media\/57880"}],"wp:attachment":[{"href":"https:\/\/ironsky.pl\/sklep\/wp-json\/wp\/v2\/media?parent=57879"}],"wp:term":[{"taxonomy":"product_brand","embeddable":true,"href":"https:\/\/ironsky.pl\/sklep\/wp-json\/wp\/v2\/product_brand?post=57879"},{"taxonomy":"product_cat","embeddable":true,"href":"https:\/\/ironsky.pl\/sklep\/wp-json\/wp\/v2\/product_cat?post=57879"},{"taxonomy":"product_tag","embeddable":true,"href":"https:\/\/ironsky.pl\/sklep\/wp-json\/wp\/v2\/product_tag?post=57879"}],"curies":[{"name":"wp","href":"https:\/\/api.w.org\/{rel}","templated":true}]}}