{"id":57788,"date":"2026-04-15T10:29:55","date_gmt":"2026-04-15T08:29:55","guid":{"rendered":"https:\/\/ironsky.pl\/sklep\/produkt\/zestaw-filtrow-telesin-is-flt-g03-insta360-go-2-3\/"},"modified":"2026-04-15T10:29:59","modified_gmt":"2026-04-15T08:29:59","slug":"zestaw-filtrow-telesin-is-flt-g03-insta360-go-2-3","status":"publish","type":"product","link":"https:\/\/ironsky.pl\/sklep\/produkt\/zestaw-filtrow-telesin-is-flt-g03-insta360-go-2-3\/","title":{"rendered":"Zestaw filtr\u00f3w TELESIN IS-FLT-G03 Insta360 GO 2\/3"},"content":{"rendered":"<h3>Zestaw 4 filtr\u00f3w CPL\/ND8\/ND16\/ND32 Telesin do kamery Insta360 GO 2\/3<\/h3>\n<p>Tw\u00f3rz zachwycaj\u0105ce uj\u0119cia niezale\u017cnie od warunk\u00f3w. Zestaw Telesin IS-FLT-G03 zawiera doskona\u0142ej jako\u015bci filtry ND i CPL przeznaczone dla kamery Insta360 GO 3\/GO 2, za pomoc\u0105 kt\u00f3rych wykonasz jeszcze wi\u0119cej wspania\u0142ych zdj\u0119\u0107 i film\u00f3w. Wykonane z optycznego szk\u0142a SCHOTT i pokryte wielowarstwowymi pow\u0142okami \u2014 wyr\u00f3\u017cniaj\u0105 si\u0119 niezwyk\u0142\u0105 odporno\u015bci\u0105 na uszkodzenia i brud. S\u0105 te\u017c wyj\u0105tkowo lekkie i proste w monta\u017cu.<\/p>\n<p>\n<img decoding=\"async\" src=\"https:\/\/assets.innpro.pl\/15322\/19243\/6.jpg\" border=\"0\" alt=\"\" \/>\n<\/p>\n<h3>Wysoki kontrast i nasycone kolory z filtrem CPL<\/h3>\n<p>Wchodz\u0105cy w sk\u0142ad zestawu filtr CPL pozwala wyeliminowa\u0107 zb\u0119dne odblaski i wzmocni\u0107 kontrast. Umo\u017cliwia te\u017c zwi\u0119kszenie nasycenia barw na obrazie. Za jego pomoc\u0105 stworzysz zachwycaj\u0105ce bogactwem szczeg\u00f3\u0142\u00f3w zdj\u0119cia i filmy, kt\u00f3re przyci\u0105gn\u0105 uwag\u0119 wyrazist\u0105, \u017cyw\u0105 kolorystyk\u0105.<\/p>\n<p>\n<img decoding=\"async\" src=\"https:\/\/assets.innpro.pl\/15322\/19243\/3.jpg\" border=\"0\" alt=\"\" \/>\n<\/p>\n<h3>Wi\u0119ksza dynamika obrazu z filtrami ND<\/h3>\n<p>W zestawie znajdziesz te\u017c filtry ND 8\/16\/32, kt\u00f3re idealnie nadaj\u0105 si\u0119 do wykonywania uj\u0119\u0107 z d\u0142u\u017csz\u0105 ekspozycj\u0105. Doskonale sprawdz\u0105 si\u0119 na przyk\u0142ad podczas nagrywania wody lub p\u0142yn\u0105cych po niebie ob\u0142ok\u00f3w. Za ich pomoc\u0105 mo\u017cesz te\u017c w ciekawy spos\u00f3b uchwyci\u0107 niezbyt ruchliwe drogi. Filtry ND sprawi\u0105, \u017ce obraz b\u0119dzie bardziej dynamiczny.<\/p>\n<p>\n<img decoding=\"async\" src=\"https:\/\/assets.innpro.pl\/15322\/19243\/5.jpg\" border=\"0\" alt=\"\" \/>\n<\/p>\n<h3>Wysokiej klasy szk\u0142o optyczne<\/h3>\n<p>Do produkcji filtr\u00f3w zastosowano szk\u0142o optyczne SCHOTT o r\u00f3wnomiernej g\u0119sto\u015bci, dzi\u0119ki czemu \u015bwiat\u0142o mo\u017ce dociera\u0107 bezpo\u015brednio do obiektywu, co pozwala unikn\u0105\u0107 zniekszta\u0142cenia pikseli. W efekcie mo\u017cesz cieszy\u0107 si\u0119 doskona\u0142ej jako\u015bci, czystym, wyra\u017anym i bogatym w szczeg\u00f3\u0142y obrazem o \u017cywej, naturalnej kolorystyce.<\/p>\n<p>\n<img decoding=\"async\" src=\"https:\/\/assets.innpro.pl\/15322\/19243\/7.jpg\" border=\"0\" alt=\"\" \/>\n<\/p>\n<h3>Odporne na uszkodzenia i brud<\/h3>\n<p>Aby poprawi\u0107 transmisj\u0119 \u015bwiat\u0142a i zredukowa\u0107 refleksy, obie strony filtra zosta\u0142y pokryte kilkuwarstwow\u0105 nanopow\u0142ok\u0105. Nie tylko zapewnia ona fantastyczn\u0105 jako\u015b\u0107 obrazu, ale te\u017c chroni szk\u0142o przed zarysowaniem i innymi uszkodzeniami. Gwarantuje r\u00f3wnie\u017c wodoodporno\u015b\u0107 i py\u0142oszczelno\u015b\u0107 produktu, u\u0142atwiaj\u0105c przy tym zachowanie go w czysto\u015bci. Je\u015bli zajdzie taka potrzeba, z \u0142atwo\u015bci\u0105 usuniesz z filtra odciski palc\u00f3w lub kurz.<\/p>\n<p>\n<img decoding=\"async\" src=\"https:\/\/assets.innpro.pl\/15322\/19243\/1.jpg\" border=\"0\" alt=\"\" \/>\n<\/p>\n<h3>Wyj\u0105tkowo wytrzyma\u0142e<\/h3>\n<p>Filtry marki Telesin zaskakuj\u0105 niesamowit\u0105 wytrzyma\u0142o\u015bci\u0105. Zastosowane do ich produkcji wzmocnione szk\u0142o charakteryzuje si\u0119 twardo\u015bci\u0105 a\u017c 6H w skali Mohsa. To oznacza, \u017ce jest niezwykle odporne na zadrapania oraz innego rodzaju uszkodzenia. Ju\u017c nie musisz si\u0119 obawia\u0107, \u017ce na Twoich filtrach szybko pojawi\u0105 si\u0119 irytuj\u0105ce rysy, kt\u00f3re zepsuj\u0105 Ci wymarzone uj\u0119cie.<\/p>\n<p>\n<img decoding=\"async\" src=\"https:\/\/assets.innpro.pl\/15322\/19243\/4.jpg\" border=\"0\" alt=\"\" \/>\n<\/p>\n<h3>Lekkie i trwa\u0142e<\/h3>\n<p>Zewn\u0119trzne ramki filtr\u00f3w zosta\u0142y wykonane z lotniczego aluminium, kt\u00f3re wyr\u00f3\u017cnia si\u0119 imponuj\u0105c\u0105 wytrzyma\u0142o\u015bci\u0105 i wyj\u0105tkow\u0105 lekko\u015bci\u0105. Jest te\u017c odporne na utlenianie i korozj\u0119. Zapewnia d\u0142u\u017csz\u0105 \u017cywotno\u015b\u0107 produkt\u00f3w i sprawia, \u017ce mog\u0105 doskonale Ci s\u0142u\u017cy\u0107 przez wiele lat.<\/p>\n<p>\n<img decoding=\"async\" src=\"https:\/\/assets.innpro.pl\/15322\/19243\/2.jpg\" border=\"0\" alt=\"\" \/>\n<\/p>\n<h3>W zestawie<\/h3>\n<ul class=\"list-disc pl-5\">\n<li>Filtr CPL<\/li>\n<li>Filtra ND8<\/li>\n<li>Filtr ND16<\/li>\n<li>Filtr ND32<\/li>\n<li>Pude\u0142ko<\/li>\n<\/ul>\n<div class=\"table-wrapper\">\n<p>\u00a0<\/p>\n<h3><\/h3>\n<table>\n<tbody>\n<tr>\n<th>Producent<\/th>\n<td>Telesin<\/td>\n<\/tr>\n<tr>\n<th>Model<\/th>\n<td>IS-FLT-GO3<\/td>\n<\/tr>\n<tr>\n<th>Wymiary<\/th>\n<td>17,2 x 17,2 x 7,2 mm<\/td>\n<\/tr>\n<tr>\n<th>Materia\u0142<\/th>\n<td>Szk\u0142o optyczne + stop aluminium<\/td>\n<\/tr>\n<tr>\n<th>Waga<\/th>\n<td>9,6 g<\/td>\n<\/tr>\n<tr>\n<th>Kompatybilno\u015b\u0107<\/th>\n<td>Insta360 GO 2\/3<\/td>\n<\/tr>\n<\/tbody>\n<\/table>\n<\/div>\n","protected":false},"excerpt":{"rendered":"<p>Zestaw 4 filtr\u00f3w CPL\/ND8\/ND16\/ND32 Telesin do kamery Insta360 GO 2\/3 Tw\u00f3rz zachwycaj\u0105ce uj\u0119cia niezale\u017cnie od warunk\u00f3w. Zestaw Telesin IS-FLT-G03 zawiera<\/p>\n","protected":false},"featured_media":57789,"comment_status":"closed","ping_status":"open","template":"","meta":{"_acf_changed":false},"product_brand":[],"product_cat":[1130,1137,1128],"product_tag":[],"class_list":{"0":"post-57788","1":"product","2":"type-product","3":"status-publish","4":"has-post-thumbnail","6":"product_cat-akcesoria-foto","7":"product_cat-do-kamer-sportowych","8":"product_cat-foto-wideo","9":"pa_okres-gwarancji-5754","10":"pa_producent-telesin","12":"first","13":"outofstock","14":"taxable","15":"shipping-taxable","16":"purchasable","17":"product-type-simple"},"acf":[],"yoast_head":"<!-- This site is optimized with the Yoast SEO plugin v27.2 - https:\/\/yoast.com\/product\/yoast-seo-wordpress\/ -->\n<title>Zestaw filtr\u00f3w TELESIN IS-FLT-G03 Insta360 GO 2\/3 - IRONSKY.PL Sklep z Dronami<\/title>\n<meta name=\"description\" content=\"Zestaw filtr\u00f3w TELESIN IS-FLT-G03 Insta360 GO 2\/3 - \u2705 sklep z dronami i fachowym doradztwem. \u2705 Tutaj kupisz produkty DJI, Yuneec, Parrot, Syma i wiele innych, a tak\u017ce kursy i licencje na operatora drona.\" \/>\n<meta name=\"robots\" content=\"index, follow, max-snippet:-1, max-image-preview:large, max-video-preview:-1\" \/>\n<link rel=\"canonical\" href=\"https:\/\/ironsky.pl\/sklep\/produkt\/zestaw-filtrow-telesin-is-flt-g03-insta360-go-2-3\/\" \/>\n<meta property=\"og:locale\" content=\"pl_PL\" \/>\n<meta property=\"og:type\" content=\"article\" \/>\n<meta property=\"og:title\" content=\"Zestaw filtr\u00f3w TELESIN IS-FLT-G03 Insta360 GO 2\/3 - IRONSKY.PL Sklep z Dronami\" \/>\n<meta property=\"og:description\" content=\"Zestaw filtr\u00f3w TELESIN IS-FLT-G03 Insta360 GO 2\/3 - \u2705 sklep z dronami i fachowym doradztwem. \u2705 Tutaj kupisz produkty DJI, Yuneec, Parrot, Syma i wiele innych, a tak\u017ce kursy i licencje na operatora drona.\" \/>\n<meta property=\"og:url\" content=\"https:\/\/ironsky.pl\/sklep\/produkt\/zestaw-filtrow-telesin-is-flt-g03-insta360-go-2-3\/\" \/>\n<meta property=\"og:site_name\" content=\"IRONSKY.PL Sklep z Dronami\" \/>\n<meta property=\"article:modified_time\" content=\"2026-04-15T08:29:59+00:00\" \/>\n<meta property=\"og:image\" content=\"https:\/\/ironsky.pl\/sklep\/wp-content\/uploads\/2026\/04\/36771_1.jpg\" \/>\n\t<meta property=\"og:image:width\" content=\"800\" \/>\n\t<meta property=\"og:image:height\" content=\"800\" \/>\n\t<meta property=\"og:image:type\" content=\"image\/jpeg\" \/>\n<meta name=\"twitter:card\" content=\"summary_large_image\" \/>\n<meta name=\"twitter:label1\" content=\"Szacowany czas czytania\" \/>\n\t<meta name=\"twitter:data1\" content=\"2 minuty\" \/>\n<script type=\"application\/ld+json\" class=\"yoast-schema-graph\">{\"@context\":\"https:\/\/schema.org\",\"@graph\":[{\"@type\":\"WebPage\",\"@id\":\"https:\/\/ironsky.pl\/sklep\/produkt\/zestaw-filtrow-telesin-is-flt-g03-insta360-go-2-3\/\",\"url\":\"https:\/\/ironsky.pl\/sklep\/produkt\/zestaw-filtrow-telesin-is-flt-g03-insta360-go-2-3\/\",\"name\":\"Zestaw filtr\u00f3w TELESIN IS-FLT-G03 Insta360 GO 2\/3 - IRONSKY.PL Sklep z Dronami\",\"isPartOf\":{\"@id\":\"https:\/\/ironsky.pl\/sklep\/#website\"},\"primaryImageOfPage\":{\"@id\":\"https:\/\/ironsky.pl\/sklep\/produkt\/zestaw-filtrow-telesin-is-flt-g03-insta360-go-2-3\/#primaryimage\"},\"image\":{\"@id\":\"https:\/\/ironsky.pl\/sklep\/produkt\/zestaw-filtrow-telesin-is-flt-g03-insta360-go-2-3\/#primaryimage\"},\"thumbnailUrl\":\"https:\/\/ironsky.pl\/sklep\/wp-content\/uploads\/2026\/04\/36771_1.jpg\",\"datePublished\":\"2026-04-15T08:29:55+00:00\",\"dateModified\":\"2026-04-15T08:29:59+00:00\",\"description\":\"Zestaw filtr\u00f3w TELESIN IS-FLT-G03 Insta360 GO 2\/3 - \u2705 sklep z dronami i fachowym doradztwem. \u2705 Tutaj kupisz produkty DJI, Yuneec, Parrot, Syma i wiele innych, a tak\u017ce kursy i licencje na operatora drona.\",\"breadcrumb\":{\"@id\":\"https:\/\/ironsky.pl\/sklep\/produkt\/zestaw-filtrow-telesin-is-flt-g03-insta360-go-2-3\/#breadcrumb\"},\"inLanguage\":\"pl-PL\",\"potentialAction\":[{\"@type\":\"ReadAction\",\"target\":[\"https:\/\/ironsky.pl\/sklep\/produkt\/zestaw-filtrow-telesin-is-flt-g03-insta360-go-2-3\/\"]}]},{\"@type\":\"ImageObject\",\"inLanguage\":\"pl-PL\",\"@id\":\"https:\/\/ironsky.pl\/sklep\/produkt\/zestaw-filtrow-telesin-is-flt-g03-insta360-go-2-3\/#primaryimage\",\"url\":\"https:\/\/ironsky.pl\/sklep\/wp-content\/uploads\/2026\/04\/36771_1.jpg\",\"contentUrl\":\"https:\/\/ironsky.pl\/sklep\/wp-content\/uploads\/2026\/04\/36771_1.jpg\",\"width\":800,\"height\":800},{\"@type\":\"BreadcrumbList\",\"@id\":\"https:\/\/ironsky.pl\/sklep\/produkt\/zestaw-filtrow-telesin-is-flt-g03-insta360-go-2-3\/#breadcrumb\",\"itemListElement\":[{\"@type\":\"ListItem\",\"position\":1,\"name\":\"Strona g\u0142\u00f3wna\",\"item\":\"https:\/\/ironsky.pl\/sklep\/\"},{\"@type\":\"ListItem\",\"position\":2,\"name\":\"Wszystkie produkty\",\"item\":\"https:\/\/ironsky.pl\/sklep\/produkty\/\"},{\"@type\":\"ListItem\",\"position\":3,\"name\":\"Zestaw filtr\u00f3w TELESIN IS-FLT-G03 Insta360 GO 2\/3\"}]},{\"@type\":\"WebSite\",\"@id\":\"https:\/\/ironsky.pl\/sklep\/#website\",\"url\":\"https:\/\/ironsky.pl\/sklep\/\",\"name\":\"IRONSKY.PL Sklep z Dronami\",\"description\":\"IRONSKY.PL Sklep z Dronami\",\"potentialAction\":[{\"@type\":\"SearchAction\",\"target\":{\"@type\":\"EntryPoint\",\"urlTemplate\":\"https:\/\/ironsky.pl\/sklep\/?s={search_term_string}\"},\"query-input\":{\"@type\":\"PropertyValueSpecification\",\"valueRequired\":true,\"valueName\":\"search_term_string\"}}],\"inLanguage\":\"pl-PL\"}]}<\/script>\n<!-- \/ Yoast SEO plugin. -->","yoast_head_json":{"title":"Zestaw filtr\u00f3w TELESIN IS-FLT-G03 Insta360 GO 2\/3 - IRONSKY.PL Sklep z Dronami","description":"Zestaw filtr\u00f3w TELESIN IS-FLT-G03 Insta360 GO 2\/3 - \u2705 sklep z dronami i fachowym doradztwem. \u2705 Tutaj kupisz produkty DJI, Yuneec, Parrot, Syma i wiele innych, a tak\u017ce kursy i licencje na operatora drona.","robots":{"index":"index","follow":"follow","max-snippet":"max-snippet:-1","max-image-preview":"max-image-preview:large","max-video-preview":"max-video-preview:-1"},"canonical":"https:\/\/ironsky.pl\/sklep\/produkt\/zestaw-filtrow-telesin-is-flt-g03-insta360-go-2-3\/","og_locale":"pl_PL","og_type":"article","og_title":"Zestaw filtr\u00f3w TELESIN IS-FLT-G03 Insta360 GO 2\/3 - IRONSKY.PL Sklep z Dronami","og_description":"Zestaw filtr\u00f3w TELESIN IS-FLT-G03 Insta360 GO 2\/3 - \u2705 sklep z dronami i fachowym doradztwem. \u2705 Tutaj kupisz produkty DJI, Yuneec, Parrot, Syma i wiele innych, a tak\u017ce kursy i licencje na operatora drona.","og_url":"https:\/\/ironsky.pl\/sklep\/produkt\/zestaw-filtrow-telesin-is-flt-g03-insta360-go-2-3\/","og_site_name":"IRONSKY.PL Sklep z Dronami","article_modified_time":"2026-04-15T08:29:59+00:00","og_image":[{"width":800,"height":800,"url":"https:\/\/ironsky.pl\/sklep\/wp-content\/uploads\/2026\/04\/36771_1.jpg","type":"image\/jpeg"}],"twitter_card":"summary_large_image","twitter_misc":{"Szacowany czas czytania":"2 minuty"},"schema":{"@context":"https:\/\/schema.org","@graph":[{"@type":"WebPage","@id":"https:\/\/ironsky.pl\/sklep\/produkt\/zestaw-filtrow-telesin-is-flt-g03-insta360-go-2-3\/","url":"https:\/\/ironsky.pl\/sklep\/produkt\/zestaw-filtrow-telesin-is-flt-g03-insta360-go-2-3\/","name":"Zestaw filtr\u00f3w TELESIN IS-FLT-G03 Insta360 GO 2\/3 - IRONSKY.PL Sklep z Dronami","isPartOf":{"@id":"https:\/\/ironsky.pl\/sklep\/#website"},"primaryImageOfPage":{"@id":"https:\/\/ironsky.pl\/sklep\/produkt\/zestaw-filtrow-telesin-is-flt-g03-insta360-go-2-3\/#primaryimage"},"image":{"@id":"https:\/\/ironsky.pl\/sklep\/produkt\/zestaw-filtrow-telesin-is-flt-g03-insta360-go-2-3\/#primaryimage"},"thumbnailUrl":"https:\/\/ironsky.pl\/sklep\/wp-content\/uploads\/2026\/04\/36771_1.jpg","datePublished":"2026-04-15T08:29:55+00:00","dateModified":"2026-04-15T08:29:59+00:00","description":"Zestaw filtr\u00f3w TELESIN IS-FLT-G03 Insta360 GO 2\/3 - \u2705 sklep z dronami i fachowym doradztwem. \u2705 Tutaj kupisz produkty DJI, Yuneec, Parrot, Syma i wiele innych, a tak\u017ce kursy i licencje na operatora drona.","breadcrumb":{"@id":"https:\/\/ironsky.pl\/sklep\/produkt\/zestaw-filtrow-telesin-is-flt-g03-insta360-go-2-3\/#breadcrumb"},"inLanguage":"pl-PL","potentialAction":[{"@type":"ReadAction","target":["https:\/\/ironsky.pl\/sklep\/produkt\/zestaw-filtrow-telesin-is-flt-g03-insta360-go-2-3\/"]}]},{"@type":"ImageObject","inLanguage":"pl-PL","@id":"https:\/\/ironsky.pl\/sklep\/produkt\/zestaw-filtrow-telesin-is-flt-g03-insta360-go-2-3\/#primaryimage","url":"https:\/\/ironsky.pl\/sklep\/wp-content\/uploads\/2026\/04\/36771_1.jpg","contentUrl":"https:\/\/ironsky.pl\/sklep\/wp-content\/uploads\/2026\/04\/36771_1.jpg","width":800,"height":800},{"@type":"BreadcrumbList","@id":"https:\/\/ironsky.pl\/sklep\/produkt\/zestaw-filtrow-telesin-is-flt-g03-insta360-go-2-3\/#breadcrumb","itemListElement":[{"@type":"ListItem","position":1,"name":"Strona g\u0142\u00f3wna","item":"https:\/\/ironsky.pl\/sklep\/"},{"@type":"ListItem","position":2,"name":"Wszystkie produkty","item":"https:\/\/ironsky.pl\/sklep\/produkty\/"},{"@type":"ListItem","position":3,"name":"Zestaw filtr\u00f3w TELESIN IS-FLT-G03 Insta360 GO 2\/3"}]},{"@type":"WebSite","@id":"https:\/\/ironsky.pl\/sklep\/#website","url":"https:\/\/ironsky.pl\/sklep\/","name":"IRONSKY.PL Sklep z Dronami","description":"IRONSKY.PL Sklep z Dronami","potentialAction":[{"@type":"SearchAction","target":{"@type":"EntryPoint","urlTemplate":"https:\/\/ironsky.pl\/sklep\/?s={search_term_string}"},"query-input":{"@type":"PropertyValueSpecification","valueRequired":true,"valueName":"search_term_string"}}],"inLanguage":"pl-PL"}]}},"_links":{"self":[{"href":"https:\/\/ironsky.pl\/sklep\/wp-json\/wp\/v2\/product\/57788","targetHints":{"allow":["GET"]}}],"collection":[{"href":"https:\/\/ironsky.pl\/sklep\/wp-json\/wp\/v2\/product"}],"about":[{"href":"https:\/\/ironsky.pl\/sklep\/wp-json\/wp\/v2\/types\/product"}],"replies":[{"embeddable":true,"href":"https:\/\/ironsky.pl\/sklep\/wp-json\/wp\/v2\/comments?post=57788"}],"wp:featuredmedia":[{"embeddable":true,"href":"https:\/\/ironsky.pl\/sklep\/wp-json\/wp\/v2\/media\/57789"}],"wp:attachment":[{"href":"https:\/\/ironsky.pl\/sklep\/wp-json\/wp\/v2\/media?parent=57788"}],"wp:term":[{"taxonomy":"product_brand","embeddable":true,"href":"https:\/\/ironsky.pl\/sklep\/wp-json\/wp\/v2\/product_brand?post=57788"},{"taxonomy":"product_cat","embeddable":true,"href":"https:\/\/ironsky.pl\/sklep\/wp-json\/wp\/v2\/product_cat?post=57788"},{"taxonomy":"product_tag","embeddable":true,"href":"https:\/\/ironsky.pl\/sklep\/wp-json\/wp\/v2\/product_tag?post=57788"}],"curies":[{"name":"wp","href":"https:\/\/api.w.org\/{rel}","templated":true}]}}