{"id":57713,"date":"2026-04-15T10:29:14","date_gmt":"2026-04-15T08:29:14","guid":{"rendered":"https:\/\/ironsky.pl\/sklep\/produkt\/ladowarka-skyrc-d100neo-2-portowa\/"},"modified":"2026-04-15T10:29:15","modified_gmt":"2026-04-15T08:29:15","slug":"ladowarka-skyrc-d100neo-2-portowa","status":"publish","type":"product","link":"https:\/\/ironsky.pl\/sklep\/produkt\/ladowarka-skyrc-d100neo-2-portowa\/","title":{"rendered":"\u0141adowarka SKYRC D100neo 2-portowa"},"content":{"rendered":"<h3>\u0141adowarka SkyRC D100neo<\/h3>\n<p>\u0141adowarka SkyRC D100neo wyposa\u017cona jest w 2 porty, umo\u017cliwiaj\u0105ce jednoczesne \u0142adowanie z moc\u0105 200 W przy wykorzystaniu zasilania DC. Obs\u0142uguje r\u00f3\u017cnorodne typy akumulator\u00f3w, w tym LiPo, LiFe, Li-ion, LiHV, NiMH, i NiCd i zapewnia funkcj\u0119 balansowania napi\u0119cia na poziomie \u00b10.02V. Na wydajno\u015b\u0107 urz\u0105dzenia wp\u0142ywa tak\u017ce kolorowy wy\u015bwietlacz o wysokiej rozdzielczo\u015bci i interfejs, zapewniaj\u0105cy \u0142atwo\u015b\u0107 obs\u0142ugi. Produkt wyposa\u017cono r\u00f3wnie\u017c w port USB-C z funkcj\u0105 Power Delivery 20 W do szybkiego \u0142adowania. Za bezpiecze\u0144stwo u\u017cytkowania odpowiadaj\u0105 zaawansowane funkcje ochronne.<\/p>\n<p><img decoding=\"async\" src=\"https:\/\/b2b.innpro.pl\/data\/include\/cms\/SkyRC\/SK-100199-01\/13.jpg\" alt=\"SkyRC\/SK-100199-01\/13\"><\/p>\n<h3>Imponuj\u0105ca moc w kompaktowej formie<\/h3>\n<p>Ka\u017cdy z port\u00f3w D100neo obs\u0142uguje pr\u0105d si\u0119gaj\u0105cy 10 A, co umo\u017cliwia szybkie i efektywne \u0142adowanie 2 akumulator\u00f3w jednocze\u015bnie. Dzi\u0119ki inteligentnemu zarz\u0105dzaniu moc\u0105 \u0142adowarka utrzymuje stabilno\u015b\u0107 i dok\u0142adno\u015b\u0107 \u0142adowania nawet przy pe\u0142nym obci\u0105\u017ceniu, zapewniaj\u0105c r\u00f3wnomiernie na\u0142adowane ogniwa i tym samym przed\u0142u\u017caj\u0105c ich \u017cywotno\u015b\u0107. Moc wyj\u015bciowa urz\u0105dzenia wynosi do 200 W (konieczne jest wykorzystanie zasilania DC), co dodatkowo zwi\u0119ksza wydajno\u015b\u0107 odnawiania energii. Mimo imponuj\u0105cych parametr\u00f3w produkt wyr\u00f3\u017cnia si\u0119 kompaktow\u0105 konstrukcj\u0105 i jest o 40% mniejszy od standardowych \u0142adowarek. Oferuje te\u017c kolorowy wy\u015bwietlacz z imponuj\u0105c\u0105 liczb\u0105 76 800 pikseli, umo\u017cliwiaj\u0105c wygodny dost\u0119p do istotnych informacji.<\/p>\n<p><img decoding=\"async\" src=\"https:\/\/b2b.innpro.pl\/data\/include\/cms\/SkyRC\/SK-100199-01\/1.jpg\" alt=\"SkyRC\/SK-100199-01\/1\"><\/p>\n<h3>Optymalne zarz\u0105dzanie energi\u0105<\/h3>\n<p>\u0141adowarka SkyRC D100neo \u0142\u0105czy w sobie efektywne \u0142adowanie z moc\u0105 do 25 W oraz zaawansowane roz\u0142adowywanie z mo\u017cliwo\u015bci\u0105 balansowania napi\u0119\u0107, co z kolei zapewnia optymaln\u0105 kondycj\u0119 i d\u0142ug\u0105 \u017cywotno\u015b\u0107 akumulatora. Urz\u0105dzenie automatycznie rozdziela moc mi\u0119dzy portami, maksymalizuj\u0105c wydajno\u015b\u0107 \u0142adowania pojedynczych akumulator\u00f3w i zapewniaj\u0105c szybkie \u0142adowanie przy wykorzystaniu obu port\u00f3w w tym samym czasie. Ponadto zapewnia balanser z dok\u0142adno\u015bci\u0105 do \u00b10.02V, gwarantuj\u0105c tym samym optymalizacj\u0119 napi\u0119cia ka\u017cdej kom\u00f3rki, co jest kluczowe dla wyd\u0142u\u017cenia ich \u017cywotno\u015bci i zachowania pe\u0142nej pojemno\u015bci.<\/p>\n<p><img decoding=\"async\" src=\"https:\/\/b2b.innpro.pl\/data\/include\/cms\/SkyRC\/SK-100199-01\/9.jpg\" alt=\"SkyRC\/SK-100199-01\/9\"><\/p>\n<h3>Uniwersalno\u015b\u0107<\/h3>\n<p>D100neo mo\u017ce pracowa\u0107 zar\u00f3wno w trybie AC, jak i DC. Przy zasilaniu AC moc dynamicznie rozdzielana jest mi\u0119dzy portami do \u0142\u0105cznej warto\u015bci 100W, podczas gdy przy zasilaniu DC ka\u017cdy port mo\u017ce osi\u0105gn\u0105\u0107 pe\u0142ne 100W, co znacznie przyspiesza \u0142adowanie. Gdy oba porty s\u0105 u\u017cywane r\u00f3wnocze\u015bnie, \u0142adowarka inteligentnie zarz\u0105dza dost\u0119pn\u0105 moc\u0105. Po zako\u0144czeniu \u0142adowania na jednym porcie drugi otrzymuje zwi\u0119kszon\u0105 moc, co maksymalizuje efektywno\u015b\u0107 ca\u0142ego procesu. Ponadto urz\u0105dzenie mo\u017ce pe\u0142ni\u0107 funkcj\u0119 cyfrowego \u017ar\u00f3d\u0142a zasilania z regulowanym napi\u0119ciem i pr\u0105dem, dzi\u0119ki czemu sprawdzi si\u0119 nie tylko w\u015br\u00f3d modelarzy, ale tak\u017ce elektronik\u00f3w oraz majsterkowicz\u00f3w.<\/p>\n<p><img decoding=\"async\" src=\"https:\/\/b2b.innpro.pl\/data\/include\/cms\/SkyRC\/SK-100199-01\/5.jpg\" alt=\"SkyRC\/SK-100199-01\/5\"><\/p>\n<h3>Szybkie \u0142adowanie<\/h3>\n<p>Dzi\u0119ki portowi USB-C PD 3.0, obs\u0142uguj\u0105cemu moc a\u017c 20 W, u\u017cytkownicy modeli RC mog\u0105 cieszy\u0107 si\u0119 znacz\u0105co przyspieszonym procesem \u0142adowania swoich urz\u0105dze\u0144, takich jak smartfony, tablety oraz MacBooki Air z 2020 roku.<\/p>\n<p><img decoding=\"async\" src=\"https:\/\/b2b.innpro.pl\/data\/include\/cms\/SkyRC\/SK-100199-01\/8.jpg\" alt=\"SkyRC\/SK-100199-01\/8\"><\/p>\n<h3>Bezpiecze\u0144stwo i \u0142atwo\u015b\u0107 u\u017cytkowania<\/h3>\n<p>Ochrona przed nadmiernym \u0142adowaniem i przeci\u0105\u017ceniem zapewnia ca\u0142kowite bezpiecze\u0144stwo u\u017cytkowania \u0142adowarki. Innowacyjny system termiczny umo\u017cliwia procesorowi Arm Cortex-M4 prac\u0119 na wysokich obci\u0105\u017ceniach bez generowania uci\u0105\u017cliwego ha\u0142asu. Interfejs ColorX gwarantuje \u0142atwo\u015b\u0107 obs\u0142ugi i umo\u017cliwia zmian\u0119 ustawie\u0144 z uwzgl\u0119dnieniem wielu j\u0119zyk\u00f3w. Dodatkowo dzi\u0119ki mo\u017cliwo\u015bci aktualizacji firmware&#8217;u przez USB-C urz\u0105dzenie zawsze b\u0119dzie zgodne z najnowszym oprogramowaniem. Dodatkowym atutem jest uniwersalne napi\u0119ciem wej\u015bciowe (od 110 V do 220 V), umo\u017cliwiaj\u0105ce zabranie modelu D100neo w podr\u00f3\u017c. <\/p>\n<p><img decoding=\"async\" src=\"https:\/\/b2b.innpro.pl\/data\/include\/cms\/SkyRC\/SK-100199-01\/4.jpg\" alt=\"SkyRC\/SK-100199-01\/4\"><\/p>\n<h3>Bezproblemowe po\u0142\u0105czenie<\/h3>\n<p>Port USB-C umo\u017cliwia wygodne pod\u0142\u0105czenie \u0142adowarki D100neo do komputera PC lub Mac. Z poziomu aplikacji Charger Master mo\u017cesz dostosowa\u0107 parametry \u0142adowania, monitorowa\u0107 stan akumulatora i optymalizowa\u0107 wydajno\u015b\u0107. Ponadto aktualizacja oprogramowania odbywa si\u0119 sprawnie i bezproblemowo, dzi\u0119ki czemu z \u0142atwo\u015bci\u0105 zwi\u0119kszysz mo\u017cliwo\u015bci swojej \u0142adowarki.<\/p>\n<p><img decoding=\"async\" src=\"https:\/\/b2b.innpro.pl\/data\/include\/cms\/SkyRC\/SK-100199-01\/7.jpg\" alt=\"SkyRC\/SK-100199-01\/7\"><\/p>\n<div class=\"table-wrapper\">\n<table>\n<tbody>\n<tr>\n<th>Producent<\/th>\n<td>SkyRC<\/td>\n<\/tr>\n<tr>\n<th>Model<\/th>\n<td>SK-100199-01<\/td>\n<\/tr>\n<tr>\n<th>\n<h3>WYMIARY I WAGA<\/h3>\n<\/th>\n<td><\/td>\n<\/tr>\n<tr>\n<th>Materia\u0142 obudowy<\/th>\n<td>PC-ABS V0<\/td>\n<\/tr>\n<tr>\n<th>Wymiary obudowy<\/th>\n<td>116 x 110 x 79 mm<\/td>\n<\/tr>\n<tr>\n<th>Waga<\/th>\n<td>470 g<\/td>\n<\/tr>\n<tr>\n<th>\n<h3>WY\u015aWIETLACZ<\/h3>\n<\/th>\n<td><\/td>\n<\/tr>\n<tr>\n<th>Typ <\/th>\n<td>TN<\/td>\n<\/tr>\n<tr>\n<th>Rozmiar<\/th>\n<td>2,8\u201d<\/td>\n<\/tr>\n<tr>\n<th>Aktywna powierzchnia panelu<\/th>\n<td>43,20 x 57,60 mm<\/td>\n<\/tr>\n<tr>\n<th>Rozdzielczo\u015b\u0107<\/th>\n<td>240&#215;320 pikseli<\/td>\n<\/tr>\n<tr>\n<th>Liczba kolor\u00f3w<\/th>\n<td>262 tysi\u0105ce<\/td>\n<\/tr>\n<tr>\n<th>\n<h3>ZASILANIE<\/h3>\n<\/th>\n<td><\/td>\n<\/tr>\n<tr>\n<th>Napi\u0119cie wej\u015bciowe DC<\/th>\n<td>10-30V<\/td>\n<\/tr>\n<tr>\n<th>Napi\u0119cie wej\u015bciowe AC<\/th>\n<td>100-240V<\/td>\n<\/tr>\n<tr>\n<th>Moc \u0142adowarki<\/th>\n<td>AC: 100W MAX; DC: 200W MAX<\/td>\n<\/tr>\n<tr>\n<th>Moc roz\u0142adowywania<\/th>\n<td>g\u0142\u00f3wny port: 5W; Port balansuj\u0105cy: 25W maks. (LiPo\/6S)<\/td>\n<\/tr>\n<tr>\n<th>\u0141adowanie PD 20 W przez port USB-C<\/th>\n<td>QC3.0: 5V\u23933A, 9V\u23932A, 12V\u23931,5A 18W; PD: 5V\u23933A, 9V\u23932,2A, 12V\u23931,67A 20W<\/td>\n<\/tr>\n<tr>\n<th>\n<h3>AKUMULATOR<\/h3>\n<\/th>\n<td><\/td>\n<\/tr>\n<tr>\n<th>Rodzaje akumulator\u00f3w\/kom\u00f3rek<\/th>\n<td>LiPo\/LiHV\/LiFe\/LiIon: 1-6 kom\u00f3rek; NiMH\/NiCd: 1-15 kom\u00f3rek; Pb: 3S\/6S\/12S<\/td>\n<\/tr>\n<tr>\n<th>\n<h3>\u0141ADOWANIE I ROZ\u0141ADOWYWANIE<\/h3>\n<\/th>\n<td><\/td>\n<\/tr>\n<tr>\n<th>Pr\u0105d \u0142adowania<\/th>\n<td>LiPo\/LiFe\/LiIon\/LiHV\/NiMH\/NiCd\/Pb: 0,2-10,0A<\/td>\n<\/tr>\n<tr>\n<th>Pr\u0105d roz\u0142adowywania<\/th>\n<td>LiPo\/LiFe\/LiIon\/LiHV\/NiMH\/NiCd\/Pb: 0,1-2,0A<\/td>\n<\/tr>\n<tr>\n<th>Pr\u0105d balansowania<\/th>\n<td>LiPo\/LiFe\/LiIon\/LiHV: 1,0A MAX<\/td>\n<\/tr>\n<tr>\n<th>Funkcje<\/th>\n<td>LiPo\/LiFe\/LiIon\/LiHV: \u0142adowanie z balansowaniem, \u0142adowanie, przechowywanie, roz\u0142adowywanie; NiMH\/NiCd: \u0142adowanie, Re-Peak, CYCLE_C_D, CYCLE_D_C, roz\u0142adowywanie; Pb: normalne \u0142adowanie, \u0142adowanie AGM, \u0142adowanie w niskiej temperaturze, roz\u0142adowywanie<\/td>\n<\/tr>\n<\/tbody>\n<\/table>\n<\/div>\n","protected":false},"excerpt":{"rendered":"<p>\u0141adowarka SkyRC D100neo \u0141adowarka SkyRC D100neo wyposa\u017cona jest w 2 porty, umo\u017cliwiaj\u0105ce jednoczesne \u0142adowanie z moc\u0105 200 W przy wykorzystaniu<\/p>\n","protected":false},"featured_media":57714,"comment_status":"closed","ping_status":"open","template":"","meta":{"_acf_changed":false},"product_brand":[],"product_cat":[1173,1174,1169],"product_tag":[],"class_list":{"0":"post-57713","1":"product","2":"type-product","3":"status-publish","4":"has-post-thumbnail","6":"product_cat-ladowanie","7":"product_cat-ladowarki","8":"product_cat-modele-rc","9":"pa_okres-gwarancji-5754","10":"pa_producent-skyrc","12":"first","13":"outofstock","14":"taxable","15":"shipping-taxable","16":"purchasable","17":"product-type-simple"},"acf":[],"yoast_head":"<!-- This site is optimized with the Yoast SEO plugin v27.2 - https:\/\/yoast.com\/product\/yoast-seo-wordpress\/ -->\n<title>\u0141adowarka SKYRC D100neo 2-portowa - IRONSKY.PL Sklep z Dronami<\/title>\n<meta name=\"description\" content=\"\u0141adowarka SKYRC D100neo 2-portowa - \u2705 sklep z dronami i fachowym doradztwem. \u2705 Tutaj kupisz produkty DJI, Yuneec, Parrot, Syma i wiele innych, a tak\u017ce kursy i licencje na operatora drona.\" \/>\n<meta name=\"robots\" content=\"index, follow, max-snippet:-1, max-image-preview:large, max-video-preview:-1\" \/>\n<link rel=\"canonical\" href=\"https:\/\/ironsky.pl\/sklep\/produkt\/ladowarka-skyrc-d100neo-2-portowa\/\" \/>\n<meta property=\"og:locale\" content=\"pl_PL\" \/>\n<meta property=\"og:type\" content=\"article\" \/>\n<meta property=\"og:title\" content=\"\u0141adowarka SKYRC D100neo 2-portowa - IRONSKY.PL Sklep z Dronami\" \/>\n<meta property=\"og:description\" content=\"\u0141adowarka SKYRC D100neo 2-portowa - \u2705 sklep z dronami i fachowym doradztwem. \u2705 Tutaj kupisz produkty DJI, Yuneec, Parrot, Syma i wiele innych, a tak\u017ce kursy i licencje na operatora drona.\" \/>\n<meta property=\"og:url\" content=\"https:\/\/ironsky.pl\/sklep\/produkt\/ladowarka-skyrc-d100neo-2-portowa\/\" \/>\n<meta property=\"og:site_name\" content=\"IRONSKY.PL Sklep z Dronami\" \/>\n<meta property=\"article:modified_time\" content=\"2026-04-15T08:29:15+00:00\" \/>\n<meta property=\"og:image\" content=\"https:\/\/ironsky.pl\/sklep\/wp-content\/uploads\/2026\/04\/36457_1.jpg\" \/>\n\t<meta property=\"og:image:width\" content=\"800\" \/>\n\t<meta property=\"og:image:height\" content=\"800\" \/>\n\t<meta property=\"og:image:type\" content=\"image\/jpeg\" \/>\n<meta name=\"twitter:card\" content=\"summary_large_image\" \/>\n<meta name=\"twitter:label1\" content=\"Szacowany czas czytania\" \/>\n\t<meta name=\"twitter:data1\" content=\"4 minuty\" \/>\n<script type=\"application\/ld+json\" class=\"yoast-schema-graph\">{\"@context\":\"https:\/\/schema.org\",\"@graph\":[{\"@type\":\"WebPage\",\"@id\":\"https:\/\/ironsky.pl\/sklep\/produkt\/ladowarka-skyrc-d100neo-2-portowa\/\",\"url\":\"https:\/\/ironsky.pl\/sklep\/produkt\/ladowarka-skyrc-d100neo-2-portowa\/\",\"name\":\"\u0141adowarka SKYRC D100neo 2-portowa - IRONSKY.PL Sklep z Dronami\",\"isPartOf\":{\"@id\":\"https:\/\/ironsky.pl\/sklep\/#website\"},\"primaryImageOfPage\":{\"@id\":\"https:\/\/ironsky.pl\/sklep\/produkt\/ladowarka-skyrc-d100neo-2-portowa\/#primaryimage\"},\"image\":{\"@id\":\"https:\/\/ironsky.pl\/sklep\/produkt\/ladowarka-skyrc-d100neo-2-portowa\/#primaryimage\"},\"thumbnailUrl\":\"https:\/\/ironsky.pl\/sklep\/wp-content\/uploads\/2026\/04\/36457_1.jpg\",\"datePublished\":\"2026-04-15T08:29:14+00:00\",\"dateModified\":\"2026-04-15T08:29:15+00:00\",\"description\":\"\u0141adowarka SKYRC D100neo 2-portowa - \u2705 sklep z dronami i fachowym doradztwem. \u2705 Tutaj kupisz produkty DJI, Yuneec, Parrot, Syma i wiele innych, a tak\u017ce kursy i licencje na operatora drona.\",\"breadcrumb\":{\"@id\":\"https:\/\/ironsky.pl\/sklep\/produkt\/ladowarka-skyrc-d100neo-2-portowa\/#breadcrumb\"},\"inLanguage\":\"pl-PL\",\"potentialAction\":[{\"@type\":\"ReadAction\",\"target\":[\"https:\/\/ironsky.pl\/sklep\/produkt\/ladowarka-skyrc-d100neo-2-portowa\/\"]}]},{\"@type\":\"ImageObject\",\"inLanguage\":\"pl-PL\",\"@id\":\"https:\/\/ironsky.pl\/sklep\/produkt\/ladowarka-skyrc-d100neo-2-portowa\/#primaryimage\",\"url\":\"https:\/\/ironsky.pl\/sklep\/wp-content\/uploads\/2026\/04\/36457_1.jpg\",\"contentUrl\":\"https:\/\/ironsky.pl\/sklep\/wp-content\/uploads\/2026\/04\/36457_1.jpg\",\"width\":800,\"height\":800},{\"@type\":\"BreadcrumbList\",\"@id\":\"https:\/\/ironsky.pl\/sklep\/produkt\/ladowarka-skyrc-d100neo-2-portowa\/#breadcrumb\",\"itemListElement\":[{\"@type\":\"ListItem\",\"position\":1,\"name\":\"Strona g\u0142\u00f3wna\",\"item\":\"https:\/\/ironsky.pl\/sklep\/\"},{\"@type\":\"ListItem\",\"position\":2,\"name\":\"Wszystkie produkty\",\"item\":\"https:\/\/ironsky.pl\/sklep\/produkty\/\"},{\"@type\":\"ListItem\",\"position\":3,\"name\":\"\u0141adowarka SKYRC D100neo 2-portowa\"}]},{\"@type\":\"WebSite\",\"@id\":\"https:\/\/ironsky.pl\/sklep\/#website\",\"url\":\"https:\/\/ironsky.pl\/sklep\/\",\"name\":\"IRONSKY.PL Sklep z Dronami\",\"description\":\"IRONSKY.PL Sklep z Dronami\",\"potentialAction\":[{\"@type\":\"SearchAction\",\"target\":{\"@type\":\"EntryPoint\",\"urlTemplate\":\"https:\/\/ironsky.pl\/sklep\/?s={search_term_string}\"},\"query-input\":{\"@type\":\"PropertyValueSpecification\",\"valueRequired\":true,\"valueName\":\"search_term_string\"}}],\"inLanguage\":\"pl-PL\"}]}<\/script>\n<!-- \/ Yoast SEO plugin. -->","yoast_head_json":{"title":"\u0141adowarka SKYRC D100neo 2-portowa - IRONSKY.PL Sklep z Dronami","description":"\u0141adowarka SKYRC D100neo 2-portowa - \u2705 sklep z dronami i fachowym doradztwem. \u2705 Tutaj kupisz produkty DJI, Yuneec, Parrot, Syma i wiele innych, a tak\u017ce kursy i licencje na operatora drona.","robots":{"index":"index","follow":"follow","max-snippet":"max-snippet:-1","max-image-preview":"max-image-preview:large","max-video-preview":"max-video-preview:-1"},"canonical":"https:\/\/ironsky.pl\/sklep\/produkt\/ladowarka-skyrc-d100neo-2-portowa\/","og_locale":"pl_PL","og_type":"article","og_title":"\u0141adowarka SKYRC D100neo 2-portowa - IRONSKY.PL Sklep z Dronami","og_description":"\u0141adowarka SKYRC D100neo 2-portowa - \u2705 sklep z dronami i fachowym doradztwem. \u2705 Tutaj kupisz produkty DJI, Yuneec, Parrot, Syma i wiele innych, a tak\u017ce kursy i licencje na operatora drona.","og_url":"https:\/\/ironsky.pl\/sklep\/produkt\/ladowarka-skyrc-d100neo-2-portowa\/","og_site_name":"IRONSKY.PL Sklep z Dronami","article_modified_time":"2026-04-15T08:29:15+00:00","og_image":[{"width":800,"height":800,"url":"https:\/\/ironsky.pl\/sklep\/wp-content\/uploads\/2026\/04\/36457_1.jpg","type":"image\/jpeg"}],"twitter_card":"summary_large_image","twitter_misc":{"Szacowany czas czytania":"4 minuty"},"schema":{"@context":"https:\/\/schema.org","@graph":[{"@type":"WebPage","@id":"https:\/\/ironsky.pl\/sklep\/produkt\/ladowarka-skyrc-d100neo-2-portowa\/","url":"https:\/\/ironsky.pl\/sklep\/produkt\/ladowarka-skyrc-d100neo-2-portowa\/","name":"\u0141adowarka SKYRC D100neo 2-portowa - IRONSKY.PL Sklep z Dronami","isPartOf":{"@id":"https:\/\/ironsky.pl\/sklep\/#website"},"primaryImageOfPage":{"@id":"https:\/\/ironsky.pl\/sklep\/produkt\/ladowarka-skyrc-d100neo-2-portowa\/#primaryimage"},"image":{"@id":"https:\/\/ironsky.pl\/sklep\/produkt\/ladowarka-skyrc-d100neo-2-portowa\/#primaryimage"},"thumbnailUrl":"https:\/\/ironsky.pl\/sklep\/wp-content\/uploads\/2026\/04\/36457_1.jpg","datePublished":"2026-04-15T08:29:14+00:00","dateModified":"2026-04-15T08:29:15+00:00","description":"\u0141adowarka SKYRC D100neo 2-portowa - \u2705 sklep z dronami i fachowym doradztwem. \u2705 Tutaj kupisz produkty DJI, Yuneec, Parrot, Syma i wiele innych, a tak\u017ce kursy i licencje na operatora drona.","breadcrumb":{"@id":"https:\/\/ironsky.pl\/sklep\/produkt\/ladowarka-skyrc-d100neo-2-portowa\/#breadcrumb"},"inLanguage":"pl-PL","potentialAction":[{"@type":"ReadAction","target":["https:\/\/ironsky.pl\/sklep\/produkt\/ladowarka-skyrc-d100neo-2-portowa\/"]}]},{"@type":"ImageObject","inLanguage":"pl-PL","@id":"https:\/\/ironsky.pl\/sklep\/produkt\/ladowarka-skyrc-d100neo-2-portowa\/#primaryimage","url":"https:\/\/ironsky.pl\/sklep\/wp-content\/uploads\/2026\/04\/36457_1.jpg","contentUrl":"https:\/\/ironsky.pl\/sklep\/wp-content\/uploads\/2026\/04\/36457_1.jpg","width":800,"height":800},{"@type":"BreadcrumbList","@id":"https:\/\/ironsky.pl\/sklep\/produkt\/ladowarka-skyrc-d100neo-2-portowa\/#breadcrumb","itemListElement":[{"@type":"ListItem","position":1,"name":"Strona g\u0142\u00f3wna","item":"https:\/\/ironsky.pl\/sklep\/"},{"@type":"ListItem","position":2,"name":"Wszystkie produkty","item":"https:\/\/ironsky.pl\/sklep\/produkty\/"},{"@type":"ListItem","position":3,"name":"\u0141adowarka SKYRC D100neo 2-portowa"}]},{"@type":"WebSite","@id":"https:\/\/ironsky.pl\/sklep\/#website","url":"https:\/\/ironsky.pl\/sklep\/","name":"IRONSKY.PL Sklep z Dronami","description":"IRONSKY.PL Sklep z Dronami","potentialAction":[{"@type":"SearchAction","target":{"@type":"EntryPoint","urlTemplate":"https:\/\/ironsky.pl\/sklep\/?s={search_term_string}"},"query-input":{"@type":"PropertyValueSpecification","valueRequired":true,"valueName":"search_term_string"}}],"inLanguage":"pl-PL"}]}},"_links":{"self":[{"href":"https:\/\/ironsky.pl\/sklep\/wp-json\/wp\/v2\/product\/57713","targetHints":{"allow":["GET"]}}],"collection":[{"href":"https:\/\/ironsky.pl\/sklep\/wp-json\/wp\/v2\/product"}],"about":[{"href":"https:\/\/ironsky.pl\/sklep\/wp-json\/wp\/v2\/types\/product"}],"replies":[{"embeddable":true,"href":"https:\/\/ironsky.pl\/sklep\/wp-json\/wp\/v2\/comments?post=57713"}],"wp:featuredmedia":[{"embeddable":true,"href":"https:\/\/ironsky.pl\/sklep\/wp-json\/wp\/v2\/media\/57714"}],"wp:attachment":[{"href":"https:\/\/ironsky.pl\/sklep\/wp-json\/wp\/v2\/media?parent=57713"}],"wp:term":[{"taxonomy":"product_brand","embeddable":true,"href":"https:\/\/ironsky.pl\/sklep\/wp-json\/wp\/v2\/product_brand?post=57713"},{"taxonomy":"product_cat","embeddable":true,"href":"https:\/\/ironsky.pl\/sklep\/wp-json\/wp\/v2\/product_cat?post=57713"},{"taxonomy":"product_tag","embeddable":true,"href":"https:\/\/ironsky.pl\/sklep\/wp-json\/wp\/v2\/product_tag?post=57713"}],"curies":[{"name":"wp","href":"https:\/\/api.w.org\/{rel}","templated":true}]}}