{"id":57633,"date":"2026-04-15T10:27:45","date_gmt":"2026-04-15T08:27:45","guid":{"rendered":"https:\/\/ironsky.pl\/sklep\/produkt\/monitor-przenosny-arzopa-a1-m-173\/"},"modified":"2026-04-15T10:28:19","modified_gmt":"2026-04-15T08:28:19","slug":"monitor-przenosny-arzopa-a1-m-173","status":"publish","type":"product","link":"https:\/\/ironsky.pl\/sklep\/produkt\/monitor-przenosny-arzopa-a1-m-173\/","title":{"rendered":"Monitor przeno\u015bny ARZOPA A1 M 17,3&#8243;"},"content":{"rendered":"<h3>Przeno\u015bny monitor Arzopa A1 M 17,3&#8243;<\/h3>\n<p>Przeno\u015bny monitor Arzopa A1 M, nast\u0119pca modelu A1 MAX, zapewnia najwy\u017csz\u0105 wydajno\u015b\u0107 w kompaktowej formie! Oferuje 17,3-calowy wy\u015bwietlacz Full HD, kt\u00f3ry odpowiada za doskona\u0142\u0105 jako\u015b\u0107 obrazu i \u017cywe kolory. Zaawansowana technologia Eye Care redukuje migotanie ekranu oraz szkodliwe niebieskie \u015bwiat\u0142o, co minimalizuje zm\u0119czenie oczu i zapewnia komfortow\u0105 prac\u0119 nawet przez ca\u0142y dzie\u0144. Posiada 2 wbudowane g\u0142o\u015bniki, a lekka i niewielka konstrukcja sprawia, \u017ce z \u0142atwo\u015bci\u0105 spakujesz go do torby i zabierz ze sob\u0105, gdzie tylko chcesz.<\/p>\n<p>\n<img decoding=\"async\" border=\"0\" src=\"https:\/\/assets.innpro.pl\/5586\/6572\/2.jpg\"\/>\n<\/p>\n<h3>\u015awietna jako\u015b\u0107 obrazu<\/h3>\n<p>Teraz \u017caden szczeg\u00f3\u0142 nie umknie Twojej uwadze podczas ogl\u0105dania film\u00f3w czy grania w gry! Jego 17,3-calowy ekran o proporcjach 16:9 i rozdzielczo\u015bci Full HD 1920 x 1080p zapewnia niezwykle wyra\u017ane i szczeg\u00f3\u0142owe obrazy, kt\u00f3re przenios\u0105 Ci\u0119 do \u015bwiata wirtualnej rzeczywisto\u015bci. Z jasno\u015bci\u0105 300 cd\/m2 mo\u017cesz cieszy\u0107 si\u0119 obrazem o \u017cywych kolorach i nasyconych detalach, nawet w jasno o\u015bwietlonych pomieszczeniach. Co wi\u0119cej, wykorzystuje r\u00f3wnie\u017c technologi\u0119 HDR, kt\u00f3ra gwarantuje jeszcze lepsza wra\u017cenia podczas ogl\u0105dania.<\/p>\n<p>\n<img decoding=\"async\" border=\"0\" src=\"https:\/\/assets.innpro.pl\/5586\/6572\/10.jpg\"\/>\n<\/p>\n<h3>Szeroka kompatybilno\u015b\u0107<\/h3>\n<p>Problemy z kompatybilno\u015bci\u0105 to ju\u017c przesz\u0142o\u015b\u0107! Arzopa A1 M oferuje kilka r\u00f3\u017cnych port\u00f3w. Wyposa\u017cono go w port mini HDMI i USB-C, kt\u00f3re umo\u017cliwiaj\u0105 bezproblemowe pod\u0142\u0105czenie do laptopa, tabletu, czy nawet konsoli do gier. Bez problemu pod\u0142\u0105czysz do niego MacBook\u2019a 12, laptop Lenovo Youga, smartfon Samsung S20, konsoli PS4 i wiele wi\u0119cej!<\/p>\n<p>\n<img decoding=\"async\" border=\"0\" src=\"https:\/\/assets.innpro.pl\/5586\/6572\/1.jpg\"\/>\n<\/p>\n<h3>Korzystaj tak, jak Ci wygodnie<\/h3>\n<p>Model A1 M oferuje a\u017c trzy tryby wy\u015bwietlania, dzi\u0119ki czemu doskonale sprawdzi si\u0119 w wielu sytuacjach. Tryb Duplicate pozwala na udost\u0119pnianie obrazu z laptopa na wi\u0119kszy ekran, natomiast tryb Extend umo\u017cliwia rozszerzenie pulpitu z g\u0142\u00f3wnego ekranu na przeno\u015bny monitor, zapewniaj\u0105c jeszcze wi\u0119ksz\u0105 przestrze\u0144 podczas pracy. Tryb Second Screen Mode pozwala na niezale\u017cne wykorzystanie A1 M jako drugiego ekranu.<\/p>\n<p>\n<img decoding=\"async\" border=\"0\" src=\"https:\/\/assets.innpro.pl\/5586\/6572\/8.jpg\"\/>\n<\/p>\n<h3>Lekki, wytrzyma\u0142y i niezawodny<\/h3>\n<p>Przeno\u015bny monitor zachwyca nie tylko fantastyczn\u0105 jako\u015bci\u0105 obrazu i funkcjonalno\u015bci\u0105, ale tak\u017ce swoj\u0105 solidn\u0105 konstrukcj\u0105. Wykonany ze stopu aluminium monitor jest lekki oraz wyj\u0105tkowo wytrzyma\u0142y \u2013 \u015bwietnie sprawdzi si\u0119 zar\u00f3wno podczas codziennego u\u017cytkowania, jak i w podr\u00f3\u017cy. Mo\u017cesz go ustawi\u0107 zar\u00f3wno w pionie, jak i poziomie, dostosowuj\u0105c go do swoich preferencji i stylu pracy, a szeroki k\u0105t widzenia 178\u00b0 zapewnia sp\u00f3jny obraz i doskona\u0142e odwzorowanie kolor\u00f3w, bez wzgl\u0119du na to, pod jakim k\u0105tem patrzysz na ekran.<\/p>\n<p>\n<img decoding=\"async\" border=\"0\" src=\"https:\/\/assets.innpro.pl\/5586\/6572\/6.jpg\"\/>\n<\/p>\n<h3>Odkryj pot\u0119g\u0119 d\u017awi\u0119ku<\/h3>\n<p>Swobodnie s\u0142uchaj ulubionych piosenek, bez konieczno\u015bci pod\u0142\u0105czenia dodatkowych g\u0142o\u015bnik\u00f3w! Przeno\u015bny monitor wyposa\u017cono w 2 g\u0142o\u015bniki, kt\u00f3re pozwalaj\u0105 cieszy\u0107 si\u0119 wysok\u0105 jako\u015bci\u0105 d\u017awi\u0119ku, a ponadto oferuj\u0105 niesamowity efekt d\u017awi\u0119ku przestrzennego Dolby Atmos. Niezale\u017cnie od tego, czy ogl\u0105dasz film, s\u0142uchasz muzyki czy grasz w gry, wbudowane g\u0142o\u015bniki przenios\u0105 Ci\u0119 w sam \u015brodek wydarze\u0144!<\/p>\n<p>\n<img decoding=\"async\" border=\"0\" src=\"https:\/\/assets.innpro.pl\/5586\/6572\/5.jpg\"\/>\n<\/p>\n<h3>W zestawie:<\/h3>\n<ul class=\"list-disc pl-5\">\n<li>przeno\u015bny monitor<\/li>\n<li>kabel USB-C do USB-C<\/li>\n<li>kabel Mini HDMI do HDMI (tylko do transmisji danych)<\/li>\n<li>kabel USB-C do USB-A (tylko do zasilania)<\/li>\n<li>instrukcja obs\u0142ugi<\/li>\n<\/ul>\n<div class=\"table-wrapper\">\n<p>\u00a0<\/p>\n<h3><\/h3>\n<table>\n<tbody>\n<tr>\n<th>Producent <\/th>\n<td>Arzopa<\/td>\n<\/tr>\n<tr>\n<th>Model<\/th>\n<td>A1 M<\/td>\n<\/tr>\n<tr>\n<th>Przek\u0105tna ekranu <\/th>\n<td>17,3\u201d (16:9)<\/td>\n<\/tr>\n<tr>\n<th>Matryca <\/th>\n<td>IPS<\/td>\n<\/tr>\n<tr>\n<th>Rozdzielczo\u015b\u0107 <\/th>\n<td>Full HD 1920 x 1080 p<\/td>\n<\/tr>\n<tr>\n<th>K\u0105t widzenia <\/th>\n<td>W pionie:178\u00b0; W poziomie: 178\u00b0<\/td>\n<\/tr>\n<tr>\n<th>Jasno\u015b\u0107 <\/th>\n<td>300 cd\/m2<\/td>\n<\/tr>\n<tr>\n<th>Cz\u0119stotliwo\u015b\u0107 od\u015bwie\u017cania <\/th>\n<td>60 Hz<\/td>\n<\/tr>\n<tr>\n<th>Gama kolor\u00f3w <\/th>\n<td>72% NTSC<\/td>\n<\/tr>\n<tr>\n<th>Kolor wy\u015bwietlacza <\/th>\n<td>16.7M (8-bit)<\/td>\n<\/tr>\n<tr>\n<th>Wsp\u00f3\u0142czynnik kontrastu <\/th>\n<td>1000:1<\/td>\n<\/tr>\n<tr>\n<th>Temperatura barwowa <\/th>\n<td>6800K<\/td>\n<\/tr>\n<tr>\n<th>Materia\u0142 wspornika <\/th>\n<td>Stop aluminium<\/td>\n<\/tr>\n<tr>\n<th>Porty wej\u015bciowe <\/th>\n<td>mini HDMI (sygna\u0142 wideo), 2x USB-C (przesy\u0142 wideo, zasilanie)<\/td>\n<\/tr>\n<tr>\n<th>G\u0142o\u015bniki <\/th>\n<td>2 wbudowane (1W x2)<\/td>\n<\/tr>\n<tr>\n<th>HDR <\/th>\n<td>Tak<\/td>\n<\/tr>\n<tr>\n<th>Przycisk OSD <\/th>\n<td>Tak<\/td>\n<\/tr>\n<\/tbody>\n<\/table>\n<\/div>\n","protected":false},"excerpt":{"rendered":"<p>Przeno\u015bny monitor Arzopa A1 M 17,3&#8243; Przeno\u015bny monitor Arzopa A1 M, nast\u0119pca modelu A1 MAX, zapewnia najwy\u017csz\u0105 wydajno\u015b\u0107 w kompaktowej<\/p>\n","protected":false},"featured_media":57634,"comment_status":"closed","ping_status":"open","template":"","meta":{"_acf_changed":false},"product_brand":[],"product_cat":[5929,5968],"product_tag":[],"class_list":{"0":"post-57633","1":"product","2":"type-product","3":"status-publish","4":"has-post-thumbnail","6":"product_cat-akcesoria-it","7":"product_cat-monitory-przenosne","8":"pa_okres-gwarancji-5754","9":"pa_producent-arzopa","11":"first","12":"outofstock","13":"taxable","14":"shipping-taxable","15":"purchasable","16":"product-type-simple"},"acf":[],"yoast_head":"<!-- This site is optimized with the Yoast SEO plugin v27.2 - https:\/\/yoast.com\/product\/yoast-seo-wordpress\/ -->\n<title>Monitor przeno\u015bny ARZOPA A1 M 17,3&quot; - IRONSKY.PL Sklep z Dronami<\/title>\n<meta name=\"description\" content=\"Monitor przeno\u015bny ARZOPA A1 M 17,3&quot; - \u2705 sklep z dronami i fachowym doradztwem. \u2705 Tutaj kupisz produkty DJI, Yuneec, Parrot, Syma i wiele innych, a tak\u017ce kursy i licencje na operatora drona.\" \/>\n<meta name=\"robots\" content=\"index, follow, max-snippet:-1, max-image-preview:large, max-video-preview:-1\" \/>\n<link rel=\"canonical\" href=\"https:\/\/ironsky.pl\/sklep\/produkt\/monitor-przenosny-arzopa-a1-m-173\/\" \/>\n<meta property=\"og:locale\" content=\"pl_PL\" \/>\n<meta property=\"og:type\" content=\"article\" \/>\n<meta property=\"og:title\" content=\"Monitor przeno\u015bny ARZOPA A1 M 17,3&quot; - IRONSKY.PL Sklep z Dronami\" \/>\n<meta property=\"og:description\" content=\"Monitor przeno\u015bny ARZOPA A1 M 17,3&quot; - \u2705 sklep z dronami i fachowym doradztwem. \u2705 Tutaj kupisz produkty DJI, Yuneec, Parrot, Syma i wiele innych, a tak\u017ce kursy i licencje na operatora drona.\" \/>\n<meta property=\"og:url\" content=\"https:\/\/ironsky.pl\/sklep\/produkt\/monitor-przenosny-arzopa-a1-m-173\/\" \/>\n<meta property=\"og:site_name\" content=\"IRONSKY.PL Sklep z Dronami\" \/>\n<meta property=\"article:modified_time\" content=\"2026-04-15T08:28:19+00:00\" \/>\n<meta property=\"og:image\" content=\"https:\/\/ironsky.pl\/sklep\/wp-content\/uploads\/2026\/04\/35976_5.jpg\" \/>\n\t<meta property=\"og:image:width\" content=\"800\" \/>\n\t<meta property=\"og:image:height\" content=\"800\" \/>\n\t<meta property=\"og:image:type\" content=\"image\/jpeg\" \/>\n<meta name=\"twitter:card\" content=\"summary_large_image\" \/>\n<meta name=\"twitter:label1\" content=\"Szacowany czas czytania\" \/>\n\t<meta name=\"twitter:data1\" content=\"3 minuty\" \/>\n<script type=\"application\/ld+json\" class=\"yoast-schema-graph\">{\"@context\":\"https:\/\/schema.org\",\"@graph\":[{\"@type\":\"WebPage\",\"@id\":\"https:\/\/ironsky.pl\/sklep\/produkt\/monitor-przenosny-arzopa-a1-m-173\/\",\"url\":\"https:\/\/ironsky.pl\/sklep\/produkt\/monitor-przenosny-arzopa-a1-m-173\/\",\"name\":\"Monitor przeno\u015bny ARZOPA A1 M 17,3\\\" - IRONSKY.PL Sklep z Dronami\",\"isPartOf\":{\"@id\":\"https:\/\/ironsky.pl\/sklep\/#website\"},\"primaryImageOfPage\":{\"@id\":\"https:\/\/ironsky.pl\/sklep\/produkt\/monitor-przenosny-arzopa-a1-m-173\/#primaryimage\"},\"image\":{\"@id\":\"https:\/\/ironsky.pl\/sklep\/produkt\/monitor-przenosny-arzopa-a1-m-173\/#primaryimage\"},\"thumbnailUrl\":\"https:\/\/ironsky.pl\/sklep\/wp-content\/uploads\/2026\/04\/35976_5.jpg\",\"datePublished\":\"2026-04-15T08:27:45+00:00\",\"dateModified\":\"2026-04-15T08:28:19+00:00\",\"description\":\"Monitor przeno\u015bny ARZOPA A1 M 17,3\\\" - \u2705 sklep z dronami i fachowym doradztwem. \u2705 Tutaj kupisz produkty DJI, Yuneec, Parrot, Syma i wiele innych, a tak\u017ce kursy i licencje na operatora drona.\",\"breadcrumb\":{\"@id\":\"https:\/\/ironsky.pl\/sklep\/produkt\/monitor-przenosny-arzopa-a1-m-173\/#breadcrumb\"},\"inLanguage\":\"pl-PL\",\"potentialAction\":[{\"@type\":\"ReadAction\",\"target\":[\"https:\/\/ironsky.pl\/sklep\/produkt\/monitor-przenosny-arzopa-a1-m-173\/\"]}]},{\"@type\":\"ImageObject\",\"inLanguage\":\"pl-PL\",\"@id\":\"https:\/\/ironsky.pl\/sklep\/produkt\/monitor-przenosny-arzopa-a1-m-173\/#primaryimage\",\"url\":\"https:\/\/ironsky.pl\/sklep\/wp-content\/uploads\/2026\/04\/35976_5.jpg\",\"contentUrl\":\"https:\/\/ironsky.pl\/sklep\/wp-content\/uploads\/2026\/04\/35976_5.jpg\",\"width\":800,\"height\":800},{\"@type\":\"BreadcrumbList\",\"@id\":\"https:\/\/ironsky.pl\/sklep\/produkt\/monitor-przenosny-arzopa-a1-m-173\/#breadcrumb\",\"itemListElement\":[{\"@type\":\"ListItem\",\"position\":1,\"name\":\"Strona g\u0142\u00f3wna\",\"item\":\"https:\/\/ironsky.pl\/sklep\/\"},{\"@type\":\"ListItem\",\"position\":2,\"name\":\"Wszystkie produkty\",\"item\":\"https:\/\/ironsky.pl\/sklep\/produkty\/\"},{\"@type\":\"ListItem\",\"position\":3,\"name\":\"Monitor przeno\u015bny ARZOPA A1 M 17,3&#8243;\"}]},{\"@type\":\"WebSite\",\"@id\":\"https:\/\/ironsky.pl\/sklep\/#website\",\"url\":\"https:\/\/ironsky.pl\/sklep\/\",\"name\":\"IRONSKY.PL Sklep z Dronami\",\"description\":\"IRONSKY.PL Sklep z Dronami\",\"potentialAction\":[{\"@type\":\"SearchAction\",\"target\":{\"@type\":\"EntryPoint\",\"urlTemplate\":\"https:\/\/ironsky.pl\/sklep\/?s={search_term_string}\"},\"query-input\":{\"@type\":\"PropertyValueSpecification\",\"valueRequired\":true,\"valueName\":\"search_term_string\"}}],\"inLanguage\":\"pl-PL\"}]}<\/script>\n<!-- \/ Yoast SEO plugin. -->","yoast_head_json":{"title":"Monitor przeno\u015bny ARZOPA A1 M 17,3\" - IRONSKY.PL Sklep z Dronami","description":"Monitor przeno\u015bny ARZOPA A1 M 17,3\" - \u2705 sklep z dronami i fachowym doradztwem. \u2705 Tutaj kupisz produkty DJI, Yuneec, Parrot, Syma i wiele innych, a tak\u017ce kursy i licencje na operatora drona.","robots":{"index":"index","follow":"follow","max-snippet":"max-snippet:-1","max-image-preview":"max-image-preview:large","max-video-preview":"max-video-preview:-1"},"canonical":"https:\/\/ironsky.pl\/sklep\/produkt\/monitor-przenosny-arzopa-a1-m-173\/","og_locale":"pl_PL","og_type":"article","og_title":"Monitor przeno\u015bny ARZOPA A1 M 17,3\" - IRONSKY.PL Sklep z Dronami","og_description":"Monitor przeno\u015bny ARZOPA A1 M 17,3\" - \u2705 sklep z dronami i fachowym doradztwem. \u2705 Tutaj kupisz produkty DJI, Yuneec, Parrot, Syma i wiele innych, a tak\u017ce kursy i licencje na operatora drona.","og_url":"https:\/\/ironsky.pl\/sklep\/produkt\/monitor-przenosny-arzopa-a1-m-173\/","og_site_name":"IRONSKY.PL Sklep z Dronami","article_modified_time":"2026-04-15T08:28:19+00:00","og_image":[{"width":800,"height":800,"url":"https:\/\/ironsky.pl\/sklep\/wp-content\/uploads\/2026\/04\/35976_5.jpg","type":"image\/jpeg"}],"twitter_card":"summary_large_image","twitter_misc":{"Szacowany czas czytania":"3 minuty"},"schema":{"@context":"https:\/\/schema.org","@graph":[{"@type":"WebPage","@id":"https:\/\/ironsky.pl\/sklep\/produkt\/monitor-przenosny-arzopa-a1-m-173\/","url":"https:\/\/ironsky.pl\/sklep\/produkt\/monitor-przenosny-arzopa-a1-m-173\/","name":"Monitor przeno\u015bny ARZOPA A1 M 17,3\" - IRONSKY.PL Sklep z Dronami","isPartOf":{"@id":"https:\/\/ironsky.pl\/sklep\/#website"},"primaryImageOfPage":{"@id":"https:\/\/ironsky.pl\/sklep\/produkt\/monitor-przenosny-arzopa-a1-m-173\/#primaryimage"},"image":{"@id":"https:\/\/ironsky.pl\/sklep\/produkt\/monitor-przenosny-arzopa-a1-m-173\/#primaryimage"},"thumbnailUrl":"https:\/\/ironsky.pl\/sklep\/wp-content\/uploads\/2026\/04\/35976_5.jpg","datePublished":"2026-04-15T08:27:45+00:00","dateModified":"2026-04-15T08:28:19+00:00","description":"Monitor przeno\u015bny ARZOPA A1 M 17,3\" - \u2705 sklep z dronami i fachowym doradztwem. \u2705 Tutaj kupisz produkty DJI, Yuneec, Parrot, Syma i wiele innych, a tak\u017ce kursy i licencje na operatora drona.","breadcrumb":{"@id":"https:\/\/ironsky.pl\/sklep\/produkt\/monitor-przenosny-arzopa-a1-m-173\/#breadcrumb"},"inLanguage":"pl-PL","potentialAction":[{"@type":"ReadAction","target":["https:\/\/ironsky.pl\/sklep\/produkt\/monitor-przenosny-arzopa-a1-m-173\/"]}]},{"@type":"ImageObject","inLanguage":"pl-PL","@id":"https:\/\/ironsky.pl\/sklep\/produkt\/monitor-przenosny-arzopa-a1-m-173\/#primaryimage","url":"https:\/\/ironsky.pl\/sklep\/wp-content\/uploads\/2026\/04\/35976_5.jpg","contentUrl":"https:\/\/ironsky.pl\/sklep\/wp-content\/uploads\/2026\/04\/35976_5.jpg","width":800,"height":800},{"@type":"BreadcrumbList","@id":"https:\/\/ironsky.pl\/sklep\/produkt\/monitor-przenosny-arzopa-a1-m-173\/#breadcrumb","itemListElement":[{"@type":"ListItem","position":1,"name":"Strona g\u0142\u00f3wna","item":"https:\/\/ironsky.pl\/sklep\/"},{"@type":"ListItem","position":2,"name":"Wszystkie produkty","item":"https:\/\/ironsky.pl\/sklep\/produkty\/"},{"@type":"ListItem","position":3,"name":"Monitor przeno\u015bny ARZOPA A1 M 17,3&#8243;"}]},{"@type":"WebSite","@id":"https:\/\/ironsky.pl\/sklep\/#website","url":"https:\/\/ironsky.pl\/sklep\/","name":"IRONSKY.PL Sklep z Dronami","description":"IRONSKY.PL Sklep z Dronami","potentialAction":[{"@type":"SearchAction","target":{"@type":"EntryPoint","urlTemplate":"https:\/\/ironsky.pl\/sklep\/?s={search_term_string}"},"query-input":{"@type":"PropertyValueSpecification","valueRequired":true,"valueName":"search_term_string"}}],"inLanguage":"pl-PL"}]}},"_links":{"self":[{"href":"https:\/\/ironsky.pl\/sklep\/wp-json\/wp\/v2\/product\/57633","targetHints":{"allow":["GET"]}}],"collection":[{"href":"https:\/\/ironsky.pl\/sklep\/wp-json\/wp\/v2\/product"}],"about":[{"href":"https:\/\/ironsky.pl\/sklep\/wp-json\/wp\/v2\/types\/product"}],"replies":[{"embeddable":true,"href":"https:\/\/ironsky.pl\/sklep\/wp-json\/wp\/v2\/comments?post=57633"}],"wp:featuredmedia":[{"embeddable":true,"href":"https:\/\/ironsky.pl\/sklep\/wp-json\/wp\/v2\/media\/57634"}],"wp:attachment":[{"href":"https:\/\/ironsky.pl\/sklep\/wp-json\/wp\/v2\/media?parent=57633"}],"wp:term":[{"taxonomy":"product_brand","embeddable":true,"href":"https:\/\/ironsky.pl\/sklep\/wp-json\/wp\/v2\/product_brand?post=57633"},{"taxonomy":"product_cat","embeddable":true,"href":"https:\/\/ironsky.pl\/sklep\/wp-json\/wp\/v2\/product_cat?post=57633"},{"taxonomy":"product_tag","embeddable":true,"href":"https:\/\/ironsky.pl\/sklep\/wp-json\/wp\/v2\/product_tag?post=57633"}],"curies":[{"name":"wp","href":"https:\/\/api.w.org\/{rel}","templated":true}]}}