{"id":57522,"date":"2026-04-15T10:27:00","date_gmt":"2026-04-15T08:27:00","guid":{"rendered":"https:\/\/ironsky.pl\/sklep\/produkt\/ladowarka-skyrc-q200neo-4-kanalowa-400w\/"},"modified":"2026-04-15T10:27:09","modified_gmt":"2026-04-15T08:27:09","slug":"ladowarka-skyrc-q200neo-4-kanalowa-400w","status":"publish","type":"product","link":"https:\/\/ironsky.pl\/sklep\/produkt\/ladowarka-skyrc-q200neo-4-kanalowa-400w\/","title":{"rendered":"\u0141adowarka SKYRC Q200neo 4-kana\u0142owa 400W"},"content":{"rendered":"<h3>\u0141adowarka SkyRC Q200neo<\/h3>\n<p>Innowacyjna \u0142adowarka SkyRC Q200neo to idealny wyb\u00f3r dla ka\u017cdego mi\u0142o\u015bnika RC. Umo\u017cliwia \u0142adowanie 4 r\u00f3\u017cnych akumulator\u00f3w jednocze\u015bnie i mo\u017ce by\u0107 zasilana zar\u00f3wno za pomoc\u0105 pr\u0105du sta\u0142ego, jak i zmiennego. Wyr\u00f3\u017cnia si\u0119 moc\u0105 nawet 400 W i wbudowanym balanserem o wysokiej precyzji, kt\u00f3ry optymalizuje wyr\u00f3wnywanie napi\u0119cia w zakresie \u00b10,02 V. Mimo swoich pot\u0119\u017cnych mo\u017cliwo\u015bci produkt jest zaskakuj\u0105co niewielki i por\u0119czny.<\/p>\n<p><img decoding=\"async\" src=\"https:\/\/b2b.innpro.pl\/data\/include\/cms\/SkyRC\/SK-100197-01\/8.jpg\" border=\"0\" alt=\"SkyRC\/SK-100197-01\/8\" \/><\/p>\n<h3>\u0141aduj 4 akumulatory jednocze\u015bnie<\/h3>\n<p>\u0141adowarka Q200neo pozwala \u0142adowa\u0107 akumulatory o r\u00f3\u017cnych sk\u0142adach chemicznych, takie jak LiPo, LiFe, Li-Ion, LiHV, Pb, NiMH czy NiCd. Dzi\u0119ki temu jeste\u015b gotowy na ka\u017cde okoliczno\u015bci \u2013 niezale\u017cnie od tego, czy jeste\u015b profesjonalist\u0105 RC, czy amatorem. Nie musisz te\u017c obawia\u0107 si\u0119 przegrzewania si\u0119 urz\u0105dzenia. \u0141adowarka zosta\u0142a wyposa\u017cona w zaawansowany system termiczny z wentylatorem, dzi\u0119ki czemu mo\u017ce dobrze odprowadza\u0107 ciep\u0142o i utrzymywa\u0107 temperatur\u0119 na optymalnym poziomie.<\/p>\n<p><img decoding=\"async\" src=\"https:\/\/b2b.innpro.pl\/data\/include\/cms\/SkyRC\/SK-100197-01\/5.jpg\" border=\"0\" alt=\"SkyRC\/SK-100197-01\/5\" \/><\/p>\n<h3>Zasilanie na 2 sposoby<\/h3>\n<p>Ciesz si\u0119 wi\u0119ksz\u0105 elastyczno\u015bci\u0105 \u2013 niewa\u017cne, czy pracujesz w gara\u017cu, czy jeste\u015b gdzie\u015b w terenie. \u0141adowarka pozwala wybiera\u0107 mi\u0119dzy zasilaniem AC i DC, mo\u017cesz wi\u0119c swobodnie korzysta\u0107 z niej w r\u00f3\u017cnych scenariuszach. W trybie AC moc urz\u0105dzenia osi\u0105ga nawet 200 W, natomiast w trybie DC si\u0119ga ona a\u017c 400 W. Zyskuj\u0105c do 100 W na ka\u017cdy port, masz mo\u017cliwo\u015b\u0107 \u0142adowania swoich akumulator\u00f3w w rekordowo kr\u00f3tkim czasie.<\/p>\n<p><img decoding=\"async\" src=\"https:\/\/b2b.innpro.pl\/data\/include\/cms\/SkyRC\/SK-100197-01\/7.jpg\" border=\"0\" alt=\"SkyRC\/SK-100197-01\/7\" \/><\/p>\n<h3>Inteligentny rozdzia\u0142 energii<\/h3>\n<p>Je\u015bli zdecydujesz si\u0119 na zasilanie AC i u\u017cyjesz tylko dw\u00f3ch port\u00f3w, \u0142adowarka b\u0119dzie dostarcza\u0107 do nich jak najwi\u0119ksz\u0105 moc. Z kolei podczas korzystania ze wszystkich czterech port\u00f3w energia b\u0119dzie dynamicznie i inteligentnie rozdzielana mi\u0119dzy ka\u017cdy z nich. Kiedy jeden z akumulator\u00f3w zostanie ju\u017c na\u0142adowany, model Q200neo zacznie \u0142adowa\u0107 pozosta\u0142e jeszcze szybciej. Dzi\u0119ki temu w niemal ka\u017cdej sytuacji mo\u017cesz liczy\u0107 na optymaln\u0105 wydajno\u015b\u0107 \u0142adowania.<\/p>\n<p><img decoding=\"async\" src=\"https:\/\/b2b.innpro.pl\/data\/include\/cms\/SkyRC\/SK-100197-01\/6.jpg\" border=\"0\" alt=\"SkyRC\/SK-100197-01\/6\" \/><\/p>\n<h3>Funkcja roz\u0142adowywania i zasilacz cyfrowy<\/h3>\n<p>Niewa\u017cne, czy chcesz przygotowa\u0107 swoje akumulatory do przechowywania, zbalansowa\u0107 ich poziomy napi\u0119cia, czy roz\u0142adowa\u0107 je po u\u017cyciu \u2013 \u0142adowarka SkyRC spieszy z pomoc\u0105! Urz\u0105dzenie umo\u017cliwia szybkie, a zarazem bezpieczne roz\u0142adowywanie z moc\u0105 do 25 W. Mo\u017cesz wi\u0119c w prosty spos\u00f3b zadba\u0107 o kondycj\u0119 swoich akumulator\u00f3w i wyd\u0142u\u017cy\u0107 ich \u017cywotno\u015b\u0107. Model Q200 neo to tak\u017ce wszechstronny zasilacz cyfrowy o czterech wyj\u015bciach. Pozwala dostosowa\u0107 napi\u0119cie w zakresie 1-30 V z mo\u017cliwo\u015bci\u0105 regulacji co 0,1 V. Mo\u017cesz te\u017c ustawi\u0107 nat\u0119\u017cenie od 0,1 A do 10 A z dok\u0142adno\u015bci\u0105 do 0,1 A. To idealne rozwi\u0105zanie do r\u00f3\u017cnych zastosowa\u0144 testowych i prototypowych w modelarstwie RC!<\/p>\n<p><img decoding=\"async\" src=\"https:\/\/b2b.innpro.pl\/data\/include\/cms\/SkyRC\/SK-100197-01\/1.jpg\" border=\"0\" alt=\"SkyRC\/SK-100197-01\/1\" \/><\/p>\n<h3>Przemy\u015blana konstrukcja<\/h3>\n<p>Imponuj\u0105ca wydajno\u015b\u0107, a\u017c 4 niezale\u017cne porty do \u0142adowania akumulator\u00f3w i mo\u017cliwo\u015b\u0107 zasilania na 2 sposoby \u2013 a wszystko to zamkni\u0119te w por\u0119cznej, kompaktowej konstrukcji. \u0141adowarka Q200neo jest a\u017c o 60% l\u017cejsza od swojej poprzedniczki, Q200. Wyr\u00f3\u017cnia j\u0105 tak\u017ce nowoczesne wzornictwo i charakterystyczny kolor. Co wi\u0119cej, produkt korzysta ze specjalnego modu\u0142u MCU, kt\u00f3ry precyzyjnie steruje \u0142adowaniem, minimalizuj\u0105c straty energii. Jest te\u017c zabezpieczony mi\u0119dzy innymi przed zwarciem, przegrzaniem i przepi\u0119ciem, a jego obudowa powsta\u0142a z trudnopalnego tworzywa.<\/p>\n<p><img decoding=\"async\" src=\"https:\/\/b2b.innpro.pl\/data\/include\/cms\/SkyRC\/SK-100197-01\/4.jpg\" border=\"0\" alt=\"SkyRC\/SK-100197-01\/4\" \/><\/p>\n<h3>Dodatkowe mo\u017cliwo\u015bci<\/h3>\n<p>\u0141adowarka zosta\u0142a wyposa\u017cona w dodatkowy port USB-C, kt\u00f3ry obs\u0142uguje szybkie \u0142adowanie PD 3.0 20 W. Mo\u017cesz wi\u0119c w mgnieniu oka na\u0142adowa\u0107 swojego smartfona, tablet, a nawet laptopa! Model Q200neo ma r\u00f3wnie\u017c wbudowany mikrokontroler ARM 200 MHz, dzi\u0119ki kt\u00f3remu zastosowana technologia nadpr\u00f3bkowania jest w stanie poprawi\u0107 rozdzielczo\u015b\u0107 ADC do 16 bit\u00f3w. Co wi\u0119cej, efektywny mechanizm PID umo\u017cliwia precyzyjne dostrojenie pr\u0105du, zwi\u0119kszaj\u0105c pr\u0119dko\u015b\u0107 \u0142adowania. \u0141adowarka przyda Ci si\u0119 r\u00f3wnie\u017c podczas podr\u00f3\u017cy \u2013 jej obw\u00f3d wej\u015bciowy o uniwersalnym napi\u0119ciu sprawia, \u017ce nie musisz szuka\u0107 konwertera 110V \u2013 220 V, kiedy jeste\u015b za granic\u0105!<\/p>\n<p><img decoding=\"async\" src=\"https:\/\/b2b.innpro.pl\/data\/include\/cms\/SkyRC\/SK-100197-01\/3.jpg\" border=\"0\" alt=\"SkyRC\/SK-100197-01\/3\" \/><\/p>\n<h3>Wygodna obs\u0142uga<\/h3>\n<p>\u0141adowarka jest bardzo prosta w obs\u0142udze i przyjazna u\u017cytkownikom. Jej przejrzysty interfejs jest dost\u0119pny w kilku j\u0119zykach \u2013 mi\u0119dzy innymi w angielskim i francuskim. Wygodn\u0105 kontrol\u0119 urz\u0105dzenia umo\u017cliwia dedykowana aplikacja Charge Master, kt\u00f3r\u0105 mo\u017cna zainstalowa\u0107 na komputerze lub smartfonie. Pozwala ona na przyk\u0142ad regulowa\u0107 parametry \u0142adowania, sprawdza\u0107 kondycj\u0119 akumulator\u00f3w i aktualizowa\u0107 oprogramowanie \u0142adowarki. Model Q200neo \u0142\u0105czy si\u0119 z urz\u0105dzeniami na 2 sposoby \u2013 za pomoc\u0105 kabla USB-C lub bezprzewodowo, przez Bluetooth.<\/p>\n<p><img decoding=\"async\" src=\"https:\/\/b2b.innpro.pl\/data\/include\/cms\/SkyRC\/SK-100197-01\/2.jpg\" border=\"0\" alt=\"SkyRC\/SK-100197-01\/2\" \/><\/p>\n<h3>W zestawie<\/h3>\n<ul>\n<li>\u0141adowarka<\/li>\n<li>Kabel zasilaj\u0105cy AC<\/li>\n<li>Instrukcja obs\u0142ugi<\/li>\n<\/ul>\n<div class=\"table-wrapper\">\n<table>\n<tbody>\n<tr>\n<th>Producent<\/th>\n<td>SkyRC<\/td>\n<\/tr>\n<tr>\n<th>Model<\/th>\n<td>Q200neo<\/td>\n<\/tr>\n<tr>\n<th>Rodzaj wy\u015bwietlacza<\/th>\n<td>TN<\/td>\n<\/tr>\n<tr>\n<th>Rozmiar wy\u015bwietlacza<\/th>\n<td>2,8\u2033<\/td>\n<\/tr>\n<tr>\n<th>Aktywny obszar panelu<\/th>\n<td>43,2 x 57,6 mm<\/td>\n<\/tr>\n<tr>\n<th>Rozdzielczo\u015b\u0107 ekranu<\/th>\n<td>240x320p<\/td>\n<\/tr>\n<tr>\n<th>Liczba kolor\u00f3w<\/th>\n<td>262k<\/td>\n<\/tr>\n<tr>\n<th>Napi\u0119cie wej\u015bciowe DC<\/th>\n<td>10-30 V<\/td>\n<\/tr>\n<tr>\n<th>Napi\u0119cie wej\u015bciowe AC<\/th>\n<td>100-240 V<\/td>\n<\/tr>\n<tr>\n<th>Moc \u0142adowania<\/th>\n<td>AC: 200 W maks.;<br \/>DC: 400 W maks;<\/td>\n<\/tr>\n<tr>\n<th>Moc roz\u0142adowywania<\/th>\n<td>Port g\u0142\u00f3wny: 5 W;<br \/>Port balance: 25 W maks. (LiPo\/6S);<\/td>\n<\/tr>\n<tr>\n<th>Port USB-C<\/th>\n<td>QC3.0: 5 V &#8211; 3 A, 9 V &#8211; 2 A, 12 V &#8211; 1,5 A, 18 W;<br \/>PD: 5 V &#8211; 3 A, 9 V &#8211; 2,2 A, 12 V &#8211; 1,67 A, 20 W;<\/td>\n<\/tr>\n<tr>\n<th>Zasilanie DC<\/th>\n<td>Napi\u0119cie wyj\u015bciowe: 1-30 V;<br \/>Nat\u0119\u017cenie wyj\u015bciowe: 0,1-10 A;<br \/>Moc wyj\u015bciowa: maks. 100 W na jeden port;<\/td>\n<\/tr>\n<tr>\n<th>Kompatybilne akumulatory<\/th>\n<td>LiPo \/ LiHV \/ LiFe \/ Li-Ion: 1-6 ogniw;<br \/>NiMH \/ NiCd: 2-15 ogniw;<br \/>Pb: 3S \/ 6S \/ 12S;<\/td>\n<\/tr>\n<tr>\n<th>Nat\u0119\u017cenie \u0142adowania<\/th>\n<td>LiPo \/ LiFe \/ Li-Ion \/ LiHV \/ NiMH \/ NiCd \/ Pb: 0,1-2 A;<\/td>\n<\/tr>\n<tr>\n<th>Nat\u0119\u017cenie balansowania<\/th>\n<td>LiPo \/ LiFe \/ Li-Ion \/ LiHV: 800 mA maks.;<\/td>\n<\/tr>\n<tr>\n<th>Funkcje<\/th>\n<td>LiPo \/ LiFe \/ Li-Ion \/ LiHV: balans CHG, \u0142adowanie, roz\u0142adowywanie do przechowywania;<br \/>NiMH \/ NiCd: \u0142adowanie, Re-Peak, CYCLE_C_D, CYCLE_D_C, roz\u0142adowywanie;<br \/>Pb: \u0142adowanie, \u0142adowanie AGM, Cold Charge, roz\u0142adowywanie;<\/td>\n<\/tr>\n<tr>\n<th>Materia\u0142<\/th>\n<td>PC-ABS V0<\/td>\n<\/tr>\n<tr>\n<th>Wymiary<\/th>\n<td>123 x 119 x 78 mm<\/td>\n<\/tr>\n<tr>\n<th>Waga<\/th>\n<td>680 g<\/td>\n<\/tr>\n<tr>\n<th>Aplikacja<\/th>\n<td>Charge Master<\/td>\n<\/tr>\n<\/tbody>\n<\/table>\n<\/div>\n","protected":false},"excerpt":{"rendered":"<p>\u0141adowarka SkyRC Q200neo Innowacyjna \u0142adowarka SkyRC Q200neo to idealny wyb\u00f3r dla ka\u017cdego mi\u0142o\u015bnika RC. Umo\u017cliwia \u0142adowanie 4 r\u00f3\u017cnych akumulator\u00f3w jednocze\u015bnie<\/p>\n","protected":false},"featured_media":57523,"comment_status":"closed","ping_status":"open","template":"","meta":{"_acf_changed":false},"product_brand":[],"product_cat":[1173,1174,1169],"product_tag":[],"class_list":{"0":"post-57522","1":"product","2":"type-product","3":"status-publish","4":"has-post-thumbnail","6":"product_cat-ladowanie","7":"product_cat-ladowarki","8":"product_cat-modele-rc","9":"pa_okres-gwarancji-5754","10":"pa_producent-skyrc","12":"first","13":"outofstock","14":"taxable","15":"shipping-taxable","16":"purchasable","17":"product-type-simple"},"acf":[],"yoast_head":"<!-- This site is optimized with the Yoast SEO plugin v27.2 - https:\/\/yoast.com\/product\/yoast-seo-wordpress\/ -->\n<title>\u0141adowarka SKYRC Q200neo 4-kana\u0142owa 400W - IRONSKY.PL Sklep z Dronami<\/title>\n<meta name=\"description\" content=\"\u0141adowarka SKYRC Q200neo 4-kana\u0142owa 400W - \u2705 sklep z dronami i fachowym doradztwem. \u2705 Tutaj kupisz produkty DJI, Yuneec, Parrot, Syma i wiele innych, a tak\u017ce kursy i licencje na operatora drona.\" \/>\n<meta name=\"robots\" content=\"index, follow, max-snippet:-1, max-image-preview:large, max-video-preview:-1\" \/>\n<link rel=\"canonical\" href=\"https:\/\/ironsky.pl\/sklep\/produkt\/ladowarka-skyrc-q200neo-4-kanalowa-400w\/\" \/>\n<meta property=\"og:locale\" content=\"pl_PL\" \/>\n<meta property=\"og:type\" content=\"article\" \/>\n<meta property=\"og:title\" content=\"\u0141adowarka SKYRC Q200neo 4-kana\u0142owa 400W - IRONSKY.PL Sklep z Dronami\" \/>\n<meta property=\"og:description\" content=\"\u0141adowarka SKYRC Q200neo 4-kana\u0142owa 400W - \u2705 sklep z dronami i fachowym doradztwem. \u2705 Tutaj kupisz produkty DJI, Yuneec, Parrot, Syma i wiele innych, a tak\u017ce kursy i licencje na operatora drona.\" \/>\n<meta property=\"og:url\" content=\"https:\/\/ironsky.pl\/sklep\/produkt\/ladowarka-skyrc-q200neo-4-kanalowa-400w\/\" \/>\n<meta property=\"og:site_name\" content=\"IRONSKY.PL Sklep z Dronami\" \/>\n<meta property=\"article:modified_time\" content=\"2026-04-15T08:27:09+00:00\" \/>\n<meta property=\"og:image\" content=\"https:\/\/ironsky.pl\/sklep\/wp-content\/uploads\/2026\/04\/35485_3.jpg\" \/>\n\t<meta property=\"og:image:width\" content=\"800\" \/>\n\t<meta property=\"og:image:height\" content=\"800\" \/>\n\t<meta property=\"og:image:type\" content=\"image\/jpeg\" \/>\n<meta name=\"twitter:card\" content=\"summary_large_image\" \/>\n<meta name=\"twitter:label1\" content=\"Szacowany czas czytania\" \/>\n\t<meta name=\"twitter:data1\" content=\"5 minut\" \/>\n<script type=\"application\/ld+json\" class=\"yoast-schema-graph\">{\"@context\":\"https:\/\/schema.org\",\"@graph\":[{\"@type\":\"WebPage\",\"@id\":\"https:\/\/ironsky.pl\/sklep\/produkt\/ladowarka-skyrc-q200neo-4-kanalowa-400w\/\",\"url\":\"https:\/\/ironsky.pl\/sklep\/produkt\/ladowarka-skyrc-q200neo-4-kanalowa-400w\/\",\"name\":\"\u0141adowarka SKYRC Q200neo 4-kana\u0142owa 400W - IRONSKY.PL Sklep z Dronami\",\"isPartOf\":{\"@id\":\"https:\/\/ironsky.pl\/sklep\/#website\"},\"primaryImageOfPage\":{\"@id\":\"https:\/\/ironsky.pl\/sklep\/produkt\/ladowarka-skyrc-q200neo-4-kanalowa-400w\/#primaryimage\"},\"image\":{\"@id\":\"https:\/\/ironsky.pl\/sklep\/produkt\/ladowarka-skyrc-q200neo-4-kanalowa-400w\/#primaryimage\"},\"thumbnailUrl\":\"https:\/\/ironsky.pl\/sklep\/wp-content\/uploads\/2026\/04\/35485_3.jpg\",\"datePublished\":\"2026-04-15T08:27:00+00:00\",\"dateModified\":\"2026-04-15T08:27:09+00:00\",\"description\":\"\u0141adowarka SKYRC Q200neo 4-kana\u0142owa 400W - \u2705 sklep z dronami i fachowym doradztwem. \u2705 Tutaj kupisz produkty DJI, Yuneec, Parrot, Syma i wiele innych, a tak\u017ce kursy i licencje na operatora drona.\",\"breadcrumb\":{\"@id\":\"https:\/\/ironsky.pl\/sklep\/produkt\/ladowarka-skyrc-q200neo-4-kanalowa-400w\/#breadcrumb\"},\"inLanguage\":\"pl-PL\",\"potentialAction\":[{\"@type\":\"ReadAction\",\"target\":[\"https:\/\/ironsky.pl\/sklep\/produkt\/ladowarka-skyrc-q200neo-4-kanalowa-400w\/\"]}]},{\"@type\":\"ImageObject\",\"inLanguage\":\"pl-PL\",\"@id\":\"https:\/\/ironsky.pl\/sklep\/produkt\/ladowarka-skyrc-q200neo-4-kanalowa-400w\/#primaryimage\",\"url\":\"https:\/\/ironsky.pl\/sklep\/wp-content\/uploads\/2026\/04\/35485_3.jpg\",\"contentUrl\":\"https:\/\/ironsky.pl\/sklep\/wp-content\/uploads\/2026\/04\/35485_3.jpg\",\"width\":800,\"height\":800},{\"@type\":\"BreadcrumbList\",\"@id\":\"https:\/\/ironsky.pl\/sklep\/produkt\/ladowarka-skyrc-q200neo-4-kanalowa-400w\/#breadcrumb\",\"itemListElement\":[{\"@type\":\"ListItem\",\"position\":1,\"name\":\"Strona g\u0142\u00f3wna\",\"item\":\"https:\/\/ironsky.pl\/sklep\/\"},{\"@type\":\"ListItem\",\"position\":2,\"name\":\"Wszystkie produkty\",\"item\":\"https:\/\/ironsky.pl\/sklep\/produkty\/\"},{\"@type\":\"ListItem\",\"position\":3,\"name\":\"\u0141adowarka SKYRC Q200neo 4-kana\u0142owa 400W\"}]},{\"@type\":\"WebSite\",\"@id\":\"https:\/\/ironsky.pl\/sklep\/#website\",\"url\":\"https:\/\/ironsky.pl\/sklep\/\",\"name\":\"IRONSKY.PL Sklep z Dronami\",\"description\":\"IRONSKY.PL Sklep z Dronami\",\"potentialAction\":[{\"@type\":\"SearchAction\",\"target\":{\"@type\":\"EntryPoint\",\"urlTemplate\":\"https:\/\/ironsky.pl\/sklep\/?s={search_term_string}\"},\"query-input\":{\"@type\":\"PropertyValueSpecification\",\"valueRequired\":true,\"valueName\":\"search_term_string\"}}],\"inLanguage\":\"pl-PL\"}]}<\/script>\n<!-- \/ Yoast SEO plugin. -->","yoast_head_json":{"title":"\u0141adowarka SKYRC Q200neo 4-kana\u0142owa 400W - IRONSKY.PL Sklep z Dronami","description":"\u0141adowarka SKYRC Q200neo 4-kana\u0142owa 400W - \u2705 sklep z dronami i fachowym doradztwem. \u2705 Tutaj kupisz produkty DJI, Yuneec, Parrot, Syma i wiele innych, a tak\u017ce kursy i licencje na operatora drona.","robots":{"index":"index","follow":"follow","max-snippet":"max-snippet:-1","max-image-preview":"max-image-preview:large","max-video-preview":"max-video-preview:-1"},"canonical":"https:\/\/ironsky.pl\/sklep\/produkt\/ladowarka-skyrc-q200neo-4-kanalowa-400w\/","og_locale":"pl_PL","og_type":"article","og_title":"\u0141adowarka SKYRC Q200neo 4-kana\u0142owa 400W - IRONSKY.PL Sklep z Dronami","og_description":"\u0141adowarka SKYRC Q200neo 4-kana\u0142owa 400W - \u2705 sklep z dronami i fachowym doradztwem. \u2705 Tutaj kupisz produkty DJI, Yuneec, Parrot, Syma i wiele innych, a tak\u017ce kursy i licencje na operatora drona.","og_url":"https:\/\/ironsky.pl\/sklep\/produkt\/ladowarka-skyrc-q200neo-4-kanalowa-400w\/","og_site_name":"IRONSKY.PL Sklep z Dronami","article_modified_time":"2026-04-15T08:27:09+00:00","og_image":[{"width":800,"height":800,"url":"https:\/\/ironsky.pl\/sklep\/wp-content\/uploads\/2026\/04\/35485_3.jpg","type":"image\/jpeg"}],"twitter_card":"summary_large_image","twitter_misc":{"Szacowany czas czytania":"5 minut"},"schema":{"@context":"https:\/\/schema.org","@graph":[{"@type":"WebPage","@id":"https:\/\/ironsky.pl\/sklep\/produkt\/ladowarka-skyrc-q200neo-4-kanalowa-400w\/","url":"https:\/\/ironsky.pl\/sklep\/produkt\/ladowarka-skyrc-q200neo-4-kanalowa-400w\/","name":"\u0141adowarka SKYRC Q200neo 4-kana\u0142owa 400W - IRONSKY.PL Sklep z Dronami","isPartOf":{"@id":"https:\/\/ironsky.pl\/sklep\/#website"},"primaryImageOfPage":{"@id":"https:\/\/ironsky.pl\/sklep\/produkt\/ladowarka-skyrc-q200neo-4-kanalowa-400w\/#primaryimage"},"image":{"@id":"https:\/\/ironsky.pl\/sklep\/produkt\/ladowarka-skyrc-q200neo-4-kanalowa-400w\/#primaryimage"},"thumbnailUrl":"https:\/\/ironsky.pl\/sklep\/wp-content\/uploads\/2026\/04\/35485_3.jpg","datePublished":"2026-04-15T08:27:00+00:00","dateModified":"2026-04-15T08:27:09+00:00","description":"\u0141adowarka SKYRC Q200neo 4-kana\u0142owa 400W - \u2705 sklep z dronami i fachowym doradztwem. \u2705 Tutaj kupisz produkty DJI, Yuneec, Parrot, Syma i wiele innych, a tak\u017ce kursy i licencje na operatora drona.","breadcrumb":{"@id":"https:\/\/ironsky.pl\/sklep\/produkt\/ladowarka-skyrc-q200neo-4-kanalowa-400w\/#breadcrumb"},"inLanguage":"pl-PL","potentialAction":[{"@type":"ReadAction","target":["https:\/\/ironsky.pl\/sklep\/produkt\/ladowarka-skyrc-q200neo-4-kanalowa-400w\/"]}]},{"@type":"ImageObject","inLanguage":"pl-PL","@id":"https:\/\/ironsky.pl\/sklep\/produkt\/ladowarka-skyrc-q200neo-4-kanalowa-400w\/#primaryimage","url":"https:\/\/ironsky.pl\/sklep\/wp-content\/uploads\/2026\/04\/35485_3.jpg","contentUrl":"https:\/\/ironsky.pl\/sklep\/wp-content\/uploads\/2026\/04\/35485_3.jpg","width":800,"height":800},{"@type":"BreadcrumbList","@id":"https:\/\/ironsky.pl\/sklep\/produkt\/ladowarka-skyrc-q200neo-4-kanalowa-400w\/#breadcrumb","itemListElement":[{"@type":"ListItem","position":1,"name":"Strona g\u0142\u00f3wna","item":"https:\/\/ironsky.pl\/sklep\/"},{"@type":"ListItem","position":2,"name":"Wszystkie produkty","item":"https:\/\/ironsky.pl\/sklep\/produkty\/"},{"@type":"ListItem","position":3,"name":"\u0141adowarka SKYRC Q200neo 4-kana\u0142owa 400W"}]},{"@type":"WebSite","@id":"https:\/\/ironsky.pl\/sklep\/#website","url":"https:\/\/ironsky.pl\/sklep\/","name":"IRONSKY.PL Sklep z Dronami","description":"IRONSKY.PL Sklep z Dronami","potentialAction":[{"@type":"SearchAction","target":{"@type":"EntryPoint","urlTemplate":"https:\/\/ironsky.pl\/sklep\/?s={search_term_string}"},"query-input":{"@type":"PropertyValueSpecification","valueRequired":true,"valueName":"search_term_string"}}],"inLanguage":"pl-PL"}]}},"_links":{"self":[{"href":"https:\/\/ironsky.pl\/sklep\/wp-json\/wp\/v2\/product\/57522","targetHints":{"allow":["GET"]}}],"collection":[{"href":"https:\/\/ironsky.pl\/sklep\/wp-json\/wp\/v2\/product"}],"about":[{"href":"https:\/\/ironsky.pl\/sklep\/wp-json\/wp\/v2\/types\/product"}],"replies":[{"embeddable":true,"href":"https:\/\/ironsky.pl\/sklep\/wp-json\/wp\/v2\/comments?post=57522"}],"wp:featuredmedia":[{"embeddable":true,"href":"https:\/\/ironsky.pl\/sklep\/wp-json\/wp\/v2\/media\/57523"}],"wp:attachment":[{"href":"https:\/\/ironsky.pl\/sklep\/wp-json\/wp\/v2\/media?parent=57522"}],"wp:term":[{"taxonomy":"product_brand","embeddable":true,"href":"https:\/\/ironsky.pl\/sklep\/wp-json\/wp\/v2\/product_brand?post=57522"},{"taxonomy":"product_cat","embeddable":true,"href":"https:\/\/ironsky.pl\/sklep\/wp-json\/wp\/v2\/product_cat?post=57522"},{"taxonomy":"product_tag","embeddable":true,"href":"https:\/\/ironsky.pl\/sklep\/wp-json\/wp\/v2\/product_tag?post=57522"}],"curies":[{"name":"wp","href":"https:\/\/api.w.org\/{rel}","templated":true}]}}