{"id":57460,"date":"2026-04-15T10:26:07","date_gmt":"2026-04-15T08:26:07","guid":{"rendered":"https:\/\/ironsky.pl\/sklep\/produkt\/zestaw-filtrow-nd-dji-do-dji-mini-4-pro-nd16-64-256\/"},"modified":"2026-04-15T10:26:26","modified_gmt":"2026-04-15T08:26:26","slug":"zestaw-filtrow-nd-dji-do-dji-mini-4-pro-nd16-64-256","status":"publish","type":"product","link":"https:\/\/ironsky.pl\/sklep\/produkt\/zestaw-filtrow-nd-dji-do-dji-mini-4-pro-nd16-64-256\/","title":{"rendered":"Zestaw filtr\u00f3w ND DJI do DJI Mini 4 Pro ND16\/64\/256"},"content":{"rendered":"<h3>Filtry ND (16\/64\/256) DJI Mini 4 Pro<\/h3>\n<p>Zestaw filtr\u00f3w ND (16\/64\/256) od DJI zosta\u0142 zaprojektowany z my\u015bl\u0105 o u\u017cytkownikach drona DJI Mini 4 Pro, kt\u00f3rzy chc\u0105 radzi\u0107 sobie z trudnymi warunkami o\u015bwietleniowymi i wykonywa\u0107 d\u0142ugie ekspozycje, takie jak timelapse. Filtry te s\u0105 idealne do adaptacji do silnego \u015bwiat\u0142a, pozwalaj\u0105c na uzyskanie optymalnych uj\u0119\u0107 w r\u00f3\u017cnych scenariuszach fotograficznych i filmowych.<\/p>\n<p><img decoding=\"async\" src=\"https:\/\/b2b.innpro.pl\/data\/include\/cms\/12DJI\/Filtry-ND-16-64-256-DJI-Mini-4-Pro\/1.jpg\" alt=\"12DJI\/CP.MA.00000729.02\/1\"><\/p>\n<h3>Kompletny zestaw dla r\u00f3\u017cnorodnych potrzeb<\/h3>\n<p>W zestawie znajduj\u0105 si\u0119 trzy filtry: ND16, ND64 oraz ND256. Ka\u017cdy z nich spe\u0142nia inne potrzeby, pozwalaj\u0105c na dostosowanie ekspozycji do aktualnych warunk\u00f3w. Filtr ND16 jest doskona\u0142y do lekkiego redukowania ilo\u015bci \u015bwiat\u0142a, ND64 s\u0142u\u017cy do bardziej intensywnego zmniejszania jasno\u015bci, a ND256 jest idealny do bardzo d\u0142ugich ekspozycji i scen o bardzo silnym o\u015bwietleniu.<\/p>\n<p><img decoding=\"async\" src=\"https:\/\/b2b.innpro.pl\/data\/include\/cms\/12DJI\/Filtry-ND-16-64-256-DJI-Mini-4-Pro\/2.jpg\" alt=\"12DJI\/CP.MA.00000729.02\/2\"><\/p>\n<h3>W pe\u0142ni kompatybilny z Twoim dronem<\/h3>\n<p>Ka\u017cdy filtr z tego zestawu wa\u017cy zaledwie 0.75 g, co zapewnia, \u017ce nie wp\u0142yn\u0105 one negatywnie na stabilno\u015b\u0107 i dynamik\u0119 lotu drona. Zestaw jest w pe\u0142ni kompatybilny z dronem DJI Mini 4 Pro, co gwarantuje \u0142atwo\u015b\u0107 monta\u017cu i doskona\u0142e dopasowanie.<\/p>\n<p><img decoding=\"async\" src=\"https:\/\/b2b.innpro.pl\/data\/include\/cms\/12DJI\/Filtry-ND-16-64-256-DJI-Mini-4-Pro\/3.jpg\" alt=\"12DJI\/CP.MA.00000729.02\/3\"><\/p>\n<h3>W zestawie<\/h3>\n<ul>\n<li>Filtr ND16 \u00d7 1<\/li>\n<li>Filtr ND64 \u00d7 1<\/li>\n<li>Filtr ND256 \u00d7 1<\/li>\n<\/ul>\n<div class=\"table-wrapper\">\n<table>\n<tbody>\n<tr>\n<th>Producent<\/th>\n<td>DJI<\/td>\n<\/tr>\n<tr>\n<th>Model<\/th>\n<td>CP.MA.00000729.02<\/td>\n<\/tr>\n<tr>\n<th>Waga pojedynczego filtra<\/th>\n<td>0.75 g <\/td>\n<\/tr>\n<tr>\n<th>Kompatybilno\u015b\u0107<\/th>\n<td>DJI Mini 4 Pro<\/td>\n<\/tr>\n<\/tbody>\n<\/table>\n<\/div>\n","protected":false},"excerpt":{"rendered":"<p>Filtry ND (16\/64\/256) DJI Mini 4 Pro Zestaw filtr\u00f3w ND (16\/64\/256) od DJI zosta\u0142 zaprojektowany z my\u015bl\u0105 o u\u017cytkownikach drona<\/p>\n","protected":false},"featured_media":57461,"comment_status":"closed","ping_status":"open","template":"","meta":{"_acf_changed":false},"product_brand":[],"product_cat":[6167,6170,1088],"product_tag":[],"class_list":{"0":"post-57460","1":"product","2":"type-product","3":"status-publish","4":"has-post-thumbnail","6":"product_cat-akcesoria-do-dronow","7":"product_cat-dji-akcesoria-do-dronow","8":"product_cat-drony","9":"pa_okres-gwarancji-5757","10":"pa_producent-dji","12":"first","13":"outofstock","14":"taxable","15":"shipping-taxable","16":"purchasable","17":"product-type-simple"},"acf":[],"yoast_head":"<!-- This site is optimized with the Yoast SEO plugin v27.2 - https:\/\/yoast.com\/product\/yoast-seo-wordpress\/ -->\n<title>Zestaw filtr\u00f3w ND DJI do DJI Mini 4 Pro ND16\/64\/256 - IRONSKY.PL Sklep z Dronami<\/title>\n<meta name=\"description\" content=\"Zestaw filtr\u00f3w ND DJI do DJI Mini 4 Pro ND16\/64\/256 - \u2705 sklep z dronami i fachowym doradztwem. \u2705 Tutaj kupisz produkty DJI, Yuneec, Parrot, Syma i wiele innych, a tak\u017ce kursy i licencje na operatora drona.\" \/>\n<meta name=\"robots\" content=\"index, follow, max-snippet:-1, max-image-preview:large, max-video-preview:-1\" \/>\n<link rel=\"canonical\" href=\"https:\/\/ironsky.pl\/sklep\/produkt\/zestaw-filtrow-nd-dji-do-dji-mini-4-pro-nd16-64-256\/\" \/>\n<meta property=\"og:locale\" content=\"pl_PL\" \/>\n<meta property=\"og:type\" content=\"article\" \/>\n<meta property=\"og:title\" content=\"Zestaw filtr\u00f3w ND DJI do DJI Mini 4 Pro ND16\/64\/256 - IRONSKY.PL Sklep z Dronami\" \/>\n<meta property=\"og:description\" content=\"Zestaw filtr\u00f3w ND DJI do DJI Mini 4 Pro ND16\/64\/256 - \u2705 sklep z dronami i fachowym doradztwem. \u2705 Tutaj kupisz produkty DJI, Yuneec, Parrot, Syma i wiele innych, a tak\u017ce kursy i licencje na operatora drona.\" \/>\n<meta property=\"og:url\" content=\"https:\/\/ironsky.pl\/sklep\/produkt\/zestaw-filtrow-nd-dji-do-dji-mini-4-pro-nd16-64-256\/\" \/>\n<meta property=\"og:site_name\" content=\"IRONSKY.PL Sklep z Dronami\" \/>\n<meta property=\"article:modified_time\" content=\"2026-04-15T08:26:26+00:00\" \/>\n<meta property=\"og:image\" content=\"https:\/\/ironsky.pl\/sklep\/wp-content\/uploads\/2026\/04\/34711_4.jpg\" \/>\n\t<meta property=\"og:image:width\" content=\"800\" \/>\n\t<meta property=\"og:image:height\" content=\"800\" \/>\n\t<meta property=\"og:image:type\" content=\"image\/jpeg\" \/>\n<meta name=\"twitter:card\" content=\"summary_large_image\" \/>\n<meta name=\"twitter:label1\" content=\"Szacowany czas czytania\" \/>\n\t<meta name=\"twitter:data1\" content=\"1 minuta\" \/>\n<script type=\"application\/ld+json\" class=\"yoast-schema-graph\">{\"@context\":\"https:\/\/schema.org\",\"@graph\":[{\"@type\":\"WebPage\",\"@id\":\"https:\/\/ironsky.pl\/sklep\/produkt\/zestaw-filtrow-nd-dji-do-dji-mini-4-pro-nd16-64-256\/\",\"url\":\"https:\/\/ironsky.pl\/sklep\/produkt\/zestaw-filtrow-nd-dji-do-dji-mini-4-pro-nd16-64-256\/\",\"name\":\"Zestaw filtr\u00f3w ND DJI do DJI Mini 4 Pro ND16\/64\/256 - IRONSKY.PL Sklep z Dronami\",\"isPartOf\":{\"@id\":\"https:\/\/ironsky.pl\/sklep\/#website\"},\"primaryImageOfPage\":{\"@id\":\"https:\/\/ironsky.pl\/sklep\/produkt\/zestaw-filtrow-nd-dji-do-dji-mini-4-pro-nd16-64-256\/#primaryimage\"},\"image\":{\"@id\":\"https:\/\/ironsky.pl\/sklep\/produkt\/zestaw-filtrow-nd-dji-do-dji-mini-4-pro-nd16-64-256\/#primaryimage\"},\"thumbnailUrl\":\"https:\/\/ironsky.pl\/sklep\/wp-content\/uploads\/2026\/04\/34711_4.jpg\",\"datePublished\":\"2026-04-15T08:26:07+00:00\",\"dateModified\":\"2026-04-15T08:26:26+00:00\",\"description\":\"Zestaw filtr\u00f3w ND DJI do DJI Mini 4 Pro ND16\/64\/256 - \u2705 sklep z dronami i fachowym doradztwem. \u2705 Tutaj kupisz produkty DJI, Yuneec, Parrot, Syma i wiele innych, a tak\u017ce kursy i licencje na operatora drona.\",\"breadcrumb\":{\"@id\":\"https:\/\/ironsky.pl\/sklep\/produkt\/zestaw-filtrow-nd-dji-do-dji-mini-4-pro-nd16-64-256\/#breadcrumb\"},\"inLanguage\":\"pl-PL\",\"potentialAction\":[{\"@type\":\"ReadAction\",\"target\":[\"https:\/\/ironsky.pl\/sklep\/produkt\/zestaw-filtrow-nd-dji-do-dji-mini-4-pro-nd16-64-256\/\"]}]},{\"@type\":\"ImageObject\",\"inLanguage\":\"pl-PL\",\"@id\":\"https:\/\/ironsky.pl\/sklep\/produkt\/zestaw-filtrow-nd-dji-do-dji-mini-4-pro-nd16-64-256\/#primaryimage\",\"url\":\"https:\/\/ironsky.pl\/sklep\/wp-content\/uploads\/2026\/04\/34711_4.jpg\",\"contentUrl\":\"https:\/\/ironsky.pl\/sklep\/wp-content\/uploads\/2026\/04\/34711_4.jpg\",\"width\":800,\"height\":800},{\"@type\":\"BreadcrumbList\",\"@id\":\"https:\/\/ironsky.pl\/sklep\/produkt\/zestaw-filtrow-nd-dji-do-dji-mini-4-pro-nd16-64-256\/#breadcrumb\",\"itemListElement\":[{\"@type\":\"ListItem\",\"position\":1,\"name\":\"Strona g\u0142\u00f3wna\",\"item\":\"https:\/\/ironsky.pl\/sklep\/\"},{\"@type\":\"ListItem\",\"position\":2,\"name\":\"Wszystkie produkty\",\"item\":\"https:\/\/ironsky.pl\/sklep\/produkty\/\"},{\"@type\":\"ListItem\",\"position\":3,\"name\":\"Zestaw filtr\u00f3w ND DJI do DJI Mini 4 Pro ND16\/64\/256\"}]},{\"@type\":\"WebSite\",\"@id\":\"https:\/\/ironsky.pl\/sklep\/#website\",\"url\":\"https:\/\/ironsky.pl\/sklep\/\",\"name\":\"IRONSKY.PL Sklep z Dronami\",\"description\":\"IRONSKY.PL Sklep z Dronami\",\"potentialAction\":[{\"@type\":\"SearchAction\",\"target\":{\"@type\":\"EntryPoint\",\"urlTemplate\":\"https:\/\/ironsky.pl\/sklep\/?s={search_term_string}\"},\"query-input\":{\"@type\":\"PropertyValueSpecification\",\"valueRequired\":true,\"valueName\":\"search_term_string\"}}],\"inLanguage\":\"pl-PL\"}]}<\/script>\n<!-- \/ Yoast SEO plugin. -->","yoast_head_json":{"title":"Zestaw filtr\u00f3w ND DJI do DJI Mini 4 Pro ND16\/64\/256 - IRONSKY.PL Sklep z Dronami","description":"Zestaw filtr\u00f3w ND DJI do DJI Mini 4 Pro ND16\/64\/256 - \u2705 sklep z dronami i fachowym doradztwem. \u2705 Tutaj kupisz produkty DJI, Yuneec, Parrot, Syma i wiele innych, a tak\u017ce kursy i licencje na operatora drona.","robots":{"index":"index","follow":"follow","max-snippet":"max-snippet:-1","max-image-preview":"max-image-preview:large","max-video-preview":"max-video-preview:-1"},"canonical":"https:\/\/ironsky.pl\/sklep\/produkt\/zestaw-filtrow-nd-dji-do-dji-mini-4-pro-nd16-64-256\/","og_locale":"pl_PL","og_type":"article","og_title":"Zestaw filtr\u00f3w ND DJI do DJI Mini 4 Pro ND16\/64\/256 - IRONSKY.PL Sklep z Dronami","og_description":"Zestaw filtr\u00f3w ND DJI do DJI Mini 4 Pro ND16\/64\/256 - \u2705 sklep z dronami i fachowym doradztwem. \u2705 Tutaj kupisz produkty DJI, Yuneec, Parrot, Syma i wiele innych, a tak\u017ce kursy i licencje na operatora drona.","og_url":"https:\/\/ironsky.pl\/sklep\/produkt\/zestaw-filtrow-nd-dji-do-dji-mini-4-pro-nd16-64-256\/","og_site_name":"IRONSKY.PL Sklep z Dronami","article_modified_time":"2026-04-15T08:26:26+00:00","og_image":[{"width":800,"height":800,"url":"https:\/\/ironsky.pl\/sklep\/wp-content\/uploads\/2026\/04\/34711_4.jpg","type":"image\/jpeg"}],"twitter_card":"summary_large_image","twitter_misc":{"Szacowany czas czytania":"1 minuta"},"schema":{"@context":"https:\/\/schema.org","@graph":[{"@type":"WebPage","@id":"https:\/\/ironsky.pl\/sklep\/produkt\/zestaw-filtrow-nd-dji-do-dji-mini-4-pro-nd16-64-256\/","url":"https:\/\/ironsky.pl\/sklep\/produkt\/zestaw-filtrow-nd-dji-do-dji-mini-4-pro-nd16-64-256\/","name":"Zestaw filtr\u00f3w ND DJI do DJI Mini 4 Pro ND16\/64\/256 - IRONSKY.PL Sklep z Dronami","isPartOf":{"@id":"https:\/\/ironsky.pl\/sklep\/#website"},"primaryImageOfPage":{"@id":"https:\/\/ironsky.pl\/sklep\/produkt\/zestaw-filtrow-nd-dji-do-dji-mini-4-pro-nd16-64-256\/#primaryimage"},"image":{"@id":"https:\/\/ironsky.pl\/sklep\/produkt\/zestaw-filtrow-nd-dji-do-dji-mini-4-pro-nd16-64-256\/#primaryimage"},"thumbnailUrl":"https:\/\/ironsky.pl\/sklep\/wp-content\/uploads\/2026\/04\/34711_4.jpg","datePublished":"2026-04-15T08:26:07+00:00","dateModified":"2026-04-15T08:26:26+00:00","description":"Zestaw filtr\u00f3w ND DJI do DJI Mini 4 Pro ND16\/64\/256 - \u2705 sklep z dronami i fachowym doradztwem. \u2705 Tutaj kupisz produkty DJI, Yuneec, Parrot, Syma i wiele innych, a tak\u017ce kursy i licencje na operatora drona.","breadcrumb":{"@id":"https:\/\/ironsky.pl\/sklep\/produkt\/zestaw-filtrow-nd-dji-do-dji-mini-4-pro-nd16-64-256\/#breadcrumb"},"inLanguage":"pl-PL","potentialAction":[{"@type":"ReadAction","target":["https:\/\/ironsky.pl\/sklep\/produkt\/zestaw-filtrow-nd-dji-do-dji-mini-4-pro-nd16-64-256\/"]}]},{"@type":"ImageObject","inLanguage":"pl-PL","@id":"https:\/\/ironsky.pl\/sklep\/produkt\/zestaw-filtrow-nd-dji-do-dji-mini-4-pro-nd16-64-256\/#primaryimage","url":"https:\/\/ironsky.pl\/sklep\/wp-content\/uploads\/2026\/04\/34711_4.jpg","contentUrl":"https:\/\/ironsky.pl\/sklep\/wp-content\/uploads\/2026\/04\/34711_4.jpg","width":800,"height":800},{"@type":"BreadcrumbList","@id":"https:\/\/ironsky.pl\/sklep\/produkt\/zestaw-filtrow-nd-dji-do-dji-mini-4-pro-nd16-64-256\/#breadcrumb","itemListElement":[{"@type":"ListItem","position":1,"name":"Strona g\u0142\u00f3wna","item":"https:\/\/ironsky.pl\/sklep\/"},{"@type":"ListItem","position":2,"name":"Wszystkie produkty","item":"https:\/\/ironsky.pl\/sklep\/produkty\/"},{"@type":"ListItem","position":3,"name":"Zestaw filtr\u00f3w ND DJI do DJI Mini 4 Pro ND16\/64\/256"}]},{"@type":"WebSite","@id":"https:\/\/ironsky.pl\/sklep\/#website","url":"https:\/\/ironsky.pl\/sklep\/","name":"IRONSKY.PL Sklep z Dronami","description":"IRONSKY.PL Sklep z Dronami","potentialAction":[{"@type":"SearchAction","target":{"@type":"EntryPoint","urlTemplate":"https:\/\/ironsky.pl\/sklep\/?s={search_term_string}"},"query-input":{"@type":"PropertyValueSpecification","valueRequired":true,"valueName":"search_term_string"}}],"inLanguage":"pl-PL"}]}},"_links":{"self":[{"href":"https:\/\/ironsky.pl\/sklep\/wp-json\/wp\/v2\/product\/57460","targetHints":{"allow":["GET"]}}],"collection":[{"href":"https:\/\/ironsky.pl\/sklep\/wp-json\/wp\/v2\/product"}],"about":[{"href":"https:\/\/ironsky.pl\/sklep\/wp-json\/wp\/v2\/types\/product"}],"replies":[{"embeddable":true,"href":"https:\/\/ironsky.pl\/sklep\/wp-json\/wp\/v2\/comments?post=57460"}],"wp:featuredmedia":[{"embeddable":true,"href":"https:\/\/ironsky.pl\/sklep\/wp-json\/wp\/v2\/media\/57461"}],"wp:attachment":[{"href":"https:\/\/ironsky.pl\/sklep\/wp-json\/wp\/v2\/media?parent=57460"}],"wp:term":[{"taxonomy":"product_brand","embeddable":true,"href":"https:\/\/ironsky.pl\/sklep\/wp-json\/wp\/v2\/product_brand?post=57460"},{"taxonomy":"product_cat","embeddable":true,"href":"https:\/\/ironsky.pl\/sklep\/wp-json\/wp\/v2\/product_cat?post=57460"},{"taxonomy":"product_tag","embeddable":true,"href":"https:\/\/ironsky.pl\/sklep\/wp-json\/wp\/v2\/product_tag?post=57460"}],"curies":[{"name":"wp","href":"https:\/\/api.w.org\/{rel}","templated":true}]}}