{"id":57412,"date":"2026-04-15T10:25:38","date_gmt":"2026-04-15T08:25:38","guid":{"rendered":"https:\/\/ironsky.pl\/sklep\/produkt\/torba-na-ramie-tomtoc-explorer-t21-4l-czarna\/"},"modified":"2026-04-15T10:25:56","modified_gmt":"2026-04-15T08:25:56","slug":"torba-na-ramie-tomtoc-explorer-t21-4l-czarna","status":"publish","type":"product","link":"https:\/\/ironsky.pl\/sklep\/produkt\/torba-na-ramie-tomtoc-explorer-t21-4l-czarna\/","title":{"rendered":"Torba na rami\u0119 TOMTOC Explorer-T21 4l (czarna)"},"content":{"rendered":"<h3>Torba na ramie S Tomtoc Explorer-T21 (czarny)<\/h3>\n<p>Tomtoc Explorer-T21 S to niezwykle pojemna torba na rami\u0119, kt\u00f3ra zmie\u015bci wszystkie niezb\u0119dne rzeczy i jeszcze wi\u0119cej. Torba zosta\u0142a zaprojektowana dla os\u00f3b, kt\u00f3re ceni\u0105 pakowno\u015b\u0107, funkcjonalno\u015b\u0107 i \u015bwietny wygl\u0105d.\u00a0<\/p>\n<p>\n<img decoding=\"async\" src=\"https:\/\/assets.innpro.pl\/1190\/1285\/5.jpg\" border=\"0\" \/>\n<\/p>\n<h3>Pakowno\u015b\u0107<\/h3>\n<p>Torba sk\u0142ada si\u0119 z jednej du\u017cej komory, w kt\u00f3rej znajduje si\u0119 jedna wi\u0119ksza i dwie mniejsze kieszenie pozwalaj\u0105ce lepiej zorganizowa\u0107 przestrze\u0144. Z \u0142atwo\u015bci\u0105 zmieszcz\u0105 si\u0119 w niej Nintendo Switch, iPad Mini, czytnik Kindle i kilka innych przedmiot\u00f3w takich, jak portfel czy powerbank. Z ty\u0142u znajduje si\u0119 zapinana na zamek, ukryta kiesze\u0144 &#8211; perfekcyjnie sprawdzi si\u0119 do noszenia telefonu, paszportu, kabli i nie tylko! Przednia kieszonka, tak\u017ce zapinana na zamek, posiada pasek z karabi\u0144czykiem, do kt\u00f3rego mo\u017cna wpi\u0105\u0107 klucze lub AirTag.\u00a0<\/p>\n<p>\n<img decoding=\"async\" src=\"https:\/\/assets.innpro.pl\/1190\/1285\/2.jpg\" border=\"0\" \/>\n<\/p>\n<h3>Jako\u015b\u0107 wykonania<\/h3>\n<p>Wykonana jest z wysokiej jako\u015bci wytrzyma\u0142ego materia\u0142u &#8211; Cordura Ballistic Nylon, kt\u00f3ry jest mocny, lekki i wodoodporny. Zapi\u0119cie to niezawodna klamra Duraflex, kt\u00f3ra odporna jest na poluzowanie, aby u\u017cytkownik nie musia\u0142 martwi\u0107 si\u0119 o przypadkowe rozpi\u0119cie. Wszyte w torb\u0119 zamki cenionej firmy YKK zapewniaj\u0105 wytrzyma\u0142o\u015b\u0107 i d\u0142ug\u0105 przydatno\u015b\u0107 do u\u017cytku. Minimalistyczny design oraz dob\u00f3r materia\u0142\u00f3w sprawiaj, \u017ce jest stylowa i uniwersalna.\u00a0<\/p>\n<p>\n<img decoding=\"async\" src=\"https:\/\/assets.innpro.pl\/1190\/1285\/4.jpg\" border=\"0\" \/>\n<\/p>\n<div class=\"table-wrapper\">\n<p>\u00a0<\/p>\n<h3><\/h3>\n<table>\n<tbody>\n<tr>\n<th>Marka <\/th>\n<td>Tomtoc<\/td>\n<\/tr>\n<tr>\n<th>Model <\/th>\n<td>Explorer-T21 S<\/td>\n<\/tr>\n<tr>\n<th>Kolor <\/th>\n<td>Czarny<\/td>\n<\/tr>\n<tr>\n<th>Pojemno\u015b\u0107 <\/th>\n<td>4L<\/td>\n<\/tr>\n<tr>\n<th>Waga <\/th>\n<td>280g<\/td>\n<\/tr>\n<tr>\n<th>Wymiary <\/th>\n<td>ok. 31 x 15 x 7.5cm<\/td>\n<\/tr>\n<tr>\n<th>Materia\u0142 <\/th>\n<td>nylon Cordura Ballistic <\/td>\n<\/tr>\n<tr>\n<th>Kompatybilno\u015b\u0107<\/th>\n<td>8.3-calowy iPad mini, Switch OLED, Switch, Switch Lite<\/td>\n<\/tr>\n<\/tbody>\n<\/table>\n<\/div>\n","protected":false},"excerpt":{"rendered":"<p>Torba na ramie S Tomtoc Explorer-T21 (czarny) Tomtoc Explorer-T21 S to niezwykle pojemna torba na rami\u0119, kt\u00f3ra zmie\u015bci wszystkie niezb\u0119dne<\/p>\n","protected":false},"featured_media":43426,"comment_status":"closed","ping_status":"open","template":"","meta":{"_acf_changed":false},"product_brand":[],"product_cat":[5929,5955],"product_tag":[],"class_list":{"0":"post-57412","1":"product","2":"type-product","3":"status-publish","4":"has-post-thumbnail","6":"product_cat-akcesoria-it","7":"product_cat-przenoszenie","8":"pa_okres-gwarancji-5757","9":"pa_producent-tomtoc","11":"first","12":"outofstock","13":"taxable","14":"shipping-taxable","15":"purchasable","16":"product-type-simple"},"acf":[],"yoast_head":"<!-- This site is optimized with the Yoast SEO plugin v27.2 - https:\/\/yoast.com\/product\/yoast-seo-wordpress\/ -->\n<title>Torba na rami\u0119 TOMTOC Explorer-T21 4l (czarna) - IRONSKY.PL Sklep z Dronami<\/title>\n<meta name=\"description\" content=\"Torba na rami\u0119 TOMTOC Explorer-T21 4l (czarna) - \u2705 sklep z dronami i fachowym doradztwem. \u2705 Tutaj kupisz produkty DJI, Yuneec, Parrot, Syma i wiele innych, a tak\u017ce kursy i licencje na operatora drona.\" \/>\n<meta name=\"robots\" content=\"index, follow, max-snippet:-1, max-image-preview:large, max-video-preview:-1\" \/>\n<link rel=\"canonical\" href=\"https:\/\/ironsky.pl\/sklep\/produkt\/torba-na-ramie-tomtoc-explorer-t21-4l-czarna\/\" \/>\n<meta property=\"og:locale\" content=\"pl_PL\" \/>\n<meta property=\"og:type\" content=\"article\" \/>\n<meta property=\"og:title\" content=\"Torba na rami\u0119 TOMTOC Explorer-T21 4l (czarna) - IRONSKY.PL Sklep z Dronami\" \/>\n<meta property=\"og:description\" content=\"Torba na rami\u0119 TOMTOC Explorer-T21 4l (czarna) - \u2705 sklep z dronami i fachowym doradztwem. \u2705 Tutaj kupisz produkty DJI, Yuneec, Parrot, Syma i wiele innych, a tak\u017ce kursy i licencje na operatora drona.\" \/>\n<meta property=\"og:url\" content=\"https:\/\/ironsky.pl\/sklep\/produkt\/torba-na-ramie-tomtoc-explorer-t21-4l-czarna\/\" \/>\n<meta property=\"og:site_name\" content=\"IRONSKY.PL Sklep z Dronami\" \/>\n<meta property=\"article:modified_time\" content=\"2026-04-15T08:25:56+00:00\" \/>\n<meta property=\"og:image\" content=\"https:\/\/ironsky.pl\/sklep\/wp-content\/uploads\/2025\/06\/34557_1.jpg\" \/>\n\t<meta property=\"og:image:width\" content=\"800\" \/>\n\t<meta property=\"og:image:height\" content=\"800\" \/>\n\t<meta property=\"og:image:type\" content=\"image\/jpeg\" \/>\n<meta name=\"twitter:card\" content=\"summary_large_image\" \/>\n<meta name=\"twitter:label1\" content=\"Szacowany czas czytania\" \/>\n\t<meta name=\"twitter:data1\" content=\"1 minuta\" \/>\n<script type=\"application\/ld+json\" class=\"yoast-schema-graph\">{\"@context\":\"https:\/\/schema.org\",\"@graph\":[{\"@type\":\"WebPage\",\"@id\":\"https:\/\/ironsky.pl\/sklep\/produkt\/torba-na-ramie-tomtoc-explorer-t21-4l-czarna\/\",\"url\":\"https:\/\/ironsky.pl\/sklep\/produkt\/torba-na-ramie-tomtoc-explorer-t21-4l-czarna\/\",\"name\":\"Torba na rami\u0119 TOMTOC Explorer-T21 4l (czarna) - IRONSKY.PL Sklep z Dronami\",\"isPartOf\":{\"@id\":\"https:\/\/ironsky.pl\/sklep\/#website\"},\"primaryImageOfPage\":{\"@id\":\"https:\/\/ironsky.pl\/sklep\/produkt\/torba-na-ramie-tomtoc-explorer-t21-4l-czarna\/#primaryimage\"},\"image\":{\"@id\":\"https:\/\/ironsky.pl\/sklep\/produkt\/torba-na-ramie-tomtoc-explorer-t21-4l-czarna\/#primaryimage\"},\"thumbnailUrl\":\"https:\/\/ironsky.pl\/sklep\/wp-content\/uploads\/2025\/06\/34557_1.jpg\",\"datePublished\":\"2026-04-15T08:25:38+00:00\",\"dateModified\":\"2026-04-15T08:25:56+00:00\",\"description\":\"Torba na rami\u0119 TOMTOC Explorer-T21 4l (czarna) - \u2705 sklep z dronami i fachowym doradztwem. \u2705 Tutaj kupisz produkty DJI, Yuneec, Parrot, Syma i wiele innych, a tak\u017ce kursy i licencje na operatora drona.\",\"breadcrumb\":{\"@id\":\"https:\/\/ironsky.pl\/sklep\/produkt\/torba-na-ramie-tomtoc-explorer-t21-4l-czarna\/#breadcrumb\"},\"inLanguage\":\"pl-PL\",\"potentialAction\":[{\"@type\":\"ReadAction\",\"target\":[\"https:\/\/ironsky.pl\/sklep\/produkt\/torba-na-ramie-tomtoc-explorer-t21-4l-czarna\/\"]}]},{\"@type\":\"ImageObject\",\"inLanguage\":\"pl-PL\",\"@id\":\"https:\/\/ironsky.pl\/sklep\/produkt\/torba-na-ramie-tomtoc-explorer-t21-4l-czarna\/#primaryimage\",\"url\":\"https:\/\/ironsky.pl\/sklep\/wp-content\/uploads\/2025\/06\/34557_1.jpg\",\"contentUrl\":\"https:\/\/ironsky.pl\/sklep\/wp-content\/uploads\/2025\/06\/34557_1.jpg\",\"width\":800,\"height\":800},{\"@type\":\"BreadcrumbList\",\"@id\":\"https:\/\/ironsky.pl\/sklep\/produkt\/torba-na-ramie-tomtoc-explorer-t21-4l-czarna\/#breadcrumb\",\"itemListElement\":[{\"@type\":\"ListItem\",\"position\":1,\"name\":\"Strona g\u0142\u00f3wna\",\"item\":\"https:\/\/ironsky.pl\/sklep\/\"},{\"@type\":\"ListItem\",\"position\":2,\"name\":\"Wszystkie produkty\",\"item\":\"https:\/\/ironsky.pl\/sklep\/produkty\/\"},{\"@type\":\"ListItem\",\"position\":3,\"name\":\"Torba na rami\u0119 TOMTOC Explorer-T21 4l (czarna)\"}]},{\"@type\":\"WebSite\",\"@id\":\"https:\/\/ironsky.pl\/sklep\/#website\",\"url\":\"https:\/\/ironsky.pl\/sklep\/\",\"name\":\"IRONSKY.PL Sklep z Dronami\",\"description\":\"IRONSKY.PL Sklep z Dronami\",\"potentialAction\":[{\"@type\":\"SearchAction\",\"target\":{\"@type\":\"EntryPoint\",\"urlTemplate\":\"https:\/\/ironsky.pl\/sklep\/?s={search_term_string}\"},\"query-input\":{\"@type\":\"PropertyValueSpecification\",\"valueRequired\":true,\"valueName\":\"search_term_string\"}}],\"inLanguage\":\"pl-PL\"}]}<\/script>\n<!-- \/ Yoast SEO plugin. -->","yoast_head_json":{"title":"Torba na rami\u0119 TOMTOC Explorer-T21 4l (czarna) - IRONSKY.PL Sklep z Dronami","description":"Torba na rami\u0119 TOMTOC Explorer-T21 4l (czarna) - \u2705 sklep z dronami i fachowym doradztwem. \u2705 Tutaj kupisz produkty DJI, Yuneec, Parrot, Syma i wiele innych, a tak\u017ce kursy i licencje na operatora drona.","robots":{"index":"index","follow":"follow","max-snippet":"max-snippet:-1","max-image-preview":"max-image-preview:large","max-video-preview":"max-video-preview:-1"},"canonical":"https:\/\/ironsky.pl\/sklep\/produkt\/torba-na-ramie-tomtoc-explorer-t21-4l-czarna\/","og_locale":"pl_PL","og_type":"article","og_title":"Torba na rami\u0119 TOMTOC Explorer-T21 4l (czarna) - IRONSKY.PL Sklep z Dronami","og_description":"Torba na rami\u0119 TOMTOC Explorer-T21 4l (czarna) - \u2705 sklep z dronami i fachowym doradztwem. \u2705 Tutaj kupisz produkty DJI, Yuneec, Parrot, Syma i wiele innych, a tak\u017ce kursy i licencje na operatora drona.","og_url":"https:\/\/ironsky.pl\/sklep\/produkt\/torba-na-ramie-tomtoc-explorer-t21-4l-czarna\/","og_site_name":"IRONSKY.PL Sklep z Dronami","article_modified_time":"2026-04-15T08:25:56+00:00","og_image":[{"width":800,"height":800,"url":"https:\/\/ironsky.pl\/sklep\/wp-content\/uploads\/2025\/06\/34557_1.jpg","type":"image\/jpeg"}],"twitter_card":"summary_large_image","twitter_misc":{"Szacowany czas czytania":"1 minuta"},"schema":{"@context":"https:\/\/schema.org","@graph":[{"@type":"WebPage","@id":"https:\/\/ironsky.pl\/sklep\/produkt\/torba-na-ramie-tomtoc-explorer-t21-4l-czarna\/","url":"https:\/\/ironsky.pl\/sklep\/produkt\/torba-na-ramie-tomtoc-explorer-t21-4l-czarna\/","name":"Torba na rami\u0119 TOMTOC Explorer-T21 4l (czarna) - IRONSKY.PL Sklep z Dronami","isPartOf":{"@id":"https:\/\/ironsky.pl\/sklep\/#website"},"primaryImageOfPage":{"@id":"https:\/\/ironsky.pl\/sklep\/produkt\/torba-na-ramie-tomtoc-explorer-t21-4l-czarna\/#primaryimage"},"image":{"@id":"https:\/\/ironsky.pl\/sklep\/produkt\/torba-na-ramie-tomtoc-explorer-t21-4l-czarna\/#primaryimage"},"thumbnailUrl":"https:\/\/ironsky.pl\/sklep\/wp-content\/uploads\/2025\/06\/34557_1.jpg","datePublished":"2026-04-15T08:25:38+00:00","dateModified":"2026-04-15T08:25:56+00:00","description":"Torba na rami\u0119 TOMTOC Explorer-T21 4l (czarna) - \u2705 sklep z dronami i fachowym doradztwem. \u2705 Tutaj kupisz produkty DJI, Yuneec, Parrot, Syma i wiele innych, a tak\u017ce kursy i licencje na operatora drona.","breadcrumb":{"@id":"https:\/\/ironsky.pl\/sklep\/produkt\/torba-na-ramie-tomtoc-explorer-t21-4l-czarna\/#breadcrumb"},"inLanguage":"pl-PL","potentialAction":[{"@type":"ReadAction","target":["https:\/\/ironsky.pl\/sklep\/produkt\/torba-na-ramie-tomtoc-explorer-t21-4l-czarna\/"]}]},{"@type":"ImageObject","inLanguage":"pl-PL","@id":"https:\/\/ironsky.pl\/sklep\/produkt\/torba-na-ramie-tomtoc-explorer-t21-4l-czarna\/#primaryimage","url":"https:\/\/ironsky.pl\/sklep\/wp-content\/uploads\/2025\/06\/34557_1.jpg","contentUrl":"https:\/\/ironsky.pl\/sklep\/wp-content\/uploads\/2025\/06\/34557_1.jpg","width":800,"height":800},{"@type":"BreadcrumbList","@id":"https:\/\/ironsky.pl\/sklep\/produkt\/torba-na-ramie-tomtoc-explorer-t21-4l-czarna\/#breadcrumb","itemListElement":[{"@type":"ListItem","position":1,"name":"Strona g\u0142\u00f3wna","item":"https:\/\/ironsky.pl\/sklep\/"},{"@type":"ListItem","position":2,"name":"Wszystkie produkty","item":"https:\/\/ironsky.pl\/sklep\/produkty\/"},{"@type":"ListItem","position":3,"name":"Torba na rami\u0119 TOMTOC Explorer-T21 4l (czarna)"}]},{"@type":"WebSite","@id":"https:\/\/ironsky.pl\/sklep\/#website","url":"https:\/\/ironsky.pl\/sklep\/","name":"IRONSKY.PL Sklep z Dronami","description":"IRONSKY.PL Sklep z Dronami","potentialAction":[{"@type":"SearchAction","target":{"@type":"EntryPoint","urlTemplate":"https:\/\/ironsky.pl\/sklep\/?s={search_term_string}"},"query-input":{"@type":"PropertyValueSpecification","valueRequired":true,"valueName":"search_term_string"}}],"inLanguage":"pl-PL"}]}},"_links":{"self":[{"href":"https:\/\/ironsky.pl\/sklep\/wp-json\/wp\/v2\/product\/57412","targetHints":{"allow":["GET"]}}],"collection":[{"href":"https:\/\/ironsky.pl\/sklep\/wp-json\/wp\/v2\/product"}],"about":[{"href":"https:\/\/ironsky.pl\/sklep\/wp-json\/wp\/v2\/types\/product"}],"replies":[{"embeddable":true,"href":"https:\/\/ironsky.pl\/sklep\/wp-json\/wp\/v2\/comments?post=57412"}],"wp:featuredmedia":[{"embeddable":true,"href":"https:\/\/ironsky.pl\/sklep\/wp-json\/wp\/v2\/media\/43426"}],"wp:attachment":[{"href":"https:\/\/ironsky.pl\/sklep\/wp-json\/wp\/v2\/media?parent=57412"}],"wp:term":[{"taxonomy":"product_brand","embeddable":true,"href":"https:\/\/ironsky.pl\/sklep\/wp-json\/wp\/v2\/product_brand?post=57412"},{"taxonomy":"product_cat","embeddable":true,"href":"https:\/\/ironsky.pl\/sklep\/wp-json\/wp\/v2\/product_cat?post=57412"},{"taxonomy":"product_tag","embeddable":true,"href":"https:\/\/ironsky.pl\/sklep\/wp-json\/wp\/v2\/product_tag?post=57412"}],"curies":[{"name":"wp","href":"https:\/\/api.w.org\/{rel}","templated":true}]}}