{"id":57300,"date":"2026-04-15T10:24:09","date_gmt":"2026-04-15T08:24:09","guid":{"rendered":"https:\/\/ironsky.pl\/sklep\/produkt\/uchwyt-motocyklowy-puluz-do-kamer-sportowych-czarny\/"},"modified":"2026-04-15T10:24:34","modified_gmt":"2026-04-15T08:24:34","slug":"uchwyt-motocyklowy-puluz-do-kamer-sportowych-czarny","status":"publish","type":"product","link":"https:\/\/ironsky.pl\/sklep\/produkt\/uchwyt-motocyklowy-puluz-do-kamer-sportowych-czarny\/","title":{"rendered":"Uchwyt motocyklowy PULUZ do kamer sportowych (czarny)"},"content":{"rendered":"<h3>Uchwyt motocyklowy PULUZ do kamer sportowych (DJI, GoPro, Insta360) (czarny)<\/h3>\n<p>Chcesz uwiecznia\u0107 swoje chwile, podr\u00f3\u017cuj\u0105c na motocyklu, hulajnodze czy rowerze? Z uchwytem PULUZ b\u0119dzie to bardzo proste! Jest on kompatybilny z ka\u017cd\u0105 kierownic\u0105 o \u015brednicy rury od 1,5 do 5 cm, dzi\u0119ki czemu jest uniwersalny i bardzo praktyczny. Co wi\u0119cej, wykonany zosta\u0142 z najwy\u017cszej jako\u015bci materia\u0142\u00f3w, dlatego jest trwa\u0142y i niezawodny. Uchwy\u0107 jeszcze wi\u0119cej chwil z PULUZ!<\/p>\n<p>\n<img decoding=\"async\" src=\"https:\/\/assets.innpro.pl\/14684\/18405\/7.jpg\" border=\"0\" alt=\"\" \/>\n<\/p>\n<h3>Przemy\u015blana konstrukcja<\/h3>\n<p>Uchwyt motocyklowy PULUZ to doskona\u0142e rozwi\u0105zanie dla ka\u017cdego pasjonata fotografii i filmowania. Ten wszechstronny uchwyt zosta\u0142 zaprojektowany z my\u015bl\u0105 o szerokim zakresie zastosowa\u0144, nadaj\u0105c si\u0119 do kierownic o \u015brednicy rury od 1,5 do 5 cm. Co wi\u0119cej, dzi\u0119ki uniwersalnej g\u0142owicy kulowej zyskujesz pe\u0142n\u0105 swobod\u0119 regulacji w zakresie 360\u00b0, pozwalaj\u0105c dostosowa\u0107 uchwyt do preferowanego k\u0105ta widzenia. Dodatkowo \u015bruba 1\/4 umo\u017cliwia \u0142atwe mocowanie aparatu lub innego urz\u0105dzenia, zapewniaj\u0105c stabilno\u015b\u0107 i bezpiecze\u0144stwo podczas jazdy. Antypo\u015blizgowa podk\u0142adka silikonowa gwarantuje pewne trzymanie urz\u0105dzenia, nawet w trudnych warunkach. To idealne rozwi\u0105zanie dla motocyklist\u00f3w ceni\u0105cych sobie nie tylko wygod\u0119, ale r\u00f3wnie\u017c bezpiecze\u0144stwo i wszechstronno\u015b\u0107.<\/p>\n<p>\n<img decoding=\"async\" src=\"https:\/\/assets.innpro.pl\/14684\/18405\/5.jpg\" border=\"0\" alt=\"\" \/>\n<\/p>\n<h3>Stabilno\u015b\u0107 i bezpiecze\u0144stwo<\/h3>\n<p>Stabilno\u015b\u0107 i bezpiecze\u0144stwo to podstawy konstrukcji uchwytu motocyklowego PULUZ. Dzi\u0119ki innowacyjnemu pokr\u0119t\u0142u blokuj\u0105cemu mo\u017cesz by\u0107 pewny, \u017ce Tw\u00f3j aparat b\u0119dzie stabilnie si\u0119 trzyma\u0107, nawet podczas jazdy po nier\u00f3wnym terenie. Po dokr\u0119ceniu pokr\u0119t\u0142a, dwie g\u0142owice kulkowe s\u0105 mocno zablokowane, co zapewnia stabilny k\u0105t filmowania. To kluczowe rozwi\u0105zanie dla wszystkich pasjonat\u00f3w, kt\u00f3rzy chc\u0105 uwiecznia\u0107 swoje motocyklowe przygody w spos\u00f3b nie tylko emocjonuj\u0105cy, ale tak\u017ce bezpieczny.<\/p>\n<p>\n<img decoding=\"async\" src=\"https:\/\/assets.innpro.pl\/14684\/18405\/2.jpg\" border=\"0\" alt=\"\" \/>\n<\/p>\n<h3>Szeroka kompatybilno\u015b\u0107<\/h3>\n<p>Szeroka kompatybilno\u015b\u0107 to kluczowy atut tego uchwytu motocyklowego. Bez wzgl\u0119du na to, czy jeste\u015b posiadaczem kamery z serii GoPro, Insta360 czy DJI, ten gad\u017cet jest idealnym rozwi\u0105zaniem. Jego wszechstronno\u015b\u0107 nie ko\u0144czy si\u0119 jednak na wyborze urz\u0105dzenia \u2014 mo\u017cesz go przyczepi\u0107 zar\u00f3wno do hulajnogi, motocykla, jak i roweru, co czyni go niezast\u0105pionym narz\u0119dziem dla ka\u017cdego mi\u0142o\u015bnika aktywno\u015bci na \u015bwie\u017cym powietrzu.<\/p>\n<p>\n<img decoding=\"async\" src=\"https:\/\/assets.innpro.pl\/14684\/18405\/4.jpg\" border=\"0\" alt=\"\" \/>\n<\/p>\n<h3>W zestawie<\/h3>\n<ul class=\"list-disc pl-5\">\n<li>Uchwyt<\/li>\n<li>Zacisk na ram\u0119<\/li>\n<li>Adapter 1\/4 g\u0142owicy kulkowej<\/li>\n<li>G\u0142owica kulkowa<\/li>\n<li>\u015aruba<\/li>\n<\/ul>\n<div class=\"table-wrapper\">\n<p>\u00a0<\/p>\n<h3><\/h3>\n<table>\n<tbody>\n<tr>\n<th>Producent <\/th>\n<td>PULUZ<\/td>\n<\/tr>\n<tr>\n<th>Model <\/th>\n<td>PU867B<\/td>\n<\/tr>\n<tr>\n<th>D\u0142ugo\u015b\u0107<\/th>\n<td>18 cm<\/td>\n<\/tr>\n<tr>\n<th>Kompatybilno\u015b\u0107 <\/th>\n<td>dla kierownic o \u015brednicy rury od 1,5 do 5 cm<\/td>\n<\/tr>\n<tr>\n<th>Materia\u0142 zacisku <\/th>\n<td>tworzywo sztuczne<\/td>\n<\/tr>\n<tr>\n<th>Materia\u0142 uchwytu <\/th>\n<td>stop aluminium<\/td>\n<\/tr>\n<tr>\n<th>Kompatybilne kamery<\/th>\n<td>DJI: Osmo Action 5 Pro, Osmo Action 3, Action 2, Osmo Action \/ GoPro: HERO (2024), HERO13 Black, HERO12 Black, HERO11 Black Mini, HERO11 Black, HERO10 Black, HERO9 Black, HERO8 Black, MAX, HERO7 White, HERO7 Black, HERO7 Silver, NEW HERO, HERO6 Black, HERO5 Black, HERO5 Session, Hero Session, HERO4 Session, HERO4, HERO3+, HERO3, HERO2, HERO \/ Insta360: X5, X4, Ace, Ace Pro, X3, ONE RS 1-Inch 360 Edition, Insta360 ONE RS 4K Edition, Insta360 ONE RS 360 Edition, Insta360 ONE RS 1-INCH EDITION, ONE X2<\/td>\n<\/tr>\n<\/tbody>\n<\/table>\n<\/div>\n","protected":false},"excerpt":{"rendered":"<p>Uchwyt motocyklowy PULUZ do kamer sportowych (DJI, GoPro, Insta360) (czarny) Chcesz uwiecznia\u0107 swoje chwile, podr\u00f3\u017cuj\u0105c na motocyklu, hulajnodze czy rowerze?<\/p>\n","protected":false},"featured_media":57301,"comment_status":"closed","ping_status":"open","template":"","meta":{"_acf_changed":false},"product_brand":[],"product_cat":[1128,6178,6176,6177,1138,6179],"product_tag":[],"class_list":{"0":"post-57300","1":"product","2":"type-product","3":"status-publish","4":"has-post-thumbnail","6":"product_cat-foto-wideo","7":"product_cat-mocowania","8":"product_cat-selfie-stiki","9":"product_cat-statywy-selfie-stiki","10":"product_cat-wysiegniki","11":"product_cat-wysiegniki-i-uchwyty-selfie","12":"pa_okres-gwarancji-5754","13":"pa_producent-puluz","15":"first","16":"outofstock","17":"taxable","18":"shipping-taxable","19":"purchasable","20":"product-type-simple"},"acf":[],"yoast_head":"<!-- This site is optimized with the Yoast SEO plugin v27.2 - https:\/\/yoast.com\/product\/yoast-seo-wordpress\/ -->\n<title>Uchwyt motocyklowy PULUZ do kamer sportowych (czarny) - IRONSKY.PL Sklep z Dronami<\/title>\n<meta name=\"description\" content=\"Uchwyt motocyklowy PULUZ do kamer sportowych (czarny) - \u2705 sklep z dronami i fachowym doradztwem. \u2705 Tutaj kupisz produkty DJI, Yuneec, Parrot, Syma i wiele innych, a tak\u017ce kursy i licencje na operatora drona.\" \/>\n<meta name=\"robots\" content=\"index, follow, max-snippet:-1, max-image-preview:large, max-video-preview:-1\" \/>\n<link rel=\"canonical\" href=\"https:\/\/ironsky.pl\/sklep\/produkt\/uchwyt-motocyklowy-puluz-do-kamer-sportowych-czarny\/\" \/>\n<meta property=\"og:locale\" content=\"pl_PL\" \/>\n<meta property=\"og:type\" content=\"article\" \/>\n<meta property=\"og:title\" content=\"Uchwyt motocyklowy PULUZ do kamer sportowych (czarny) - IRONSKY.PL Sklep z Dronami\" \/>\n<meta property=\"og:description\" content=\"Uchwyt motocyklowy PULUZ do kamer sportowych (czarny) - \u2705 sklep z dronami i fachowym doradztwem. \u2705 Tutaj kupisz produkty DJI, Yuneec, Parrot, Syma i wiele innych, a tak\u017ce kursy i licencje na operatora drona.\" \/>\n<meta property=\"og:url\" content=\"https:\/\/ironsky.pl\/sklep\/produkt\/uchwyt-motocyklowy-puluz-do-kamer-sportowych-czarny\/\" \/>\n<meta property=\"og:site_name\" content=\"IRONSKY.PL Sklep z Dronami\" \/>\n<meta property=\"article:modified_time\" content=\"2026-04-15T08:24:34+00:00\" \/>\n<meta property=\"og:image\" content=\"https:\/\/ironsky.pl\/sklep\/wp-content\/uploads\/2026\/04\/34160_1.jpg\" \/>\n\t<meta property=\"og:image:width\" content=\"800\" \/>\n\t<meta property=\"og:image:height\" content=\"800\" \/>\n\t<meta property=\"og:image:type\" content=\"image\/jpeg\" \/>\n<meta name=\"twitter:card\" content=\"summary_large_image\" \/>\n<meta name=\"twitter:label1\" content=\"Szacowany czas czytania\" \/>\n\t<meta name=\"twitter:data1\" content=\"2 minuty\" \/>\n<script type=\"application\/ld+json\" class=\"yoast-schema-graph\">{\"@context\":\"https:\/\/schema.org\",\"@graph\":[{\"@type\":\"WebPage\",\"@id\":\"https:\/\/ironsky.pl\/sklep\/produkt\/uchwyt-motocyklowy-puluz-do-kamer-sportowych-czarny\/\",\"url\":\"https:\/\/ironsky.pl\/sklep\/produkt\/uchwyt-motocyklowy-puluz-do-kamer-sportowych-czarny\/\",\"name\":\"Uchwyt motocyklowy PULUZ do kamer sportowych (czarny) - IRONSKY.PL Sklep z Dronami\",\"isPartOf\":{\"@id\":\"https:\/\/ironsky.pl\/sklep\/#website\"},\"primaryImageOfPage\":{\"@id\":\"https:\/\/ironsky.pl\/sklep\/produkt\/uchwyt-motocyklowy-puluz-do-kamer-sportowych-czarny\/#primaryimage\"},\"image\":{\"@id\":\"https:\/\/ironsky.pl\/sklep\/produkt\/uchwyt-motocyklowy-puluz-do-kamer-sportowych-czarny\/#primaryimage\"},\"thumbnailUrl\":\"https:\/\/ironsky.pl\/sklep\/wp-content\/uploads\/2026\/04\/34160_1.jpg\",\"datePublished\":\"2026-04-15T08:24:09+00:00\",\"dateModified\":\"2026-04-15T08:24:34+00:00\",\"description\":\"Uchwyt motocyklowy PULUZ do kamer sportowych (czarny) - \u2705 sklep z dronami i fachowym doradztwem. \u2705 Tutaj kupisz produkty DJI, Yuneec, Parrot, Syma i wiele innych, a tak\u017ce kursy i licencje na operatora drona.\",\"breadcrumb\":{\"@id\":\"https:\/\/ironsky.pl\/sklep\/produkt\/uchwyt-motocyklowy-puluz-do-kamer-sportowych-czarny\/#breadcrumb\"},\"inLanguage\":\"pl-PL\",\"potentialAction\":[{\"@type\":\"ReadAction\",\"target\":[\"https:\/\/ironsky.pl\/sklep\/produkt\/uchwyt-motocyklowy-puluz-do-kamer-sportowych-czarny\/\"]}]},{\"@type\":\"ImageObject\",\"inLanguage\":\"pl-PL\",\"@id\":\"https:\/\/ironsky.pl\/sklep\/produkt\/uchwyt-motocyklowy-puluz-do-kamer-sportowych-czarny\/#primaryimage\",\"url\":\"https:\/\/ironsky.pl\/sklep\/wp-content\/uploads\/2026\/04\/34160_1.jpg\",\"contentUrl\":\"https:\/\/ironsky.pl\/sklep\/wp-content\/uploads\/2026\/04\/34160_1.jpg\",\"width\":800,\"height\":800},{\"@type\":\"BreadcrumbList\",\"@id\":\"https:\/\/ironsky.pl\/sklep\/produkt\/uchwyt-motocyklowy-puluz-do-kamer-sportowych-czarny\/#breadcrumb\",\"itemListElement\":[{\"@type\":\"ListItem\",\"position\":1,\"name\":\"Strona g\u0142\u00f3wna\",\"item\":\"https:\/\/ironsky.pl\/sklep\/\"},{\"@type\":\"ListItem\",\"position\":2,\"name\":\"Wszystkie produkty\",\"item\":\"https:\/\/ironsky.pl\/sklep\/produkty\/\"},{\"@type\":\"ListItem\",\"position\":3,\"name\":\"Uchwyt motocyklowy PULUZ do kamer sportowych (czarny)\"}]},{\"@type\":\"WebSite\",\"@id\":\"https:\/\/ironsky.pl\/sklep\/#website\",\"url\":\"https:\/\/ironsky.pl\/sklep\/\",\"name\":\"IRONSKY.PL Sklep z Dronami\",\"description\":\"IRONSKY.PL Sklep z Dronami\",\"potentialAction\":[{\"@type\":\"SearchAction\",\"target\":{\"@type\":\"EntryPoint\",\"urlTemplate\":\"https:\/\/ironsky.pl\/sklep\/?s={search_term_string}\"},\"query-input\":{\"@type\":\"PropertyValueSpecification\",\"valueRequired\":true,\"valueName\":\"search_term_string\"}}],\"inLanguage\":\"pl-PL\"}]}<\/script>\n<!-- \/ Yoast SEO plugin. -->","yoast_head_json":{"title":"Uchwyt motocyklowy PULUZ do kamer sportowych (czarny) - IRONSKY.PL Sklep z Dronami","description":"Uchwyt motocyklowy PULUZ do kamer sportowych (czarny) - \u2705 sklep z dronami i fachowym doradztwem. \u2705 Tutaj kupisz produkty DJI, Yuneec, Parrot, Syma i wiele innych, a tak\u017ce kursy i licencje na operatora drona.","robots":{"index":"index","follow":"follow","max-snippet":"max-snippet:-1","max-image-preview":"max-image-preview:large","max-video-preview":"max-video-preview:-1"},"canonical":"https:\/\/ironsky.pl\/sklep\/produkt\/uchwyt-motocyklowy-puluz-do-kamer-sportowych-czarny\/","og_locale":"pl_PL","og_type":"article","og_title":"Uchwyt motocyklowy PULUZ do kamer sportowych (czarny) - IRONSKY.PL Sklep z Dronami","og_description":"Uchwyt motocyklowy PULUZ do kamer sportowych (czarny) - \u2705 sklep z dronami i fachowym doradztwem. \u2705 Tutaj kupisz produkty DJI, Yuneec, Parrot, Syma i wiele innych, a tak\u017ce kursy i licencje na operatora drona.","og_url":"https:\/\/ironsky.pl\/sklep\/produkt\/uchwyt-motocyklowy-puluz-do-kamer-sportowych-czarny\/","og_site_name":"IRONSKY.PL Sklep z Dronami","article_modified_time":"2026-04-15T08:24:34+00:00","og_image":[{"width":800,"height":800,"url":"https:\/\/ironsky.pl\/sklep\/wp-content\/uploads\/2026\/04\/34160_1.jpg","type":"image\/jpeg"}],"twitter_card":"summary_large_image","twitter_misc":{"Szacowany czas czytania":"2 minuty"},"schema":{"@context":"https:\/\/schema.org","@graph":[{"@type":"WebPage","@id":"https:\/\/ironsky.pl\/sklep\/produkt\/uchwyt-motocyklowy-puluz-do-kamer-sportowych-czarny\/","url":"https:\/\/ironsky.pl\/sklep\/produkt\/uchwyt-motocyklowy-puluz-do-kamer-sportowych-czarny\/","name":"Uchwyt motocyklowy PULUZ do kamer sportowych (czarny) - IRONSKY.PL Sklep z Dronami","isPartOf":{"@id":"https:\/\/ironsky.pl\/sklep\/#website"},"primaryImageOfPage":{"@id":"https:\/\/ironsky.pl\/sklep\/produkt\/uchwyt-motocyklowy-puluz-do-kamer-sportowych-czarny\/#primaryimage"},"image":{"@id":"https:\/\/ironsky.pl\/sklep\/produkt\/uchwyt-motocyklowy-puluz-do-kamer-sportowych-czarny\/#primaryimage"},"thumbnailUrl":"https:\/\/ironsky.pl\/sklep\/wp-content\/uploads\/2026\/04\/34160_1.jpg","datePublished":"2026-04-15T08:24:09+00:00","dateModified":"2026-04-15T08:24:34+00:00","description":"Uchwyt motocyklowy PULUZ do kamer sportowych (czarny) - \u2705 sklep z dronami i fachowym doradztwem. \u2705 Tutaj kupisz produkty DJI, Yuneec, Parrot, Syma i wiele innych, a tak\u017ce kursy i licencje na operatora drona.","breadcrumb":{"@id":"https:\/\/ironsky.pl\/sklep\/produkt\/uchwyt-motocyklowy-puluz-do-kamer-sportowych-czarny\/#breadcrumb"},"inLanguage":"pl-PL","potentialAction":[{"@type":"ReadAction","target":["https:\/\/ironsky.pl\/sklep\/produkt\/uchwyt-motocyklowy-puluz-do-kamer-sportowych-czarny\/"]}]},{"@type":"ImageObject","inLanguage":"pl-PL","@id":"https:\/\/ironsky.pl\/sklep\/produkt\/uchwyt-motocyklowy-puluz-do-kamer-sportowych-czarny\/#primaryimage","url":"https:\/\/ironsky.pl\/sklep\/wp-content\/uploads\/2026\/04\/34160_1.jpg","contentUrl":"https:\/\/ironsky.pl\/sklep\/wp-content\/uploads\/2026\/04\/34160_1.jpg","width":800,"height":800},{"@type":"BreadcrumbList","@id":"https:\/\/ironsky.pl\/sklep\/produkt\/uchwyt-motocyklowy-puluz-do-kamer-sportowych-czarny\/#breadcrumb","itemListElement":[{"@type":"ListItem","position":1,"name":"Strona g\u0142\u00f3wna","item":"https:\/\/ironsky.pl\/sklep\/"},{"@type":"ListItem","position":2,"name":"Wszystkie produkty","item":"https:\/\/ironsky.pl\/sklep\/produkty\/"},{"@type":"ListItem","position":3,"name":"Uchwyt motocyklowy PULUZ do kamer sportowych (czarny)"}]},{"@type":"WebSite","@id":"https:\/\/ironsky.pl\/sklep\/#website","url":"https:\/\/ironsky.pl\/sklep\/","name":"IRONSKY.PL Sklep z Dronami","description":"IRONSKY.PL Sklep z Dronami","potentialAction":[{"@type":"SearchAction","target":{"@type":"EntryPoint","urlTemplate":"https:\/\/ironsky.pl\/sklep\/?s={search_term_string}"},"query-input":{"@type":"PropertyValueSpecification","valueRequired":true,"valueName":"search_term_string"}}],"inLanguage":"pl-PL"}]}},"_links":{"self":[{"href":"https:\/\/ironsky.pl\/sklep\/wp-json\/wp\/v2\/product\/57300","targetHints":{"allow":["GET"]}}],"collection":[{"href":"https:\/\/ironsky.pl\/sklep\/wp-json\/wp\/v2\/product"}],"about":[{"href":"https:\/\/ironsky.pl\/sklep\/wp-json\/wp\/v2\/types\/product"}],"replies":[{"embeddable":true,"href":"https:\/\/ironsky.pl\/sklep\/wp-json\/wp\/v2\/comments?post=57300"}],"wp:featuredmedia":[{"embeddable":true,"href":"https:\/\/ironsky.pl\/sklep\/wp-json\/wp\/v2\/media\/57301"}],"wp:attachment":[{"href":"https:\/\/ironsky.pl\/sklep\/wp-json\/wp\/v2\/media?parent=57300"}],"wp:term":[{"taxonomy":"product_brand","embeddable":true,"href":"https:\/\/ironsky.pl\/sklep\/wp-json\/wp\/v2\/product_brand?post=57300"},{"taxonomy":"product_cat","embeddable":true,"href":"https:\/\/ironsky.pl\/sklep\/wp-json\/wp\/v2\/product_cat?post=57300"},{"taxonomy":"product_tag","embeddable":true,"href":"https:\/\/ironsky.pl\/sklep\/wp-json\/wp\/v2\/product_tag?post=57300"}],"curies":[{"name":"wp","href":"https:\/\/api.w.org\/{rel}","templated":true}]}}