{"id":57046,"date":"2026-04-15T10:21:50","date_gmt":"2026-04-15T08:21:50","guid":{"rendered":"https:\/\/ironsky.pl\/sklep\/produkt\/monitor-przenosny-arzopa-a1-gamut-156\/"},"modified":"2026-04-15T10:21:54","modified_gmt":"2026-04-15T08:21:54","slug":"monitor-przenosny-arzopa-a1-gamut-156","status":"publish","type":"product","link":"https:\/\/ironsky.pl\/sklep\/produkt\/monitor-przenosny-arzopa-a1-gamut-156\/","title":{"rendered":"Monitor przeno\u015bny ARZOPA A1 GAMUT 15,6&#8243;"},"content":{"rendered":"<h3>Przeno\u015bny monitor Arzopa A1 GAMUT 15,6&#8243;<\/h3>\n<p>Szukasz przeno\u015bnego monitora, kt\u00f3ry b\u0119dzie Ci towarzyszy\u0107 nie tylko w domu, ale tak\u017ce w pracy czy na wyje\u017adzie? Arzopa A1 GAMUT b\u0119dzie doskona\u0142ym wyborem! Zapewnia on rozdzielczo\u015b\u0107 Full HD 1920 \u00d7 1080 oraz cz\u0119stotliwo\u015b\u0107 od\u015bwie\u017cania na poziomie 60 Hz, dzi\u0119ki czemu zapewnia prawdziwy i \u017cywy obraz. Co wi\u0119cej, wykazuje szerok\u0105 kompatybilno\u015b\u0107 z wieloma urz\u0105dzeniami, dzi\u0119ki czemu b\u0119dzie bardziej komfortowy w u\u017cytkowaniu. Dodatkowo za spraw\u0105 lekkiej konstrukcji mo\u017cesz zabiera\u0107 go ze sob\u0105 w ka\u017cd\u0105 podr\u00f3\u017c!<\/p>\n<p><img decoding=\"async\" src=\"https:\/\/b2b.innpro.pl\/data\/include\/cms\/Arzopa\/A1-GAMUT\/3.jpg\" border=\"0\" alt=\"Arzopa\/A1-GAMUT\/9\" \/><\/p>\n<h3>Doskona\u0142a jako\u015b\u0107 obrazu<\/h3>\n<p>Przeno\u015bny monitor Arzopa wyr\u00f3\u017cnia si\u0119 rozdzielczo\u015bci\u0105 Full HD 1920 \u00d7 1080, co zapewnia dok\u0142adny i \u017cywy obraz. Za spraw\u0105 cz\u0119stotliwo\u015bci od\u015bwie\u017cania 60 Hz gwarantuje szybkie i niezawodne dzia\u0142anie, a proporcje ekranu wynosz\u0105ce 16:9 poka\u017c\u0105 Ci prawdziwie kolory. Co wi\u0119cej, monitor zosta\u0142 wyposa\u017cony tak\u017ce w dwa g\u0142o\u015bniki, co gwarantuje doskona\u0142\u0105 jako\u015b\u0107 d\u017awi\u0119ku. Z Arzopa mo\u017cesz w pe\u0142ni zanurzy\u0107 si\u0119 w ogl\u0105danych filmach czy prze\u017cywa\u0107 odbywane rozgrywki.<\/p>\n<p><img decoding=\"async\" src=\"https:\/\/b2b.innpro.pl\/data\/include\/cms\/Arzopa\/A1-GAMUT\/5.jpg\" border=\"0\" alt=\"Arzopa\/A1-GAMUT\/1\" \/><\/p>\n<h3>Ekran IPS<\/h3>\n<p>A1 GAMUT zosta\u0142 wyposa\u017cony w ekran IPS, kt\u00f3ry zapewnia szeroki k\u0105t widzenia 178\u00b0, co sprawia, \u017ce kolory pod dowolnym k\u0105tem s\u0105 tak samo realistyczne i doskonale nasycone. Co wi\u0119cej, zosta\u0142 wyposa\u017cony tak\u017ce w technologi\u0119 filtra \u015bwiat\u0142a niebieskiego, kt\u00f3ra gwarantuje ochron\u0119 Twoich oczu przed zm\u0119czeniem. Mo\u017cesz j\u0105 w\u0142\u0105cza\u0107 automatycznie przy s\u0142abym o\u015bwietleniu. Od dzisiaj mo\u017cesz cieszy\u0107 si\u0119 doskona\u0142ej jako\u015bci obrazem bez obaw o sw\u00f3j wzrok!<\/p>\n<p><img decoding=\"async\" src=\"https:\/\/b2b.innpro.pl\/data\/include\/cms\/Arzopa\/A1-GAMUT\/8.jpg\" border=\"0\" alt=\"Arzopa\/A1-GAMUT\/9\" \/><\/p>\n<h3>Technologia renderowania HDR<\/h3>\n<p>Urz\u0105dzenie Arzopa zosta\u0142o tak\u017ce wyposa\u017cone w technologi\u0119 renderowania HDR. Przywraca ona rzeczywiste kolory, a co wi\u0119cej zapewnia mocniejszy kontrast, co przek\u0142ada si\u0119 na dynamiczny i pe\u0142en szczeg\u00f3\u0142\u00f3w obraz. Arzopa gwarantuje niesamowite wra\u017cenia podczas ogl\u0105dania! Co wi\u0119cej, tryb HDR mo\u017cesz dowolne w\u0142\u0105cza\u0107 i wy\u0142\u0105cza\u0107 \u2014 wystarczy tylko wej\u015b\u0107 do menu OSD.<\/p>\n<p><img decoding=\"async\" src=\"https:\/\/b2b.innpro.pl\/data\/include\/cms\/Arzopa\/A1-GAMUT\/7.jpg\" border=\"0\" alt=\"Arzopa\/A1-GAMUT\/7\" \/><\/p>\n<h3>Du\u017ca kompatybilno\u015b\u0107<\/h3>\n<p>Monitor Arzopa wykazuje du\u017c\u0105 kompatybilno\u015b\u0107, dlatego b\u0119dzie bardzo wygodny w u\u017cytkowaniu. Wyposa\u017cony zosta\u0142 w port Mini HDMI oraz dwa porty USB-C. Doskonale wsp\u00f3\u0142pracowa\u0107 b\u0119dzie z r\u00f3\u017cnymi modelami telefon\u00f3w, laptop\u00f3w, a tak\u017ce z konsolami takimi jak Switch, Xbox czy PS4.<\/p>\n<p><img decoding=\"async\" src=\"https:\/\/b2b.innpro.pl\/data\/include\/cms\/Arzopa\/A1-GAMUT\/2.jpg\" border=\"0\" alt=\"Arzopa\/A1-GAMUT\/6\" \/><\/p>\n<h3>Komfort u\u017cytkowania<\/h3>\n<p>A1 GAMUT to nie tylko praktyczne urz\u0105dzenie, to tak\u017ce komfort u\u017cytkowania. Przeno\u015bny monitor Arzopa sprawdzi si\u0119 doskonale podczas grania w gry, do nauki, ogl\u0105dania film\u00f3w czy do pracy. Dzi\u0119ki lekkiej konstrukcji z \u0142atwo\u015bci\u0105 b\u0119dziesz m\u00f3g\u0142 zabiera\u0107 go ze sob\u0105 w ka\u017cd\u0105 podr\u00f3\u017c! Ciesz si\u0119 doskona\u0142\u0105 jako\u015bci\u0105 obrazu, gdziekolwiek jeste\u015b!<\/p>\n<p><img decoding=\"async\" src=\"https:\/\/b2b.innpro.pl\/data\/include\/cms\/Arzopa\/A1-GAMUT\/10.jpg\" border=\"0\" alt=\"Arzopa\/A1-GAMUT\/4\" \/><\/p>\n<h3>W zestawie<\/h3>\n<ul>\n<li>przeno\u015bny monitor Arzopa A1 GAMUT<\/li>\n<li>kabel USB-C do USB-C (w pe\u0142ni funkcjonalny)<\/li>\n<li>kabel Mini HDMI do HDMI (tylko do transmisji danych)<\/li>\n<li>kabel USB-C do USB-A (tylko do zasilania)<\/li>\n<li>\u015bciereczka do czyszczenia ekranu<\/li>\n<li>instrukcja obs\u0142ugi<\/li>\n<\/ul>\n<div class=\"table-wrapper\">\n<table>\n<tbody>\n<tr>\n<th>Producent<\/th>\n<td>Arzopa<\/td>\n<\/tr>\n<tr>\n<th>Model<\/th>\n<td>A1 GAMUT<\/td>\n<\/tr>\n<tr>\n<th>Przek\u0105tna ekranu<\/th>\n<td>15,6 cala (16:9)<\/td>\n<\/tr>\n<tr>\n<th>Matryca<\/th>\n<td>IPS<\/td>\n<\/tr>\n<tr>\n<th>Rozdzielczo\u015b\u0107<\/th>\n<td>1920 x 1080p<\/td>\n<\/tr>\n<tr>\n<th>K\u0105t widzenia<\/th>\n<td>W pionie: 178\u00b0 <br \/>W poziomie: 178\u00b0<\/td>\n<\/tr>\n<tr>\n<th>Cz\u0119stotliwo\u015b\u0107 od\u015bwie\u017cania<\/th>\n<td>60 Hz<\/td>\n<\/tr>\n<tr>\n<th>Temperatura barwowa<\/th>\n<td>6800K<\/td>\n<\/tr>\n<tr>\n<th>Wsp\u00f3\u0142czynnik kontrastu<\/th>\n<td>800:1<\/td>\n<\/tr>\n<tr>\n<th>Jasno\u015b\u0107<\/th>\n<td>250 cd\/m2<\/td>\n<\/tr>\n<tr>\n<th>Gama kolor\u00f3w<\/th>\n<td>45% NTSC<\/td>\n<\/tr>\n<tr>\n<th>Kolor wy\u015bwietlacza<\/th>\n<td>262K (6-bit)<\/td>\n<\/tr>\n<tr>\n<th>Materia\u0142 wspornika<\/th>\n<td>Stop aluminium<\/td>\n<\/tr>\n<tr>\n<th>Porty wej\u015bciowe<\/th>\n<td>mini HDMI (sygna\u0142 wideo), 2x USB-C (przesy\u0142 wideo, zasilanie)<\/td>\n<\/tr>\n<tr>\n<th>G\u0142o\u015bnik<\/th>\n<td>Podw\u00f3jne g\u0142o\u015bniki (1W x2)<\/td>\n<\/tr>\n<\/tbody>\n<\/table>\n<\/div>\n","protected":false},"excerpt":{"rendered":"<p>Przeno\u015bny monitor Arzopa A1 GAMUT 15,6&#8243; Szukasz przeno\u015bnego monitora, kt\u00f3ry b\u0119dzie Ci towarzyszy\u0107 nie tylko w domu, ale tak\u017ce w<\/p>\n","protected":false},"featured_media":57047,"comment_status":"closed","ping_status":"open","template":"","meta":{"_acf_changed":false},"product_brand":[],"product_cat":[5929,5968],"product_tag":[],"class_list":{"0":"post-57046","1":"product","2":"type-product","3":"status-publish","4":"has-post-thumbnail","6":"product_cat-akcesoria-it","7":"product_cat-monitory-przenosne","8":"pa_okres-gwarancji-5754","9":"pa_producent-arzopa","11":"first","12":"outofstock","13":"taxable","14":"shipping-taxable","15":"purchasable","16":"product-type-simple"},"acf":[],"yoast_head":"<!-- This site is optimized with the Yoast SEO plugin v27.2 - https:\/\/yoast.com\/product\/yoast-seo-wordpress\/ -->\n<title>Monitor przeno\u015bny ARZOPA A1 GAMUT 15,6&quot; - IRONSKY.PL Sklep z Dronami<\/title>\n<meta name=\"description\" content=\"Monitor przeno\u015bny ARZOPA A1 GAMUT 15,6&quot; - \u2705 sklep z dronami i fachowym doradztwem. \u2705 Tutaj kupisz produkty DJI, Yuneec, Parrot, Syma i wiele innych, a tak\u017ce kursy i licencje na operatora drona.\" \/>\n<meta name=\"robots\" content=\"index, follow, max-snippet:-1, max-image-preview:large, max-video-preview:-1\" \/>\n<link rel=\"canonical\" href=\"https:\/\/ironsky.pl\/sklep\/produkt\/monitor-przenosny-arzopa-a1-gamut-156\/\" \/>\n<meta property=\"og:locale\" content=\"pl_PL\" \/>\n<meta property=\"og:type\" content=\"article\" \/>\n<meta property=\"og:title\" content=\"Monitor przeno\u015bny ARZOPA A1 GAMUT 15,6&quot; - IRONSKY.PL Sklep z Dronami\" \/>\n<meta property=\"og:description\" content=\"Monitor przeno\u015bny ARZOPA A1 GAMUT 15,6&quot; - \u2705 sklep z dronami i fachowym doradztwem. \u2705 Tutaj kupisz produkty DJI, Yuneec, Parrot, Syma i wiele innych, a tak\u017ce kursy i licencje na operatora drona.\" \/>\n<meta property=\"og:url\" content=\"https:\/\/ironsky.pl\/sklep\/produkt\/monitor-przenosny-arzopa-a1-gamut-156\/\" \/>\n<meta property=\"og:site_name\" content=\"IRONSKY.PL Sklep z Dronami\" \/>\n<meta property=\"article:modified_time\" content=\"2026-04-15T08:21:54+00:00\" \/>\n<meta property=\"og:image\" content=\"https:\/\/ironsky.pl\/sklep\/wp-content\/uploads\/2026\/04\/32504_4.jpg\" \/>\n\t<meta property=\"og:image:width\" content=\"800\" \/>\n\t<meta property=\"og:image:height\" content=\"800\" \/>\n\t<meta property=\"og:image:type\" content=\"image\/jpeg\" \/>\n<meta name=\"twitter:card\" content=\"summary_large_image\" \/>\n<meta name=\"twitter:label1\" content=\"Szacowany czas czytania\" \/>\n\t<meta name=\"twitter:data1\" content=\"3 minuty\" \/>\n<script type=\"application\/ld+json\" class=\"yoast-schema-graph\">{\"@context\":\"https:\/\/schema.org\",\"@graph\":[{\"@type\":\"WebPage\",\"@id\":\"https:\/\/ironsky.pl\/sklep\/produkt\/monitor-przenosny-arzopa-a1-gamut-156\/\",\"url\":\"https:\/\/ironsky.pl\/sklep\/produkt\/monitor-przenosny-arzopa-a1-gamut-156\/\",\"name\":\"Monitor przeno\u015bny ARZOPA A1 GAMUT 15,6\\\" - IRONSKY.PL Sklep z Dronami\",\"isPartOf\":{\"@id\":\"https:\/\/ironsky.pl\/sklep\/#website\"},\"primaryImageOfPage\":{\"@id\":\"https:\/\/ironsky.pl\/sklep\/produkt\/monitor-przenosny-arzopa-a1-gamut-156\/#primaryimage\"},\"image\":{\"@id\":\"https:\/\/ironsky.pl\/sklep\/produkt\/monitor-przenosny-arzopa-a1-gamut-156\/#primaryimage\"},\"thumbnailUrl\":\"https:\/\/ironsky.pl\/sklep\/wp-content\/uploads\/2026\/04\/32504_4.jpg\",\"datePublished\":\"2026-04-15T08:21:50+00:00\",\"dateModified\":\"2026-04-15T08:21:54+00:00\",\"description\":\"Monitor przeno\u015bny ARZOPA A1 GAMUT 15,6\\\" - \u2705 sklep z dronami i fachowym doradztwem. \u2705 Tutaj kupisz produkty DJI, Yuneec, Parrot, Syma i wiele innych, a tak\u017ce kursy i licencje na operatora drona.\",\"breadcrumb\":{\"@id\":\"https:\/\/ironsky.pl\/sklep\/produkt\/monitor-przenosny-arzopa-a1-gamut-156\/#breadcrumb\"},\"inLanguage\":\"pl-PL\",\"potentialAction\":[{\"@type\":\"ReadAction\",\"target\":[\"https:\/\/ironsky.pl\/sklep\/produkt\/monitor-przenosny-arzopa-a1-gamut-156\/\"]}]},{\"@type\":\"ImageObject\",\"inLanguage\":\"pl-PL\",\"@id\":\"https:\/\/ironsky.pl\/sklep\/produkt\/monitor-przenosny-arzopa-a1-gamut-156\/#primaryimage\",\"url\":\"https:\/\/ironsky.pl\/sklep\/wp-content\/uploads\/2026\/04\/32504_4.jpg\",\"contentUrl\":\"https:\/\/ironsky.pl\/sklep\/wp-content\/uploads\/2026\/04\/32504_4.jpg\",\"width\":800,\"height\":800},{\"@type\":\"BreadcrumbList\",\"@id\":\"https:\/\/ironsky.pl\/sklep\/produkt\/monitor-przenosny-arzopa-a1-gamut-156\/#breadcrumb\",\"itemListElement\":[{\"@type\":\"ListItem\",\"position\":1,\"name\":\"Strona g\u0142\u00f3wna\",\"item\":\"https:\/\/ironsky.pl\/sklep\/\"},{\"@type\":\"ListItem\",\"position\":2,\"name\":\"Wszystkie produkty\",\"item\":\"https:\/\/ironsky.pl\/sklep\/produkty\/\"},{\"@type\":\"ListItem\",\"position\":3,\"name\":\"Monitor przeno\u015bny ARZOPA A1 GAMUT 15,6&#8243;\"}]},{\"@type\":\"WebSite\",\"@id\":\"https:\/\/ironsky.pl\/sklep\/#website\",\"url\":\"https:\/\/ironsky.pl\/sklep\/\",\"name\":\"IRONSKY.PL Sklep z Dronami\",\"description\":\"IRONSKY.PL Sklep z Dronami\",\"potentialAction\":[{\"@type\":\"SearchAction\",\"target\":{\"@type\":\"EntryPoint\",\"urlTemplate\":\"https:\/\/ironsky.pl\/sklep\/?s={search_term_string}\"},\"query-input\":{\"@type\":\"PropertyValueSpecification\",\"valueRequired\":true,\"valueName\":\"search_term_string\"}}],\"inLanguage\":\"pl-PL\"}]}<\/script>\n<!-- \/ Yoast SEO plugin. -->","yoast_head_json":{"title":"Monitor przeno\u015bny ARZOPA A1 GAMUT 15,6\" - IRONSKY.PL Sklep z Dronami","description":"Monitor przeno\u015bny ARZOPA A1 GAMUT 15,6\" - \u2705 sklep z dronami i fachowym doradztwem. \u2705 Tutaj kupisz produkty DJI, Yuneec, Parrot, Syma i wiele innych, a tak\u017ce kursy i licencje na operatora drona.","robots":{"index":"index","follow":"follow","max-snippet":"max-snippet:-1","max-image-preview":"max-image-preview:large","max-video-preview":"max-video-preview:-1"},"canonical":"https:\/\/ironsky.pl\/sklep\/produkt\/monitor-przenosny-arzopa-a1-gamut-156\/","og_locale":"pl_PL","og_type":"article","og_title":"Monitor przeno\u015bny ARZOPA A1 GAMUT 15,6\" - IRONSKY.PL Sklep z Dronami","og_description":"Monitor przeno\u015bny ARZOPA A1 GAMUT 15,6\" - \u2705 sklep z dronami i fachowym doradztwem. \u2705 Tutaj kupisz produkty DJI, Yuneec, Parrot, Syma i wiele innych, a tak\u017ce kursy i licencje na operatora drona.","og_url":"https:\/\/ironsky.pl\/sklep\/produkt\/monitor-przenosny-arzopa-a1-gamut-156\/","og_site_name":"IRONSKY.PL Sklep z Dronami","article_modified_time":"2026-04-15T08:21:54+00:00","og_image":[{"width":800,"height":800,"url":"https:\/\/ironsky.pl\/sklep\/wp-content\/uploads\/2026\/04\/32504_4.jpg","type":"image\/jpeg"}],"twitter_card":"summary_large_image","twitter_misc":{"Szacowany czas czytania":"3 minuty"},"schema":{"@context":"https:\/\/schema.org","@graph":[{"@type":"WebPage","@id":"https:\/\/ironsky.pl\/sklep\/produkt\/monitor-przenosny-arzopa-a1-gamut-156\/","url":"https:\/\/ironsky.pl\/sklep\/produkt\/monitor-przenosny-arzopa-a1-gamut-156\/","name":"Monitor przeno\u015bny ARZOPA A1 GAMUT 15,6\" - IRONSKY.PL Sklep z Dronami","isPartOf":{"@id":"https:\/\/ironsky.pl\/sklep\/#website"},"primaryImageOfPage":{"@id":"https:\/\/ironsky.pl\/sklep\/produkt\/monitor-przenosny-arzopa-a1-gamut-156\/#primaryimage"},"image":{"@id":"https:\/\/ironsky.pl\/sklep\/produkt\/monitor-przenosny-arzopa-a1-gamut-156\/#primaryimage"},"thumbnailUrl":"https:\/\/ironsky.pl\/sklep\/wp-content\/uploads\/2026\/04\/32504_4.jpg","datePublished":"2026-04-15T08:21:50+00:00","dateModified":"2026-04-15T08:21:54+00:00","description":"Monitor przeno\u015bny ARZOPA A1 GAMUT 15,6\" - \u2705 sklep z dronami i fachowym doradztwem. \u2705 Tutaj kupisz produkty DJI, Yuneec, Parrot, Syma i wiele innych, a tak\u017ce kursy i licencje na operatora drona.","breadcrumb":{"@id":"https:\/\/ironsky.pl\/sklep\/produkt\/monitor-przenosny-arzopa-a1-gamut-156\/#breadcrumb"},"inLanguage":"pl-PL","potentialAction":[{"@type":"ReadAction","target":["https:\/\/ironsky.pl\/sklep\/produkt\/monitor-przenosny-arzopa-a1-gamut-156\/"]}]},{"@type":"ImageObject","inLanguage":"pl-PL","@id":"https:\/\/ironsky.pl\/sklep\/produkt\/monitor-przenosny-arzopa-a1-gamut-156\/#primaryimage","url":"https:\/\/ironsky.pl\/sklep\/wp-content\/uploads\/2026\/04\/32504_4.jpg","contentUrl":"https:\/\/ironsky.pl\/sklep\/wp-content\/uploads\/2026\/04\/32504_4.jpg","width":800,"height":800},{"@type":"BreadcrumbList","@id":"https:\/\/ironsky.pl\/sklep\/produkt\/monitor-przenosny-arzopa-a1-gamut-156\/#breadcrumb","itemListElement":[{"@type":"ListItem","position":1,"name":"Strona g\u0142\u00f3wna","item":"https:\/\/ironsky.pl\/sklep\/"},{"@type":"ListItem","position":2,"name":"Wszystkie produkty","item":"https:\/\/ironsky.pl\/sklep\/produkty\/"},{"@type":"ListItem","position":3,"name":"Monitor przeno\u015bny ARZOPA A1 GAMUT 15,6&#8243;"}]},{"@type":"WebSite","@id":"https:\/\/ironsky.pl\/sklep\/#website","url":"https:\/\/ironsky.pl\/sklep\/","name":"IRONSKY.PL Sklep z Dronami","description":"IRONSKY.PL Sklep z Dronami","potentialAction":[{"@type":"SearchAction","target":{"@type":"EntryPoint","urlTemplate":"https:\/\/ironsky.pl\/sklep\/?s={search_term_string}"},"query-input":{"@type":"PropertyValueSpecification","valueRequired":true,"valueName":"search_term_string"}}],"inLanguage":"pl-PL"}]}},"_links":{"self":[{"href":"https:\/\/ironsky.pl\/sklep\/wp-json\/wp\/v2\/product\/57046","targetHints":{"allow":["GET"]}}],"collection":[{"href":"https:\/\/ironsky.pl\/sklep\/wp-json\/wp\/v2\/product"}],"about":[{"href":"https:\/\/ironsky.pl\/sklep\/wp-json\/wp\/v2\/types\/product"}],"replies":[{"embeddable":true,"href":"https:\/\/ironsky.pl\/sklep\/wp-json\/wp\/v2\/comments?post=57046"}],"wp:featuredmedia":[{"embeddable":true,"href":"https:\/\/ironsky.pl\/sklep\/wp-json\/wp\/v2\/media\/57047"}],"wp:attachment":[{"href":"https:\/\/ironsky.pl\/sklep\/wp-json\/wp\/v2\/media?parent=57046"}],"wp:term":[{"taxonomy":"product_brand","embeddable":true,"href":"https:\/\/ironsky.pl\/sklep\/wp-json\/wp\/v2\/product_brand?post=57046"},{"taxonomy":"product_cat","embeddable":true,"href":"https:\/\/ironsky.pl\/sklep\/wp-json\/wp\/v2\/product_cat?post=57046"},{"taxonomy":"product_tag","embeddable":true,"href":"https:\/\/ironsky.pl\/sklep\/wp-json\/wp\/v2\/product_tag?post=57046"}],"curies":[{"name":"wp","href":"https:\/\/api.w.org\/{rel}","templated":true}]}}