{"id":57018,"date":"2026-04-15T10:21:14","date_gmt":"2026-04-15T08:21:14","guid":{"rendered":"https:\/\/ironsky.pl\/sklep\/produkt\/maska-do-nurkowania-telesin-z-mocowaniem-do-kamery-czarna\/"},"modified":"2026-04-15T10:21:36","modified_gmt":"2026-04-15T08:21:36","slug":"maska-do-nurkowania-telesin-z-mocowaniem-do-kamery-czarna","status":"publish","type":"product","link":"https:\/\/ironsky.pl\/sklep\/produkt\/maska-do-nurkowania-telesin-z-mocowaniem-do-kamery-czarna\/","title":{"rendered":"Maska do nurkowania TELESIN z mocowaniem do kamery (czarna)"},"content":{"rendered":"<h3>Maska do nurkowania Telesin z od\u0142\u0105czanym mocowaniem do kamer sportowych<\/h3>\n<p>Nagrywaj innowacyjne filmy pod wod\u0105 dzi\u0119ki masce do nurkowania Telesin. Produkt wyposa\u017cono w od\u0142\u0105czane mocowanie do kamer sportowych. Wykonany z wytrzyma\u0142ego szk\u0142a hartowanego i mi\u0119kkiego silikonu, zapewnia klarown\u0105 wizj\u0119 pod wod\u0105 i jest wysoce wytrzyma\u0142y. Pozwala na zanurzenie si\u0119 na g\u0142\u0119boko\u015b\u0107 do 40 m i jest szeroko kompatybilny z kamerami GoPro, Xiaomi, DJI i nie tylko!<\/p>\n<p><img decoding=\"async\" src=\"https:\/\/b2b.innpro.pl\/data\/include\/cms\/Telesin\/GP-DIV-GS2-BK\/1.jpg\" border=\"0\" alt=\"Telesin\/GP-DIV-GS2-BK\/1\" \/><\/p>\n<h3>Tw\u00f3rz zachwycaj\u0105ce materia\u0142y wideo<\/h3>\n<p>Maska do nurkowania Telesin z od\u0142\u0105czanym mocowaniem do kamer sportowych to doskona\u0142y gad\u017cet dla mi\u0142o\u015bnik\u00f3w podwodnego \u015bwiata, p\u0142ywania, nurkowania oraz surfowania. Dzi\u0119ki swojej wszechstronno\u015bci produkt jest kompatybilny z szerokim zakresem kamer sportowych, takich jak GoPro Hero 7, 6, 5, 4, 3+, 3, 2, 1, SJCAM SJ4000, SJ5000, Dazzne P2, Xiaomi Yi 1, Xiaomi Yi 2 (4K) czy te\u017c DJI Osmo Action. Niezale\u017cnie od modelu kamery, maska Telesin zapewnia niezawodne mocowanie, pozwalaj\u0105c rejestrowa\u0107 wspania\u0142e podwodne przygody. Przystosowana do nurkowania na g\u0142\u0119boko\u015b\u0107 oko\u0142o 40 metr\u00f3w umo\u017cliwia odkrywanie fascynuj\u0105cego podwodnego \u015bwiata bez ogranicze\u0144.<\/p>\n<p><img decoding=\"async\" src=\"https:\/\/b2b.innpro.pl\/data\/include\/cms\/Telesin\/GP-DIV-GS2-BK\/2.jpg\" border=\"0\" alt=\"Telesin\/GP-DIV-GS2-BK\/2\" \/><\/p>\n<h3>Ciesz si\u0119 wygod\u0105 u\u017cytkowania<\/h3>\n<p>Mask\u0119 do nurkowania marki zaprojektowano, skupiaj\u0105c si\u0119 na wygodzie i bezpiecze\u0144stwie u\u017cytkowania. Produkt zapewnia wodoodporno\u015b\u0107 i wyr\u00f3\u017cnia si\u0119 innowacyjnym designem, dzi\u0119ki kt\u00f3remu oferuje niepowtarzalne doznania podczas nurkowania. Wykonany zosta\u0142 wytrzyma\u0142ego, hartowanego szk\u0142a i mi\u0119kkiego silikonu. Wyposa\u017cono go w soczewki, kt\u00f3re poddano specjalnemu zabiegowi, zapewniaj\u0105c klarowne widzenie pod wod\u0105. Szk\u0142a s\u0105 r\u00f3wnie\u017c odporne na uderzenia i uszkodzenia. Wysokiej jako\u015bci p\u0142ynne silikonowe uszczelki i pasek s\u0105 nietoksyczne, odporne na korozj\u0119 w s\u0142onej wodzie i nie zawieraj\u0105 szkodliwych substancji, zapewniaj\u0105c przy tym ca\u0142kowity komfort podczas p\u0142ywania.<\/p>\n<p><img decoding=\"async\" src=\"https:\/\/b2b.innpro.pl\/data\/include\/cms\/Telesin\/GP-DIV-GS2-BK\/3.jpg\" border=\"0\" alt=\"Telesin\/GP-DIV-GS2-BK\/3\" \/><\/p>\n<h3>W zestawie:<\/h3>\n<ul>\n<li>Maska do nurkowania<\/li>\n<li>Mocowanie<\/li>\n<\/ul>\n<div class=\"table-wrapper\">\n<table>\n<tbody>\n<tr>\n<th>Producent<\/th>\n<td>Telesin<\/td>\n<\/tr>\n<tr>\n<th>Model<\/th>\n<td>GP-DIV-GS2-BK<\/td>\n<\/tr>\n<tr>\n<th>Kompatybilno\u015b\u0107<\/th>\n<td>GoPro Hero 7, 6, 5, 4, 3+, 3, 2, 1 \/ SJCAM SJ4000, SJ5000 \/ Dazzne P2 \/ Xiaomi Yi 1, Xiaomi Yi 2 (4K) \/ DJI Osmo Action<\/td>\n<\/tr>\n<tr>\n<th>G\u0142\u0119boko\u015b\u0107 nurkowania<\/th>\n<td>oko\u0142o 40 m<\/td>\n<\/tr>\n<tr>\n<th>Materia\u0142<\/th>\n<td>szk\u0142o, ABS, krzemionka<\/td>\n<\/tr>\n<tr>\n<th>Kolor<\/th>\n<td>czarny<\/td>\n<\/tr>\n<\/tbody>\n<\/table>\n<\/div>\n","protected":false},"excerpt":{"rendered":"<p>Maska do nurkowania Telesin z od\u0142\u0105czanym mocowaniem do kamer sportowych Nagrywaj innowacyjne filmy pod wod\u0105 dzi\u0119ki masce do nurkowania Telesin.<\/p>\n","protected":false},"featured_media":57019,"comment_status":"closed","ping_status":"open","template":"","meta":{"_acf_changed":false},"product_brand":[],"product_cat":[1130,1128,1150],"product_tag":[],"class_list":{"0":"post-57018","1":"product","2":"type-product","3":"status-publish","4":"has-post-thumbnail","6":"product_cat-akcesoria-foto","7":"product_cat-foto-wideo","8":"product_cat-pozostale","9":"pa_okres-gwarancji-5754","10":"pa_producent-telesin","12":"first","13":"outofstock","14":"taxable","15":"shipping-taxable","16":"purchasable","17":"product-type-simple"},"acf":[],"yoast_head":"<!-- This site is optimized with the Yoast SEO plugin v27.2 - https:\/\/yoast.com\/product\/yoast-seo-wordpress\/ -->\n<title>Maska do nurkowania TELESIN z mocowaniem do kamery (czarna) - IRONSKY.PL Sklep z Dronami<\/title>\n<meta name=\"description\" content=\"Maska do nurkowania TELESIN z mocowaniem do kamery (czarna) - \u2705 sklep z dronami i fachowym doradztwem. \u2705 Tutaj kupisz produkty DJI, Yuneec, Parrot, Syma i wiele innych, a tak\u017ce kursy i licencje na operatora drona.\" \/>\n<meta name=\"robots\" content=\"index, follow, max-snippet:-1, max-image-preview:large, max-video-preview:-1\" \/>\n<link rel=\"canonical\" href=\"https:\/\/ironsky.pl\/sklep\/produkt\/maska-do-nurkowania-telesin-z-mocowaniem-do-kamery-czarna\/\" \/>\n<meta property=\"og:locale\" content=\"pl_PL\" \/>\n<meta property=\"og:type\" content=\"article\" \/>\n<meta property=\"og:title\" content=\"Maska do nurkowania TELESIN z mocowaniem do kamery (czarna) - IRONSKY.PL Sklep z Dronami\" \/>\n<meta property=\"og:description\" content=\"Maska do nurkowania TELESIN z mocowaniem do kamery (czarna) - \u2705 sklep z dronami i fachowym doradztwem. \u2705 Tutaj kupisz produkty DJI, Yuneec, Parrot, Syma i wiele innych, a tak\u017ce kursy i licencje na operatora drona.\" \/>\n<meta property=\"og:url\" content=\"https:\/\/ironsky.pl\/sklep\/produkt\/maska-do-nurkowania-telesin-z-mocowaniem-do-kamery-czarna\/\" \/>\n<meta property=\"og:site_name\" content=\"IRONSKY.PL Sklep z Dronami\" \/>\n<meta property=\"article:modified_time\" content=\"2026-04-15T08:21:36+00:00\" \/>\n<meta property=\"og:image\" content=\"https:\/\/ironsky.pl\/sklep\/wp-content\/uploads\/2026\/04\/32218_3.jpg\" \/>\n\t<meta property=\"og:image:width\" content=\"800\" \/>\n\t<meta property=\"og:image:height\" content=\"800\" \/>\n\t<meta property=\"og:image:type\" content=\"image\/jpeg\" \/>\n<meta name=\"twitter:card\" content=\"summary_large_image\" \/>\n<meta name=\"twitter:label1\" content=\"Szacowany czas czytania\" \/>\n\t<meta name=\"twitter:data1\" content=\"2 minuty\" \/>\n<script type=\"application\/ld+json\" class=\"yoast-schema-graph\">{\"@context\":\"https:\/\/schema.org\",\"@graph\":[{\"@type\":\"WebPage\",\"@id\":\"https:\/\/ironsky.pl\/sklep\/produkt\/maska-do-nurkowania-telesin-z-mocowaniem-do-kamery-czarna\/\",\"url\":\"https:\/\/ironsky.pl\/sklep\/produkt\/maska-do-nurkowania-telesin-z-mocowaniem-do-kamery-czarna\/\",\"name\":\"Maska do nurkowania TELESIN z mocowaniem do kamery (czarna) - IRONSKY.PL Sklep z Dronami\",\"isPartOf\":{\"@id\":\"https:\/\/ironsky.pl\/sklep\/#website\"},\"primaryImageOfPage\":{\"@id\":\"https:\/\/ironsky.pl\/sklep\/produkt\/maska-do-nurkowania-telesin-z-mocowaniem-do-kamery-czarna\/#primaryimage\"},\"image\":{\"@id\":\"https:\/\/ironsky.pl\/sklep\/produkt\/maska-do-nurkowania-telesin-z-mocowaniem-do-kamery-czarna\/#primaryimage\"},\"thumbnailUrl\":\"https:\/\/ironsky.pl\/sklep\/wp-content\/uploads\/2026\/04\/32218_3.jpg\",\"datePublished\":\"2026-04-15T08:21:14+00:00\",\"dateModified\":\"2026-04-15T08:21:36+00:00\",\"description\":\"Maska do nurkowania TELESIN z mocowaniem do kamery (czarna) - \u2705 sklep z dronami i fachowym doradztwem. \u2705 Tutaj kupisz produkty DJI, Yuneec, Parrot, Syma i wiele innych, a tak\u017ce kursy i licencje na operatora drona.\",\"breadcrumb\":{\"@id\":\"https:\/\/ironsky.pl\/sklep\/produkt\/maska-do-nurkowania-telesin-z-mocowaniem-do-kamery-czarna\/#breadcrumb\"},\"inLanguage\":\"pl-PL\",\"potentialAction\":[{\"@type\":\"ReadAction\",\"target\":[\"https:\/\/ironsky.pl\/sklep\/produkt\/maska-do-nurkowania-telesin-z-mocowaniem-do-kamery-czarna\/\"]}]},{\"@type\":\"ImageObject\",\"inLanguage\":\"pl-PL\",\"@id\":\"https:\/\/ironsky.pl\/sklep\/produkt\/maska-do-nurkowania-telesin-z-mocowaniem-do-kamery-czarna\/#primaryimage\",\"url\":\"https:\/\/ironsky.pl\/sklep\/wp-content\/uploads\/2026\/04\/32218_3.jpg\",\"contentUrl\":\"https:\/\/ironsky.pl\/sklep\/wp-content\/uploads\/2026\/04\/32218_3.jpg\",\"width\":800,\"height\":800},{\"@type\":\"BreadcrumbList\",\"@id\":\"https:\/\/ironsky.pl\/sklep\/produkt\/maska-do-nurkowania-telesin-z-mocowaniem-do-kamery-czarna\/#breadcrumb\",\"itemListElement\":[{\"@type\":\"ListItem\",\"position\":1,\"name\":\"Strona g\u0142\u00f3wna\",\"item\":\"https:\/\/ironsky.pl\/sklep\/\"},{\"@type\":\"ListItem\",\"position\":2,\"name\":\"Wszystkie produkty\",\"item\":\"https:\/\/ironsky.pl\/sklep\/produkty\/\"},{\"@type\":\"ListItem\",\"position\":3,\"name\":\"Maska do nurkowania TELESIN z mocowaniem do kamery (czarna)\"}]},{\"@type\":\"WebSite\",\"@id\":\"https:\/\/ironsky.pl\/sklep\/#website\",\"url\":\"https:\/\/ironsky.pl\/sklep\/\",\"name\":\"IRONSKY.PL Sklep z Dronami\",\"description\":\"IRONSKY.PL Sklep z Dronami\",\"potentialAction\":[{\"@type\":\"SearchAction\",\"target\":{\"@type\":\"EntryPoint\",\"urlTemplate\":\"https:\/\/ironsky.pl\/sklep\/?s={search_term_string}\"},\"query-input\":{\"@type\":\"PropertyValueSpecification\",\"valueRequired\":true,\"valueName\":\"search_term_string\"}}],\"inLanguage\":\"pl-PL\"}]}<\/script>\n<!-- \/ Yoast SEO plugin. -->","yoast_head_json":{"title":"Maska do nurkowania TELESIN z mocowaniem do kamery (czarna) - IRONSKY.PL Sklep z Dronami","description":"Maska do nurkowania TELESIN z mocowaniem do kamery (czarna) - \u2705 sklep z dronami i fachowym doradztwem. \u2705 Tutaj kupisz produkty DJI, Yuneec, Parrot, Syma i wiele innych, a tak\u017ce kursy i licencje na operatora drona.","robots":{"index":"index","follow":"follow","max-snippet":"max-snippet:-1","max-image-preview":"max-image-preview:large","max-video-preview":"max-video-preview:-1"},"canonical":"https:\/\/ironsky.pl\/sklep\/produkt\/maska-do-nurkowania-telesin-z-mocowaniem-do-kamery-czarna\/","og_locale":"pl_PL","og_type":"article","og_title":"Maska do nurkowania TELESIN z mocowaniem do kamery (czarna) - IRONSKY.PL Sklep z Dronami","og_description":"Maska do nurkowania TELESIN z mocowaniem do kamery (czarna) - \u2705 sklep z dronami i fachowym doradztwem. \u2705 Tutaj kupisz produkty DJI, Yuneec, Parrot, Syma i wiele innych, a tak\u017ce kursy i licencje na operatora drona.","og_url":"https:\/\/ironsky.pl\/sklep\/produkt\/maska-do-nurkowania-telesin-z-mocowaniem-do-kamery-czarna\/","og_site_name":"IRONSKY.PL Sklep z Dronami","article_modified_time":"2026-04-15T08:21:36+00:00","og_image":[{"width":800,"height":800,"url":"https:\/\/ironsky.pl\/sklep\/wp-content\/uploads\/2026\/04\/32218_3.jpg","type":"image\/jpeg"}],"twitter_card":"summary_large_image","twitter_misc":{"Szacowany czas czytania":"2 minuty"},"schema":{"@context":"https:\/\/schema.org","@graph":[{"@type":"WebPage","@id":"https:\/\/ironsky.pl\/sklep\/produkt\/maska-do-nurkowania-telesin-z-mocowaniem-do-kamery-czarna\/","url":"https:\/\/ironsky.pl\/sklep\/produkt\/maska-do-nurkowania-telesin-z-mocowaniem-do-kamery-czarna\/","name":"Maska do nurkowania TELESIN z mocowaniem do kamery (czarna) - IRONSKY.PL Sklep z Dronami","isPartOf":{"@id":"https:\/\/ironsky.pl\/sklep\/#website"},"primaryImageOfPage":{"@id":"https:\/\/ironsky.pl\/sklep\/produkt\/maska-do-nurkowania-telesin-z-mocowaniem-do-kamery-czarna\/#primaryimage"},"image":{"@id":"https:\/\/ironsky.pl\/sklep\/produkt\/maska-do-nurkowania-telesin-z-mocowaniem-do-kamery-czarna\/#primaryimage"},"thumbnailUrl":"https:\/\/ironsky.pl\/sklep\/wp-content\/uploads\/2026\/04\/32218_3.jpg","datePublished":"2026-04-15T08:21:14+00:00","dateModified":"2026-04-15T08:21:36+00:00","description":"Maska do nurkowania TELESIN z mocowaniem do kamery (czarna) - \u2705 sklep z dronami i fachowym doradztwem. \u2705 Tutaj kupisz produkty DJI, Yuneec, Parrot, Syma i wiele innych, a tak\u017ce kursy i licencje na operatora drona.","breadcrumb":{"@id":"https:\/\/ironsky.pl\/sklep\/produkt\/maska-do-nurkowania-telesin-z-mocowaniem-do-kamery-czarna\/#breadcrumb"},"inLanguage":"pl-PL","potentialAction":[{"@type":"ReadAction","target":["https:\/\/ironsky.pl\/sklep\/produkt\/maska-do-nurkowania-telesin-z-mocowaniem-do-kamery-czarna\/"]}]},{"@type":"ImageObject","inLanguage":"pl-PL","@id":"https:\/\/ironsky.pl\/sklep\/produkt\/maska-do-nurkowania-telesin-z-mocowaniem-do-kamery-czarna\/#primaryimage","url":"https:\/\/ironsky.pl\/sklep\/wp-content\/uploads\/2026\/04\/32218_3.jpg","contentUrl":"https:\/\/ironsky.pl\/sklep\/wp-content\/uploads\/2026\/04\/32218_3.jpg","width":800,"height":800},{"@type":"BreadcrumbList","@id":"https:\/\/ironsky.pl\/sklep\/produkt\/maska-do-nurkowania-telesin-z-mocowaniem-do-kamery-czarna\/#breadcrumb","itemListElement":[{"@type":"ListItem","position":1,"name":"Strona g\u0142\u00f3wna","item":"https:\/\/ironsky.pl\/sklep\/"},{"@type":"ListItem","position":2,"name":"Wszystkie produkty","item":"https:\/\/ironsky.pl\/sklep\/produkty\/"},{"@type":"ListItem","position":3,"name":"Maska do nurkowania TELESIN z mocowaniem do kamery (czarna)"}]},{"@type":"WebSite","@id":"https:\/\/ironsky.pl\/sklep\/#website","url":"https:\/\/ironsky.pl\/sklep\/","name":"IRONSKY.PL Sklep z Dronami","description":"IRONSKY.PL Sklep z Dronami","potentialAction":[{"@type":"SearchAction","target":{"@type":"EntryPoint","urlTemplate":"https:\/\/ironsky.pl\/sklep\/?s={search_term_string}"},"query-input":{"@type":"PropertyValueSpecification","valueRequired":true,"valueName":"search_term_string"}}],"inLanguage":"pl-PL"}]}},"_links":{"self":[{"href":"https:\/\/ironsky.pl\/sklep\/wp-json\/wp\/v2\/product\/57018","targetHints":{"allow":["GET"]}}],"collection":[{"href":"https:\/\/ironsky.pl\/sklep\/wp-json\/wp\/v2\/product"}],"about":[{"href":"https:\/\/ironsky.pl\/sklep\/wp-json\/wp\/v2\/types\/product"}],"replies":[{"embeddable":true,"href":"https:\/\/ironsky.pl\/sklep\/wp-json\/wp\/v2\/comments?post=57018"}],"wp:featuredmedia":[{"embeddable":true,"href":"https:\/\/ironsky.pl\/sklep\/wp-json\/wp\/v2\/media\/57019"}],"wp:attachment":[{"href":"https:\/\/ironsky.pl\/sklep\/wp-json\/wp\/v2\/media?parent=57018"}],"wp:term":[{"taxonomy":"product_brand","embeddable":true,"href":"https:\/\/ironsky.pl\/sklep\/wp-json\/wp\/v2\/product_brand?post=57018"},{"taxonomy":"product_cat","embeddable":true,"href":"https:\/\/ironsky.pl\/sklep\/wp-json\/wp\/v2\/product_cat?post=57018"},{"taxonomy":"product_tag","embeddable":true,"href":"https:\/\/ironsky.pl\/sklep\/wp-json\/wp\/v2\/product_tag?post=57018"}],"curies":[{"name":"wp","href":"https:\/\/api.w.org\/{rel}","templated":true}]}}