{"id":57007,"date":"2026-04-15T10:21:14","date_gmt":"2026-04-15T08:21:14","guid":{"rendered":"https:\/\/ironsky.pl\/sklep\/produkt\/dji-bs65-battery-station-stacja-ladowania-tb60-tb65-wb37-matrice-300-350-rtk-2\/"},"modified":"2026-04-15T10:21:30","modified_gmt":"2026-04-15T08:21:30","slug":"dji-bs65-battery-station-stacja-ladowania-tb60-tb65-wb37-matrice-300-350-rtk-2","status":"publish","type":"product","link":"https:\/\/ironsky.pl\/sklep\/produkt\/dji-bs65-battery-station-stacja-ladowania-tb60-tb65-wb37-matrice-300-350-rtk-2\/","title":{"rendered":"DJI BS65 Battery Station stacja \u0142adowania TB60\/TB65\/WB37 Matrice 300\/350 RTK"},"content":{"rendered":"<h3>DJI BS65 Battery Station stacja \u0142adowania TB60\/TB65\/WB37 Matrice 300 RTK, Matrice 350 RTK<\/h3>\n<p>Nowa inteligentna stacja DJI BS65 zapewnia kompleksowe rozwi\u0105zanie do \u0142adowania, przechowywania i transportu akumulator\u00f3w DJI Matrice 350 RTK lub\u00a0<span>DJI Matrice 300 RTK<\/span> .<\/p>\n<p>Wiele tryb\u00f3w \u0142adowania &#8211; W trybie\u00a0STORAGE na\u0142aduj bateri\u0119 do 50%, co jest dobre do jej d\u0142ugotrwa\u0142ego przechowywania. W trybie Ready-to-Fly szybko na\u0142adujesz wiele zestaw\u00f3w\u00a0akumulator\u00f3w\u00a0do 90%. Rozpoczniesz prac\u0119 w dowolnym momencie i wyd\u0142u\u017cysz \u017cywotno\u015b\u0107 baterii.<\/p>\n<p>Inteligentne zarz\u0105dzanie &#8211; Gdy stacja baterii jest pod\u0142\u0105czona do DJI RC Plus, aplikacja DJI Pilot 2 wy\u015bwietli stan baterii i informacje o jej kondycji. Ponadto mo\u017cna ustawi\u0107 liczb\u0119 dni samoroz\u0142adowania, zaktualizowa\u0107 oprogramowanie uk\u0142adowe, wyeksportowa\u0107 logi i uzyska\u0107 dost\u0119p do innych szybkich operacji za pomoc\u0105 jednego dotkni\u0119cia.<\/p>\n<p>\u0141atwe przenoszenie &#8211; stacja akumulatorowa zosta\u0142a zaprojektowana z k\u00f3\u0142kami obracaj\u0105cymi si\u0119 o 360\u00b0 dla wygodniejszego transportu i przenoszenia.<\/p>\n<p>Zawarto\u015b\u0107 zestawu:<\/p>\n<ul>\n<li>1x stacja \u0142adowania BS65 Battery Station<\/li>\n<li>1x kabel zasilaj\u0105cy<\/li>\n<li>1x kabel USB-C do USB-C<\/li>\n<\/ul>\n<div class=\"table-wrapper\">\n<table>\n<tbody>\n<tr>\n<th>Wymiary<\/th>\n<td>580 x\u00a0358 x\u00a0254 mm<\/td>\n<\/tr>\n<tr>\n<th>Masa<\/th>\n<td>ok. 9 kg<\/td>\n<\/tr>\n<tr>\n<th>Napi\u0119cie wej\u015bciowe<\/th>\n<td>220-240 V<\/td>\n<\/tr>\n<tr>\n<th>Port \u0142adowania USB-C<\/th>\n<td>65W maksymalnej mocy wyj\u015bciowej<\/td>\n<\/tr>\n<tr>\n<th>Temperatura pracy<\/th>\n<td>-20 ~ +40\u00b0C<\/td>\n<\/tr>\n<\/tbody>\n<\/table>\n<\/div>\n","protected":false},"excerpt":{"rendered":"<p>DJI BS65 Battery Station stacja \u0142adowania TB60\/TB65\/WB37 Matrice 300 RTK, Matrice 350 RTK Nowa inteligentna stacja DJI BS65 zapewnia kompleksowe<\/p>\n","protected":false},"featured_media":57008,"comment_status":"closed","ping_status":"open","template":"","meta":{"_acf_changed":false},"product_brand":[],"product_cat":[6169,1088,1105],"product_tag":[],"class_list":{"0":"post-57007","1":"product","2":"type-product","3":"status-publish","4":"has-post-thumbnail","6":"product_cat-akcesoria-i-czesci","7":"product_cat-drony","8":"product_cat-przemyslowe","9":"pa_okres-gwarancji-5757","10":"pa_producent-dji-enterprise","12":"first","13":"outofstock","14":"taxable","15":"shipping-taxable","16":"purchasable","17":"product-type-simple"},"acf":[],"yoast_head":"<!-- This site is optimized with the Yoast SEO plugin v27.2 - https:\/\/yoast.com\/product\/yoast-seo-wordpress\/ -->\n<title>DJI BS65 Battery Station stacja \u0142adowania TB60\/TB65\/WB37 Matrice 300\/350 RTK - IRONSKY.PL Sklep z Dronami<\/title>\n<meta name=\"description\" content=\"DJI BS65 Battery Station stacja \u0142adowania TB60\/TB65\/WB37 Matrice 300\/350 RTK - \u2705 sklep z dronami i fachowym doradztwem. \u2705 Tutaj kupisz produkty DJI, Yuneec, Parrot, Syma i wiele innych, a tak\u017ce kursy i licencje na operatora drona.\" \/>\n<meta name=\"robots\" content=\"index, follow, max-snippet:-1, max-image-preview:large, max-video-preview:-1\" \/>\n<link rel=\"canonical\" href=\"https:\/\/ironsky.pl\/sklep\/produkt\/dji-bs65-battery-station-stacja-ladowania-tb60-tb65-wb37-matrice-300-350-rtk-2\/\" \/>\n<meta property=\"og:locale\" content=\"pl_PL\" \/>\n<meta property=\"og:type\" content=\"article\" \/>\n<meta property=\"og:title\" content=\"DJI BS65 Battery Station stacja \u0142adowania TB60\/TB65\/WB37 Matrice 300\/350 RTK - IRONSKY.PL Sklep z Dronami\" \/>\n<meta property=\"og:description\" content=\"DJI BS65 Battery Station stacja \u0142adowania TB60\/TB65\/WB37 Matrice 300\/350 RTK - \u2705 sklep z dronami i fachowym doradztwem. \u2705 Tutaj kupisz produkty DJI, Yuneec, Parrot, Syma i wiele innych, a tak\u017ce kursy i licencje na operatora drona.\" \/>\n<meta property=\"og:url\" content=\"https:\/\/ironsky.pl\/sklep\/produkt\/dji-bs65-battery-station-stacja-ladowania-tb60-tb65-wb37-matrice-300-350-rtk-2\/\" \/>\n<meta property=\"og:site_name\" content=\"IRONSKY.PL Sklep z Dronami\" \/>\n<meta property=\"article:modified_time\" content=\"2026-04-15T08:21:30+00:00\" \/>\n<meta property=\"og:image\" content=\"https:\/\/ironsky.pl\/sklep\/wp-content\/uploads\/2026\/04\/32215_7.jpg\" \/>\n\t<meta property=\"og:image:width\" content=\"800\" \/>\n\t<meta property=\"og:image:height\" content=\"800\" \/>\n\t<meta property=\"og:image:type\" content=\"image\/jpeg\" \/>\n<meta name=\"twitter:card\" content=\"summary_large_image\" \/>\n<meta name=\"twitter:label1\" content=\"Szacowany czas czytania\" \/>\n\t<meta name=\"twitter:data1\" content=\"1 minuta\" \/>\n<script type=\"application\/ld+json\" class=\"yoast-schema-graph\">{\"@context\":\"https:\/\/schema.org\",\"@graph\":[{\"@type\":\"WebPage\",\"@id\":\"https:\/\/ironsky.pl\/sklep\/produkt\/dji-bs65-battery-station-stacja-ladowania-tb60-tb65-wb37-matrice-300-350-rtk-2\/\",\"url\":\"https:\/\/ironsky.pl\/sklep\/produkt\/dji-bs65-battery-station-stacja-ladowania-tb60-tb65-wb37-matrice-300-350-rtk-2\/\",\"name\":\"DJI BS65 Battery Station stacja \u0142adowania TB60\/TB65\/WB37 Matrice 300\/350 RTK - IRONSKY.PL Sklep z Dronami\",\"isPartOf\":{\"@id\":\"https:\/\/ironsky.pl\/sklep\/#website\"},\"primaryImageOfPage\":{\"@id\":\"https:\/\/ironsky.pl\/sklep\/produkt\/dji-bs65-battery-station-stacja-ladowania-tb60-tb65-wb37-matrice-300-350-rtk-2\/#primaryimage\"},\"image\":{\"@id\":\"https:\/\/ironsky.pl\/sklep\/produkt\/dji-bs65-battery-station-stacja-ladowania-tb60-tb65-wb37-matrice-300-350-rtk-2\/#primaryimage\"},\"thumbnailUrl\":\"https:\/\/ironsky.pl\/sklep\/wp-content\/uploads\/2026\/04\/32215_7.jpg\",\"datePublished\":\"2026-04-15T08:21:14+00:00\",\"dateModified\":\"2026-04-15T08:21:30+00:00\",\"description\":\"DJI BS65 Battery Station stacja \u0142adowania TB60\/TB65\/WB37 Matrice 300\/350 RTK - \u2705 sklep z dronami i fachowym doradztwem. \u2705 Tutaj kupisz produkty DJI, Yuneec, Parrot, Syma i wiele innych, a tak\u017ce kursy i licencje na operatora drona.\",\"breadcrumb\":{\"@id\":\"https:\/\/ironsky.pl\/sklep\/produkt\/dji-bs65-battery-station-stacja-ladowania-tb60-tb65-wb37-matrice-300-350-rtk-2\/#breadcrumb\"},\"inLanguage\":\"pl-PL\",\"potentialAction\":[{\"@type\":\"ReadAction\",\"target\":[\"https:\/\/ironsky.pl\/sklep\/produkt\/dji-bs65-battery-station-stacja-ladowania-tb60-tb65-wb37-matrice-300-350-rtk-2\/\"]}]},{\"@type\":\"ImageObject\",\"inLanguage\":\"pl-PL\",\"@id\":\"https:\/\/ironsky.pl\/sklep\/produkt\/dji-bs65-battery-station-stacja-ladowania-tb60-tb65-wb37-matrice-300-350-rtk-2\/#primaryimage\",\"url\":\"https:\/\/ironsky.pl\/sklep\/wp-content\/uploads\/2026\/04\/32215_7.jpg\",\"contentUrl\":\"https:\/\/ironsky.pl\/sklep\/wp-content\/uploads\/2026\/04\/32215_7.jpg\",\"width\":800,\"height\":800},{\"@type\":\"BreadcrumbList\",\"@id\":\"https:\/\/ironsky.pl\/sklep\/produkt\/dji-bs65-battery-station-stacja-ladowania-tb60-tb65-wb37-matrice-300-350-rtk-2\/#breadcrumb\",\"itemListElement\":[{\"@type\":\"ListItem\",\"position\":1,\"name\":\"Strona g\u0142\u00f3wna\",\"item\":\"https:\/\/ironsky.pl\/sklep\/\"},{\"@type\":\"ListItem\",\"position\":2,\"name\":\"Wszystkie produkty\",\"item\":\"https:\/\/ironsky.pl\/sklep\/produkty\/\"},{\"@type\":\"ListItem\",\"position\":3,\"name\":\"DJI BS65 Battery Station stacja \u0142adowania TB60\/TB65\/WB37 Matrice 300\/350 RTK\"}]},{\"@type\":\"WebSite\",\"@id\":\"https:\/\/ironsky.pl\/sklep\/#website\",\"url\":\"https:\/\/ironsky.pl\/sklep\/\",\"name\":\"IRONSKY.PL Sklep z Dronami\",\"description\":\"IRONSKY.PL Sklep z Dronami\",\"potentialAction\":[{\"@type\":\"SearchAction\",\"target\":{\"@type\":\"EntryPoint\",\"urlTemplate\":\"https:\/\/ironsky.pl\/sklep\/?s={search_term_string}\"},\"query-input\":{\"@type\":\"PropertyValueSpecification\",\"valueRequired\":true,\"valueName\":\"search_term_string\"}}],\"inLanguage\":\"pl-PL\"}]}<\/script>\n<!-- \/ Yoast SEO plugin. -->","yoast_head_json":{"title":"DJI BS65 Battery Station stacja \u0142adowania TB60\/TB65\/WB37 Matrice 300\/350 RTK - IRONSKY.PL Sklep z Dronami","description":"DJI BS65 Battery Station stacja \u0142adowania TB60\/TB65\/WB37 Matrice 300\/350 RTK - \u2705 sklep z dronami i fachowym doradztwem. \u2705 Tutaj kupisz produkty DJI, Yuneec, Parrot, Syma i wiele innych, a tak\u017ce kursy i licencje na operatora drona.","robots":{"index":"index","follow":"follow","max-snippet":"max-snippet:-1","max-image-preview":"max-image-preview:large","max-video-preview":"max-video-preview:-1"},"canonical":"https:\/\/ironsky.pl\/sklep\/produkt\/dji-bs65-battery-station-stacja-ladowania-tb60-tb65-wb37-matrice-300-350-rtk-2\/","og_locale":"pl_PL","og_type":"article","og_title":"DJI BS65 Battery Station stacja \u0142adowania TB60\/TB65\/WB37 Matrice 300\/350 RTK - IRONSKY.PL Sklep z Dronami","og_description":"DJI BS65 Battery Station stacja \u0142adowania TB60\/TB65\/WB37 Matrice 300\/350 RTK - \u2705 sklep z dronami i fachowym doradztwem. \u2705 Tutaj kupisz produkty DJI, Yuneec, Parrot, Syma i wiele innych, a tak\u017ce kursy i licencje na operatora drona.","og_url":"https:\/\/ironsky.pl\/sklep\/produkt\/dji-bs65-battery-station-stacja-ladowania-tb60-tb65-wb37-matrice-300-350-rtk-2\/","og_site_name":"IRONSKY.PL Sklep z Dronami","article_modified_time":"2026-04-15T08:21:30+00:00","og_image":[{"width":800,"height":800,"url":"https:\/\/ironsky.pl\/sklep\/wp-content\/uploads\/2026\/04\/32215_7.jpg","type":"image\/jpeg"}],"twitter_card":"summary_large_image","twitter_misc":{"Szacowany czas czytania":"1 minuta"},"schema":{"@context":"https:\/\/schema.org","@graph":[{"@type":"WebPage","@id":"https:\/\/ironsky.pl\/sklep\/produkt\/dji-bs65-battery-station-stacja-ladowania-tb60-tb65-wb37-matrice-300-350-rtk-2\/","url":"https:\/\/ironsky.pl\/sklep\/produkt\/dji-bs65-battery-station-stacja-ladowania-tb60-tb65-wb37-matrice-300-350-rtk-2\/","name":"DJI BS65 Battery Station stacja \u0142adowania TB60\/TB65\/WB37 Matrice 300\/350 RTK - IRONSKY.PL Sklep z Dronami","isPartOf":{"@id":"https:\/\/ironsky.pl\/sklep\/#website"},"primaryImageOfPage":{"@id":"https:\/\/ironsky.pl\/sklep\/produkt\/dji-bs65-battery-station-stacja-ladowania-tb60-tb65-wb37-matrice-300-350-rtk-2\/#primaryimage"},"image":{"@id":"https:\/\/ironsky.pl\/sklep\/produkt\/dji-bs65-battery-station-stacja-ladowania-tb60-tb65-wb37-matrice-300-350-rtk-2\/#primaryimage"},"thumbnailUrl":"https:\/\/ironsky.pl\/sklep\/wp-content\/uploads\/2026\/04\/32215_7.jpg","datePublished":"2026-04-15T08:21:14+00:00","dateModified":"2026-04-15T08:21:30+00:00","description":"DJI BS65 Battery Station stacja \u0142adowania TB60\/TB65\/WB37 Matrice 300\/350 RTK - \u2705 sklep z dronami i fachowym doradztwem. \u2705 Tutaj kupisz produkty DJI, Yuneec, Parrot, Syma i wiele innych, a tak\u017ce kursy i licencje na operatora drona.","breadcrumb":{"@id":"https:\/\/ironsky.pl\/sklep\/produkt\/dji-bs65-battery-station-stacja-ladowania-tb60-tb65-wb37-matrice-300-350-rtk-2\/#breadcrumb"},"inLanguage":"pl-PL","potentialAction":[{"@type":"ReadAction","target":["https:\/\/ironsky.pl\/sklep\/produkt\/dji-bs65-battery-station-stacja-ladowania-tb60-tb65-wb37-matrice-300-350-rtk-2\/"]}]},{"@type":"ImageObject","inLanguage":"pl-PL","@id":"https:\/\/ironsky.pl\/sklep\/produkt\/dji-bs65-battery-station-stacja-ladowania-tb60-tb65-wb37-matrice-300-350-rtk-2\/#primaryimage","url":"https:\/\/ironsky.pl\/sklep\/wp-content\/uploads\/2026\/04\/32215_7.jpg","contentUrl":"https:\/\/ironsky.pl\/sklep\/wp-content\/uploads\/2026\/04\/32215_7.jpg","width":800,"height":800},{"@type":"BreadcrumbList","@id":"https:\/\/ironsky.pl\/sklep\/produkt\/dji-bs65-battery-station-stacja-ladowania-tb60-tb65-wb37-matrice-300-350-rtk-2\/#breadcrumb","itemListElement":[{"@type":"ListItem","position":1,"name":"Strona g\u0142\u00f3wna","item":"https:\/\/ironsky.pl\/sklep\/"},{"@type":"ListItem","position":2,"name":"Wszystkie produkty","item":"https:\/\/ironsky.pl\/sklep\/produkty\/"},{"@type":"ListItem","position":3,"name":"DJI BS65 Battery Station stacja \u0142adowania TB60\/TB65\/WB37 Matrice 300\/350 RTK"}]},{"@type":"WebSite","@id":"https:\/\/ironsky.pl\/sklep\/#website","url":"https:\/\/ironsky.pl\/sklep\/","name":"IRONSKY.PL Sklep z Dronami","description":"IRONSKY.PL Sklep z Dronami","potentialAction":[{"@type":"SearchAction","target":{"@type":"EntryPoint","urlTemplate":"https:\/\/ironsky.pl\/sklep\/?s={search_term_string}"},"query-input":{"@type":"PropertyValueSpecification","valueRequired":true,"valueName":"search_term_string"}}],"inLanguage":"pl-PL"}]}},"_links":{"self":[{"href":"https:\/\/ironsky.pl\/sklep\/wp-json\/wp\/v2\/product\/57007","targetHints":{"allow":["GET"]}}],"collection":[{"href":"https:\/\/ironsky.pl\/sklep\/wp-json\/wp\/v2\/product"}],"about":[{"href":"https:\/\/ironsky.pl\/sklep\/wp-json\/wp\/v2\/types\/product"}],"replies":[{"embeddable":true,"href":"https:\/\/ironsky.pl\/sklep\/wp-json\/wp\/v2\/comments?post=57007"}],"wp:featuredmedia":[{"embeddable":true,"href":"https:\/\/ironsky.pl\/sklep\/wp-json\/wp\/v2\/media\/57008"}],"wp:attachment":[{"href":"https:\/\/ironsky.pl\/sklep\/wp-json\/wp\/v2\/media?parent=57007"}],"wp:term":[{"taxonomy":"product_brand","embeddable":true,"href":"https:\/\/ironsky.pl\/sklep\/wp-json\/wp\/v2\/product_brand?post=57007"},{"taxonomy":"product_cat","embeddable":true,"href":"https:\/\/ironsky.pl\/sklep\/wp-json\/wp\/v2\/product_cat?post=57007"},{"taxonomy":"product_tag","embeddable":true,"href":"https:\/\/ironsky.pl\/sklep\/wp-json\/wp\/v2\/product_tag?post=57007"}],"curies":[{"name":"wp","href":"https:\/\/api.w.org\/{rel}","templated":true}]}}