{"id":56985,"date":"2026-04-15T10:21:14","date_gmt":"2026-04-15T08:21:14","guid":{"rendered":"https:\/\/ironsky.pl\/sklep\/produkt\/adapter-baseus-hdmi-2w1-czarny\/"},"modified":"2026-04-15T10:21:15","modified_gmt":"2026-04-15T08:21:15","slug":"adapter-baseus-hdmi-2w1-czarny","status":"publish","type":"product","link":"https:\/\/ironsky.pl\/sklep\/produkt\/adapter-baseus-hdmi-2w1-czarny\/","title":{"rendered":"Adapter BASEUS HDMI 2w1 (czarny)"},"content":{"rendered":"<h3>Adapter HDMI Baseus 2w1 (czarny)<\/h3>\n<p>Wygodnie wy\u015bwietlaj obraz z wybranego urz\u0105dzenia na monitorze lub du\u017cym telewizorze. Adapter HDMI Baseus zapewnia wysok\u0105 rozdzielczo\u015b\u0107 4K i zasi\u0119g transferu do 40 m. Inteligentne rozpoznaje \u017ar\u00f3d\u0142o sygna\u0142u i jest bardzo wygodny w obs\u0142udze. Za jego pomoc\u0105 mo\u017cesz na przyk\u0142ad pod\u0142\u0105czy\u0107 dwa sprz\u0119ty do jednego ekranu i swobodnie si\u0119 mi\u0119dzy nimi prze\u0142\u0105cza\u0107.<\/p>\n<p><img decoding=\"async\" src=\"https:\/\/b2b.innpro.pl\/data\/include\/cms\/-Baseus\/B01331105111-01\/5.jpg\" border=\"0\" alt=\"-Baseus\/B01331105111-01\/5\" \/><\/p>\n<h3>Przemy\u015blana konstrukcja<\/h3>\n<p>Adapter wyr\u00f3\u017cnia si\u0119 lekk\u0105, kompaktow\u0105 konstrukcj\u0105, mo\u017cesz wi\u0119c mie\u0107 go zawsze pod r\u0119k\u0105. Do jego wykonania zastosowano trwa\u0142e, trudnopalne tworzywa PC i ABS, dzi\u0119ki czemu jest bardzo wytrzyma\u0142y i odporny na uszkodzenia. Ponadto urz\u0105dzenie nie wymaga dodatkowego \u017ar\u00f3d\u0142a zasilania \u2013 wystarczy pod\u0142\u0105czy\u0107 je do odpowiedniego portu.<\/p>\n<p><img decoding=\"async\" src=\"https:\/\/b2b.innpro.pl\/data\/include\/cms\/-Baseus\/B01331105111-01\/3.jpg\" border=\"0\" alt=\"-Baseus\/B01331105111-01\/3\" \/><\/p>\n<h3>Szeroka kompatybilno\u015b\u0107<\/h3>\n<p>Produkt jest kompatybilny z wi\u0119kszo\u015bci\u0105 popularnych urz\u0105dze\u0144. Za jego pomoc\u0105 mo\u017cesz wy\u015bwietla\u0107 obraz z konsoli do gier (PlayStation 4, PlayStation 5, Xbox, Nintendo Switch), komputera lub laptopa na monitorze, telewizorze lub projektorze. Maksymalny zasi\u0119g transferu wynosi 40 m \u2013 nie obawiaj si\u0119 op\u00f3\u017anie\u0144 lub innych problem\u00f3w z transmisj\u0105 sygna\u0142u!<\/p>\n<p><img decoding=\"async\" src=\"https:\/\/b2b.innpro.pl\/data\/include\/cms\/-Baseus\/B01331105111-01\/8.jpg\" border=\"0\" alt=\"-Baseus\/B01331105111-01\/8\" \/><\/p>\n<h3>2 tryby po\u0142\u0105czenia<\/h3>\n<p>Dost\u0119pne s\u0105 2 tryby po\u0142\u0105czenia. W trybie 2 IN 1 OUT mo\u017cesz podpi\u0105\u0107 dwa urz\u0105dzenia do jednego ekranu, na przyk\u0142ad monitora. W takiej sytuacji wy\u015bwietlony zostanie obraz z tego sprz\u0119tu, kt\u00f3ry jest pod\u0142\u0105czony jako pierwszy. Tryb 1 IN 2 OUT pozwala podpi\u0105\u0107 jedno urz\u0105dzenie do dw\u00f3ch ekran\u00f3w. O statusie adaptera powiadomi Ci\u0119 wbudowany wska\u017anik. Uwaga: w trybie 1 IN 2 OUT tylko jeden ekran mo\u017ce wy\u015bwietla\u0107 obraz z pod\u0142\u0105czonego urz\u0105dzenia.<\/p>\n<p><img decoding=\"async\" src=\"https:\/\/b2b.innpro.pl\/data\/include\/cms\/-Baseus\/B01331105111-01\/1.jpg\" border=\"0\" alt=\"-Baseus\/B01331105111-01\/1\" \/><\/p>\n<h3>\u015awietna jako\u015b\u0107 obrazu<\/h3>\n<p>Nie pozw\u00f3l, aby umkn\u0105\u0142 Ci jakikolwiek szczeg\u00f3\u0142. Adapter pozwala wy\u015bwietla\u0107 obraz w rozdzielczo\u015bci 4K przy cz\u0119stotliwo\u015bci od\u015bwie\u017cania na poziomie 60 Hz. Dzi\u0119ki temu mo\u017cesz cieszy\u0107 si\u0119 wyrazist\u0105 kolorystyk\u0105 i bogactwem detali. Teraz we w\u0142asnym pokoju poczujesz si\u0119 jak na sali kinowej!<\/p>\n<p><img decoding=\"async\" src=\"https:\/\/b2b.innpro.pl\/data\/include\/cms\/-Baseus\/B01331105111-01\/2.jpg\" border=\"0\" alt=\"-Baseus\/B01331105111-01\/2\" \/><\/p>\n<h3>Wygoda u\u017cytkowania<\/h3>\n<p>Pod\u0142\u0105cz dwa urz\u0105dzenia do swojego monitora i wygodnie si\u0119 mi\u0119dzy nimi prze\u0142\u0105czaj \u2013 wystarczy nacisn\u0105\u0107 przycisk! Zagraj w ulubion\u0105 gr\u0119 na konsoli, a je\u015bli zajdzie taka potrzeba, wy\u015bwietl na ekranie obraz z laptopa i wprowad\u017a poprawki w prezentacji, kt\u00f3r\u0105 przygotowujesz do pracy. Adapter mo\u017ce te\u017c inteligentnie wykrywa\u0107 \u017ar\u00f3d\u0142o sygna\u0142u \u2013 nie musisz traci\u0107 czasu na skomplikowan\u0105 konfiguracj\u0119.<\/p>\n<p><img decoding=\"async\" src=\"https:\/\/b2b.innpro.pl\/data\/include\/cms\/-Baseus\/B01331105111-01\/4.jpg\" border=\"0\" alt=\"-Baseus\/B01331105111-01\/4\" \/><\/p>\n<div class=\"table-wrapper\">\n<table>\n<tbody>\n<tr>\n<th>Producent<\/th>\n<td>Baseus<\/td>\n<\/tr>\n<tr>\n<th>Nazwa<\/th>\n<td>AirJoy Series 2-in-1 Bidirectional HDMI Switch<\/td>\n<\/tr>\n<tr>\n<th>Model<\/th>\n<td>B01331105111-00<\/td>\n<\/tr>\n<tr>\n<th>Kolor<\/th>\n<td>Czarny<\/td>\n<\/tr>\n<tr>\n<th>Rozdzielczo\u015b\u0107<\/th>\n<td>4K \/ 60 Hz (maks.)<\/td>\n<\/tr>\n<tr>\n<th>Wersja<\/th>\n<td>HDMI2.0<\/td>\n<\/tr>\n<tr>\n<th>Tryby pracy<\/th>\n<td>2 IN 1 OUT (2 wej\u015bcia, 1 wyj\u015bcie) \/ 2 OUT \/ 1 IN (2 wyj\u015bcia, jedno wej\u015bcie)<\/td>\n<\/tr>\n<tr>\n<th>Materia\u0142<\/th>\n<td>PC + ABS<\/td>\n<\/tr>\n<tr>\n<th>Wymiary<\/th>\n<td>56 x 52 x 15 mm<\/td>\n<\/tr>\n<\/tbody>\n<\/table>\n<\/div>\n","protected":false},"excerpt":{"rendered":"<p>Adapter HDMI Baseus 2w1 (czarny) Wygodnie wy\u015bwietlaj obraz z wybranego urz\u0105dzenia na monitorze lub du\u017cym telewizorze. Adapter HDMI Baseus zapewnia<\/p>\n","protected":false},"featured_media":42806,"comment_status":"closed","ping_status":"open","template":"","meta":{"_acf_changed":false},"product_brand":[],"product_cat":[5930,5929],"product_tag":[],"class_list":{"0":"post-56985","1":"product","2":"type-product","3":"status-publish","4":"has-post-thumbnail","6":"product_cat-adaptery-przejsciowki-konwertery","7":"product_cat-akcesoria-it","8":"pa_producent-baseus","10":"first","11":"outofstock","12":"taxable","13":"shipping-taxable","14":"purchasable","15":"product-type-simple"},"acf":[],"yoast_head":"<!-- This site is optimized with the Yoast SEO plugin v27.2 - https:\/\/yoast.com\/product\/yoast-seo-wordpress\/ -->\n<title>Adapter BASEUS HDMI 2w1 (czarny) - IRONSKY.PL Sklep z Dronami<\/title>\n<meta name=\"description\" content=\"Adapter BASEUS HDMI 2w1 (czarny) - \u2705 sklep z dronami i fachowym doradztwem. \u2705 Tutaj kupisz produkty DJI, Yuneec, Parrot, Syma i wiele innych, a tak\u017ce kursy i licencje na operatora drona.\" \/>\n<meta name=\"robots\" content=\"index, follow, max-snippet:-1, max-image-preview:large, max-video-preview:-1\" \/>\n<link rel=\"canonical\" href=\"https:\/\/ironsky.pl\/sklep\/produkt\/adapter-baseus-hdmi-2w1-czarny\/\" \/>\n<meta property=\"og:locale\" content=\"pl_PL\" \/>\n<meta property=\"og:type\" content=\"article\" \/>\n<meta property=\"og:title\" content=\"Adapter BASEUS HDMI 2w1 (czarny) - IRONSKY.PL Sklep z Dronami\" \/>\n<meta property=\"og:description\" content=\"Adapter BASEUS HDMI 2w1 (czarny) - \u2705 sklep z dronami i fachowym doradztwem. \u2705 Tutaj kupisz produkty DJI, Yuneec, Parrot, Syma i wiele innych, a tak\u017ce kursy i licencje na operatora drona.\" \/>\n<meta property=\"og:url\" content=\"https:\/\/ironsky.pl\/sklep\/produkt\/adapter-baseus-hdmi-2w1-czarny\/\" \/>\n<meta property=\"og:site_name\" content=\"IRONSKY.PL Sklep z Dronami\" \/>\n<meta property=\"article:modified_time\" content=\"2026-04-15T08:21:15+00:00\" \/>\n<meta property=\"og:image\" content=\"https:\/\/ironsky.pl\/sklep\/wp-content\/uploads\/2025\/06\/31976_5.jpg\" \/>\n\t<meta property=\"og:image:width\" content=\"800\" \/>\n\t<meta property=\"og:image:height\" content=\"800\" \/>\n\t<meta property=\"og:image:type\" content=\"image\/jpeg\" \/>\n<meta name=\"twitter:card\" content=\"summary_large_image\" \/>\n<meta name=\"twitter:label1\" content=\"Szacowany czas czytania\" \/>\n\t<meta name=\"twitter:data1\" content=\"2 minuty\" \/>\n<script type=\"application\/ld+json\" class=\"yoast-schema-graph\">{\"@context\":\"https:\/\/schema.org\",\"@graph\":[{\"@type\":\"WebPage\",\"@id\":\"https:\/\/ironsky.pl\/sklep\/produkt\/adapter-baseus-hdmi-2w1-czarny\/\",\"url\":\"https:\/\/ironsky.pl\/sklep\/produkt\/adapter-baseus-hdmi-2w1-czarny\/\",\"name\":\"Adapter BASEUS HDMI 2w1 (czarny) - IRONSKY.PL Sklep z Dronami\",\"isPartOf\":{\"@id\":\"https:\/\/ironsky.pl\/sklep\/#website\"},\"primaryImageOfPage\":{\"@id\":\"https:\/\/ironsky.pl\/sklep\/produkt\/adapter-baseus-hdmi-2w1-czarny\/#primaryimage\"},\"image\":{\"@id\":\"https:\/\/ironsky.pl\/sklep\/produkt\/adapter-baseus-hdmi-2w1-czarny\/#primaryimage\"},\"thumbnailUrl\":\"https:\/\/ironsky.pl\/sklep\/wp-content\/uploads\/2025\/06\/31976_5.jpg\",\"datePublished\":\"2026-04-15T08:21:14+00:00\",\"dateModified\":\"2026-04-15T08:21:15+00:00\",\"description\":\"Adapter BASEUS HDMI 2w1 (czarny) - \u2705 sklep z dronami i fachowym doradztwem. \u2705 Tutaj kupisz produkty DJI, Yuneec, Parrot, Syma i wiele innych, a tak\u017ce kursy i licencje na operatora drona.\",\"breadcrumb\":{\"@id\":\"https:\/\/ironsky.pl\/sklep\/produkt\/adapter-baseus-hdmi-2w1-czarny\/#breadcrumb\"},\"inLanguage\":\"pl-PL\",\"potentialAction\":[{\"@type\":\"ReadAction\",\"target\":[\"https:\/\/ironsky.pl\/sklep\/produkt\/adapter-baseus-hdmi-2w1-czarny\/\"]}]},{\"@type\":\"ImageObject\",\"inLanguage\":\"pl-PL\",\"@id\":\"https:\/\/ironsky.pl\/sklep\/produkt\/adapter-baseus-hdmi-2w1-czarny\/#primaryimage\",\"url\":\"https:\/\/ironsky.pl\/sklep\/wp-content\/uploads\/2025\/06\/31976_5.jpg\",\"contentUrl\":\"https:\/\/ironsky.pl\/sklep\/wp-content\/uploads\/2025\/06\/31976_5.jpg\",\"width\":800,\"height\":800},{\"@type\":\"BreadcrumbList\",\"@id\":\"https:\/\/ironsky.pl\/sklep\/produkt\/adapter-baseus-hdmi-2w1-czarny\/#breadcrumb\",\"itemListElement\":[{\"@type\":\"ListItem\",\"position\":1,\"name\":\"Strona g\u0142\u00f3wna\",\"item\":\"https:\/\/ironsky.pl\/sklep\/\"},{\"@type\":\"ListItem\",\"position\":2,\"name\":\"Wszystkie produkty\",\"item\":\"https:\/\/ironsky.pl\/sklep\/produkty\/\"},{\"@type\":\"ListItem\",\"position\":3,\"name\":\"Adapter BASEUS HDMI 2w1 (czarny)\"}]},{\"@type\":\"WebSite\",\"@id\":\"https:\/\/ironsky.pl\/sklep\/#website\",\"url\":\"https:\/\/ironsky.pl\/sklep\/\",\"name\":\"IRONSKY.PL Sklep z Dronami\",\"description\":\"IRONSKY.PL Sklep z Dronami\",\"potentialAction\":[{\"@type\":\"SearchAction\",\"target\":{\"@type\":\"EntryPoint\",\"urlTemplate\":\"https:\/\/ironsky.pl\/sklep\/?s={search_term_string}\"},\"query-input\":{\"@type\":\"PropertyValueSpecification\",\"valueRequired\":true,\"valueName\":\"search_term_string\"}}],\"inLanguage\":\"pl-PL\"}]}<\/script>\n<!-- \/ Yoast SEO plugin. -->","yoast_head_json":{"title":"Adapter BASEUS HDMI 2w1 (czarny) - IRONSKY.PL Sklep z Dronami","description":"Adapter BASEUS HDMI 2w1 (czarny) - \u2705 sklep z dronami i fachowym doradztwem. \u2705 Tutaj kupisz produkty DJI, Yuneec, Parrot, Syma i wiele innych, a tak\u017ce kursy i licencje na operatora drona.","robots":{"index":"index","follow":"follow","max-snippet":"max-snippet:-1","max-image-preview":"max-image-preview:large","max-video-preview":"max-video-preview:-1"},"canonical":"https:\/\/ironsky.pl\/sklep\/produkt\/adapter-baseus-hdmi-2w1-czarny\/","og_locale":"pl_PL","og_type":"article","og_title":"Adapter BASEUS HDMI 2w1 (czarny) - IRONSKY.PL Sklep z Dronami","og_description":"Adapter BASEUS HDMI 2w1 (czarny) - \u2705 sklep z dronami i fachowym doradztwem. \u2705 Tutaj kupisz produkty DJI, Yuneec, Parrot, Syma i wiele innych, a tak\u017ce kursy i licencje na operatora drona.","og_url":"https:\/\/ironsky.pl\/sklep\/produkt\/adapter-baseus-hdmi-2w1-czarny\/","og_site_name":"IRONSKY.PL Sklep z Dronami","article_modified_time":"2026-04-15T08:21:15+00:00","og_image":[{"width":800,"height":800,"url":"https:\/\/ironsky.pl\/sklep\/wp-content\/uploads\/2025\/06\/31976_5.jpg","type":"image\/jpeg"}],"twitter_card":"summary_large_image","twitter_misc":{"Szacowany czas czytania":"2 minuty"},"schema":{"@context":"https:\/\/schema.org","@graph":[{"@type":"WebPage","@id":"https:\/\/ironsky.pl\/sklep\/produkt\/adapter-baseus-hdmi-2w1-czarny\/","url":"https:\/\/ironsky.pl\/sklep\/produkt\/adapter-baseus-hdmi-2w1-czarny\/","name":"Adapter BASEUS HDMI 2w1 (czarny) - IRONSKY.PL Sklep z Dronami","isPartOf":{"@id":"https:\/\/ironsky.pl\/sklep\/#website"},"primaryImageOfPage":{"@id":"https:\/\/ironsky.pl\/sklep\/produkt\/adapter-baseus-hdmi-2w1-czarny\/#primaryimage"},"image":{"@id":"https:\/\/ironsky.pl\/sklep\/produkt\/adapter-baseus-hdmi-2w1-czarny\/#primaryimage"},"thumbnailUrl":"https:\/\/ironsky.pl\/sklep\/wp-content\/uploads\/2025\/06\/31976_5.jpg","datePublished":"2026-04-15T08:21:14+00:00","dateModified":"2026-04-15T08:21:15+00:00","description":"Adapter BASEUS HDMI 2w1 (czarny) - \u2705 sklep z dronami i fachowym doradztwem. \u2705 Tutaj kupisz produkty DJI, Yuneec, Parrot, Syma i wiele innych, a tak\u017ce kursy i licencje na operatora drona.","breadcrumb":{"@id":"https:\/\/ironsky.pl\/sklep\/produkt\/adapter-baseus-hdmi-2w1-czarny\/#breadcrumb"},"inLanguage":"pl-PL","potentialAction":[{"@type":"ReadAction","target":["https:\/\/ironsky.pl\/sklep\/produkt\/adapter-baseus-hdmi-2w1-czarny\/"]}]},{"@type":"ImageObject","inLanguage":"pl-PL","@id":"https:\/\/ironsky.pl\/sklep\/produkt\/adapter-baseus-hdmi-2w1-czarny\/#primaryimage","url":"https:\/\/ironsky.pl\/sklep\/wp-content\/uploads\/2025\/06\/31976_5.jpg","contentUrl":"https:\/\/ironsky.pl\/sklep\/wp-content\/uploads\/2025\/06\/31976_5.jpg","width":800,"height":800},{"@type":"BreadcrumbList","@id":"https:\/\/ironsky.pl\/sklep\/produkt\/adapter-baseus-hdmi-2w1-czarny\/#breadcrumb","itemListElement":[{"@type":"ListItem","position":1,"name":"Strona g\u0142\u00f3wna","item":"https:\/\/ironsky.pl\/sklep\/"},{"@type":"ListItem","position":2,"name":"Wszystkie produkty","item":"https:\/\/ironsky.pl\/sklep\/produkty\/"},{"@type":"ListItem","position":3,"name":"Adapter BASEUS HDMI 2w1 (czarny)"}]},{"@type":"WebSite","@id":"https:\/\/ironsky.pl\/sklep\/#website","url":"https:\/\/ironsky.pl\/sklep\/","name":"IRONSKY.PL Sklep z Dronami","description":"IRONSKY.PL Sklep z Dronami","potentialAction":[{"@type":"SearchAction","target":{"@type":"EntryPoint","urlTemplate":"https:\/\/ironsky.pl\/sklep\/?s={search_term_string}"},"query-input":{"@type":"PropertyValueSpecification","valueRequired":true,"valueName":"search_term_string"}}],"inLanguage":"pl-PL"}]}},"_links":{"self":[{"href":"https:\/\/ironsky.pl\/sklep\/wp-json\/wp\/v2\/product\/56985","targetHints":{"allow":["GET"]}}],"collection":[{"href":"https:\/\/ironsky.pl\/sklep\/wp-json\/wp\/v2\/product"}],"about":[{"href":"https:\/\/ironsky.pl\/sklep\/wp-json\/wp\/v2\/types\/product"}],"replies":[{"embeddable":true,"href":"https:\/\/ironsky.pl\/sklep\/wp-json\/wp\/v2\/comments?post=56985"}],"wp:featuredmedia":[{"embeddable":true,"href":"https:\/\/ironsky.pl\/sklep\/wp-json\/wp\/v2\/media\/42806"}],"wp:attachment":[{"href":"https:\/\/ironsky.pl\/sklep\/wp-json\/wp\/v2\/media?parent=56985"}],"wp:term":[{"taxonomy":"product_brand","embeddable":true,"href":"https:\/\/ironsky.pl\/sklep\/wp-json\/wp\/v2\/product_brand?post=56985"},{"taxonomy":"product_cat","embeddable":true,"href":"https:\/\/ironsky.pl\/sklep\/wp-json\/wp\/v2\/product_cat?post=56985"},{"taxonomy":"product_tag","embeddable":true,"href":"https:\/\/ironsky.pl\/sklep\/wp-json\/wp\/v2\/product_tag?post=56985"}],"curies":[{"name":"wp","href":"https:\/\/api.w.org\/{rel}","templated":true}]}}