{"id":56916,"date":"2026-04-15T10:20:13","date_gmt":"2026-04-15T08:20:13","guid":{"rendered":"https:\/\/ironsky.pl\/sklep\/produkt\/przenosny-ekran-projekcyjny-blitzwolf-bw-vs6-80-2\/"},"modified":"2026-04-15T10:20:27","modified_gmt":"2026-04-15T08:20:27","slug":"przenosny-ekran-projekcyjny-blitzwolf-bw-vs6-80-2","status":"publish","type":"product","link":"https:\/\/ironsky.pl\/sklep\/produkt\/przenosny-ekran-projekcyjny-blitzwolf-bw-vs6-80-2\/","title":{"rendered":"Przeno\u015bny ekran projekcyjny BlitzWolf BW-VS6 80&#8243;"},"content":{"rendered":"<h3>Przeno\u015bny ekran projekcyjny BlitzWolf BW-VS6 80&#8243;<\/h3>\n<p>Ciesz si\u0119 ulubionymi filmami i programami z przyjaci\u00f3\u0142mi i rodzin\u0105 dzi\u0119ki 80-calowemu ekranowi projekcyjnemu BlitzWolf. Model BW-V6 oferuje obraz w rozdzielczo\u015bci 4K i zapewnia realistyczne odwzorowanie kolor\u00f3w, a stabilny stojak i przeno\u015bna konstrukcja umo\u017cliwiaj\u0105 ogl\u0105danie r\u00f3\u017cnorodnych tre\u015bci w dowolnym miejscu \u2013 tak\u017ce w plenerze! K\u0105t widzenia wynosi 160\u00b0, co sprawia, \u017ce ka\u017cdy w Twoim gronie b\u0119dzie m\u00f3g\u0142 cieszy\u0107 si\u0119 doskona\u0142\u0105 widoczno\u015bci\u0105. Ekran wykonany jest z wysokiej jako\u015bci materia\u0142\u00f3w, takich jak poliester.<\/p>\n<p><img decoding=\"async\" src=\"https:\/\/b2b.innpro.pl\/data\/include\/cms\/BlitzWolf\/BW-VS6\/8.jpg\" alt=\"BlitzWolf\/BW-VS6\/8\"><\/p>\n<h3>Doskona\u0142a jako\u015b\u0107 obrazu<\/h3>\n<p>Je\u015bli szukasz urz\u0105dzenia, kt\u00f3re pozwoli Ci w pe\u0142ni zanurzy\u0107 si\u0119 w wizualnym do\u015bwiadczeniu, to 80-calowy ekran projekcyjny BlitzWolf z rozdzielczo\u015bci\u0105 4K b\u0119dzie idealnym wyborem. BW-VS6 pozwala cieszy\u0107 si\u0119 jasnym, wyra\u017anym i realistycznym obrazem, kt\u00f3ry sprawi, \u017ce poczujesz si\u0119, jakby\u015b by\u0142 w samym \u015brodku akcji. K\u0105t widzenia na poziomie 160\u00b0 umo\u017cliwia \u015bwietne filmowe do\u015bwiadczenie dla wielu os\u00f3b naraz. Dodatkowo precyzyjnie odwzorowane kolory gwarantuj\u0105 jeszcze bardziej realistyczne wra\u017cenia podczas ogl\u0105dania. Bez wzgl\u0119du na to, czy ogl\u0105dasz filmy akcji, romantyczne komedie czy te\u017c przedstawiasz prezentacj\u0119 multimedialn\u0105, BW-VS6 dostarczy Ci wspania\u0142ych wra\u017ce\u0144 i z pewno\u015bci\u0105 zaspokoi Twoje potrzeby wizualne.<\/p>\n<p><img decoding=\"async\" src=\"https:\/\/b2b.innpro.pl\/data\/include\/cms\/BlitzWolf\/BW-VS6\/6.jpg\" alt=\"BlitzWolf\/BW-VS6\/6\"><\/p>\n<h3>Zyskaj ca\u0142kowit\u0105 swobod\u0119<\/h3>\n<p>Zapomnij o ograniczeniach! Dzi\u0119ki stabilnemu stojakowi, kt\u00f3ry wykonano z wysokiej klasy aluminium, mo\u017cesz swobodnie ogl\u0105da\u0107 filmy r\u00f3wnie\u017c w plenerze. Nie obawiaj si\u0119, \u017ce silny wiatr sprawi, \u017ce ekran upadnie i ulegnie uszkodzeniu. Produkt jest niezwykle wytrzyma\u0142y i przystosowany do trudnych warunk\u00f3w atmosferycznych. Monta\u017c stojaka jest szybki i bezproblemowy \u2013 mo\u017cesz wi\u0119c w kilka chwil z\u0142o\u017cy\u0107 i roz\u0142o\u017cy\u0107 sprz\u0119t w dowolnym miejscu. Przeno\u015bna konstrukcja i lekko\u015b\u0107 sprawiaj\u0105, \u017ce mo\u017cesz zabra\u0107 ekran ze sob\u0105 na wyjazdy i imprezy w plenerze. <\/p>\n<p><img decoding=\"async\" src=\"https:\/\/b2b.innpro.pl\/data\/include\/cms\/BlitzWolf\/BW-VS6\/1.jpg\" alt=\"BlitzWolf\/BW-VS6\/1\"><\/p>\n<h3>Staranno\u015b\u0107 wykonania<\/h3>\n<p>Ekran projekcyjny BlitzWolf BW-VS6 o przek\u0105tnej 80 cali to esencja wizualnego doznania. Wykonany zosta\u0142 z poliestru i wyr\u00f3\u017cnia si\u0119 grubszym p\u0142\u00f3tnem, dzi\u0119ki czemu gwarantuje doskona\u0142\u0105 jako\u015b\u0107 obrazu bez \u017cadnych fa\u0142d czy zniekszta\u0142ce\u0144. Niezale\u017cnie od tego, czy korzystasz z niego w warunkach domowych, czy na zewn\u0105trz, produkt zapewnia naturalne i realistyczne kolory oraz \u017cywy i wyrazisty obraz 4K.<\/p>\n<p><img decoding=\"async\" src=\"https:\/\/b2b.innpro.pl\/data\/include\/cms\/BlitzWolf\/BW-VS6\/2.jpg\" alt=\"BlitzWolf\/BW-VS6\/2\"><\/p>\n<h3>W zestawie:<\/h3>\n<ul>\n<li>Ekran projekcyjny<\/li>\n<li>Stojak<\/li>\n<li>Elementy monta\u017cowe<\/li>\n<\/ul>\n<div class=\"table-wrapper\">\n<table>\n<tbody>\n<tr>\n<th>Producent<\/th>\n<td>BlitzWolf<\/td>\n<\/tr>\n<tr>\n<th>Model<\/th>\n<td>BW-VS6<\/td>\n<\/tr>\n<tr>\n<th>Rozdzielczo\u015b\u0107<\/th>\n<td>4K<\/td>\n<\/tr>\n<tr>\n<th>Wsp\u00f3\u0142czynnik proporcji<\/th>\n<td>16:9<\/td>\n<\/tr>\n<tr>\n<th>K\u0105t widzenia<\/th>\n<td>160\u00b0<\/td>\n<\/tr>\n<tr>\n<th>Temperatura robocza<\/th>\n<td>od -20\u00b0C do 60\u00b0C<\/td>\n<\/tr>\n<tr>\n<th>Wymiary projekcji<\/th>\n<td>177 x 100 cm<\/td>\n<\/tr>\n<tr>\n<th>Wymiary po roz\u0142o\u017ceniu<\/th>\n<td>187 x 167 x 49 cm<\/td>\n<\/tr>\n<\/tbody>\n<\/table>\n<\/div>\n","protected":false},"excerpt":{"rendered":"<p>Przeno\u015bny ekran projekcyjny BlitzWolf BW-VS6 80&#8243; Ciesz si\u0119 ulubionymi filmami i programami z przyjaci\u00f3\u0142mi i rodzin\u0105 dzi\u0119ki 80-calowemu ekranowi projekcyjnemu<\/p>\n","protected":false},"featured_media":42728,"comment_status":"closed","ping_status":"open","template":"","meta":{"_acf_changed":false},"product_brand":[],"product_cat":[5929,5971,5953],"product_tag":[],"class_list":{"0":"post-56916","1":"product","2":"type-product","3":"status-publish","4":"has-post-thumbnail","6":"product_cat-akcesoria-it","7":"product_cat-ekrany-projekcyjne","8":"product_cat-projekcja","9":"pa_okres-gwarancji-5768","10":"pa_producent-blitzwolf","12":"first","13":"outofstock","14":"taxable","15":"shipping-taxable","16":"purchasable","17":"product-type-simple"},"acf":[],"yoast_head":"<!-- This site is optimized with the Yoast SEO plugin v27.2 - https:\/\/yoast.com\/product\/yoast-seo-wordpress\/ -->\n<title>Przeno\u015bny ekran projekcyjny BlitzWolf BW-VS6 80&quot; - IRONSKY.PL Sklep z Dronami<\/title>\n<meta name=\"description\" content=\"Przeno\u015bny ekran projekcyjny BlitzWolf BW-VS6 80&quot; - \u2705 sklep z dronami i fachowym doradztwem. \u2705 Tutaj kupisz produkty DJI, Yuneec, Parrot, Syma i wiele innych, a tak\u017ce kursy i licencje na operatora drona.\" \/>\n<meta name=\"robots\" content=\"index, follow, max-snippet:-1, max-image-preview:large, max-video-preview:-1\" \/>\n<link rel=\"canonical\" href=\"https:\/\/ironsky.pl\/sklep\/produkt\/przenosny-ekran-projekcyjny-blitzwolf-bw-vs6-80-2\/\" \/>\n<meta property=\"og:locale\" content=\"pl_PL\" \/>\n<meta property=\"og:type\" content=\"article\" \/>\n<meta property=\"og:title\" content=\"Przeno\u015bny ekran projekcyjny BlitzWolf BW-VS6 80&quot; - IRONSKY.PL Sklep z Dronami\" \/>\n<meta property=\"og:description\" content=\"Przeno\u015bny ekran projekcyjny BlitzWolf BW-VS6 80&quot; - \u2705 sklep z dronami i fachowym doradztwem. \u2705 Tutaj kupisz produkty DJI, Yuneec, Parrot, Syma i wiele innych, a tak\u017ce kursy i licencje na operatora drona.\" \/>\n<meta property=\"og:url\" content=\"https:\/\/ironsky.pl\/sklep\/produkt\/przenosny-ekran-projekcyjny-blitzwolf-bw-vs6-80-2\/\" \/>\n<meta property=\"og:site_name\" content=\"IRONSKY.PL Sklep z Dronami\" \/>\n<meta property=\"article:modified_time\" content=\"2026-04-15T08:20:27+00:00\" \/>\n<meta property=\"og:image\" content=\"https:\/\/ironsky.pl\/sklep\/wp-content\/uploads\/2025\/06\/31434_1.jpg\" \/>\n\t<meta property=\"og:image:width\" content=\"800\" \/>\n\t<meta property=\"og:image:height\" content=\"800\" \/>\n\t<meta property=\"og:image:type\" content=\"image\/jpeg\" \/>\n<meta name=\"twitter:card\" content=\"summary_large_image\" \/>\n<meta name=\"twitter:label1\" content=\"Szacowany czas czytania\" \/>\n\t<meta name=\"twitter:data1\" content=\"2 minuty\" \/>\n<script type=\"application\/ld+json\" class=\"yoast-schema-graph\">{\"@context\":\"https:\/\/schema.org\",\"@graph\":[{\"@type\":\"WebPage\",\"@id\":\"https:\/\/ironsky.pl\/sklep\/produkt\/przenosny-ekran-projekcyjny-blitzwolf-bw-vs6-80-2\/\",\"url\":\"https:\/\/ironsky.pl\/sklep\/produkt\/przenosny-ekran-projekcyjny-blitzwolf-bw-vs6-80-2\/\",\"name\":\"Przeno\u015bny ekran projekcyjny BlitzWolf BW-VS6 80\\\" - IRONSKY.PL Sklep z Dronami\",\"isPartOf\":{\"@id\":\"https:\/\/ironsky.pl\/sklep\/#website\"},\"primaryImageOfPage\":{\"@id\":\"https:\/\/ironsky.pl\/sklep\/produkt\/przenosny-ekran-projekcyjny-blitzwolf-bw-vs6-80-2\/#primaryimage\"},\"image\":{\"@id\":\"https:\/\/ironsky.pl\/sklep\/produkt\/przenosny-ekran-projekcyjny-blitzwolf-bw-vs6-80-2\/#primaryimage\"},\"thumbnailUrl\":\"https:\/\/ironsky.pl\/sklep\/wp-content\/uploads\/2025\/06\/31434_1.jpg\",\"datePublished\":\"2026-04-15T08:20:13+00:00\",\"dateModified\":\"2026-04-15T08:20:27+00:00\",\"description\":\"Przeno\u015bny ekran projekcyjny BlitzWolf BW-VS6 80\\\" - \u2705 sklep z dronami i fachowym doradztwem. \u2705 Tutaj kupisz produkty DJI, Yuneec, Parrot, Syma i wiele innych, a tak\u017ce kursy i licencje na operatora drona.\",\"breadcrumb\":{\"@id\":\"https:\/\/ironsky.pl\/sklep\/produkt\/przenosny-ekran-projekcyjny-blitzwolf-bw-vs6-80-2\/#breadcrumb\"},\"inLanguage\":\"pl-PL\",\"potentialAction\":[{\"@type\":\"ReadAction\",\"target\":[\"https:\/\/ironsky.pl\/sklep\/produkt\/przenosny-ekran-projekcyjny-blitzwolf-bw-vs6-80-2\/\"]}]},{\"@type\":\"ImageObject\",\"inLanguage\":\"pl-PL\",\"@id\":\"https:\/\/ironsky.pl\/sklep\/produkt\/przenosny-ekran-projekcyjny-blitzwolf-bw-vs6-80-2\/#primaryimage\",\"url\":\"https:\/\/ironsky.pl\/sklep\/wp-content\/uploads\/2025\/06\/31434_1.jpg\",\"contentUrl\":\"https:\/\/ironsky.pl\/sklep\/wp-content\/uploads\/2025\/06\/31434_1.jpg\",\"width\":800,\"height\":800},{\"@type\":\"BreadcrumbList\",\"@id\":\"https:\/\/ironsky.pl\/sklep\/produkt\/przenosny-ekran-projekcyjny-blitzwolf-bw-vs6-80-2\/#breadcrumb\",\"itemListElement\":[{\"@type\":\"ListItem\",\"position\":1,\"name\":\"Strona g\u0142\u00f3wna\",\"item\":\"https:\/\/ironsky.pl\/sklep\/\"},{\"@type\":\"ListItem\",\"position\":2,\"name\":\"Wszystkie produkty\",\"item\":\"https:\/\/ironsky.pl\/sklep\/produkty\/\"},{\"@type\":\"ListItem\",\"position\":3,\"name\":\"Przeno\u015bny ekran projekcyjny BlitzWolf BW-VS6 80&#8243;\"}]},{\"@type\":\"WebSite\",\"@id\":\"https:\/\/ironsky.pl\/sklep\/#website\",\"url\":\"https:\/\/ironsky.pl\/sklep\/\",\"name\":\"IRONSKY.PL Sklep z Dronami\",\"description\":\"IRONSKY.PL Sklep z Dronami\",\"potentialAction\":[{\"@type\":\"SearchAction\",\"target\":{\"@type\":\"EntryPoint\",\"urlTemplate\":\"https:\/\/ironsky.pl\/sklep\/?s={search_term_string}\"},\"query-input\":{\"@type\":\"PropertyValueSpecification\",\"valueRequired\":true,\"valueName\":\"search_term_string\"}}],\"inLanguage\":\"pl-PL\"}]}<\/script>\n<!-- \/ Yoast SEO plugin. -->","yoast_head_json":{"title":"Przeno\u015bny ekran projekcyjny BlitzWolf BW-VS6 80\" - IRONSKY.PL Sklep z Dronami","description":"Przeno\u015bny ekran projekcyjny BlitzWolf BW-VS6 80\" - \u2705 sklep z dronami i fachowym doradztwem. \u2705 Tutaj kupisz produkty DJI, Yuneec, Parrot, Syma i wiele innych, a tak\u017ce kursy i licencje na operatora drona.","robots":{"index":"index","follow":"follow","max-snippet":"max-snippet:-1","max-image-preview":"max-image-preview:large","max-video-preview":"max-video-preview:-1"},"canonical":"https:\/\/ironsky.pl\/sklep\/produkt\/przenosny-ekran-projekcyjny-blitzwolf-bw-vs6-80-2\/","og_locale":"pl_PL","og_type":"article","og_title":"Przeno\u015bny ekran projekcyjny BlitzWolf BW-VS6 80\" - IRONSKY.PL Sklep z Dronami","og_description":"Przeno\u015bny ekran projekcyjny BlitzWolf BW-VS6 80\" - \u2705 sklep z dronami i fachowym doradztwem. \u2705 Tutaj kupisz produkty DJI, Yuneec, Parrot, Syma i wiele innych, a tak\u017ce kursy i licencje na operatora drona.","og_url":"https:\/\/ironsky.pl\/sklep\/produkt\/przenosny-ekran-projekcyjny-blitzwolf-bw-vs6-80-2\/","og_site_name":"IRONSKY.PL Sklep z Dronami","article_modified_time":"2026-04-15T08:20:27+00:00","og_image":[{"width":800,"height":800,"url":"https:\/\/ironsky.pl\/sklep\/wp-content\/uploads\/2025\/06\/31434_1.jpg","type":"image\/jpeg"}],"twitter_card":"summary_large_image","twitter_misc":{"Szacowany czas czytania":"2 minuty"},"schema":{"@context":"https:\/\/schema.org","@graph":[{"@type":"WebPage","@id":"https:\/\/ironsky.pl\/sklep\/produkt\/przenosny-ekran-projekcyjny-blitzwolf-bw-vs6-80-2\/","url":"https:\/\/ironsky.pl\/sklep\/produkt\/przenosny-ekran-projekcyjny-blitzwolf-bw-vs6-80-2\/","name":"Przeno\u015bny ekran projekcyjny BlitzWolf BW-VS6 80\" - IRONSKY.PL Sklep z Dronami","isPartOf":{"@id":"https:\/\/ironsky.pl\/sklep\/#website"},"primaryImageOfPage":{"@id":"https:\/\/ironsky.pl\/sklep\/produkt\/przenosny-ekran-projekcyjny-blitzwolf-bw-vs6-80-2\/#primaryimage"},"image":{"@id":"https:\/\/ironsky.pl\/sklep\/produkt\/przenosny-ekran-projekcyjny-blitzwolf-bw-vs6-80-2\/#primaryimage"},"thumbnailUrl":"https:\/\/ironsky.pl\/sklep\/wp-content\/uploads\/2025\/06\/31434_1.jpg","datePublished":"2026-04-15T08:20:13+00:00","dateModified":"2026-04-15T08:20:27+00:00","description":"Przeno\u015bny ekran projekcyjny BlitzWolf BW-VS6 80\" - \u2705 sklep z dronami i fachowym doradztwem. \u2705 Tutaj kupisz produkty DJI, Yuneec, Parrot, Syma i wiele innych, a tak\u017ce kursy i licencje na operatora drona.","breadcrumb":{"@id":"https:\/\/ironsky.pl\/sklep\/produkt\/przenosny-ekran-projekcyjny-blitzwolf-bw-vs6-80-2\/#breadcrumb"},"inLanguage":"pl-PL","potentialAction":[{"@type":"ReadAction","target":["https:\/\/ironsky.pl\/sklep\/produkt\/przenosny-ekran-projekcyjny-blitzwolf-bw-vs6-80-2\/"]}]},{"@type":"ImageObject","inLanguage":"pl-PL","@id":"https:\/\/ironsky.pl\/sklep\/produkt\/przenosny-ekran-projekcyjny-blitzwolf-bw-vs6-80-2\/#primaryimage","url":"https:\/\/ironsky.pl\/sklep\/wp-content\/uploads\/2025\/06\/31434_1.jpg","contentUrl":"https:\/\/ironsky.pl\/sklep\/wp-content\/uploads\/2025\/06\/31434_1.jpg","width":800,"height":800},{"@type":"BreadcrumbList","@id":"https:\/\/ironsky.pl\/sklep\/produkt\/przenosny-ekran-projekcyjny-blitzwolf-bw-vs6-80-2\/#breadcrumb","itemListElement":[{"@type":"ListItem","position":1,"name":"Strona g\u0142\u00f3wna","item":"https:\/\/ironsky.pl\/sklep\/"},{"@type":"ListItem","position":2,"name":"Wszystkie produkty","item":"https:\/\/ironsky.pl\/sklep\/produkty\/"},{"@type":"ListItem","position":3,"name":"Przeno\u015bny ekran projekcyjny BlitzWolf BW-VS6 80&#8243;"}]},{"@type":"WebSite","@id":"https:\/\/ironsky.pl\/sklep\/#website","url":"https:\/\/ironsky.pl\/sklep\/","name":"IRONSKY.PL Sklep z Dronami","description":"IRONSKY.PL Sklep z Dronami","potentialAction":[{"@type":"SearchAction","target":{"@type":"EntryPoint","urlTemplate":"https:\/\/ironsky.pl\/sklep\/?s={search_term_string}"},"query-input":{"@type":"PropertyValueSpecification","valueRequired":true,"valueName":"search_term_string"}}],"inLanguage":"pl-PL"}]}},"_links":{"self":[{"href":"https:\/\/ironsky.pl\/sklep\/wp-json\/wp\/v2\/product\/56916","targetHints":{"allow":["GET"]}}],"collection":[{"href":"https:\/\/ironsky.pl\/sklep\/wp-json\/wp\/v2\/product"}],"about":[{"href":"https:\/\/ironsky.pl\/sklep\/wp-json\/wp\/v2\/types\/product"}],"replies":[{"embeddable":true,"href":"https:\/\/ironsky.pl\/sklep\/wp-json\/wp\/v2\/comments?post=56916"}],"wp:featuredmedia":[{"embeddable":true,"href":"https:\/\/ironsky.pl\/sklep\/wp-json\/wp\/v2\/media\/42728"}],"wp:attachment":[{"href":"https:\/\/ironsky.pl\/sklep\/wp-json\/wp\/v2\/media?parent=56916"}],"wp:term":[{"taxonomy":"product_brand","embeddable":true,"href":"https:\/\/ironsky.pl\/sklep\/wp-json\/wp\/v2\/product_brand?post=56916"},{"taxonomy":"product_cat","embeddable":true,"href":"https:\/\/ironsky.pl\/sklep\/wp-json\/wp\/v2\/product_cat?post=56916"},{"taxonomy":"product_tag","embeddable":true,"href":"https:\/\/ironsky.pl\/sklep\/wp-json\/wp\/v2\/product_tag?post=56916"}],"curies":[{"name":"wp","href":"https:\/\/api.w.org\/{rel}","templated":true}]}}