{"id":56901,"date":"2026-04-15T10:20:13","date_gmt":"2026-04-15T08:20:13","guid":{"rendered":"https:\/\/ironsky.pl\/sklep\/produkt\/kosmetyczka-pgytech-czarna-2\/"},"modified":"2026-04-15T10:20:14","modified_gmt":"2026-04-15T08:20:14","slug":"kosmetyczka-pgytech-czarna-2","status":"publish","type":"product","link":"https:\/\/ironsky.pl\/sklep\/produkt\/kosmetyczka-pgytech-czarna-2\/","title":{"rendered":"Kosmetyczka PGYTECH (czarna)"},"content":{"rendered":"<h3>Kosmetyczka PGYTECH (czarna)<\/h3>\n<p>Cz\u0119sto podr\u00f3\u017cujesz lub wyje\u017cd\u017casz w sprawach biznesowych? Potrzebujesz miejsca, w kt\u00f3rym m\u00f3g\u0142by\u015b trzyma\u0107 wszystkie swoje kosmetyki i przybory toaletowe? Organizer od PGYTECH b\u0119dzie idealny dla Ciebie! Pomie\u015bci nie tylko wszystkie Twoje rzeczy, ale pomo\u017ce tak\u017ce oddzieli\u0107 suche od tych mokrych. Co wi\u0119cej, b\u0119dzie bardzo wygodny w u\u017cytkowaniu, poniewa\u017c wyposa\u017cony zosta\u0142 w zamek b\u0142yskawiczny oraz specjaln\u0105 zawieszk\u0119.<\/p>\n<p><img decoding=\"async\" alt=\"PGYTECH\/P-CB-096\/4\" src=\"https:\/\/b2b.innpro.pl\/data\/include\/cms\/PGYTECH\/P-CB-096\/4.jpg\"\/><\/p>\n<h3>Doskona\u0142y porz\u0105dek<\/h3>\n<p>Organizer PGYTECH pomo\u017ce Ci pouk\u0142ada\u0107 wszystkie swoje kosmetyki oraz przybory toaletowe. Zosta\u0142 on wyposa\u017cony w dodatkowe, wewn\u0119trzne kieszenie. Jedna z nich b\u0119dzie idealna do przechowywania mokrych rzeczy, elastyczny pasek sprawdzi si\u0119 do podtrzymywania szampon\u00f3w, kiesze\u0144 z siatki przeznaczy\u0107 mo\u017cesz na drobne przedmioty jak waciki, czy patyczki do uszu, a du\u017ca kiesze\u0144 bez problemu pomie\u015bci np. maszynki. Co wi\u0119cej, organizer posiada tak\u017ce specjaln\u0105 kiesze\u0144 na szczoteczk\u0119 i past\u0119 do z\u0119b\u00f3w. <\/p>\n<p><img decoding=\"async\" alt=\"PGYTECH\/P-CB-096\/3\" src=\"https:\/\/b2b.innpro.pl\/data\/include\/cms\/PGYTECH\/P-CB-096\/3.jpg\"\/><\/p>\n<h3>Odporny na wod\u0119<\/h3>\n<p>Akcesorium to wykazuje doskona\u0142\u0105 odporno\u015b\u0107 na zachlapania wod\u0105. Co wi\u0119cej, powsta\u0142 z najwy\u017cszej jako\u015bci materia\u0142\u00f3w, dzi\u0119ki czemu wykazuje du\u017c\u0105 trwa\u0142o\u015b\u0107 i odporno\u015b\u0107. Dodatkowo nie musisz martwi\u0107 si\u0119 o swoje rzeczy, poniewa\u017c produkt ten powsta\u0142 tak, aby\u015b z \u0142atwo\u015bci\u0105 m\u00f3g\u0142 oddzieli\u0107 rzeczy mokre od tych suchych. <\/p>\n<p><img decoding=\"async\" alt=\"PGYTECH\/P-CB-096\/2\" src=\"https:\/\/b2b.innpro.pl\/data\/include\/cms\/PGYTECH\/P-CB-096\/2.jpg\"\/><\/p>\n<h3>Komfort u\u017cytkowania <\/h3>\n<p>Organizer PGYTECH to nie tylko bardzo praktyczne akcesorium, kt\u00f3re sprawdzi si\u0119 podczas ka\u017cdej podr\u00f3\u017cy, ale jest tak\u017ce bardzo komfortowe w u\u017cytkowaniu. Zmie\u015bci wszystkie najpotrzebniejsze rzeczy, a co wi\u0119cej jest bardzo wytrzyma\u0142y i odporny. Zosta\u0142 wyposa\u017cony tak\u017ce w specjaln\u0105 zawieszk\u0105, kt\u00f3ra umo\u017cliwia wygodne powieszenie organizera w \u0142azience. <\/p>\n<p><img decoding=\"async\" alt=\"PGYTECH\/P-CB-096\/6\" src=\"https:\/\/b2b.innpro.pl\/data\/include\/cms\/PGYTECH\/P-CB-096\/6.jpg\"\/><br \/>\n<br \/>\n<iframe allow=\"accelerometer; autoplay; clipboard-write; encrypted-media; gyroscope; picture-in-picture\" allowfullscreen=\"\" frameborder=\"0\" height=\"720px\" src=\"https:\/\/www.youtube.com\/embed\/Td451kwBgoc?playlist=Td451kwBgoc&amp;loop=1\" width=\"100%\"><\/iframe><\/p>\n<div class=\"table-wrapper\">\n<table>\n<tbody>\n<tr>\n<th>Producent <\/th>\n<td>PGYTECH<\/td>\n<\/tr>\n<tr>\n<th>Model<\/th>\n<td>P-CB-096<\/td>\n<\/tr>\n<tr>\n<th>Materia\u0142 <\/th>\n<td>Poliester<\/td>\n<\/tr>\n<tr>\n<th>Wymiary<\/th>\n<td>240 \u00d7 150 \u00d7 120 mm<\/td>\n<\/tr>\n<tr>\n<th>Kolor <\/th>\n<td>Czarny<\/td>\n<\/tr>\n<\/tbody>\n<\/table>\n<\/div>\n","protected":false},"excerpt":{"rendered":"<p>Kosmetyczka PGYTECH (czarna) Cz\u0119sto podr\u00f3\u017cujesz lub wyje\u017cd\u017casz w sprawach biznesowych? Potrzebujesz miejsca, w kt\u00f3rym m\u00f3g\u0142by\u015b trzyma\u0107 wszystkie swoje kosmetyki i<\/p>\n","protected":false},"featured_media":56902,"comment_status":"closed","ping_status":"open","template":"","meta":{"_acf_changed":false},"product_brand":[],"product_cat":[1128,6173,6172],"product_tag":[],"class_list":{"0":"post-56901","1":"product","2":"type-product","3":"status-publish","4":"has-post-thumbnail","6":"product_cat-foto-wideo","7":"product_cat-futeraly-i-etui","8":"product_cat-przechowywanie-i-transport","9":"pa_okres-gwarancji-5754","10":"pa_producent-pgytech","12":"first","13":"outofstock","14":"taxable","15":"shipping-taxable","16":"purchasable","17":"product-type-simple"},"acf":[],"yoast_head":"<!-- This site is optimized with the Yoast SEO plugin v27.2 - https:\/\/yoast.com\/product\/yoast-seo-wordpress\/ -->\n<title>Kosmetyczka PGYTECH (czarna) - IRONSKY.PL Sklep z Dronami<\/title>\n<meta name=\"description\" content=\"Kosmetyczka PGYTECH (czarna) - \u2705 sklep z dronami i fachowym doradztwem. \u2705 Tutaj kupisz produkty DJI, Yuneec, Parrot, Syma i wiele innych, a tak\u017ce kursy i licencje na operatora drona.\" \/>\n<meta name=\"robots\" content=\"index, follow, max-snippet:-1, max-image-preview:large, max-video-preview:-1\" \/>\n<link rel=\"canonical\" href=\"https:\/\/ironsky.pl\/sklep\/produkt\/kosmetyczka-pgytech-czarna-2\/\" \/>\n<meta property=\"og:locale\" content=\"pl_PL\" \/>\n<meta property=\"og:type\" content=\"article\" \/>\n<meta property=\"og:title\" content=\"Kosmetyczka PGYTECH (czarna) - IRONSKY.PL Sklep z Dronami\" \/>\n<meta property=\"og:description\" content=\"Kosmetyczka PGYTECH (czarna) - \u2705 sklep z dronami i fachowym doradztwem. \u2705 Tutaj kupisz produkty DJI, Yuneec, Parrot, Syma i wiele innych, a tak\u017ce kursy i licencje na operatora drona.\" \/>\n<meta property=\"og:url\" content=\"https:\/\/ironsky.pl\/sklep\/produkt\/kosmetyczka-pgytech-czarna-2\/\" \/>\n<meta property=\"og:site_name\" content=\"IRONSKY.PL Sklep z Dronami\" \/>\n<meta property=\"article:modified_time\" content=\"2026-04-15T08:20:14+00:00\" \/>\n<meta property=\"og:image\" content=\"https:\/\/ironsky.pl\/sklep\/wp-content\/uploads\/2026\/04\/30842_1.jpg\" \/>\n\t<meta property=\"og:image:width\" content=\"800\" \/>\n\t<meta property=\"og:image:height\" content=\"800\" \/>\n\t<meta property=\"og:image:type\" content=\"image\/jpeg\" \/>\n<meta name=\"twitter:card\" content=\"summary_large_image\" \/>\n<meta name=\"twitter:label1\" content=\"Szacowany czas czytania\" \/>\n\t<meta name=\"twitter:data1\" content=\"1 minuta\" \/>\n<script type=\"application\/ld+json\" class=\"yoast-schema-graph\">{\"@context\":\"https:\/\/schema.org\",\"@graph\":[{\"@type\":\"WebPage\",\"@id\":\"https:\/\/ironsky.pl\/sklep\/produkt\/kosmetyczka-pgytech-czarna-2\/\",\"url\":\"https:\/\/ironsky.pl\/sklep\/produkt\/kosmetyczka-pgytech-czarna-2\/\",\"name\":\"Kosmetyczka PGYTECH (czarna) - IRONSKY.PL Sklep z Dronami\",\"isPartOf\":{\"@id\":\"https:\/\/ironsky.pl\/sklep\/#website\"},\"primaryImageOfPage\":{\"@id\":\"https:\/\/ironsky.pl\/sklep\/produkt\/kosmetyczka-pgytech-czarna-2\/#primaryimage\"},\"image\":{\"@id\":\"https:\/\/ironsky.pl\/sklep\/produkt\/kosmetyczka-pgytech-czarna-2\/#primaryimage\"},\"thumbnailUrl\":\"https:\/\/ironsky.pl\/sklep\/wp-content\/uploads\/2026\/04\/30842_1.jpg\",\"datePublished\":\"2026-04-15T08:20:13+00:00\",\"dateModified\":\"2026-04-15T08:20:14+00:00\",\"description\":\"Kosmetyczka PGYTECH (czarna) - \u2705 sklep z dronami i fachowym doradztwem. \u2705 Tutaj kupisz produkty DJI, Yuneec, Parrot, Syma i wiele innych, a tak\u017ce kursy i licencje na operatora drona.\",\"breadcrumb\":{\"@id\":\"https:\/\/ironsky.pl\/sklep\/produkt\/kosmetyczka-pgytech-czarna-2\/#breadcrumb\"},\"inLanguage\":\"pl-PL\",\"potentialAction\":[{\"@type\":\"ReadAction\",\"target\":[\"https:\/\/ironsky.pl\/sklep\/produkt\/kosmetyczka-pgytech-czarna-2\/\"]}]},{\"@type\":\"ImageObject\",\"inLanguage\":\"pl-PL\",\"@id\":\"https:\/\/ironsky.pl\/sklep\/produkt\/kosmetyczka-pgytech-czarna-2\/#primaryimage\",\"url\":\"https:\/\/ironsky.pl\/sklep\/wp-content\/uploads\/2026\/04\/30842_1.jpg\",\"contentUrl\":\"https:\/\/ironsky.pl\/sklep\/wp-content\/uploads\/2026\/04\/30842_1.jpg\",\"width\":800,\"height\":800},{\"@type\":\"BreadcrumbList\",\"@id\":\"https:\/\/ironsky.pl\/sklep\/produkt\/kosmetyczka-pgytech-czarna-2\/#breadcrumb\",\"itemListElement\":[{\"@type\":\"ListItem\",\"position\":1,\"name\":\"Strona g\u0142\u00f3wna\",\"item\":\"https:\/\/ironsky.pl\/sklep\/\"},{\"@type\":\"ListItem\",\"position\":2,\"name\":\"Wszystkie produkty\",\"item\":\"https:\/\/ironsky.pl\/sklep\/produkty\/\"},{\"@type\":\"ListItem\",\"position\":3,\"name\":\"Kosmetyczka PGYTECH (czarna)\"}]},{\"@type\":\"WebSite\",\"@id\":\"https:\/\/ironsky.pl\/sklep\/#website\",\"url\":\"https:\/\/ironsky.pl\/sklep\/\",\"name\":\"IRONSKY.PL Sklep z Dronami\",\"description\":\"IRONSKY.PL Sklep z Dronami\",\"potentialAction\":[{\"@type\":\"SearchAction\",\"target\":{\"@type\":\"EntryPoint\",\"urlTemplate\":\"https:\/\/ironsky.pl\/sklep\/?s={search_term_string}\"},\"query-input\":{\"@type\":\"PropertyValueSpecification\",\"valueRequired\":true,\"valueName\":\"search_term_string\"}}],\"inLanguage\":\"pl-PL\"}]}<\/script>\n<!-- \/ Yoast SEO plugin. -->","yoast_head_json":{"title":"Kosmetyczka PGYTECH (czarna) - IRONSKY.PL Sklep z Dronami","description":"Kosmetyczka PGYTECH (czarna) - \u2705 sklep z dronami i fachowym doradztwem. \u2705 Tutaj kupisz produkty DJI, Yuneec, Parrot, Syma i wiele innych, a tak\u017ce kursy i licencje na operatora drona.","robots":{"index":"index","follow":"follow","max-snippet":"max-snippet:-1","max-image-preview":"max-image-preview:large","max-video-preview":"max-video-preview:-1"},"canonical":"https:\/\/ironsky.pl\/sklep\/produkt\/kosmetyczka-pgytech-czarna-2\/","og_locale":"pl_PL","og_type":"article","og_title":"Kosmetyczka PGYTECH (czarna) - IRONSKY.PL Sklep z Dronami","og_description":"Kosmetyczka PGYTECH (czarna) - \u2705 sklep z dronami i fachowym doradztwem. \u2705 Tutaj kupisz produkty DJI, Yuneec, Parrot, Syma i wiele innych, a tak\u017ce kursy i licencje na operatora drona.","og_url":"https:\/\/ironsky.pl\/sklep\/produkt\/kosmetyczka-pgytech-czarna-2\/","og_site_name":"IRONSKY.PL Sklep z Dronami","article_modified_time":"2026-04-15T08:20:14+00:00","og_image":[{"width":800,"height":800,"url":"https:\/\/ironsky.pl\/sklep\/wp-content\/uploads\/2026\/04\/30842_1.jpg","type":"image\/jpeg"}],"twitter_card":"summary_large_image","twitter_misc":{"Szacowany czas czytania":"1 minuta"},"schema":{"@context":"https:\/\/schema.org","@graph":[{"@type":"WebPage","@id":"https:\/\/ironsky.pl\/sklep\/produkt\/kosmetyczka-pgytech-czarna-2\/","url":"https:\/\/ironsky.pl\/sklep\/produkt\/kosmetyczka-pgytech-czarna-2\/","name":"Kosmetyczka PGYTECH (czarna) - IRONSKY.PL Sklep z Dronami","isPartOf":{"@id":"https:\/\/ironsky.pl\/sklep\/#website"},"primaryImageOfPage":{"@id":"https:\/\/ironsky.pl\/sklep\/produkt\/kosmetyczka-pgytech-czarna-2\/#primaryimage"},"image":{"@id":"https:\/\/ironsky.pl\/sklep\/produkt\/kosmetyczka-pgytech-czarna-2\/#primaryimage"},"thumbnailUrl":"https:\/\/ironsky.pl\/sklep\/wp-content\/uploads\/2026\/04\/30842_1.jpg","datePublished":"2026-04-15T08:20:13+00:00","dateModified":"2026-04-15T08:20:14+00:00","description":"Kosmetyczka PGYTECH (czarna) - \u2705 sklep z dronami i fachowym doradztwem. \u2705 Tutaj kupisz produkty DJI, Yuneec, Parrot, Syma i wiele innych, a tak\u017ce kursy i licencje na operatora drona.","breadcrumb":{"@id":"https:\/\/ironsky.pl\/sklep\/produkt\/kosmetyczka-pgytech-czarna-2\/#breadcrumb"},"inLanguage":"pl-PL","potentialAction":[{"@type":"ReadAction","target":["https:\/\/ironsky.pl\/sklep\/produkt\/kosmetyczka-pgytech-czarna-2\/"]}]},{"@type":"ImageObject","inLanguage":"pl-PL","@id":"https:\/\/ironsky.pl\/sklep\/produkt\/kosmetyczka-pgytech-czarna-2\/#primaryimage","url":"https:\/\/ironsky.pl\/sklep\/wp-content\/uploads\/2026\/04\/30842_1.jpg","contentUrl":"https:\/\/ironsky.pl\/sklep\/wp-content\/uploads\/2026\/04\/30842_1.jpg","width":800,"height":800},{"@type":"BreadcrumbList","@id":"https:\/\/ironsky.pl\/sklep\/produkt\/kosmetyczka-pgytech-czarna-2\/#breadcrumb","itemListElement":[{"@type":"ListItem","position":1,"name":"Strona g\u0142\u00f3wna","item":"https:\/\/ironsky.pl\/sklep\/"},{"@type":"ListItem","position":2,"name":"Wszystkie produkty","item":"https:\/\/ironsky.pl\/sklep\/produkty\/"},{"@type":"ListItem","position":3,"name":"Kosmetyczka PGYTECH (czarna)"}]},{"@type":"WebSite","@id":"https:\/\/ironsky.pl\/sklep\/#website","url":"https:\/\/ironsky.pl\/sklep\/","name":"IRONSKY.PL Sklep z Dronami","description":"IRONSKY.PL Sklep z Dronami","potentialAction":[{"@type":"SearchAction","target":{"@type":"EntryPoint","urlTemplate":"https:\/\/ironsky.pl\/sklep\/?s={search_term_string}"},"query-input":{"@type":"PropertyValueSpecification","valueRequired":true,"valueName":"search_term_string"}}],"inLanguage":"pl-PL"}]}},"_links":{"self":[{"href":"https:\/\/ironsky.pl\/sklep\/wp-json\/wp\/v2\/product\/56901","targetHints":{"allow":["GET"]}}],"collection":[{"href":"https:\/\/ironsky.pl\/sklep\/wp-json\/wp\/v2\/product"}],"about":[{"href":"https:\/\/ironsky.pl\/sklep\/wp-json\/wp\/v2\/types\/product"}],"replies":[{"embeddable":true,"href":"https:\/\/ironsky.pl\/sklep\/wp-json\/wp\/v2\/comments?post=56901"}],"wp:featuredmedia":[{"embeddable":true,"href":"https:\/\/ironsky.pl\/sklep\/wp-json\/wp\/v2\/media\/56902"}],"wp:attachment":[{"href":"https:\/\/ironsky.pl\/sklep\/wp-json\/wp\/v2\/media?parent=56901"}],"wp:term":[{"taxonomy":"product_brand","embeddable":true,"href":"https:\/\/ironsky.pl\/sklep\/wp-json\/wp\/v2\/product_brand?post=56901"},{"taxonomy":"product_cat","embeddable":true,"href":"https:\/\/ironsky.pl\/sklep\/wp-json\/wp\/v2\/product_cat?post=56901"},{"taxonomy":"product_tag","embeddable":true,"href":"https:\/\/ironsky.pl\/sklep\/wp-json\/wp\/v2\/product_tag?post=56901"}],"curies":[{"name":"wp","href":"https:\/\/api.w.org\/{rel}","templated":true}]}}