{"id":56770,"date":"2026-04-15T10:17:52","date_gmt":"2026-04-15T08:17:52","guid":{"rendered":"https:\/\/ironsky.pl\/sklep\/produkt\/latarka-superfire-mx16-600lm-usb-c-500mah\/"},"modified":"2026-04-15T10:50:48","modified_gmt":"2026-04-15T08:50:48","slug":"latarka-superfire-mx16-600lm-usb-c-500mah","status":"publish","type":"product","link":"https:\/\/ironsky.pl\/sklep\/produkt\/latarka-superfire-mx16-600lm-usb-c-500mah\/","title":{"rendered":"Latarka SUPERFIRE MX16 600lm USB-C 500mAh"},"content":{"rendered":"<h3>Latarka Superfire MX16, 600 lm, 500 mAh, USB-C, 4 tryby<\/h3>\n<p>Praktyczna latarka Superfire MX16 \u015bwietnie sprawdzi si\u0119 w wielu sytuacjach. Posiada 3 standardowe tryby \u015bwiecenia oraz dodatkowy tryb bardzo mocnego \u015bwiat\u0142a, a tak\u017ce stroboskop, dzi\u0119ki czemu \u0142atwo dopasujesz \u015bwiat\u0142o do warunk\u00f3w. Jej jasno\u015b\u0107 si\u0119ga 600 lm. Wbudowany akumulator gwarantuje do 2 godzin pracy, a w razie potrzeby z \u0142atwo\u015bci\u0105 na\u0142adujesz go za pomoc\u0105 kabla USB-C (Universal Serial Bus Type-C, uniwersalne symetryczne z\u0142\u0105cze do przesy\u0142ania danych i zasilania \u2013 w zestawie). Port obs\u0142uguje uniwersalne \u0142adowarki, komputery i powerbanki, umo\u017cliwia dwustronne pod\u0142\u0105czenie przewodu i pozwala korzysta\u0107 z latarki tak\u017ce podczas \u0142adowania. Zastosowanie wytrzyma\u0142ego stopu aluminium i tworzywa ABS (Acrylonitrile Butadiene Styrene, wytrzyma\u0142e tworzywo sztuczne) zapewnia odporno\u015b\u0107 na wod\u0119 i wstrz\u0105sy. Na uwag\u0119 zas\u0142uguje te\u017c wodoodporna konstrukcja (IP44, Ingress Protection 44, ochrona przed cia\u0142ami sta\u0142ymi &gt;1 mm i bryzgami wody z r\u00f3\u017cnych kierunk\u00f3w) oraz funkcja otwieracza do butelek.<\/p>\n<p>\n<img decoding=\"async\" src=\"https:\/\/assets.innpro.pl\/14119\/17609\/7.jpg\" border=\"0\" alt=\"Przeno\u015bna lampa Superfire z uchwytem i rozk\u0142adan\u0105 podstawk\u0105, wyposa\u017cona w panel \u015bwietlny\" \/>\n<\/p>\n<h3>4 tryby \u015bwiecenia<\/h3>\n<p>Dobierz o\u015bwietlenie do swoich potrzeb. Urz\u0105dzenie oferuje cztery g\u0142\u00f3wne tryby \u015bwiecenia, kt\u00f3re z \u0142atwo\u015bci\u0105 zmienisz, wciskaj\u0105c przycisk umieszczony z boku obudowy. Do dyspozycji masz \u015bwiat\u0142o bardzo mocne, mocne, lekkie oraz stroboskop. Dodatkowo dost\u0119pny jest tryb maksymalnej jasno\u015bci, kt\u00f3ry zapewnia jeszcze wi\u0119ksz\u0105 intensywno\u015b\u0107 w wymagaj\u0105cych warunkach.<\/p>\n<p>\n<img decoding=\"async\" src=\"https:\/\/assets.innpro.pl\/14119\/17609\/8.jpg\" border=\"0\" alt=\"Cztery zdj\u0119cia przedstawiaj\u0105ce lamp\u0119 w r\u00f3\u017cnych trybach \u015bwiecenia\" \/>\n<\/p>\n<h3>Wygodne \u0142adowanie<\/h3>\n<p>Korzystaj z latarki nawet do 2 godzin. Wbudowany akumulator o pojemno\u015bci 500 mAh bez trudu na\u0142adujesz za pomoc\u0105 kabla USB-C, kt\u00f3ry znajdziesz w zestawie. O statusie \u0142adowania poinformuje Ci\u0119 specjalny wska\u017anik \u015bwietlny \u2013 kolor czerwony sygnalizuje \u0142adowanie, natomiast kolor zielony oznacza, \u017ce urz\u0105dzenie jest ponownie gotowe do pracy. Dzi\u0119ki kompatybilno\u015bci z r\u00f3\u017cnymi \u017ar\u00f3d\u0142ami energii, takimi jak \u0142adowarka sieciowa, komputer czy powerbank, zyskujesz pe\u0142n\u0105 swobod\u0119 uzupe\u0142niania energii. Co wi\u0119cej, latarka dzia\u0142a normalnie tak\u017ce w trakcie \u0142adowania.<\/p>\n<p>\n<img decoding=\"async\" src=\"https:\/\/assets.innpro.pl\/14119\/17609\/1.jpg\" border=\"0\" alt=\"Lampa pod\u0142\u0105czona do \u0142adowania przez kabel obok laptopa na drewnianym blacie\" \/>\n<\/p>\n<h3>Kompaktowy design<\/h3>\n<p>Por\u0119czna i lekka konstrukcja urz\u0105dzenia sprawia, \u017ce mo\u017cesz mie\u0107 je zawsze pod r\u0119k\u0105 \u2013 bez problemu zmie\u015bci si\u0119 nawet do kieszeni. MX16 mo\u017cna zawiesi\u0107 na k\u00f3\u0142ku do kluczy, przymocowa\u0107 magnetycznie, ustawi\u0107 na rozk\u0142adanym wsporniku albo przytwierdzi\u0107 \u015brubami, co daje wiele mo\u017cliwo\u015bci u\u017cytkowania. Wyr\u00f3\u017cnia go te\u017c wodoodporno\u015b\u0107 na poziomie IP44, funkcja otwieracza do butelek oraz praktyczny uchwyt, dzi\u0119ki kt\u00f3remu z powodzeniem przymocujesz latark\u0119 do plecaka czy torby.<\/p>\n<p>\n<img decoding=\"async\" src=\"https:\/\/assets.innpro.pl\/14119\/17609\/4.jpg\" border=\"0\" alt=\"M\u0119\u017cczyzna siedz\u0105cy na skale z plecakiem, do kt\u00f3rego przypi\u0119ta jest ma\u0142a lampa\" \/>\n<\/p>\n<h3>W zestawie<\/h3>\n<ul class=\"list-disc pl-5\">\n<li>latarka<\/li>\n<li>kabel USB-C\/USB-A (Universal Serial Bus Type-A, klasyczne z\u0142\u0105cze USB do przesy\u0142ania danych i zasilania)<\/li>\n<li>instrukcja obs\u0142ugi<\/li>\n<\/ul>\n<div class=\"table-wrapper\">\n<p>\u00a0<\/p>\n<h3><\/h3>\n<table>\n<tbody>\n<tr>\n<th>Producent <\/th>\n<td>Superfire<\/td>\n<\/tr>\n<tr>\n<th>Model <\/th>\n<td>MX16<\/td>\n<\/tr>\n<tr>\n<th>Wymiary <\/th>\n<td>61.2 x 45 x 21 mm<\/td>\n<\/tr>\n<tr>\n<th>Waga <\/th>\n<td>42.9 g<\/td>\n<\/tr>\n<tr>\n<th>Moc <\/th>\n<td>9 W<\/td>\n<\/tr>\n<tr>\n<th>Barwa \u015bwiat\u0142a <\/th>\n<td>5800 K<\/td>\n<\/tr>\n<tr>\n<th>Poziom jasno\u015bci <\/th>\n<td>600 LM<\/td>\n<\/tr>\n<tr>\n<th>Wodoodporno\u015b\u0107 <\/th>\n<td>IP44<\/td>\n<\/tr>\n<tr>\n<th>Pojemno\u015b\u0107 akumulatora <\/th>\n<td>500 mAh<\/td>\n<\/tr>\n<tr>\n<th>Czas pracy <\/th>\n<td>oko\u0142o 2 godziny<\/td>\n<\/tr>\n<tr>\n<th>Interfejs \u0142adowania <\/th>\n<td>Typ C<\/td>\n<\/tr>\n<tr>\n<th>Materia\u0142 <\/th>\n<td>Stop aluminium + ABS<\/td>\n<\/tr>\n<tr>\n<th>Tryby \u015bwiecenia  <\/th>\n<td>Maksymalna ilo\u015b\u0107 \u015bwiat\u0142a, mocne \u015bwiat\u0142o, lekkie \u015bwiat\u0142o, stroboskopowe<\/td>\n<\/tr>\n<\/tbody>\n<\/table>\n<\/div>\n","protected":false},"excerpt":{"rendered":"<p>Latarka Superfire MX16, 600 lm, 500 mAh, USB-C, 4 tryby Praktyczna latarka Superfire MX16 \u015bwietnie sprawdzi si\u0119 w wielu sytuacjach.<\/p>\n","protected":false},"featured_media":42389,"comment_status":"closed","ping_status":"open","template":"","meta":{"_acf_changed":false},"product_brand":[],"product_cat":[5938,5941,5937],"product_tag":[],"class_list":{"0":"post-56770","1":"product","2":"type-product","3":"status-publish","4":"has-post-thumbnail","6":"product_cat-latarki","7":"product_cat-warsztatowe","8":"product_cat-outdoor","9":"pa_okres-gwarancji-5754","10":"pa_producent-superfire","12":"first","13":"outofstock","14":"taxable","15":"shipping-taxable","16":"purchasable","17":"product-type-simple"},"acf":[],"yoast_head":"<!-- This site is optimized with the Yoast SEO plugin v27.2 - https:\/\/yoast.com\/product\/yoast-seo-wordpress\/ -->\n<title>Latarka SUPERFIRE MX16 600lm USB-C 500mAh - IRONSKY.PL Sklep z Dronami<\/title>\n<meta name=\"description\" content=\"Latarka SUPERFIRE MX16 600lm USB-C 500mAh - \u2705 sklep z dronami i fachowym doradztwem. \u2705 Tutaj kupisz produkty DJI, Yuneec, Parrot, Syma i wiele innych, a tak\u017ce kursy i licencje na operatora drona.\" \/>\n<meta name=\"robots\" content=\"index, follow, max-snippet:-1, max-image-preview:large, max-video-preview:-1\" \/>\n<link rel=\"canonical\" href=\"https:\/\/ironsky.pl\/sklep\/produkt\/latarka-superfire-mx16-600lm-usb-c-500mah\/\" \/>\n<meta property=\"og:locale\" content=\"pl_PL\" \/>\n<meta property=\"og:type\" content=\"article\" \/>\n<meta property=\"og:title\" content=\"Latarka SUPERFIRE MX16 600lm USB-C 500mAh - IRONSKY.PL Sklep z Dronami\" \/>\n<meta property=\"og:description\" content=\"Latarka SUPERFIRE MX16 600lm USB-C 500mAh - \u2705 sklep z dronami i fachowym doradztwem. \u2705 Tutaj kupisz produkty DJI, Yuneec, Parrot, Syma i wiele innych, a tak\u017ce kursy i licencje na operatora drona.\" \/>\n<meta property=\"og:url\" content=\"https:\/\/ironsky.pl\/sklep\/produkt\/latarka-superfire-mx16-600lm-usb-c-500mah\/\" \/>\n<meta property=\"og:site_name\" content=\"IRONSKY.PL Sklep z Dronami\" \/>\n<meta property=\"article:modified_time\" content=\"2026-04-15T08:50:48+00:00\" \/>\n<meta property=\"og:image\" content=\"https:\/\/ironsky.pl\/sklep\/wp-content\/uploads\/2025\/06\/28038_3.jpg\" \/>\n\t<meta property=\"og:image:width\" content=\"800\" \/>\n\t<meta property=\"og:image:height\" content=\"800\" \/>\n\t<meta property=\"og:image:type\" content=\"image\/jpeg\" \/>\n<meta name=\"twitter:card\" content=\"summary_large_image\" \/>\n<meta name=\"twitter:label1\" content=\"Szacowany czas czytania\" \/>\n\t<meta name=\"twitter:data1\" content=\"2 minuty\" \/>\n<script type=\"application\/ld+json\" class=\"yoast-schema-graph\">{\"@context\":\"https:\/\/schema.org\",\"@graph\":[{\"@type\":\"WebPage\",\"@id\":\"https:\/\/ironsky.pl\/sklep\/produkt\/latarka-superfire-mx16-600lm-usb-c-500mah\/\",\"url\":\"https:\/\/ironsky.pl\/sklep\/produkt\/latarka-superfire-mx16-600lm-usb-c-500mah\/\",\"name\":\"Latarka SUPERFIRE MX16 600lm USB-C 500mAh - IRONSKY.PL Sklep z Dronami\",\"isPartOf\":{\"@id\":\"https:\/\/ironsky.pl\/sklep\/#website\"},\"primaryImageOfPage\":{\"@id\":\"https:\/\/ironsky.pl\/sklep\/produkt\/latarka-superfire-mx16-600lm-usb-c-500mah\/#primaryimage\"},\"image\":{\"@id\":\"https:\/\/ironsky.pl\/sklep\/produkt\/latarka-superfire-mx16-600lm-usb-c-500mah\/#primaryimage\"},\"thumbnailUrl\":\"https:\/\/ironsky.pl\/sklep\/wp-content\/uploads\/2025\/06\/28038_3.jpg\",\"datePublished\":\"2026-04-15T08:17:52+00:00\",\"dateModified\":\"2026-04-15T08:50:48+00:00\",\"description\":\"Latarka SUPERFIRE MX16 600lm USB-C 500mAh - \u2705 sklep z dronami i fachowym doradztwem. \u2705 Tutaj kupisz produkty DJI, Yuneec, Parrot, Syma i wiele innych, a tak\u017ce kursy i licencje na operatora drona.\",\"breadcrumb\":{\"@id\":\"https:\/\/ironsky.pl\/sklep\/produkt\/latarka-superfire-mx16-600lm-usb-c-500mah\/#breadcrumb\"},\"inLanguage\":\"pl-PL\",\"potentialAction\":[{\"@type\":\"ReadAction\",\"target\":[\"https:\/\/ironsky.pl\/sklep\/produkt\/latarka-superfire-mx16-600lm-usb-c-500mah\/\"]}]},{\"@type\":\"ImageObject\",\"inLanguage\":\"pl-PL\",\"@id\":\"https:\/\/ironsky.pl\/sklep\/produkt\/latarka-superfire-mx16-600lm-usb-c-500mah\/#primaryimage\",\"url\":\"https:\/\/ironsky.pl\/sklep\/wp-content\/uploads\/2025\/06\/28038_3.jpg\",\"contentUrl\":\"https:\/\/ironsky.pl\/sklep\/wp-content\/uploads\/2025\/06\/28038_3.jpg\",\"width\":800,\"height\":800},{\"@type\":\"BreadcrumbList\",\"@id\":\"https:\/\/ironsky.pl\/sklep\/produkt\/latarka-superfire-mx16-600lm-usb-c-500mah\/#breadcrumb\",\"itemListElement\":[{\"@type\":\"ListItem\",\"position\":1,\"name\":\"Strona g\u0142\u00f3wna\",\"item\":\"https:\/\/ironsky.pl\/sklep\/\"},{\"@type\":\"ListItem\",\"position\":2,\"name\":\"Wszystkie produkty\",\"item\":\"https:\/\/ironsky.pl\/sklep\/produkty\/\"},{\"@type\":\"ListItem\",\"position\":3,\"name\":\"Latarka SUPERFIRE MX16 600lm USB-C 500mAh\"}]},{\"@type\":\"WebSite\",\"@id\":\"https:\/\/ironsky.pl\/sklep\/#website\",\"url\":\"https:\/\/ironsky.pl\/sklep\/\",\"name\":\"IRONSKY.PL Sklep z Dronami\",\"description\":\"IRONSKY.PL Sklep z Dronami\",\"potentialAction\":[{\"@type\":\"SearchAction\",\"target\":{\"@type\":\"EntryPoint\",\"urlTemplate\":\"https:\/\/ironsky.pl\/sklep\/?s={search_term_string}\"},\"query-input\":{\"@type\":\"PropertyValueSpecification\",\"valueRequired\":true,\"valueName\":\"search_term_string\"}}],\"inLanguage\":\"pl-PL\"}]}<\/script>\n<!-- \/ Yoast SEO plugin. -->","yoast_head_json":{"title":"Latarka SUPERFIRE MX16 600lm USB-C 500mAh - IRONSKY.PL Sklep z Dronami","description":"Latarka SUPERFIRE MX16 600lm USB-C 500mAh - \u2705 sklep z dronami i fachowym doradztwem. \u2705 Tutaj kupisz produkty DJI, Yuneec, Parrot, Syma i wiele innych, a tak\u017ce kursy i licencje na operatora drona.","robots":{"index":"index","follow":"follow","max-snippet":"max-snippet:-1","max-image-preview":"max-image-preview:large","max-video-preview":"max-video-preview:-1"},"canonical":"https:\/\/ironsky.pl\/sklep\/produkt\/latarka-superfire-mx16-600lm-usb-c-500mah\/","og_locale":"pl_PL","og_type":"article","og_title":"Latarka SUPERFIRE MX16 600lm USB-C 500mAh - IRONSKY.PL Sklep z Dronami","og_description":"Latarka SUPERFIRE MX16 600lm USB-C 500mAh - \u2705 sklep z dronami i fachowym doradztwem. \u2705 Tutaj kupisz produkty DJI, Yuneec, Parrot, Syma i wiele innych, a tak\u017ce kursy i licencje na operatora drona.","og_url":"https:\/\/ironsky.pl\/sklep\/produkt\/latarka-superfire-mx16-600lm-usb-c-500mah\/","og_site_name":"IRONSKY.PL Sklep z Dronami","article_modified_time":"2026-04-15T08:50:48+00:00","og_image":[{"width":800,"height":800,"url":"https:\/\/ironsky.pl\/sklep\/wp-content\/uploads\/2025\/06\/28038_3.jpg","type":"image\/jpeg"}],"twitter_card":"summary_large_image","twitter_misc":{"Szacowany czas czytania":"2 minuty"},"schema":{"@context":"https:\/\/schema.org","@graph":[{"@type":"WebPage","@id":"https:\/\/ironsky.pl\/sklep\/produkt\/latarka-superfire-mx16-600lm-usb-c-500mah\/","url":"https:\/\/ironsky.pl\/sklep\/produkt\/latarka-superfire-mx16-600lm-usb-c-500mah\/","name":"Latarka SUPERFIRE MX16 600lm USB-C 500mAh - IRONSKY.PL Sklep z Dronami","isPartOf":{"@id":"https:\/\/ironsky.pl\/sklep\/#website"},"primaryImageOfPage":{"@id":"https:\/\/ironsky.pl\/sklep\/produkt\/latarka-superfire-mx16-600lm-usb-c-500mah\/#primaryimage"},"image":{"@id":"https:\/\/ironsky.pl\/sklep\/produkt\/latarka-superfire-mx16-600lm-usb-c-500mah\/#primaryimage"},"thumbnailUrl":"https:\/\/ironsky.pl\/sklep\/wp-content\/uploads\/2025\/06\/28038_3.jpg","datePublished":"2026-04-15T08:17:52+00:00","dateModified":"2026-04-15T08:50:48+00:00","description":"Latarka SUPERFIRE MX16 600lm USB-C 500mAh - \u2705 sklep z dronami i fachowym doradztwem. \u2705 Tutaj kupisz produkty DJI, Yuneec, Parrot, Syma i wiele innych, a tak\u017ce kursy i licencje na operatora drona.","breadcrumb":{"@id":"https:\/\/ironsky.pl\/sklep\/produkt\/latarka-superfire-mx16-600lm-usb-c-500mah\/#breadcrumb"},"inLanguage":"pl-PL","potentialAction":[{"@type":"ReadAction","target":["https:\/\/ironsky.pl\/sklep\/produkt\/latarka-superfire-mx16-600lm-usb-c-500mah\/"]}]},{"@type":"ImageObject","inLanguage":"pl-PL","@id":"https:\/\/ironsky.pl\/sklep\/produkt\/latarka-superfire-mx16-600lm-usb-c-500mah\/#primaryimage","url":"https:\/\/ironsky.pl\/sklep\/wp-content\/uploads\/2025\/06\/28038_3.jpg","contentUrl":"https:\/\/ironsky.pl\/sklep\/wp-content\/uploads\/2025\/06\/28038_3.jpg","width":800,"height":800},{"@type":"BreadcrumbList","@id":"https:\/\/ironsky.pl\/sklep\/produkt\/latarka-superfire-mx16-600lm-usb-c-500mah\/#breadcrumb","itemListElement":[{"@type":"ListItem","position":1,"name":"Strona g\u0142\u00f3wna","item":"https:\/\/ironsky.pl\/sklep\/"},{"@type":"ListItem","position":2,"name":"Wszystkie produkty","item":"https:\/\/ironsky.pl\/sklep\/produkty\/"},{"@type":"ListItem","position":3,"name":"Latarka SUPERFIRE MX16 600lm USB-C 500mAh"}]},{"@type":"WebSite","@id":"https:\/\/ironsky.pl\/sklep\/#website","url":"https:\/\/ironsky.pl\/sklep\/","name":"IRONSKY.PL Sklep z Dronami","description":"IRONSKY.PL Sklep z Dronami","potentialAction":[{"@type":"SearchAction","target":{"@type":"EntryPoint","urlTemplate":"https:\/\/ironsky.pl\/sklep\/?s={search_term_string}"},"query-input":{"@type":"PropertyValueSpecification","valueRequired":true,"valueName":"search_term_string"}}],"inLanguage":"pl-PL"}]}},"_links":{"self":[{"href":"https:\/\/ironsky.pl\/sklep\/wp-json\/wp\/v2\/product\/56770","targetHints":{"allow":["GET"]}}],"collection":[{"href":"https:\/\/ironsky.pl\/sklep\/wp-json\/wp\/v2\/product"}],"about":[{"href":"https:\/\/ironsky.pl\/sklep\/wp-json\/wp\/v2\/types\/product"}],"replies":[{"embeddable":true,"href":"https:\/\/ironsky.pl\/sklep\/wp-json\/wp\/v2\/comments?post=56770"}],"wp:featuredmedia":[{"embeddable":true,"href":"https:\/\/ironsky.pl\/sklep\/wp-json\/wp\/v2\/media\/42389"}],"wp:attachment":[{"href":"https:\/\/ironsky.pl\/sklep\/wp-json\/wp\/v2\/media?parent=56770"}],"wp:term":[{"taxonomy":"product_brand","embeddable":true,"href":"https:\/\/ironsky.pl\/sklep\/wp-json\/wp\/v2\/product_brand?post=56770"},{"taxonomy":"product_cat","embeddable":true,"href":"https:\/\/ironsky.pl\/sklep\/wp-json\/wp\/v2\/product_cat?post=56770"},{"taxonomy":"product_tag","embeddable":true,"href":"https:\/\/ironsky.pl\/sklep\/wp-json\/wp\/v2\/product_tag?post=56770"}],"curies":[{"name":"wp","href":"https:\/\/api.w.org\/{rel}","templated":true}]}}