{"id":56662,"date":"2026-04-15T10:16:52","date_gmt":"2026-04-15T08:16:52","guid":{"rendered":"https:\/\/ironsky.pl\/sklep\/produkt\/lampa-solarna-superfire-ff10-b-2\/"},"modified":"2026-04-15T10:50:37","modified_gmt":"2026-04-15T08:50:37","slug":"lampa-solarna-superfire-ff10-b-2","status":"publish","type":"product","link":"https:\/\/ironsky.pl\/sklep\/produkt\/lampa-solarna-superfire-ff10-b-2\/","title":{"rendered":"Lampa solarna SUPERFIRE FF10-B"},"content":{"rendered":"<h3>Lampa solarna Superfire FF10-B<\/h3>\n<p>FF10-B to inteligentna polikrystaliczna lampa solarna z \u017cyrandolem. Cechuje si\u0119 wysokim wska\u017anikiem konwersji, a tak\u017ce niezwykle kr\u00f3tkim czasem \u0142adowania. Przystosowana jest zar\u00f3wno do dzia\u0142ania zewn\u0119trznego, jak i wewn\u0119trznego. Jest \u0142atwa w monta\u017cu, a jej uniwersalny design sprawdzi si\u0119 w niemal ka\u017cdym otoczeniu, daj\u0105c jasne \u015bwiat\u0142o w promieniu 3m.<\/p>\n<p><img decoding=\"async\" src=\"https:\/\/b2b.innpro.pl\/data\/include\/cms\/01Superfire\/FF10-B\/6.jpg\"><\/p>\n<h3>\u017bar\u00f3wka \u0142adowana panelem s\u0142onecznym<\/h3>\n<p>W \u017cyrandolu zamontowana jest \u017car\u00f3wka, wewn\u0105trz kt\u00f3rej znajduj\u0105 si\u0119 diody LED rozmieszczone tak, by zapewni\u0107, jak najlepsze o\u015bwietlenie w ka\u017cdym miejscu. B\u0119dzie efektownym i praktycznym dodatkiem do ogrodu, przy wej\u015bciu domu, czy na balkonie. Moc jej dzia\u0142ania pozwala r\u00f3wnie\u017c na skuteczne do\u015bwietlenie uliczek, czy ogrodze\u0144.<\/p>\n<p><img decoding=\"async\" src=\"https:\/\/b2b.innpro.pl\/data\/include\/cms\/01Superfire\/FF10-B\/5.jpg\"><\/p>\n<h3>D\u0142ugotrwa\u0142e dzia\u0142anie<\/h3>\n<p>Lampa oferuje mo\u017cliwo\u015b\u0107 ustawienia pe\u0142nej mocy, dla solidnego o\u015bwietlenia. Mo\u017cesz zredukowa\u0107 jej dzia\u0142anie do 50%, a tak\u017ce 25%, gdy chcesz, by by\u0142o bardziej nastrojowo. Czas \u0142adowania to jedyne 4-6 godzin, z kolei czas dzia\u0142ania w zale\u017cno\u015bci od trybu waha si\u0119 w granicach 3-8 godzin.<\/p>\n<p><img decoding=\"async\" src=\"https:\/\/b2b.innpro.pl\/data\/include\/cms\/01Superfire\/FF10-B\/2.jpg\"><\/p>\n<h3>Sterowanie za pomoc\u0105 pilota<\/h3>\n<p>SuperFire FF10-B automatycznie wy\u0142\u0105cza si\u0119, gdy robi si\u0119 jasno. Z pomoc\u0105 pilota mo\u017cesz sterowa\u0107 jej dzia\u0142aniem. W\u0142\u0105czysz i wy\u0142\u0105czysz, kiedy chcesz, ustawisz czas dzia\u0142ania, a tak\u017ce interesuj\u0105c\u0105 Ci\u0119 jasno\u015b\u0107 \u015bwiat\u0142a.<\/p>\n<p><img decoding=\"async\" src=\"https:\/\/b2b.innpro.pl\/data\/include\/cms\/01Superfire\/FF10-B\/9.jpg\"><\/p>\n<h3>Do zada\u0144 specjalnych<\/h3>\n<p>Nie musisz przejmowa\u0107 si\u0119 ulewnym deszczem. Lampa solarna jest w pe\u0142ni wodoodporna, dzi\u0119ki czemu nie wymaga demonta\u017cu nawet w czasie d\u0142ugotrwa\u0142ych i silnych opad\u00f3w.<\/p>\n<p><img decoding=\"async\" src=\"https:\/\/b2b.innpro.pl\/data\/include\/cms\/01Superfire\/FF10-B\/4.jpg\"><\/p>\n<div class=\"table-wrapper\">\n<table>\n<tbody>\n<tr>\n<th>Marka<\/th>\n<td>Superfire<\/td>\n<\/tr>\n<tr>\n<th>Model<\/th>\n<td>FF10-B<\/td>\n<\/tr>\n<tr>\n<th>Materia\u0142<\/th>\n<td>ABS<\/td>\n<\/tr>\n<tr>\n<th>Zasi\u0119g<\/th>\n<td>3 m<\/td>\n<\/tr>\n<tr>\n<th>Czas pracy<\/th>\n<td>8-10 godzin<\/td>\n<\/tr>\n<tr>\n<th>Odporno\u015b\u0107 na temperatur\u0119<\/th>\n<td>-10~45\u00b0<\/td>\n<\/tr>\n<tr>\n<th>Wymiary panelu solarnego<\/th>\n<td>170 x 105 x 40 mm<\/td>\n<\/tr>\n<tr>\n<th>Wymiary \u017cyrandola<\/th>\n<td>180 x 70 mm<\/td>\n<\/tr>\n<tr>\n<th>Waga:<\/th>\n<td>470g<\/td>\n<\/tr>\n<\/tbody>\n<\/table>\n<\/div>\n","protected":false},"excerpt":{"rendered":"<p>Lampa solarna Superfire FF10-B FF10-B to inteligentna polikrystaliczna lampa solarna z \u017cyrandolem. Cechuje si\u0119 wysokim wska\u017anikiem konwersji, a tak\u017ce niezwykle<\/p>\n","protected":false},"featured_media":42338,"comment_status":"closed","ping_status":"open","template":"","meta":{"_acf_changed":false},"product_brand":[],"product_cat":[5956,5946,5937],"product_tag":[],"class_list":{"0":"post-56662","1":"product","2":"type-product","3":"status-publish","4":"has-post-thumbnail","6":"product_cat-lampy-zewnetrzne","7":"product_cat-oswietlenie","8":"product_cat-outdoor","9":"pa_okres-gwarancji-5754","10":"pa_producent-superfire","12":"first","13":"outofstock","14":"taxable","15":"shipping-taxable","16":"purchasable","17":"product-type-simple"},"acf":[],"yoast_head":"<!-- This site is optimized with the Yoast SEO plugin v27.2 - https:\/\/yoast.com\/product\/yoast-seo-wordpress\/ -->\n<title>Lampa solarna SUPERFIRE FF10-B - IRONSKY.PL Sklep z Dronami<\/title>\n<meta name=\"description\" content=\"Lampa solarna SUPERFIRE FF10-B - \u2705 sklep z dronami i fachowym doradztwem. \u2705 Tutaj kupisz produkty DJI, Yuneec, Parrot, Syma i wiele innych, a tak\u017ce kursy i licencje na operatora drona.\" \/>\n<meta name=\"robots\" content=\"index, follow, max-snippet:-1, max-image-preview:large, max-video-preview:-1\" \/>\n<link rel=\"canonical\" href=\"https:\/\/ironsky.pl\/sklep\/produkt\/lampa-solarna-superfire-ff10-b-2\/\" \/>\n<meta property=\"og:locale\" content=\"pl_PL\" \/>\n<meta property=\"og:type\" content=\"article\" \/>\n<meta property=\"og:title\" content=\"Lampa solarna SUPERFIRE FF10-B - IRONSKY.PL Sklep z Dronami\" \/>\n<meta property=\"og:description\" content=\"Lampa solarna SUPERFIRE FF10-B - \u2705 sklep z dronami i fachowym doradztwem. \u2705 Tutaj kupisz produkty DJI, Yuneec, Parrot, Syma i wiele innych, a tak\u017ce kursy i licencje na operatora drona.\" \/>\n<meta property=\"og:url\" content=\"https:\/\/ironsky.pl\/sklep\/produkt\/lampa-solarna-superfire-ff10-b-2\/\" \/>\n<meta property=\"og:site_name\" content=\"IRONSKY.PL Sklep z Dronami\" \/>\n<meta property=\"article:modified_time\" content=\"2026-04-15T08:50:37+00:00\" \/>\n<meta property=\"og:image\" content=\"https:\/\/ironsky.pl\/sklep\/wp-content\/uploads\/2025\/06\/27808_3.jpg\" \/>\n\t<meta property=\"og:image:width\" content=\"800\" \/>\n\t<meta property=\"og:image:height\" content=\"800\" \/>\n\t<meta property=\"og:image:type\" content=\"image\/jpeg\" \/>\n<meta name=\"twitter:card\" content=\"summary_large_image\" \/>\n<meta name=\"twitter:label1\" content=\"Szacowany czas czytania\" \/>\n\t<meta name=\"twitter:data1\" content=\"1 minuta\" \/>\n<script type=\"application\/ld+json\" class=\"yoast-schema-graph\">{\"@context\":\"https:\/\/schema.org\",\"@graph\":[{\"@type\":\"WebPage\",\"@id\":\"https:\/\/ironsky.pl\/sklep\/produkt\/lampa-solarna-superfire-ff10-b-2\/\",\"url\":\"https:\/\/ironsky.pl\/sklep\/produkt\/lampa-solarna-superfire-ff10-b-2\/\",\"name\":\"Lampa solarna SUPERFIRE FF10-B - IRONSKY.PL Sklep z Dronami\",\"isPartOf\":{\"@id\":\"https:\/\/ironsky.pl\/sklep\/#website\"},\"primaryImageOfPage\":{\"@id\":\"https:\/\/ironsky.pl\/sklep\/produkt\/lampa-solarna-superfire-ff10-b-2\/#primaryimage\"},\"image\":{\"@id\":\"https:\/\/ironsky.pl\/sklep\/produkt\/lampa-solarna-superfire-ff10-b-2\/#primaryimage\"},\"thumbnailUrl\":\"https:\/\/ironsky.pl\/sklep\/wp-content\/uploads\/2025\/06\/27808_3.jpg\",\"datePublished\":\"2026-04-15T08:16:52+00:00\",\"dateModified\":\"2026-04-15T08:50:37+00:00\",\"description\":\"Lampa solarna SUPERFIRE FF10-B - \u2705 sklep z dronami i fachowym doradztwem. \u2705 Tutaj kupisz produkty DJI, Yuneec, Parrot, Syma i wiele innych, a tak\u017ce kursy i licencje na operatora drona.\",\"breadcrumb\":{\"@id\":\"https:\/\/ironsky.pl\/sklep\/produkt\/lampa-solarna-superfire-ff10-b-2\/#breadcrumb\"},\"inLanguage\":\"pl-PL\",\"potentialAction\":[{\"@type\":\"ReadAction\",\"target\":[\"https:\/\/ironsky.pl\/sklep\/produkt\/lampa-solarna-superfire-ff10-b-2\/\"]}]},{\"@type\":\"ImageObject\",\"inLanguage\":\"pl-PL\",\"@id\":\"https:\/\/ironsky.pl\/sklep\/produkt\/lampa-solarna-superfire-ff10-b-2\/#primaryimage\",\"url\":\"https:\/\/ironsky.pl\/sklep\/wp-content\/uploads\/2025\/06\/27808_3.jpg\",\"contentUrl\":\"https:\/\/ironsky.pl\/sklep\/wp-content\/uploads\/2025\/06\/27808_3.jpg\",\"width\":800,\"height\":800},{\"@type\":\"BreadcrumbList\",\"@id\":\"https:\/\/ironsky.pl\/sklep\/produkt\/lampa-solarna-superfire-ff10-b-2\/#breadcrumb\",\"itemListElement\":[{\"@type\":\"ListItem\",\"position\":1,\"name\":\"Strona g\u0142\u00f3wna\",\"item\":\"https:\/\/ironsky.pl\/sklep\/\"},{\"@type\":\"ListItem\",\"position\":2,\"name\":\"Wszystkie produkty\",\"item\":\"https:\/\/ironsky.pl\/sklep\/produkty\/\"},{\"@type\":\"ListItem\",\"position\":3,\"name\":\"Lampa solarna SUPERFIRE FF10-B\"}]},{\"@type\":\"WebSite\",\"@id\":\"https:\/\/ironsky.pl\/sklep\/#website\",\"url\":\"https:\/\/ironsky.pl\/sklep\/\",\"name\":\"IRONSKY.PL Sklep z Dronami\",\"description\":\"IRONSKY.PL Sklep z Dronami\",\"potentialAction\":[{\"@type\":\"SearchAction\",\"target\":{\"@type\":\"EntryPoint\",\"urlTemplate\":\"https:\/\/ironsky.pl\/sklep\/?s={search_term_string}\"},\"query-input\":{\"@type\":\"PropertyValueSpecification\",\"valueRequired\":true,\"valueName\":\"search_term_string\"}}],\"inLanguage\":\"pl-PL\"}]}<\/script>\n<!-- \/ Yoast SEO plugin. -->","yoast_head_json":{"title":"Lampa solarna SUPERFIRE FF10-B - IRONSKY.PL Sklep z Dronami","description":"Lampa solarna SUPERFIRE FF10-B - \u2705 sklep z dronami i fachowym doradztwem. \u2705 Tutaj kupisz produkty DJI, Yuneec, Parrot, Syma i wiele innych, a tak\u017ce kursy i licencje na operatora drona.","robots":{"index":"index","follow":"follow","max-snippet":"max-snippet:-1","max-image-preview":"max-image-preview:large","max-video-preview":"max-video-preview:-1"},"canonical":"https:\/\/ironsky.pl\/sklep\/produkt\/lampa-solarna-superfire-ff10-b-2\/","og_locale":"pl_PL","og_type":"article","og_title":"Lampa solarna SUPERFIRE FF10-B - IRONSKY.PL Sklep z Dronami","og_description":"Lampa solarna SUPERFIRE FF10-B - \u2705 sklep z dronami i fachowym doradztwem. \u2705 Tutaj kupisz produkty DJI, Yuneec, Parrot, Syma i wiele innych, a tak\u017ce kursy i licencje na operatora drona.","og_url":"https:\/\/ironsky.pl\/sklep\/produkt\/lampa-solarna-superfire-ff10-b-2\/","og_site_name":"IRONSKY.PL Sklep z Dronami","article_modified_time":"2026-04-15T08:50:37+00:00","og_image":[{"width":800,"height":800,"url":"https:\/\/ironsky.pl\/sklep\/wp-content\/uploads\/2025\/06\/27808_3.jpg","type":"image\/jpeg"}],"twitter_card":"summary_large_image","twitter_misc":{"Szacowany czas czytania":"1 minuta"},"schema":{"@context":"https:\/\/schema.org","@graph":[{"@type":"WebPage","@id":"https:\/\/ironsky.pl\/sklep\/produkt\/lampa-solarna-superfire-ff10-b-2\/","url":"https:\/\/ironsky.pl\/sklep\/produkt\/lampa-solarna-superfire-ff10-b-2\/","name":"Lampa solarna SUPERFIRE FF10-B - IRONSKY.PL Sklep z Dronami","isPartOf":{"@id":"https:\/\/ironsky.pl\/sklep\/#website"},"primaryImageOfPage":{"@id":"https:\/\/ironsky.pl\/sklep\/produkt\/lampa-solarna-superfire-ff10-b-2\/#primaryimage"},"image":{"@id":"https:\/\/ironsky.pl\/sklep\/produkt\/lampa-solarna-superfire-ff10-b-2\/#primaryimage"},"thumbnailUrl":"https:\/\/ironsky.pl\/sklep\/wp-content\/uploads\/2025\/06\/27808_3.jpg","datePublished":"2026-04-15T08:16:52+00:00","dateModified":"2026-04-15T08:50:37+00:00","description":"Lampa solarna SUPERFIRE FF10-B - \u2705 sklep z dronami i fachowym doradztwem. \u2705 Tutaj kupisz produkty DJI, Yuneec, Parrot, Syma i wiele innych, a tak\u017ce kursy i licencje na operatora drona.","breadcrumb":{"@id":"https:\/\/ironsky.pl\/sklep\/produkt\/lampa-solarna-superfire-ff10-b-2\/#breadcrumb"},"inLanguage":"pl-PL","potentialAction":[{"@type":"ReadAction","target":["https:\/\/ironsky.pl\/sklep\/produkt\/lampa-solarna-superfire-ff10-b-2\/"]}]},{"@type":"ImageObject","inLanguage":"pl-PL","@id":"https:\/\/ironsky.pl\/sklep\/produkt\/lampa-solarna-superfire-ff10-b-2\/#primaryimage","url":"https:\/\/ironsky.pl\/sklep\/wp-content\/uploads\/2025\/06\/27808_3.jpg","contentUrl":"https:\/\/ironsky.pl\/sklep\/wp-content\/uploads\/2025\/06\/27808_3.jpg","width":800,"height":800},{"@type":"BreadcrumbList","@id":"https:\/\/ironsky.pl\/sklep\/produkt\/lampa-solarna-superfire-ff10-b-2\/#breadcrumb","itemListElement":[{"@type":"ListItem","position":1,"name":"Strona g\u0142\u00f3wna","item":"https:\/\/ironsky.pl\/sklep\/"},{"@type":"ListItem","position":2,"name":"Wszystkie produkty","item":"https:\/\/ironsky.pl\/sklep\/produkty\/"},{"@type":"ListItem","position":3,"name":"Lampa solarna SUPERFIRE FF10-B"}]},{"@type":"WebSite","@id":"https:\/\/ironsky.pl\/sklep\/#website","url":"https:\/\/ironsky.pl\/sklep\/","name":"IRONSKY.PL Sklep z Dronami","description":"IRONSKY.PL Sklep z Dronami","potentialAction":[{"@type":"SearchAction","target":{"@type":"EntryPoint","urlTemplate":"https:\/\/ironsky.pl\/sklep\/?s={search_term_string}"},"query-input":{"@type":"PropertyValueSpecification","valueRequired":true,"valueName":"search_term_string"}}],"inLanguage":"pl-PL"}]}},"_links":{"self":[{"href":"https:\/\/ironsky.pl\/sklep\/wp-json\/wp\/v2\/product\/56662","targetHints":{"allow":["GET"]}}],"collection":[{"href":"https:\/\/ironsky.pl\/sklep\/wp-json\/wp\/v2\/product"}],"about":[{"href":"https:\/\/ironsky.pl\/sklep\/wp-json\/wp\/v2\/types\/product"}],"replies":[{"embeddable":true,"href":"https:\/\/ironsky.pl\/sklep\/wp-json\/wp\/v2\/comments?post=56662"}],"wp:featuredmedia":[{"embeddable":true,"href":"https:\/\/ironsky.pl\/sklep\/wp-json\/wp\/v2\/media\/42338"}],"wp:attachment":[{"href":"https:\/\/ironsky.pl\/sklep\/wp-json\/wp\/v2\/media?parent=56662"}],"wp:term":[{"taxonomy":"product_brand","embeddable":true,"href":"https:\/\/ironsky.pl\/sklep\/wp-json\/wp\/v2\/product_brand?post=56662"},{"taxonomy":"product_cat","embeddable":true,"href":"https:\/\/ironsky.pl\/sklep\/wp-json\/wp\/v2\/product_cat?post=56662"},{"taxonomy":"product_tag","embeddable":true,"href":"https:\/\/ironsky.pl\/sklep\/wp-json\/wp\/v2\/product_tag?post=56662"}],"curies":[{"name":"wp","href":"https:\/\/api.w.org\/{rel}","templated":true}]}}