{"id":56444,"date":"2026-04-15T10:14:33","date_gmt":"2026-04-15T08:14:33","guid":{"rendered":"https:\/\/ironsky.pl\/sklep\/produkt\/kabel-baseus-ethernet-rj45-1-5m-czarny\/"},"modified":"2026-04-15T10:15:06","modified_gmt":"2026-04-15T08:15:06","slug":"kabel-baseus-ethernet-rj45-1-5m-czarny","status":"publish","type":"product","link":"https:\/\/ironsky.pl\/sklep\/produkt\/kabel-baseus-ethernet-rj45-1-5m-czarny\/","title":{"rendered":"Kabel BASEUS Ethernet RJ45 1.5m (czarny)"},"content":{"rendered":"<h3>Kabel sieciowy Baseus Ethernet RJ45, 1Gbps, 1.5m (czarny)<\/h3>\n<p>Surfuj po internecie bez \u017cadnych przeszk\u00f3d! Z Baseus Ethernet RJ45 Twoje po\u0142\u0105czenie b\u0119dzie szybkie i stabilne. Pr\u0119dko\u015b\u0107 transmisji wynosi 1000Mbps, co pozwala na bezproblemowe prowadzenie wideorozm\u00f3w, czy wideokonferencji. Kabel jest wyj\u0105tkowo gi\u0119tki, dlatego mo\u017cesz uk\u0142ada\u0107 go pod r\u00f3\u017cnymi k\u0105tami. Natomiast pogrubione rdzenie przewod\u00f3w posiadaj\u0105 zabezpieczenie przed niechcianymi zak\u0142\u00f3ceniami. <\/p>\n<p><img decoding=\"async\" src=\"https:\/\/b2b.innpro.pl\/data\/include\/cms\/-Baseus\/WKJS000001\/2.jpg\"><\/p>\n<h3>Szybka i bezproblemowa transmisja <\/h3>\n<p>Z Baseus Ethernet RJ45 Twoja praca stanie si\u0119 jeszcze szybsza! Pozwoli Ci pobra\u0107 125MB w zaledwie 1s do 1000Mbps. Bez problem\u00f3w mo\u017cesz prowadzi\u0107 wideokonferencje, czy ogl\u0105da\u0107 filmy, bez utraty na jako\u015bci i niechcianych zak\u0142\u00f3ce\u0144. <\/p>\n<p><img decoding=\"async\" src=\"https:\/\/b2b.innpro.pl\/data\/include\/cms\/-Baseus\/WKJS000001\/1.jpg\"><\/p>\n<h3>Przemy\u015blana budowa <\/h3>\n<p>Kabel jest wyj\u0105tkowo elastyczny i na tyle p\u0142aski, co pozwoli Ci go swobodnie zwija\u0107 i przechowywa\u0107. Ethernet RJ45 charakteryzuje si\u0119 odporno\u015bci\u0105 na zu\u017cycie i trwa\u0142o\u015bci\u0105. Wtyczka posiada elastyczny zatrzask, kt\u00f3ry sprawia, \u017ce od\u0142\u0105czanie jest mniej k\u0142opotliwe. <\/p>\n<p><img decoding=\"async\" src=\"https:\/\/b2b.innpro.pl\/data\/include\/cms\/-Baseus\/WKJS000001\/4.jpg\"><\/p>\n<h3>R\u00f3\u017cne scenariusze, ta sama pr\u0119dko\u015b\u0107 <\/h3>\n<p>Kabel zapewnia sta\u0142\u0105 transmisj\u0119 w r\u00f3\u017cnych scenariuszach. Ciesz si\u0119 niezak\u0142\u00f3conymi rozgrywkami internetowymi, zapewnij sobie szybk\u0105 i stabiln\u0105 transmisj\u0119 w biurze, oraz ogl\u0105daj filmy bez niechcianych zak\u0142\u00f3ce\u0144. <\/p>\n<p><img decoding=\"async\" src=\"https:\/\/b2b.innpro.pl\/data\/include\/cms\/-Baseus\/WKJS000001\/7.jpg\"><\/p>\n<div class=\"table-wrapper\">\n<table>\n<tbody>\n<tr>\n<th>Marka <\/th>\n<td>Baseus <\/td>\n<\/tr>\n<tr>\n<th>Nazwa<\/th>\n<td>Kabel sieciowy Baseus Ethernet RJ45<\/td>\n<\/tr>\n<tr>\n<th>D\u0142ugo\u015b\u0107 <\/th>\n<td>1.5 m <\/td>\n<\/tr>\n<tr>\n<th>Kolor <\/th>\n<td>Czarny <\/td>\n<\/tr>\n<tr>\n<th>Materia\u0142 <\/th>\n<td>PVC<\/td>\n<\/tr>\n<tr>\n<th>Przepustowo\u015b\u0107 kana\u0142u<\/th>\n<td>250 MHz<\/td>\n<\/tr>\n<tr>\n<th>Pr\u0119dko\u015b\u0107 przesy\u0142u danych<\/th>\n<td>1000Mbps<\/td>\n<\/tr>\n<tr>\n<th>Interfejs<\/th>\n<td>2x Ethernet RJ45<\/td>\n<\/tr>\n<\/tbody>\n<\/table>\n<\/div>\n","protected":false},"excerpt":{"rendered":"<p>Kabel sieciowy Baseus Ethernet RJ45, 1Gbps, 1.5m (czarny) Surfuj po internecie bez \u017cadnych przeszk\u00f3d! Z Baseus Ethernet RJ45 Twoje po\u0142\u0105czenie<\/p>\n","protected":false},"featured_media":42089,"comment_status":"closed","ping_status":"open","template":"","meta":{"_acf_changed":false},"product_brand":[],"product_cat":[5929,5931,5942],"product_tag":[],"class_list":{"0":"post-56444","1":"product","2":"type-product","3":"status-publish","4":"has-post-thumbnail","6":"product_cat-akcesoria-it","7":"product_cat-kable","8":"product_cat-sieciowe","9":"pa_okres-gwarancji-5754","10":"pa_producent-baseus","12":"first","13":"outofstock","14":"taxable","15":"shipping-taxable","16":"purchasable","17":"product-type-simple"},"acf":[],"yoast_head":"<!-- This site is optimized with the Yoast SEO plugin v27.2 - https:\/\/yoast.com\/product\/yoast-seo-wordpress\/ -->\n<title>Kabel BASEUS Ethernet RJ45 1.5m (czarny) - IRONSKY.PL Sklep z Dronami<\/title>\n<meta name=\"description\" content=\"Kabel BASEUS Ethernet RJ45 1.5m (czarny) - \u2705 sklep z dronami i fachowym doradztwem. \u2705 Tutaj kupisz produkty DJI, Yuneec, Parrot, Syma i wiele innych, a tak\u017ce kursy i licencje na operatora drona.\" \/>\n<meta name=\"robots\" content=\"index, follow, max-snippet:-1, max-image-preview:large, max-video-preview:-1\" \/>\n<link rel=\"canonical\" href=\"https:\/\/ironsky.pl\/sklep\/produkt\/kabel-baseus-ethernet-rj45-1-5m-czarny\/\" \/>\n<meta property=\"og:locale\" content=\"pl_PL\" \/>\n<meta property=\"og:type\" content=\"article\" \/>\n<meta property=\"og:title\" content=\"Kabel BASEUS Ethernet RJ45 1.5m (czarny) - IRONSKY.PL Sklep z Dronami\" \/>\n<meta property=\"og:description\" content=\"Kabel BASEUS Ethernet RJ45 1.5m (czarny) - \u2705 sklep z dronami i fachowym doradztwem. \u2705 Tutaj kupisz produkty DJI, Yuneec, Parrot, Syma i wiele innych, a tak\u017ce kursy i licencje na operatora drona.\" \/>\n<meta property=\"og:url\" content=\"https:\/\/ironsky.pl\/sklep\/produkt\/kabel-baseus-ethernet-rj45-1-5m-czarny\/\" \/>\n<meta property=\"og:site_name\" content=\"IRONSKY.PL Sklep z Dronami\" \/>\n<meta property=\"article:modified_time\" content=\"2026-04-15T08:15:06+00:00\" \/>\n<meta property=\"og:image\" content=\"https:\/\/ironsky.pl\/sklep\/wp-content\/uploads\/2025\/06\/25912_6.jpg\" \/>\n\t<meta property=\"og:image:width\" content=\"800\" \/>\n\t<meta property=\"og:image:height\" content=\"800\" \/>\n\t<meta property=\"og:image:type\" content=\"image\/jpeg\" \/>\n<meta name=\"twitter:card\" content=\"summary_large_image\" \/>\n<meta name=\"twitter:label1\" content=\"Szacowany czas czytania\" \/>\n\t<meta name=\"twitter:data1\" content=\"1 minuta\" \/>\n<script type=\"application\/ld+json\" class=\"yoast-schema-graph\">{\"@context\":\"https:\/\/schema.org\",\"@graph\":[{\"@type\":\"WebPage\",\"@id\":\"https:\/\/ironsky.pl\/sklep\/produkt\/kabel-baseus-ethernet-rj45-1-5m-czarny\/\",\"url\":\"https:\/\/ironsky.pl\/sklep\/produkt\/kabel-baseus-ethernet-rj45-1-5m-czarny\/\",\"name\":\"Kabel BASEUS Ethernet RJ45 1.5m (czarny) - IRONSKY.PL Sklep z Dronami\",\"isPartOf\":{\"@id\":\"https:\/\/ironsky.pl\/sklep\/#website\"},\"primaryImageOfPage\":{\"@id\":\"https:\/\/ironsky.pl\/sklep\/produkt\/kabel-baseus-ethernet-rj45-1-5m-czarny\/#primaryimage\"},\"image\":{\"@id\":\"https:\/\/ironsky.pl\/sklep\/produkt\/kabel-baseus-ethernet-rj45-1-5m-czarny\/#primaryimage\"},\"thumbnailUrl\":\"https:\/\/ironsky.pl\/sklep\/wp-content\/uploads\/2025\/06\/25912_6.jpg\",\"datePublished\":\"2026-04-15T08:14:33+00:00\",\"dateModified\":\"2026-04-15T08:15:06+00:00\",\"description\":\"Kabel BASEUS Ethernet RJ45 1.5m (czarny) - \u2705 sklep z dronami i fachowym doradztwem. \u2705 Tutaj kupisz produkty DJI, Yuneec, Parrot, Syma i wiele innych, a tak\u017ce kursy i licencje na operatora drona.\",\"breadcrumb\":{\"@id\":\"https:\/\/ironsky.pl\/sklep\/produkt\/kabel-baseus-ethernet-rj45-1-5m-czarny\/#breadcrumb\"},\"inLanguage\":\"pl-PL\",\"potentialAction\":[{\"@type\":\"ReadAction\",\"target\":[\"https:\/\/ironsky.pl\/sklep\/produkt\/kabel-baseus-ethernet-rj45-1-5m-czarny\/\"]}]},{\"@type\":\"ImageObject\",\"inLanguage\":\"pl-PL\",\"@id\":\"https:\/\/ironsky.pl\/sklep\/produkt\/kabel-baseus-ethernet-rj45-1-5m-czarny\/#primaryimage\",\"url\":\"https:\/\/ironsky.pl\/sklep\/wp-content\/uploads\/2025\/06\/25912_6.jpg\",\"contentUrl\":\"https:\/\/ironsky.pl\/sklep\/wp-content\/uploads\/2025\/06\/25912_6.jpg\",\"width\":800,\"height\":800},{\"@type\":\"BreadcrumbList\",\"@id\":\"https:\/\/ironsky.pl\/sklep\/produkt\/kabel-baseus-ethernet-rj45-1-5m-czarny\/#breadcrumb\",\"itemListElement\":[{\"@type\":\"ListItem\",\"position\":1,\"name\":\"Strona g\u0142\u00f3wna\",\"item\":\"https:\/\/ironsky.pl\/sklep\/\"},{\"@type\":\"ListItem\",\"position\":2,\"name\":\"Wszystkie produkty\",\"item\":\"https:\/\/ironsky.pl\/sklep\/produkty\/\"},{\"@type\":\"ListItem\",\"position\":3,\"name\":\"Kabel BASEUS Ethernet RJ45 1.5m (czarny)\"}]},{\"@type\":\"WebSite\",\"@id\":\"https:\/\/ironsky.pl\/sklep\/#website\",\"url\":\"https:\/\/ironsky.pl\/sklep\/\",\"name\":\"IRONSKY.PL Sklep z Dronami\",\"description\":\"IRONSKY.PL Sklep z Dronami\",\"potentialAction\":[{\"@type\":\"SearchAction\",\"target\":{\"@type\":\"EntryPoint\",\"urlTemplate\":\"https:\/\/ironsky.pl\/sklep\/?s={search_term_string}\"},\"query-input\":{\"@type\":\"PropertyValueSpecification\",\"valueRequired\":true,\"valueName\":\"search_term_string\"}}],\"inLanguage\":\"pl-PL\"}]}<\/script>\n<!-- \/ Yoast SEO plugin. -->","yoast_head_json":{"title":"Kabel BASEUS Ethernet RJ45 1.5m (czarny) - IRONSKY.PL Sklep z Dronami","description":"Kabel BASEUS Ethernet RJ45 1.5m (czarny) - \u2705 sklep z dronami i fachowym doradztwem. \u2705 Tutaj kupisz produkty DJI, Yuneec, Parrot, Syma i wiele innych, a tak\u017ce kursy i licencje na operatora drona.","robots":{"index":"index","follow":"follow","max-snippet":"max-snippet:-1","max-image-preview":"max-image-preview:large","max-video-preview":"max-video-preview:-1"},"canonical":"https:\/\/ironsky.pl\/sklep\/produkt\/kabel-baseus-ethernet-rj45-1-5m-czarny\/","og_locale":"pl_PL","og_type":"article","og_title":"Kabel BASEUS Ethernet RJ45 1.5m (czarny) - IRONSKY.PL Sklep z Dronami","og_description":"Kabel BASEUS Ethernet RJ45 1.5m (czarny) - \u2705 sklep z dronami i fachowym doradztwem. \u2705 Tutaj kupisz produkty DJI, Yuneec, Parrot, Syma i wiele innych, a tak\u017ce kursy i licencje na operatora drona.","og_url":"https:\/\/ironsky.pl\/sklep\/produkt\/kabel-baseus-ethernet-rj45-1-5m-czarny\/","og_site_name":"IRONSKY.PL Sklep z Dronami","article_modified_time":"2026-04-15T08:15:06+00:00","og_image":[{"width":800,"height":800,"url":"https:\/\/ironsky.pl\/sklep\/wp-content\/uploads\/2025\/06\/25912_6.jpg","type":"image\/jpeg"}],"twitter_card":"summary_large_image","twitter_misc":{"Szacowany czas czytania":"1 minuta"},"schema":{"@context":"https:\/\/schema.org","@graph":[{"@type":"WebPage","@id":"https:\/\/ironsky.pl\/sklep\/produkt\/kabel-baseus-ethernet-rj45-1-5m-czarny\/","url":"https:\/\/ironsky.pl\/sklep\/produkt\/kabel-baseus-ethernet-rj45-1-5m-czarny\/","name":"Kabel BASEUS Ethernet RJ45 1.5m (czarny) - IRONSKY.PL Sklep z Dronami","isPartOf":{"@id":"https:\/\/ironsky.pl\/sklep\/#website"},"primaryImageOfPage":{"@id":"https:\/\/ironsky.pl\/sklep\/produkt\/kabel-baseus-ethernet-rj45-1-5m-czarny\/#primaryimage"},"image":{"@id":"https:\/\/ironsky.pl\/sklep\/produkt\/kabel-baseus-ethernet-rj45-1-5m-czarny\/#primaryimage"},"thumbnailUrl":"https:\/\/ironsky.pl\/sklep\/wp-content\/uploads\/2025\/06\/25912_6.jpg","datePublished":"2026-04-15T08:14:33+00:00","dateModified":"2026-04-15T08:15:06+00:00","description":"Kabel BASEUS Ethernet RJ45 1.5m (czarny) - \u2705 sklep z dronami i fachowym doradztwem. \u2705 Tutaj kupisz produkty DJI, Yuneec, Parrot, Syma i wiele innych, a tak\u017ce kursy i licencje na operatora drona.","breadcrumb":{"@id":"https:\/\/ironsky.pl\/sklep\/produkt\/kabel-baseus-ethernet-rj45-1-5m-czarny\/#breadcrumb"},"inLanguage":"pl-PL","potentialAction":[{"@type":"ReadAction","target":["https:\/\/ironsky.pl\/sklep\/produkt\/kabel-baseus-ethernet-rj45-1-5m-czarny\/"]}]},{"@type":"ImageObject","inLanguage":"pl-PL","@id":"https:\/\/ironsky.pl\/sklep\/produkt\/kabel-baseus-ethernet-rj45-1-5m-czarny\/#primaryimage","url":"https:\/\/ironsky.pl\/sklep\/wp-content\/uploads\/2025\/06\/25912_6.jpg","contentUrl":"https:\/\/ironsky.pl\/sklep\/wp-content\/uploads\/2025\/06\/25912_6.jpg","width":800,"height":800},{"@type":"BreadcrumbList","@id":"https:\/\/ironsky.pl\/sklep\/produkt\/kabel-baseus-ethernet-rj45-1-5m-czarny\/#breadcrumb","itemListElement":[{"@type":"ListItem","position":1,"name":"Strona g\u0142\u00f3wna","item":"https:\/\/ironsky.pl\/sklep\/"},{"@type":"ListItem","position":2,"name":"Wszystkie produkty","item":"https:\/\/ironsky.pl\/sklep\/produkty\/"},{"@type":"ListItem","position":3,"name":"Kabel BASEUS Ethernet RJ45 1.5m (czarny)"}]},{"@type":"WebSite","@id":"https:\/\/ironsky.pl\/sklep\/#website","url":"https:\/\/ironsky.pl\/sklep\/","name":"IRONSKY.PL Sklep z Dronami","description":"IRONSKY.PL Sklep z Dronami","potentialAction":[{"@type":"SearchAction","target":{"@type":"EntryPoint","urlTemplate":"https:\/\/ironsky.pl\/sklep\/?s={search_term_string}"},"query-input":{"@type":"PropertyValueSpecification","valueRequired":true,"valueName":"search_term_string"}}],"inLanguage":"pl-PL"}]}},"_links":{"self":[{"href":"https:\/\/ironsky.pl\/sklep\/wp-json\/wp\/v2\/product\/56444","targetHints":{"allow":["GET"]}}],"collection":[{"href":"https:\/\/ironsky.pl\/sklep\/wp-json\/wp\/v2\/product"}],"about":[{"href":"https:\/\/ironsky.pl\/sklep\/wp-json\/wp\/v2\/types\/product"}],"replies":[{"embeddable":true,"href":"https:\/\/ironsky.pl\/sklep\/wp-json\/wp\/v2\/comments?post=56444"}],"wp:featuredmedia":[{"embeddable":true,"href":"https:\/\/ironsky.pl\/sklep\/wp-json\/wp\/v2\/media\/42089"}],"wp:attachment":[{"href":"https:\/\/ironsky.pl\/sklep\/wp-json\/wp\/v2\/media?parent=56444"}],"wp:term":[{"taxonomy":"product_brand","embeddable":true,"href":"https:\/\/ironsky.pl\/sklep\/wp-json\/wp\/v2\/product_brand?post=56444"},{"taxonomy":"product_cat","embeddable":true,"href":"https:\/\/ironsky.pl\/sklep\/wp-json\/wp\/v2\/product_cat?post=56444"},{"taxonomy":"product_tag","embeddable":true,"href":"https:\/\/ironsky.pl\/sklep\/wp-json\/wp\/v2\/product_tag?post=56444"}],"curies":[{"name":"wp","href":"https:\/\/api.w.org\/{rel}","templated":true}]}}