{"id":56308,"date":"2026-04-15T10:13:22","date_gmt":"2026-04-15T08:13:22","guid":{"rendered":"https:\/\/ironsky.pl\/sklep\/produkt\/powerbank-romoss-sw20pf-20000mah-22-5w-bialy-2\/"},"modified":"2026-04-15T10:13:38","modified_gmt":"2026-04-15T08:13:38","slug":"powerbank-romoss-sw20pf-20000mah-22-5w-bialy-2","status":"publish","type":"product","link":"https:\/\/ironsky.pl\/sklep\/produkt\/powerbank-romoss-sw20pf-20000mah-22-5w-bialy-2\/","title":{"rendered":"Powerbank Romoss SW20PF 20000mAh, 22.5W (bia\u0142y)"},"content":{"rendered":"<h3>Powerbank Romoss SW20PF 20000mAh, 22.5W (bia\u0142y)<\/h3>\n<p>\u0141aduj swoje urz\u0105dzenia szybko i bezpiecznie, bez wzgl\u0119du gdzie si\u0119 znajdujesz. Powerbank Romoss SW20PF charakteryzuje si\u0119 pojemno\u015bci\u0105 20 000 mAh i szybkim \u0142adowaniem z moc\u0105 22.5 W. Posiada 2x wyj\u015bcia USB i 1x USB-C, kt\u00f3re pozwalaj\u0105 \u0142adowa\u0107 kilka urz\u0105dze\u0144 jednocze\u015bnie, a 3 wej\u015bcia zapewniaj\u0105 wygodne odnowienie energii powerbanka. Cyfrowy ekran LED informuje o poziomie na\u0142adowania, ale tak\u017ce o napi\u0119ciu i nat\u0119\u017ceniu.<\/p>\n<p><img decoding=\"async\" src=\"https:\/\/b2b.innpro.pl\/data\/include\/cms\/Romoss\/Powerbank-SW20PF-20000mAh-white\/3.jpg\" border=\"0\" \/><\/p>\n<h3>\u0141aduj 3 urz\u0105dzenia jednocze\u015bnie<\/h3>\n<p>Produkt posiada a\u017c trzy porty wyj\u015bcia, co umo\u017cliwia \u0142adowanie nawet trzech urz\u0105dze\u0144 w jednym czasie. SW20PF zosta\u0142 wyposa\u017cony w jeden port USB-C,oraz dwa porty USB. Oszcz\u0119dzaj czas i \u0142aduj kilka urz\u0105dze\u0144 naraz!<\/p>\n<p><img decoding=\"async\" src=\"https:\/\/b2b.innpro.pl\/data\/include\/cms\/Romoss\/Powerbank-SW20PF-20000mAh-white\/2.jpg\" border=\"0\" \/><\/p>\n<h3>Du\u017ca pojemno\u015b\u0107 dla wielokrotnego \u0142adowania<\/h3>\n<p>Romoss SW20PF zosta\u0142 wyposa\u017cony w akumulator o pojemno\u015bci 20 000 mAh, dzi\u0119ki czemu mo\u017ce na\u0142adowa\u0107 Twojego smartfona nawet kilka razy. Jeste\u015b posiadaczem Iphona 13? Powerbank na\u0142aduje go a\u017c 4.6 razy! Samsung Galaxy S22 mo\u017ce by\u0107 na\u0142adowany 4 razy, natomiast Xiaomi 11Pro 2.4 razy.<\/p>\n<p><img decoding=\"async\" src=\"https:\/\/b2b.innpro.pl\/data\/include\/cms\/Romoss\/Powerbank-SW20PF-20000mAh-white\/7.jpg\" border=\"0\" \/><\/p>\n<h3>Szybkie i bezpieczne \u0142adowanie<\/h3>\n<p>Urz\u0105dzenie charakteryzuje si\u0119 kompatybilno\u015bci\u0105 z g\u0142\u00f3wnymi protoko\u0142ami szybkiego \u0142adowania &#8211; jest kompatybilny z protoko\u0142ami PD\/QC3.0, dzi\u0119ki czemu umo\u017cliwia szybkie \u0142adowanie urz\u0105dze\u0144 takich marek, jak np. Apple, Huawei czy Xiaomi. Nie musisz si\u0119 obawia\u0107, \u017ce Tw\u00f3j sprz\u0119t zostanie uszkodzony podczas \u0142adowania \u2014 powerbank Romoss chroni przed prze\u0142adowaniem, przepi\u0119ciami, pr\u0105dem przet\u0119\u017ceniowym, zwarciem, polem elektromagnetycznym i szkodliwym dzia\u0142aniem temperatury. Ponadto mo\u017cesz zabra\u0107 go ze sob\u0105 na pok\u0142ad samolotu.<\/p>\n<p><img decoding=\"async\" src=\"https:\/\/b2b.innpro.pl\/data\/include\/cms\/Romoss\/Powerbank-SW20PF-20000mAh-white\/4.jpg \" border=\"0\" \/><\/p>\n<h3>Cyfrowy wy\u015bwietlacz<\/h3>\n<p>Powerbank od Romoss posiada cyfrowy wy\u015bwietlacz LED, kt\u00f3ry dostarcza informacji o poziomie na\u0142adowania. To jednak nie wszystko. Innowacyjna technologia pozwala prze\u0142\u0105cza\u0107 si\u0119 mi\u0119dzy trybami i wy\u015bwietla\u0107 informacje o napi\u0119ciu oraz nat\u0119\u017ceniu \u0142adowania. Dodatkowo na ekranie pojawi si\u0119 ma\u0142a ikona, kiedy \u0142adowarka b\u0119dzie w trybie szybkiego \u0142adowania.<\/p>\n<p><img decoding=\"async\" src=\"https:\/\/b2b.innpro.pl\/data\/include\/cms\/Romoss\/Powerbank-SW20PF-20000mAh-white\/6.jpg\" border=\"0\" \/><\/p>\n<h3>W zestawie:<\/h3>\n<ul>\n<li>Powerbank<\/li>\n<li>Kabel<\/li>\n<li>Instrukcja obs\u0142ugi<\/li>\n<\/ul>\n<div class=\"table-wrapper\">\n<table>\n<tbody>\n<tr>\n<th>Producent<\/th>\n<td>Romoss<\/td>\n<\/tr>\n<tr>\n<th>Nazwa<\/th>\n<td>Powerbank Romoss SW20PF 20000mAh, 22.5W<\/td>\n<\/tr>\n<tr>\n<th>Model<\/th>\n<td>SW20PF<\/td>\n<\/tr>\n<tr>\n<th>Kolor<\/th>\n<td>Bia\u0142y<\/td>\n<\/tr>\n<tr>\n<th>Pojemno\u015b\u0107<\/th>\n<td>20000 mAh<\/td>\n<\/tr>\n<tr>\n<th>Waga<\/th>\n<td>463 g<\/td>\n<\/tr>\n<tr>\n<th>Napi\u0119cie wej\u015bciowe<\/th>\n<td>5V &#8211; 3A \/ 9V &#8211; 2A (USB-C) 5V &#8211; 2A \/ 9V &#8211; 2A (Lightning) 5V &#8211; 2A \/ 9V &#8211; 2A (Micro USB)<\/td>\n<\/tr>\n<tr>\n<th>Napi\u0119cie wyj\u015bciowe<\/th>\n<td>5V &#8211; 3A \/ 9V &#8211; 2A \/ 12V &#8211; 1.5A ; 4.5V &#8211; 5A \/ 5V &#8211; 4.5A \/ 9V &#8211; 2A \/ 12V &#8211; 1.5A ; 5V &#8211; 3A<\/td>\n<\/tr>\n<tr>\n<th>Wymiary<\/th>\n<td>168.5 x 81.2 x 23.8 mm<\/td>\n<\/tr>\n<\/tbody>\n<\/table>\n<\/div>\n","protected":false},"excerpt":{"rendered":"<p>Powerbank Romoss SW20PF 20000mAh, 22.5W (bia\u0142y) \u0141aduj swoje urz\u0105dzenia szybko i bezpiecznie, bez wzgl\u0119du gdzie si\u0119 znajdujesz. Powerbank Romoss SW20PF<\/p>\n","protected":false},"featured_media":56309,"comment_status":"closed","ping_status":"open","template":"","meta":{"_acf_changed":false},"product_brand":[],"product_cat":[1108,1113],"product_tag":[],"class_list":{"0":"post-56308","1":"product","2":"type-product","3":"status-publish","4":"has-post-thumbnail","6":"product_cat-energia","7":"product_cat-powerbanki","8":"pa_okres-gwarancji-5754","9":"pa_producent-romoss","11":"first","12":"outofstock","13":"taxable","14":"shipping-taxable","15":"purchasable","16":"product-type-simple"},"acf":[],"yoast_head":"<!-- This site is optimized with the Yoast SEO plugin v27.2 - https:\/\/yoast.com\/product\/yoast-seo-wordpress\/ -->\n<title>Powerbank Romoss SW20PF 20000mAh, 22.5W (bia\u0142y) - IRONSKY.PL Sklep z Dronami<\/title>\n<meta name=\"description\" content=\"Powerbank Romoss SW20PF 20000mAh, 22.5W (bia\u0142y) - \u2705 sklep z dronami i fachowym doradztwem. \u2705 Tutaj kupisz produkty DJI, Yuneec, Parrot, Syma i wiele innych, a tak\u017ce kursy i licencje na operatora drona.\" \/>\n<meta name=\"robots\" content=\"index, follow, max-snippet:-1, max-image-preview:large, max-video-preview:-1\" \/>\n<link rel=\"canonical\" href=\"https:\/\/ironsky.pl\/sklep\/produkt\/powerbank-romoss-sw20pf-20000mah-22-5w-bialy-2\/\" \/>\n<meta property=\"og:locale\" content=\"pl_PL\" \/>\n<meta property=\"og:type\" content=\"article\" \/>\n<meta property=\"og:title\" content=\"Powerbank Romoss SW20PF 20000mAh, 22.5W (bia\u0142y) - IRONSKY.PL Sklep z Dronami\" \/>\n<meta property=\"og:description\" content=\"Powerbank Romoss SW20PF 20000mAh, 22.5W (bia\u0142y) - \u2705 sklep z dronami i fachowym doradztwem. \u2705 Tutaj kupisz produkty DJI, Yuneec, Parrot, Syma i wiele innych, a tak\u017ce kursy i licencje na operatora drona.\" \/>\n<meta property=\"og:url\" content=\"https:\/\/ironsky.pl\/sklep\/produkt\/powerbank-romoss-sw20pf-20000mah-22-5w-bialy-2\/\" \/>\n<meta property=\"og:site_name\" content=\"IRONSKY.PL Sklep z Dronami\" \/>\n<meta property=\"article:modified_time\" content=\"2026-04-15T08:13:38+00:00\" \/>\n<meta property=\"og:image\" content=\"https:\/\/ironsky.pl\/sklep\/wp-content\/uploads\/2026\/04\/25621_2.jpg\" \/>\n\t<meta property=\"og:image:width\" content=\"800\" \/>\n\t<meta property=\"og:image:height\" content=\"800\" \/>\n\t<meta property=\"og:image:type\" content=\"image\/jpeg\" \/>\n<meta name=\"twitter:card\" content=\"summary_large_image\" \/>\n<meta name=\"twitter:label1\" content=\"Szacowany czas czytania\" \/>\n\t<meta name=\"twitter:data1\" content=\"2 minuty\" \/>\n<script type=\"application\/ld+json\" class=\"yoast-schema-graph\">{\"@context\":\"https:\/\/schema.org\",\"@graph\":[{\"@type\":\"WebPage\",\"@id\":\"https:\/\/ironsky.pl\/sklep\/produkt\/powerbank-romoss-sw20pf-20000mah-22-5w-bialy-2\/\",\"url\":\"https:\/\/ironsky.pl\/sklep\/produkt\/powerbank-romoss-sw20pf-20000mah-22-5w-bialy-2\/\",\"name\":\"Powerbank Romoss SW20PF 20000mAh, 22.5W (bia\u0142y) - IRONSKY.PL Sklep z Dronami\",\"isPartOf\":{\"@id\":\"https:\/\/ironsky.pl\/sklep\/#website\"},\"primaryImageOfPage\":{\"@id\":\"https:\/\/ironsky.pl\/sklep\/produkt\/powerbank-romoss-sw20pf-20000mah-22-5w-bialy-2\/#primaryimage\"},\"image\":{\"@id\":\"https:\/\/ironsky.pl\/sklep\/produkt\/powerbank-romoss-sw20pf-20000mah-22-5w-bialy-2\/#primaryimage\"},\"thumbnailUrl\":\"https:\/\/ironsky.pl\/sklep\/wp-content\/uploads\/2026\/04\/25621_2.jpg\",\"datePublished\":\"2026-04-15T08:13:22+00:00\",\"dateModified\":\"2026-04-15T08:13:38+00:00\",\"description\":\"Powerbank Romoss SW20PF 20000mAh, 22.5W (bia\u0142y) - \u2705 sklep z dronami i fachowym doradztwem. \u2705 Tutaj kupisz produkty DJI, Yuneec, Parrot, Syma i wiele innych, a tak\u017ce kursy i licencje na operatora drona.\",\"breadcrumb\":{\"@id\":\"https:\/\/ironsky.pl\/sklep\/produkt\/powerbank-romoss-sw20pf-20000mah-22-5w-bialy-2\/#breadcrumb\"},\"inLanguage\":\"pl-PL\",\"potentialAction\":[{\"@type\":\"ReadAction\",\"target\":[\"https:\/\/ironsky.pl\/sklep\/produkt\/powerbank-romoss-sw20pf-20000mah-22-5w-bialy-2\/\"]}]},{\"@type\":\"ImageObject\",\"inLanguage\":\"pl-PL\",\"@id\":\"https:\/\/ironsky.pl\/sklep\/produkt\/powerbank-romoss-sw20pf-20000mah-22-5w-bialy-2\/#primaryimage\",\"url\":\"https:\/\/ironsky.pl\/sklep\/wp-content\/uploads\/2026\/04\/25621_2.jpg\",\"contentUrl\":\"https:\/\/ironsky.pl\/sklep\/wp-content\/uploads\/2026\/04\/25621_2.jpg\",\"width\":800,\"height\":800},{\"@type\":\"BreadcrumbList\",\"@id\":\"https:\/\/ironsky.pl\/sklep\/produkt\/powerbank-romoss-sw20pf-20000mah-22-5w-bialy-2\/#breadcrumb\",\"itemListElement\":[{\"@type\":\"ListItem\",\"position\":1,\"name\":\"Strona g\u0142\u00f3wna\",\"item\":\"https:\/\/ironsky.pl\/sklep\/\"},{\"@type\":\"ListItem\",\"position\":2,\"name\":\"Wszystkie produkty\",\"item\":\"https:\/\/ironsky.pl\/sklep\/produkty\/\"},{\"@type\":\"ListItem\",\"position\":3,\"name\":\"Powerbank Romoss SW20PF 20000mAh, 22.5W (bia\u0142y)\"}]},{\"@type\":\"WebSite\",\"@id\":\"https:\/\/ironsky.pl\/sklep\/#website\",\"url\":\"https:\/\/ironsky.pl\/sklep\/\",\"name\":\"IRONSKY.PL Sklep z Dronami\",\"description\":\"IRONSKY.PL Sklep z Dronami\",\"potentialAction\":[{\"@type\":\"SearchAction\",\"target\":{\"@type\":\"EntryPoint\",\"urlTemplate\":\"https:\/\/ironsky.pl\/sklep\/?s={search_term_string}\"},\"query-input\":{\"@type\":\"PropertyValueSpecification\",\"valueRequired\":true,\"valueName\":\"search_term_string\"}}],\"inLanguage\":\"pl-PL\"}]}<\/script>\n<!-- \/ Yoast SEO plugin. -->","yoast_head_json":{"title":"Powerbank Romoss SW20PF 20000mAh, 22.5W (bia\u0142y) - IRONSKY.PL Sklep z Dronami","description":"Powerbank Romoss SW20PF 20000mAh, 22.5W (bia\u0142y) - \u2705 sklep z dronami i fachowym doradztwem. \u2705 Tutaj kupisz produkty DJI, Yuneec, Parrot, Syma i wiele innych, a tak\u017ce kursy i licencje na operatora drona.","robots":{"index":"index","follow":"follow","max-snippet":"max-snippet:-1","max-image-preview":"max-image-preview:large","max-video-preview":"max-video-preview:-1"},"canonical":"https:\/\/ironsky.pl\/sklep\/produkt\/powerbank-romoss-sw20pf-20000mah-22-5w-bialy-2\/","og_locale":"pl_PL","og_type":"article","og_title":"Powerbank Romoss SW20PF 20000mAh, 22.5W (bia\u0142y) - IRONSKY.PL Sklep z Dronami","og_description":"Powerbank Romoss SW20PF 20000mAh, 22.5W (bia\u0142y) - \u2705 sklep z dronami i fachowym doradztwem. \u2705 Tutaj kupisz produkty DJI, Yuneec, Parrot, Syma i wiele innych, a tak\u017ce kursy i licencje na operatora drona.","og_url":"https:\/\/ironsky.pl\/sklep\/produkt\/powerbank-romoss-sw20pf-20000mah-22-5w-bialy-2\/","og_site_name":"IRONSKY.PL Sklep z Dronami","article_modified_time":"2026-04-15T08:13:38+00:00","og_image":[{"width":800,"height":800,"url":"https:\/\/ironsky.pl\/sklep\/wp-content\/uploads\/2026\/04\/25621_2.jpg","type":"image\/jpeg"}],"twitter_card":"summary_large_image","twitter_misc":{"Szacowany czas czytania":"2 minuty"},"schema":{"@context":"https:\/\/schema.org","@graph":[{"@type":"WebPage","@id":"https:\/\/ironsky.pl\/sklep\/produkt\/powerbank-romoss-sw20pf-20000mah-22-5w-bialy-2\/","url":"https:\/\/ironsky.pl\/sklep\/produkt\/powerbank-romoss-sw20pf-20000mah-22-5w-bialy-2\/","name":"Powerbank Romoss SW20PF 20000mAh, 22.5W (bia\u0142y) - IRONSKY.PL Sklep z Dronami","isPartOf":{"@id":"https:\/\/ironsky.pl\/sklep\/#website"},"primaryImageOfPage":{"@id":"https:\/\/ironsky.pl\/sklep\/produkt\/powerbank-romoss-sw20pf-20000mah-22-5w-bialy-2\/#primaryimage"},"image":{"@id":"https:\/\/ironsky.pl\/sklep\/produkt\/powerbank-romoss-sw20pf-20000mah-22-5w-bialy-2\/#primaryimage"},"thumbnailUrl":"https:\/\/ironsky.pl\/sklep\/wp-content\/uploads\/2026\/04\/25621_2.jpg","datePublished":"2026-04-15T08:13:22+00:00","dateModified":"2026-04-15T08:13:38+00:00","description":"Powerbank Romoss SW20PF 20000mAh, 22.5W (bia\u0142y) - \u2705 sklep z dronami i fachowym doradztwem. \u2705 Tutaj kupisz produkty DJI, Yuneec, Parrot, Syma i wiele innych, a tak\u017ce kursy i licencje na operatora drona.","breadcrumb":{"@id":"https:\/\/ironsky.pl\/sklep\/produkt\/powerbank-romoss-sw20pf-20000mah-22-5w-bialy-2\/#breadcrumb"},"inLanguage":"pl-PL","potentialAction":[{"@type":"ReadAction","target":["https:\/\/ironsky.pl\/sklep\/produkt\/powerbank-romoss-sw20pf-20000mah-22-5w-bialy-2\/"]}]},{"@type":"ImageObject","inLanguage":"pl-PL","@id":"https:\/\/ironsky.pl\/sklep\/produkt\/powerbank-romoss-sw20pf-20000mah-22-5w-bialy-2\/#primaryimage","url":"https:\/\/ironsky.pl\/sklep\/wp-content\/uploads\/2026\/04\/25621_2.jpg","contentUrl":"https:\/\/ironsky.pl\/sklep\/wp-content\/uploads\/2026\/04\/25621_2.jpg","width":800,"height":800},{"@type":"BreadcrumbList","@id":"https:\/\/ironsky.pl\/sklep\/produkt\/powerbank-romoss-sw20pf-20000mah-22-5w-bialy-2\/#breadcrumb","itemListElement":[{"@type":"ListItem","position":1,"name":"Strona g\u0142\u00f3wna","item":"https:\/\/ironsky.pl\/sklep\/"},{"@type":"ListItem","position":2,"name":"Wszystkie produkty","item":"https:\/\/ironsky.pl\/sklep\/produkty\/"},{"@type":"ListItem","position":3,"name":"Powerbank Romoss SW20PF 20000mAh, 22.5W (bia\u0142y)"}]},{"@type":"WebSite","@id":"https:\/\/ironsky.pl\/sklep\/#website","url":"https:\/\/ironsky.pl\/sklep\/","name":"IRONSKY.PL Sklep z Dronami","description":"IRONSKY.PL Sklep z Dronami","potentialAction":[{"@type":"SearchAction","target":{"@type":"EntryPoint","urlTemplate":"https:\/\/ironsky.pl\/sklep\/?s={search_term_string}"},"query-input":{"@type":"PropertyValueSpecification","valueRequired":true,"valueName":"search_term_string"}}],"inLanguage":"pl-PL"}]}},"_links":{"self":[{"href":"https:\/\/ironsky.pl\/sklep\/wp-json\/wp\/v2\/product\/56308","targetHints":{"allow":["GET"]}}],"collection":[{"href":"https:\/\/ironsky.pl\/sklep\/wp-json\/wp\/v2\/product"}],"about":[{"href":"https:\/\/ironsky.pl\/sklep\/wp-json\/wp\/v2\/types\/product"}],"replies":[{"embeddable":true,"href":"https:\/\/ironsky.pl\/sklep\/wp-json\/wp\/v2\/comments?post=56308"}],"wp:featuredmedia":[{"embeddable":true,"href":"https:\/\/ironsky.pl\/sklep\/wp-json\/wp\/v2\/media\/56309"}],"wp:attachment":[{"href":"https:\/\/ironsky.pl\/sklep\/wp-json\/wp\/v2\/media?parent=56308"}],"wp:term":[{"taxonomy":"product_brand","embeddable":true,"href":"https:\/\/ironsky.pl\/sklep\/wp-json\/wp\/v2\/product_brand?post=56308"},{"taxonomy":"product_cat","embeddable":true,"href":"https:\/\/ironsky.pl\/sklep\/wp-json\/wp\/v2\/product_cat?post=56308"},{"taxonomy":"product_tag","embeddable":true,"href":"https:\/\/ironsky.pl\/sklep\/wp-json\/wp\/v2\/product_tag?post=56308"}],"curies":[{"name":"wp","href":"https:\/\/api.w.org\/{rel}","templated":true}]}}