{"id":56278,"date":"2026-04-15T10:12:37","date_gmt":"2026-04-15T08:12:37","guid":{"rendered":"https:\/\/ironsky.pl\/sklep\/produkt\/latarka-czolowa-superfire-hl65-120lm-usb-c-2\/"},"modified":"2026-04-15T10:13:14","modified_gmt":"2026-04-15T08:13:14","slug":"latarka-czolowa-superfire-hl65-120lm-usb-c-2","status":"publish","type":"product","link":"https:\/\/ironsky.pl\/sklep\/produkt\/latarka-czolowa-superfire-hl65-120lm-usb-c-2\/","title":{"rendered":"Latarka czo\u0142owa SUPERFIRE HL65 120lm USB-C"},"content":{"rendered":"<h3>Latarka czo\u0142owa Superfire HL65, 120 lm, USB-C, 5 tryb\u00f3w, 30 m<\/h3>\n<p>Wybierz latark\u0119 Superfire i zapewnij sobie bezpiecze\u0144stwo podczas wieczornych w\u0119dr\u00f3wek. HL65 oferuje 5 tryb\u00f3w pracy i regulacj\u0119 w zakresie od 0\u00b0 do 60\u00b0. Zosta\u0142a te\u017c wyposa\u017cona w dwa \u017ar\u00f3d\u0142a \u015bwiat\u0142a: COB (Chip On Board, technologia skupiaj\u0105ca wiele diod LED w jednej strukturze) \u2013 do 340 lm, do 10 m \u2013 i XD \u2013 do 120 lm, do 30 m. Jej kompaktowa i lekka konstrukcja odpowiada za komfort u\u017cytkowania, a czujnik ruchu u\u0142atwia obs\u0142ug\u0119 \u2013 wystarczy, \u017ce zbli\u017cysz d\u0142o\u0144 do latarki, aby j\u0105 w\u0142\u0105czy\u0107.<\/p>\n<p>\n<img decoding=\"async\" src=\"https:\/\/assets.innpro.pl\/14083\/17573\/10.jpg\" border=\"0\" alt=\"okr\u0105g\u0142a latarka czo\u0142owa na czarnym tle\" \/>\n<\/p>\n<h3>Wiele zastosowa\u0144<\/h3>\n<p>HL65 wykorzystasz w r\u00f3\u017cnych sytuacjach. Doskonale sprawdzi si\u0119 podczas naprawy samochodu, wieczornych w\u0119dr\u00f3wek, biegania, czy przeja\u017cd\u017cek rowerowych. Co wi\u0119cej, przyda si\u0119 podczas wspinaczki lub majsterkowania.<\/p>\n<p>\n<img decoding=\"async\" src=\"https:\/\/assets.innpro.pl\/14083\/17573\/6.jpg\" border=\"0\" alt=\"sze\u015b\u0107 zdj\u0119\u0107 przedstawiaj\u0105cych osoby korzystaj\u0105ce z latarki czo\u0142owej\" \/>\n<\/p>\n<h3>Dostosuj jej prac\u0119 do w\u0142asnych potrzeb<\/h3>\n<p>Dzi\u0119ki dw\u00f3m \u017ar\u00f3d\u0142om \u015bwiat\u0142a (COB: 340 lm, XD: 120 lm) model HL65 sprawdzi si\u0119 w wielu scenariuszach. Latarka zosta\u0142a te\u017c wyposa\u017cona w 5 tryb\u00f3w \u015bwiecenia, dzi\u0119ki czemu dostosujesz jej prac\u0119 do w\u0142asnych potrzeb. Wybieraj mi\u0119dzy wysokim\/niskim poziomem jasno\u015bci COB, wysokim\/niskim poziomem jasno\u015bci XD lub migaj\u0105cym o\u015bwietleniem COB + XD. Zasi\u0119g \u015bwiat\u0142a COB wynosi do 10 m, a XD \u2013 do 30 m. Mo\u017cesz r\u00f3wnie\u017c regulowa\u0107 k\u0105t padania \u015bwiat\u0142a do 60\u00b0.<\/p>\n<p>\n<img decoding=\"async\" src=\"https:\/\/assets.innpro.pl\/14083\/17573\/5.jpg\" border=\"0\" alt=\"m\u0119\u017cczyzna w czapce i latarce czo\u0142owej podczas zimowej wyprawy\" \/>\n<\/p>\n<h3>Lekka i kompaktowa<\/h3>\n<p>Kolejn\u0105 zalet\u0105 latarki Superfire jest jej lekka i kompaktowa konstrukcja \u2013 HL65 wa\u017cy zaledwie 70 g. Mo\u017cesz j\u0105 zatem nosi\u0107 przez d\u0142u\u017cszy czas bez uczucia dyskomfortu. Ponadto wysokiej jako\u015bci opaska podlega regulacji i zapewnia wygod\u0119 u\u017cytkowania. Latark\u0119 mo\u017cesz w ka\u017cdej chwili z\u0142o\u017cy\u0107 i wygodnie przechowa\u0107. Dodatkowo wbudowany czujnik sprawia, \u017ce aby w\u0142\u0105czy\u0107 lub wy\u0142\u0105czy\u0107 urz\u0105dzenie, wystarczy zbli\u017cy\u0107 do niego d\u0142o\u0144.<\/p>\n<p>\n<img decoding=\"async\" src=\"https:\/\/assets.innpro.pl\/14083\/17573\/4.jpg\" border=\"0\" alt=\"Dwa zdj\u0119cia \u2013 z\u0142o\u017cona latarka czo\u0142owa chowana do kieszeni i trzymana na d\u0142oni\" \/>\n<\/p>\n<h3>Wytrzyma\u0142a<\/h3>\n<p>Latarka Superfire zosta\u0142a wykonana z tworzywa ABS (Acrylonitrile Butadiene Styrene, trwa\u0142e tworzywo sztuczne), dzi\u0119ki czemu jest wytrzyma\u0142a i odporna na uszkodzenia. Ponadto chroni j\u0105 odporno\u015b\u0107 na wod\u0119 na poziomie IPX4 (International Protection Marking, klasa odporno\u015bci na zachlapania) oraz na upadki z wysoko\u015bci do 1 m. Mo\u017cesz zatem korzysta\u0107 z niej w r\u00f3\u017cnych warunkach pogodowych. \u015anieg, deszcz i inne czynniki nie stanowi\u0105 dla HL65 zagro\u017cenia. Urz\u0105dzenie zosta\u0142o te\u017c wyposa\u017cone w liczne mechanizmy zabezpieczaj\u0105ce, w tym ochron\u0119 przed nadmiernym roz\u0142adowaniem i odwrotnym pod\u0142\u0105czeniem.<\/p>\n<p>\n<img decoding=\"async\" src=\"https:\/\/assets.innpro.pl\/14083\/17573\/2.jpg\" border=\"0\" alt=\"czarna latarka czo\u0142owa na tle zdj\u0119cia korzystaj\u0105cego z niej m\u0119\u017cczyzny w roboczym pomara\u0144czowym ubraniu\" \/>\n<\/p>\n<h3>Wydajny akumulator<\/h3>\n<p>Latarka zosta\u0142a wyposa\u017cona w akumulator o pojemno\u015bci 1200 mAh, dzi\u0119ki kt\u00f3remu mo\u017ce s\u0142u\u017cy\u0107 Ci naprawd\u0119 d\u0142ugo. Aby j\u0105 na\u0142adowa\u0107, skorzystaj z do\u0142\u0105czonego do zestawu kabla USB-C (Universal Serial Bus typu C, uniwersalne z\u0142\u0105cze do przesy\u0142ania danych i zasilania) \u2013 potrwa to oko\u0142o 2,5 godziny. Informacji o statusie \u0142adowania dostarczy Ci wbudowany wska\u017anik \u015bwietlny.<\/p>\n<p>\n<img decoding=\"async\" src=\"https:\/\/assets.innpro.pl\/14083\/17573\/9.jpg\" border=\"0\" alt=\"sportowiec w \u017c\u00f3\u0142tej kurtce i latarce czo\u0142owej na g\u0142owie w czasie deszczu\" \/>\n<\/p>\n<h3>W zestawie<\/h3>\n<ul class=\"list-disc pl-5\">\n<li>latarka (w tym opaska)<\/li>\n<li>kabel \u0142adowania USB-C<\/li>\n<li>instrukcja obs\u0142ugi<\/li>\n<\/ul>\n<div class=\"table-wrapper\">\n<p>\u00a0<\/p>\n<h3><\/h3>\n<table>\n<tbody>\n<tr>\n<th>Producent <\/th>\n<td>Superfire<\/td>\n<\/tr>\n<tr>\n<th>Model <\/th>\n<td>HL65<\/td>\n<\/tr>\n<tr>\n<th>Waga <\/th>\n<td>70 g<\/td>\n<\/tr>\n<tr>\n<th>Moc <\/th>\n<td>2 W (XD)<\/td>\n<\/tr>\n<tr>\n<th>Pojemno\u015b\u0107 akumulatora <\/th>\n<td>1200 mAh<\/td>\n<\/tr>\n<tr>\n<th>Temperatura barwowa <\/th>\n<td>COB: 6400K, XD: 6050K<\/td>\n<\/tr>\n<tr>\n<th>Odporno\u015b\u0107 na upadki <\/th>\n<td>1 m<\/td>\n<\/tr>\n<tr>\n<th>Odporno\u015b\u0107 na wod\u0119 <\/th>\n<td>IPX4<\/td>\n<\/tr>\n<tr>\n<th>Port \u0142adowania <\/th>\n<td>USB-C<\/td>\n<\/tr>\n<tr>\n<th>Czas \u0142adowania <\/th>\n<td>ok. 2.5 h<\/td>\n<\/tr>\n<tr>\n<th>Wymiary <\/th>\n<td>COB: 210 x 25 x 6 mm, XD: 63 x 33 x 18 mm<\/td>\n<\/tr>\n<tr>\n<th>Napi\u0119cie <\/th>\n<td>3.7 V<\/td>\n<\/tr>\n<tr>\n<th>Typ diody <\/th>\n<td>COB + XD<\/td>\n<\/tr>\n<tr>\n<th>Kolor \u015bwiat\u0142a <\/th>\n<td>bia\u0142y<\/td>\n<\/tr>\n<tr>\n<th>Materia\u0142 <\/th>\n<td>ABS, PC, guma<\/td>\n<\/tr>\n<tr>\n<th>Zasi\u0119g \u015bwiecenia <\/th>\n<td>COB: 10 m, XD: 30 m<\/td>\n<\/tr>\n<tr>\n<th>Jasno\u015b\u0107 <\/th>\n<td>COB: 340 lm, XD: 120 lm<\/td>\n<\/tr>\n<tr>\n<th>Kolor <\/th>\n<td>czarny<\/td>\n<\/tr>\n<tr>\n<th>Czas pracy <\/th>\n<td>COB: ok. 4.5 h, XD: ok. 8.5 h<\/td>\n<\/tr>\n<tr>\n<th>Tryby pracy<\/th>\n<td>wysoki\/niski poziom jasno\u015bci COB, wysoki\/niski poziom jasno\u015bci XD, stroboskop COB\/XD<\/td>\n<\/tr>\n<\/tbody>\n<\/table>\n<\/div>\n","protected":false},"excerpt":{"rendered":"<p>Latarka czo\u0142owa Superfire HL65, 120 lm, USB-C, 5 tryb\u00f3w, 30 m Wybierz latark\u0119 Superfire i zapewnij sobie bezpiecze\u0144stwo podczas wieczornych<\/p>\n","protected":false},"featured_media":41935,"comment_status":"closed","ping_status":"open","template":"","meta":{"_acf_changed":false},"product_brand":[],"product_cat":[5938,5940,5937],"product_tag":[],"class_list":{"0":"post-56278","1":"product","2":"type-product","3":"status-publish","4":"has-post-thumbnail","6":"product_cat-latarki","7":"product_cat-czolowe","8":"product_cat-outdoor","9":"pa_okres-gwarancji-5754","10":"pa_producent-superfire","12":"first","13":"outofstock","14":"taxable","15":"shipping-taxable","16":"purchasable","17":"product-type-simple"},"acf":[],"yoast_head":"<!-- This site is optimized with the Yoast SEO plugin v27.2 - https:\/\/yoast.com\/product\/yoast-seo-wordpress\/ -->\n<title>Latarka czo\u0142owa SUPERFIRE HL65 120lm USB-C - IRONSKY.PL Sklep z Dronami<\/title>\n<meta name=\"description\" content=\"Latarka czo\u0142owa SUPERFIRE HL65 120lm USB-C - \u2705 sklep z dronami i fachowym doradztwem. \u2705 Tutaj kupisz produkty DJI, Yuneec, Parrot, Syma i wiele innych, a tak\u017ce kursy i licencje na operatora drona.\" \/>\n<meta name=\"robots\" content=\"index, follow, max-snippet:-1, max-image-preview:large, max-video-preview:-1\" \/>\n<link rel=\"canonical\" href=\"https:\/\/ironsky.pl\/sklep\/produkt\/latarka-czolowa-superfire-hl65-120lm-usb-c-2\/\" \/>\n<meta property=\"og:locale\" content=\"pl_PL\" \/>\n<meta property=\"og:type\" content=\"article\" \/>\n<meta property=\"og:title\" content=\"Latarka czo\u0142owa SUPERFIRE HL65 120lm USB-C - IRONSKY.PL Sklep z Dronami\" \/>\n<meta property=\"og:description\" content=\"Latarka czo\u0142owa SUPERFIRE HL65 120lm USB-C - \u2705 sklep z dronami i fachowym doradztwem. \u2705 Tutaj kupisz produkty DJI, Yuneec, Parrot, Syma i wiele innych, a tak\u017ce kursy i licencje na operatora drona.\" \/>\n<meta property=\"og:url\" content=\"https:\/\/ironsky.pl\/sklep\/produkt\/latarka-czolowa-superfire-hl65-120lm-usb-c-2\/\" \/>\n<meta property=\"og:site_name\" content=\"IRONSKY.PL Sklep z Dronami\" \/>\n<meta property=\"article:modified_time\" content=\"2026-04-15T08:13:14+00:00\" \/>\n<meta property=\"og:image\" content=\"https:\/\/ironsky.pl\/sklep\/wp-content\/uploads\/2025\/06\/25001_1.jpg\" \/>\n\t<meta property=\"og:image:width\" content=\"800\" \/>\n\t<meta property=\"og:image:height\" content=\"800\" \/>\n\t<meta property=\"og:image:type\" content=\"image\/jpeg\" \/>\n<meta name=\"twitter:card\" content=\"summary_large_image\" \/>\n<meta name=\"twitter:label1\" content=\"Szacowany czas czytania\" \/>\n\t<meta name=\"twitter:data1\" content=\"3 minuty\" \/>\n<script type=\"application\/ld+json\" class=\"yoast-schema-graph\">{\"@context\":\"https:\/\/schema.org\",\"@graph\":[{\"@type\":\"WebPage\",\"@id\":\"https:\/\/ironsky.pl\/sklep\/produkt\/latarka-czolowa-superfire-hl65-120lm-usb-c-2\/\",\"url\":\"https:\/\/ironsky.pl\/sklep\/produkt\/latarka-czolowa-superfire-hl65-120lm-usb-c-2\/\",\"name\":\"Latarka czo\u0142owa SUPERFIRE HL65 120lm USB-C - IRONSKY.PL Sklep z Dronami\",\"isPartOf\":{\"@id\":\"https:\/\/ironsky.pl\/sklep\/#website\"},\"primaryImageOfPage\":{\"@id\":\"https:\/\/ironsky.pl\/sklep\/produkt\/latarka-czolowa-superfire-hl65-120lm-usb-c-2\/#primaryimage\"},\"image\":{\"@id\":\"https:\/\/ironsky.pl\/sklep\/produkt\/latarka-czolowa-superfire-hl65-120lm-usb-c-2\/#primaryimage\"},\"thumbnailUrl\":\"https:\/\/ironsky.pl\/sklep\/wp-content\/uploads\/2025\/06\/25001_1.jpg\",\"datePublished\":\"2026-04-15T08:12:37+00:00\",\"dateModified\":\"2026-04-15T08:13:14+00:00\",\"description\":\"Latarka czo\u0142owa SUPERFIRE HL65 120lm USB-C - \u2705 sklep z dronami i fachowym doradztwem. \u2705 Tutaj kupisz produkty DJI, Yuneec, Parrot, Syma i wiele innych, a tak\u017ce kursy i licencje na operatora drona.\",\"breadcrumb\":{\"@id\":\"https:\/\/ironsky.pl\/sklep\/produkt\/latarka-czolowa-superfire-hl65-120lm-usb-c-2\/#breadcrumb\"},\"inLanguage\":\"pl-PL\",\"potentialAction\":[{\"@type\":\"ReadAction\",\"target\":[\"https:\/\/ironsky.pl\/sklep\/produkt\/latarka-czolowa-superfire-hl65-120lm-usb-c-2\/\"]}]},{\"@type\":\"ImageObject\",\"inLanguage\":\"pl-PL\",\"@id\":\"https:\/\/ironsky.pl\/sklep\/produkt\/latarka-czolowa-superfire-hl65-120lm-usb-c-2\/#primaryimage\",\"url\":\"https:\/\/ironsky.pl\/sklep\/wp-content\/uploads\/2025\/06\/25001_1.jpg\",\"contentUrl\":\"https:\/\/ironsky.pl\/sklep\/wp-content\/uploads\/2025\/06\/25001_1.jpg\",\"width\":800,\"height\":800},{\"@type\":\"BreadcrumbList\",\"@id\":\"https:\/\/ironsky.pl\/sklep\/produkt\/latarka-czolowa-superfire-hl65-120lm-usb-c-2\/#breadcrumb\",\"itemListElement\":[{\"@type\":\"ListItem\",\"position\":1,\"name\":\"Strona g\u0142\u00f3wna\",\"item\":\"https:\/\/ironsky.pl\/sklep\/\"},{\"@type\":\"ListItem\",\"position\":2,\"name\":\"Wszystkie produkty\",\"item\":\"https:\/\/ironsky.pl\/sklep\/produkty\/\"},{\"@type\":\"ListItem\",\"position\":3,\"name\":\"Latarka czo\u0142owa SUPERFIRE HL65 120lm USB-C\"}]},{\"@type\":\"WebSite\",\"@id\":\"https:\/\/ironsky.pl\/sklep\/#website\",\"url\":\"https:\/\/ironsky.pl\/sklep\/\",\"name\":\"IRONSKY.PL Sklep z Dronami\",\"description\":\"IRONSKY.PL Sklep z Dronami\",\"potentialAction\":[{\"@type\":\"SearchAction\",\"target\":{\"@type\":\"EntryPoint\",\"urlTemplate\":\"https:\/\/ironsky.pl\/sklep\/?s={search_term_string}\"},\"query-input\":{\"@type\":\"PropertyValueSpecification\",\"valueRequired\":true,\"valueName\":\"search_term_string\"}}],\"inLanguage\":\"pl-PL\"}]}<\/script>\n<!-- \/ Yoast SEO plugin. -->","yoast_head_json":{"title":"Latarka czo\u0142owa SUPERFIRE HL65 120lm USB-C - IRONSKY.PL Sklep z Dronami","description":"Latarka czo\u0142owa SUPERFIRE HL65 120lm USB-C - \u2705 sklep z dronami i fachowym doradztwem. \u2705 Tutaj kupisz produkty DJI, Yuneec, Parrot, Syma i wiele innych, a tak\u017ce kursy i licencje na operatora drona.","robots":{"index":"index","follow":"follow","max-snippet":"max-snippet:-1","max-image-preview":"max-image-preview:large","max-video-preview":"max-video-preview:-1"},"canonical":"https:\/\/ironsky.pl\/sklep\/produkt\/latarka-czolowa-superfire-hl65-120lm-usb-c-2\/","og_locale":"pl_PL","og_type":"article","og_title":"Latarka czo\u0142owa SUPERFIRE HL65 120lm USB-C - IRONSKY.PL Sklep z Dronami","og_description":"Latarka czo\u0142owa SUPERFIRE HL65 120lm USB-C - \u2705 sklep z dronami i fachowym doradztwem. \u2705 Tutaj kupisz produkty DJI, Yuneec, Parrot, Syma i wiele innych, a tak\u017ce kursy i licencje na operatora drona.","og_url":"https:\/\/ironsky.pl\/sklep\/produkt\/latarka-czolowa-superfire-hl65-120lm-usb-c-2\/","og_site_name":"IRONSKY.PL Sklep z Dronami","article_modified_time":"2026-04-15T08:13:14+00:00","og_image":[{"width":800,"height":800,"url":"https:\/\/ironsky.pl\/sklep\/wp-content\/uploads\/2025\/06\/25001_1.jpg","type":"image\/jpeg"}],"twitter_card":"summary_large_image","twitter_misc":{"Szacowany czas czytania":"3 minuty"},"schema":{"@context":"https:\/\/schema.org","@graph":[{"@type":"WebPage","@id":"https:\/\/ironsky.pl\/sklep\/produkt\/latarka-czolowa-superfire-hl65-120lm-usb-c-2\/","url":"https:\/\/ironsky.pl\/sklep\/produkt\/latarka-czolowa-superfire-hl65-120lm-usb-c-2\/","name":"Latarka czo\u0142owa SUPERFIRE HL65 120lm USB-C - IRONSKY.PL Sklep z Dronami","isPartOf":{"@id":"https:\/\/ironsky.pl\/sklep\/#website"},"primaryImageOfPage":{"@id":"https:\/\/ironsky.pl\/sklep\/produkt\/latarka-czolowa-superfire-hl65-120lm-usb-c-2\/#primaryimage"},"image":{"@id":"https:\/\/ironsky.pl\/sklep\/produkt\/latarka-czolowa-superfire-hl65-120lm-usb-c-2\/#primaryimage"},"thumbnailUrl":"https:\/\/ironsky.pl\/sklep\/wp-content\/uploads\/2025\/06\/25001_1.jpg","datePublished":"2026-04-15T08:12:37+00:00","dateModified":"2026-04-15T08:13:14+00:00","description":"Latarka czo\u0142owa SUPERFIRE HL65 120lm USB-C - \u2705 sklep z dronami i fachowym doradztwem. \u2705 Tutaj kupisz produkty DJI, Yuneec, Parrot, Syma i wiele innych, a tak\u017ce kursy i licencje na operatora drona.","breadcrumb":{"@id":"https:\/\/ironsky.pl\/sklep\/produkt\/latarka-czolowa-superfire-hl65-120lm-usb-c-2\/#breadcrumb"},"inLanguage":"pl-PL","potentialAction":[{"@type":"ReadAction","target":["https:\/\/ironsky.pl\/sklep\/produkt\/latarka-czolowa-superfire-hl65-120lm-usb-c-2\/"]}]},{"@type":"ImageObject","inLanguage":"pl-PL","@id":"https:\/\/ironsky.pl\/sklep\/produkt\/latarka-czolowa-superfire-hl65-120lm-usb-c-2\/#primaryimage","url":"https:\/\/ironsky.pl\/sklep\/wp-content\/uploads\/2025\/06\/25001_1.jpg","contentUrl":"https:\/\/ironsky.pl\/sklep\/wp-content\/uploads\/2025\/06\/25001_1.jpg","width":800,"height":800},{"@type":"BreadcrumbList","@id":"https:\/\/ironsky.pl\/sklep\/produkt\/latarka-czolowa-superfire-hl65-120lm-usb-c-2\/#breadcrumb","itemListElement":[{"@type":"ListItem","position":1,"name":"Strona g\u0142\u00f3wna","item":"https:\/\/ironsky.pl\/sklep\/"},{"@type":"ListItem","position":2,"name":"Wszystkie produkty","item":"https:\/\/ironsky.pl\/sklep\/produkty\/"},{"@type":"ListItem","position":3,"name":"Latarka czo\u0142owa SUPERFIRE HL65 120lm USB-C"}]},{"@type":"WebSite","@id":"https:\/\/ironsky.pl\/sklep\/#website","url":"https:\/\/ironsky.pl\/sklep\/","name":"IRONSKY.PL Sklep z Dronami","description":"IRONSKY.PL Sklep z Dronami","potentialAction":[{"@type":"SearchAction","target":{"@type":"EntryPoint","urlTemplate":"https:\/\/ironsky.pl\/sklep\/?s={search_term_string}"},"query-input":{"@type":"PropertyValueSpecification","valueRequired":true,"valueName":"search_term_string"}}],"inLanguage":"pl-PL"}]}},"_links":{"self":[{"href":"https:\/\/ironsky.pl\/sklep\/wp-json\/wp\/v2\/product\/56278","targetHints":{"allow":["GET"]}}],"collection":[{"href":"https:\/\/ironsky.pl\/sklep\/wp-json\/wp\/v2\/product"}],"about":[{"href":"https:\/\/ironsky.pl\/sklep\/wp-json\/wp\/v2\/types\/product"}],"replies":[{"embeddable":true,"href":"https:\/\/ironsky.pl\/sklep\/wp-json\/wp\/v2\/comments?post=56278"}],"wp:featuredmedia":[{"embeddable":true,"href":"https:\/\/ironsky.pl\/sklep\/wp-json\/wp\/v2\/media\/41935"}],"wp:attachment":[{"href":"https:\/\/ironsky.pl\/sklep\/wp-json\/wp\/v2\/media?parent=56278"}],"wp:term":[{"taxonomy":"product_brand","embeddable":true,"href":"https:\/\/ironsky.pl\/sklep\/wp-json\/wp\/v2\/product_brand?post=56278"},{"taxonomy":"product_cat","embeddable":true,"href":"https:\/\/ironsky.pl\/sklep\/wp-json\/wp\/v2\/product_cat?post=56278"},{"taxonomy":"product_tag","embeddable":true,"href":"https:\/\/ironsky.pl\/sklep\/wp-json\/wp\/v2\/product_tag?post=56278"}],"curies":[{"name":"wp","href":"https:\/\/api.w.org\/{rel}","templated":true}]}}