{"id":56260,"date":"2026-04-15T10:12:37","date_gmt":"2026-04-15T08:12:37","guid":{"rendered":"https:\/\/ironsky.pl\/sklep\/produkt\/kontroler-dji-rc-3\/"},"modified":"2026-04-15T10:13:02","modified_gmt":"2026-04-15T08:13:02","slug":"kontroler-dji-rc-3","status":"publish","type":"product","link":"https:\/\/ironsky.pl\/sklep\/produkt\/kontroler-dji-rc-3\/","title":{"rendered":"Kontroler DJI RC"},"content":{"rendered":"<h3>Kontroler DJI RC<\/h3>\n<p>DJI RC to nowoczesna aparatura steruj\u0105ca, kt\u00f3ra przenosi kontrol\u0119 nad dronem na nowy poziom. Zosta\u0142a wyposa\u017cona w specjalnie zaprojektowane dr\u0105\u017cki oraz czytelny wy\u015bwietlacz FHD, wyr\u00f3\u017cnia si\u0119 tak\u017ce d\u0142ugim czasem pracy si\u0119gaj\u0105cym 4 godzin. Lekka i por\u0119czna &#8211; zapewnia niezr\u00f3wnany komfort u\u017cytkowania. Ponadto zaawansowana technologia DJI O3+ umo\u017cliwia stabiln\u0105 transmisj\u0119 wideo w wysokiej rozdzielczo\u015bci na du\u017ce odleg\u0142o\u015bci.<\/p>\n<p><img decoding=\"async\" src=\"https:\/\/b2b.innpro.pl\/data\/include\/cms\/12DJI\/Dji-RC-kontroler\/1.jpg\" border=\"0\" \/><\/p>\n<h3>Wbudowany wy\u015bwietlacz<\/h3>\n<p>Ciesz si\u0119 jeszcze wygodniejsz\u0105 obs\u0142ug\u0105 kontrolera. Aparatura steruj\u0105ca DJI RC zosta\u0142a wyposa\u017cona w du\u017cy, 5,5-calowy wy\u015bwietlacz FHD, kt\u00f3rego jasno\u015b\u0107 si\u0119ga 700 nit\u00f3w. Dzi\u0119ki temu doskonale sprawdzi si\u0119 r\u00f3wnie\u017c na zewn\u0105trz &#8211; nawet w s\u0142oneczne dni. Co wi\u0119cej, z DJI RC mo\u017cesz te\u017c niemal od razu po\u0142\u0105czy\u0107 si\u0119 z dronem i zacz\u0105\u0107 nagrywanie &#8211; ju\u017c nie musisz korzysta\u0107 ze smartfona!<\/p>\n<p><img decoding=\"async\" src=\"https:\/\/b2b.innpro.pl\/data\/include\/cms\/12DJI\/Dji-RC-kontroler\/6.jpg\" border=\"0\" \/><\/p>\n<h3>Transmisja DJI O3+<\/h3>\n<p>Swobodnie eksploruj przestworza, odkrywaj nowe miejsca i tw\u00f3rz spektakularne materia\u0142y. DJI RC obs\u0142uguje zaawansowany system transmisji DJI O3+. To oznacza, \u017ce w po\u0142\u0105czeniu z dronami kompatybilnymi z t\u0105 technologi\u0105 (na przyk\u0142ad DJI Mavic 3) aparatura pozwala przesy\u0142a\u0107 obraz HD 1080p\/60FPS z niskim op\u00f3\u017anieniem na odleg\u0142o\u015b\u0107 do 8 km. Dzi\u0119ki temu polecisz jeszcze dalej i zobaczysz wi\u0119cej!<\/p>\n<p><img decoding=\"async\" src=\"https:\/\/b2b.innpro.pl\/data\/include\/cms\/12DJI\/Dji-RC-kontroler\/2.jpg\" border=\"0\" \/><\/p>\n<h3>D\u0142ugi czas pracy<\/h3>\n<p>Ruszaj na kolejne podniebne podr\u00f3\u017ce i nie obawiaj si\u0119, \u017ce aparatura zbyt szybko odm\u00f3wi Ci pos\u0142usze\u0144stwa. Kontroler DJI RC zosta\u0142 wyposa\u017cony w wytrzyma\u0142y akumulator o pojemno\u015bci 5200 mAh, co w po\u0142\u0105czeniu z zastosowanymi rozwi\u0105zaniami technologicznymi pozwoli\u0142o zapewni\u0107 czas pracy si\u0119gaj\u0105cy 4 godzin. To oznacza, \u017ce mo\u017cesz odby\u0107 nawet kilka lot\u00f3w, zanim konieczne b\u0119dzie ponowne pod\u0142\u0105czenie aparatury do \u0142adowania!<\/p>\n<p><img decoding=\"async\" src=\"https:\/\/b2b.innpro.pl\/data\/include\/cms\/12DJI\/Dji-RC-kontroler\/8.jpg\" border=\"0\" \/><\/p>\n<h3>Lekki i por\u0119czny<\/h3>\n<p>Postaw na udan\u0105 kombinacj\u0119 ogromnych mo\u017cliwo\u015bci i niewielkiego rozmiaru. Kontroler DJI RC wa\u017cy tylko 390 g i jest niesamowicie por\u0119czny. Mo\u017ce Ci towarzyszy\u0107 niemal wsz\u0119dzie i doskonale le\u017cy w d\u0142oniach, zapewniaj\u0105c wymarzon\u0105 wygod\u0119 u\u017cytkowania. Wbudowane anteny gwarantuj\u0105 wysok\u0105 wydajno\u015b\u0107, a ulepszone dr\u0105\u017cki z podw\u00f3jnymi spr\u0119\u017cynami umo\u017cliwiaj\u0105 p\u0142ynniejsz\u0105, a zarazem precyzyjniejsz\u0105 kontrol\u0119.<\/p>\n<p><img decoding=\"async\" src=\"https:\/\/b2b.innpro.pl\/data\/include\/cms\/12DJI\/Dji-RC-kontroler\/4.jpg\" border=\"0\" \/><\/p>\n<h3>Jeszcze wi\u0119cej mo\u017cliwo\u015bci<\/h3>\n<p>Zyskaj dodatkowe mo\u017cliwo\u015bci i u\u0142atw sobie tworzenie spektakularnych materia\u0142\u00f3w z lotu ptaka. Aparatura steruj\u0105ca DJI RC oferuje kilka najcz\u0119\u015bciej spotykanych port\u00f3w, z kt\u00f3rych mo\u017cesz korzysta\u0107. Port USB-C umo\u017cliwia jej wygodne \u0142adowanie &#8211; z wykorzystaniem \u0142adowarki 5 V \/ 3 A (lub lepszej) potrwa to tylko oko\u0142o 1,5 godziny. Dost\u0119pny jest r\u00f3wnie\u017c slot na kart\u0119 microSD, dzi\u0119ki kt\u00f3remu mo\u017cesz wygodnie przechowywa\u0107 swoje zdj\u0119cia i filmy.<\/p>\n<p><img decoding=\"async\" src=\"https:\/\/b2b.innpro.pl\/data\/include\/cms\/12DJI\/Dji-RC-kontroler\/3.jpg\" border=\"0\" \/><\/p>\n<div class=\"table-wrapper\">\n<table>\n<tbody>\n<tr>\n<th>Producent<\/th>\n<td>DJI<\/td>\n<\/tr>\n<tr>\n<th>Nazwa<\/th>\n<td>DJI RC<\/td>\n<\/tr>\n<tr>\n<th>Model<\/th>\n<td>RM330<\/td>\n<\/tr>\n<tr>\n<th>System transmisji wideo<\/th>\n<td>DJI RC wykorzystuje technologi\u0119 transmisji wideo OcuSync HD. Po po\u0142\u0105czeniu z kompatybilnym modelem drona DJI RC prze\u0142\u0105czy si\u0119 na odpowiedni\u0105 dla niego technologi\u0119 transmisji wideo. W zale\u017cno\u015bci od modelu drona dost\u0119pne s\u0105 nast\u0119puj\u0105ce systemy:<\/p>\n<p>DJI Mini 3 Pro: O3;<br \/>DJI Mavic 3: O3+;<br \/>DJI Mavic 3 Cine: O3+;<\/td>\n<\/tr>\n<tr>\n<th>Maks. zasi\u0119g transmisji (bez przeszk\u00f3d, bez zak\u0142\u00f3ce\u0144)<\/th>\n<td>DJI Mini 3 Pro: 12 km (FCC), 8 km (CE \/ SRRC \/ MIC);<br \/>DJI Mavic 3: 15 km (FCC), 8 km (CE \/ SRRC \/ MIC);<br \/>DJI Mavic 3 Cine: 15 km (FCC), 8 km (CE \/ SRRC \/ MIC);<\/td>\n<\/tr>\n<tr>\n<th>Cz\u0119stotliwo\u015b\u0107 robocza<\/th>\n<td>2,400-2,4835 GHz;<br \/>5,727-5,850 GHz;<\/p>\n<p>*Ze wzgl\u0119du na lokalne przepisy pasmo 5,8 GHz nie jest dost\u0119pne w niekt\u00f3rych pa\u0144stwach \/ regionach.<\/td>\n<\/tr>\n<tr>\n<th>Anteny<\/th>\n<td>2 anteny, 1T2R<\/td>\n<\/tr>\n<tr>\n<th>Moc transmitera (EIRP)<\/th>\n<td>2,400-2,4835 GHz:\u00a0&lt;26 dBm (FCC), &lt;20 dBm (CE \/ SRRC \/ MIC);<br \/>5,725-5,850 GHz: &lt;26 dBm (FCC), &lt;23 dBm (SRRC), &lt;14 dBm (CE);<\/td>\n<\/tr>\n<tr>\n<th>Protok\u00f3\u0142 Wi-Fi<\/th>\n<td>802.11 a\/b\/g\/n<\/td>\n<\/tr>\n<tr>\n<th>Cz\u0119stotliwo\u015b\u0107 robocza (Wi-Fi)<\/th>\n<td>2,400-2,4835 GHz;<br \/>5,150-5,250 GHz;<br \/>5,725-5,850 GHz;<\/p>\n<p>*Ze wzgl\u0119du na lokalne przepisy pasmo 5,8 GHz nie jest dost\u0119pne w niekt\u00f3rych pa\u0144stwach \/ regionach.<\/td>\n<\/tr>\n<tr>\n<th>Moc transmitera (EIRP) (Wi-Fi)<\/th>\n<td>2,400-2,4835 GHz:\u00a0&lt;23 dBm (FCC), &lt;20 dBm (CE \/ SRRC \/ MIC);<br \/>5,150-5,250 GHz: &lt;23 dBm (FCC \/ CE \/ SRRC \/ MIC);<br \/>5,725-5,850 GHz: &lt;23 dBm (FCC \/ SRRC), &lt;14 dBm (CE);<\/td>\n<\/tr>\n<tr>\n<th>Wersja Bluetooth<\/th>\n<td>4.2<\/td>\n<\/tr>\n<tr>\n<th>Cz\u0119stotliwo\u015b\u0107 robocza (Bluetooth)<\/th>\n<td>2,400-2,4835 GHz<\/td>\n<\/tr>\n<tr>\n<th>Moc transmitera (EIRP) (Bluetooth)<\/th>\n<td>&lt;10 dBm<\/td>\n<\/tr>\n<tr>\n<th>Rozdzielczo\u015b\u0107 ekranu<\/th>\n<td>1920&#215;1080<\/td>\n<\/tr>\n<tr>\n<th>Przek\u0105tna<\/th>\n<td>5,5\u2033<\/td>\n<\/tr>\n<tr>\n<th>Liczba klatek na sekund\u0119<\/th>\n<td>60 FPS<\/td>\n<\/tr>\n<tr>\n<th>Jasno\u015b\u0107<\/th>\n<td>700 nit\u00f3w<\/td>\n<\/tr>\n<tr>\n<th>Obs\u0142uga dotykowa<\/th>\n<td>10-punktowy multi-touch<\/td>\n<\/tr>\n<tr>\n<th>Typ akumulatora<\/th>\n<td>Li-ion<\/td>\n<\/tr>\n<tr>\n<th>Pojemno\u015b\u0107 akumulatora<\/th>\n<td>5200 mAh @ 3,6 V<\/td>\n<\/tr>\n<tr>\n<th>Spos\u00f3b \u0142adowania<\/th>\n<td>\u0141adowarka 5 V \/ 2 A lub lepsza<\/td>\n<\/tr>\n<tr>\n<th>Moc znamionowa<\/th>\n<td>4,5 W<\/td>\n<\/tr>\n<tr>\n<th>Pami\u0119\u0107<\/th>\n<td>Mo\u017cliwo\u015b\u0107 rozszerzenia (za pomoc\u0105 karty microSD)<\/td>\n<\/tr>\n<tr>\n<th>Czas \u0142adowania<\/th>\n<td>Ok. 1,5 h (z \u0142adowark\u0105 5 V \/ 3 A)<\/td>\n<\/tr>\n<tr>\n<th>Czas pracy<\/th>\n<td>Ok. 4 h<\/td>\n<\/tr>\n<tr>\n<th>Temperatura pracy<\/th>\n<td>-10\u00b0C &#8211; 40\u00b0C<\/td>\n<\/tr>\n<tr>\n<th>Temperatura przechowywania<\/th>\n<td>Poni\u017cej 1 miesi\u0105ca: -30\u00b0C &#8211; 60\u00b0C;<br \/>1-3 miesi\u0105ce: -30\u00b0C &#8211; 45\u00b0C;<br \/>3-6 miesi\u0119cy: -30\u00b0C &#8211; 35\u00b0C;<br \/>Powy\u017cej 6 miesi\u0119cy: -30\u00b0C &#8211; 25\u00b0C;<\/td>\n<\/tr>\n<tr>\n<th>Temperatura \u0142adowania<\/th>\n<td>5\u00b0C &#8211; 40\u00b0C<\/td>\n<\/tr>\n<tr>\n<th>Kompatybilne drony<\/th>\n<td><span>DJI Mavic 3 Pro, DJI Mavic 3 Pro Cine, DJI Mavic 3 Classic, DJI Mavic 3, DJI Mavic 3 Cine, DJI Mini 3 Pro, DJI Mini 3, DJI Air 2S<\/span><\/p>\n<p>*W przysz\u0142o\u015bci kontroler DJI RC b\u0119dzie obs\u0142ugiwa\u0142 wi\u0119cej dron\u00f3w. Najnowsze informacje s\u0105 dost\u0119pne na oficjalnej stronie internetowej producenta.<\/td>\n<\/tr>\n<tr>\n<th>GNSS<\/th>\n<td>GPS + BeiDou + Galileo<\/td>\n<\/tr>\n<tr>\n<th>Wymiary<\/th>\n<td>Bez dr\u0105\u017ck\u00f3w: 168,4 x 123,7 x 46,2 mm;<br \/>Z dr\u0105\u017ckami: 168,4 x 123,7 x 62,7 mm;<\/td>\n<\/tr>\n<tr>\n<th>Waga<\/th>\n<td>Ok. 390 g<\/td>\n<\/tr>\n<tr>\n<th>Obs\u0142ugiwane karty microSD<\/th>\n<td>Klasa pr\u0119dko\u015bci UHS-I Speed Grade 3 lub lepsze<\/td>\n<\/tr>\n<tr>\n<th>Zalecane karty microSD<\/th>\n<td>SanDisk Extreme PRO 64GB V30 A2 microSDXC, SanDisk High Endurance 64GB V30 microSDXC, SanDisk Extreme 128GB V30 A2 microSDXC, SanDisk Extreme 256GB V30 A2 microSDXC, SanDisk Extreme 512GB V30 A2 microSDXC, Lexar 667x 64GB V30 A2 microSDXC, Lexar High-Endurance 64GB V30 microSDXC, Lexar High-Endurance 128GB V30 microSDXC, Lexar 667x 256GB V30 A2 microSDXC, Lexar 512GB V30 A2 microSDXC<\/td>\n<\/tr>\n<\/tbody>\n<\/table>\n<\/div>\n","protected":false},"excerpt":{"rendered":"<p>Kontroler DJI RC DJI RC to nowoczesna aparatura steruj\u0105ca, kt\u00f3ra przenosi kontrol\u0119 nad dronem na nowy poziom. Zosta\u0142a wyposa\u017cona w<\/p>\n","protected":false},"featured_media":39221,"comment_status":"closed","ping_status":"open","template":"","meta":{"_acf_changed":false},"product_brand":[],"product_cat":[6167,6170,1088],"product_tag":[],"class_list":{"0":"post-56260","1":"product","2":"type-product","3":"status-publish","4":"has-post-thumbnail","6":"product_cat-akcesoria-do-dronow","7":"product_cat-dji-akcesoria-do-dronow","8":"product_cat-drony","9":"pa_producent-dji","11":"first","12":"outofstock","13":"taxable","14":"shipping-taxable","15":"purchasable","16":"product-type-simple"},"acf":[],"yoast_head":"<!-- This site is optimized with the Yoast SEO plugin v27.2 - https:\/\/yoast.com\/product\/yoast-seo-wordpress\/ -->\n<title>Kontroler DJI RC - IRONSKY.PL Sklep z Dronami<\/title>\n<meta name=\"description\" content=\"Kontroler DJI RC - \u2705 sklep z dronami i fachowym doradztwem. \u2705 Tutaj kupisz produkty DJI, Yuneec, Parrot, Syma i wiele innych, a tak\u017ce kursy i licencje na operatora drona.\" \/>\n<meta name=\"robots\" content=\"index, follow, max-snippet:-1, max-image-preview:large, max-video-preview:-1\" \/>\n<link rel=\"canonical\" href=\"https:\/\/ironsky.pl\/sklep\/produkt\/kontroler-dji-rc-3\/\" \/>\n<meta property=\"og:locale\" content=\"pl_PL\" \/>\n<meta property=\"og:type\" content=\"article\" \/>\n<meta property=\"og:title\" content=\"Kontroler DJI RC - IRONSKY.PL Sklep z Dronami\" \/>\n<meta property=\"og:description\" content=\"Kontroler DJI RC - \u2705 sklep z dronami i fachowym doradztwem. \u2705 Tutaj kupisz produkty DJI, Yuneec, Parrot, Syma i wiele innych, a tak\u017ce kursy i licencje na operatora drona.\" \/>\n<meta property=\"og:url\" content=\"https:\/\/ironsky.pl\/sklep\/produkt\/kontroler-dji-rc-3\/\" \/>\n<meta property=\"og:site_name\" content=\"IRONSKY.PL Sklep z Dronami\" \/>\n<meta property=\"article:modified_time\" content=\"2026-04-15T08:13:02+00:00\" \/>\n<meta property=\"og:image\" content=\"https:\/\/ironsky.pl\/sklep\/wp-content\/uploads\/2025\/04\/24963_4.jpg\" \/>\n\t<meta property=\"og:image:width\" content=\"800\" \/>\n\t<meta property=\"og:image:height\" content=\"800\" \/>\n\t<meta property=\"og:image:type\" content=\"image\/jpeg\" \/>\n<meta name=\"twitter:card\" content=\"summary_large_image\" \/>\n<meta name=\"twitter:label1\" content=\"Szacowany czas czytania\" \/>\n\t<meta name=\"twitter:data1\" content=\"5 minut\" \/>\n<script type=\"application\/ld+json\" class=\"yoast-schema-graph\">{\"@context\":\"https:\/\/schema.org\",\"@graph\":[{\"@type\":\"WebPage\",\"@id\":\"https:\/\/ironsky.pl\/sklep\/produkt\/kontroler-dji-rc-3\/\",\"url\":\"https:\/\/ironsky.pl\/sklep\/produkt\/kontroler-dji-rc-3\/\",\"name\":\"Kontroler DJI RC - IRONSKY.PL Sklep z Dronami\",\"isPartOf\":{\"@id\":\"https:\/\/ironsky.pl\/sklep\/#website\"},\"primaryImageOfPage\":{\"@id\":\"https:\/\/ironsky.pl\/sklep\/produkt\/kontroler-dji-rc-3\/#primaryimage\"},\"image\":{\"@id\":\"https:\/\/ironsky.pl\/sklep\/produkt\/kontroler-dji-rc-3\/#primaryimage\"},\"thumbnailUrl\":\"https:\/\/ironsky.pl\/sklep\/wp-content\/uploads\/2025\/04\/24963_4.jpg\",\"datePublished\":\"2026-04-15T08:12:37+00:00\",\"dateModified\":\"2026-04-15T08:13:02+00:00\",\"description\":\"Kontroler DJI RC - \u2705 sklep z dronami i fachowym doradztwem. \u2705 Tutaj kupisz produkty DJI, Yuneec, Parrot, Syma i wiele innych, a tak\u017ce kursy i licencje na operatora drona.\",\"breadcrumb\":{\"@id\":\"https:\/\/ironsky.pl\/sklep\/produkt\/kontroler-dji-rc-3\/#breadcrumb\"},\"inLanguage\":\"pl-PL\",\"potentialAction\":[{\"@type\":\"ReadAction\",\"target\":[\"https:\/\/ironsky.pl\/sklep\/produkt\/kontroler-dji-rc-3\/\"]}]},{\"@type\":\"ImageObject\",\"inLanguage\":\"pl-PL\",\"@id\":\"https:\/\/ironsky.pl\/sklep\/produkt\/kontroler-dji-rc-3\/#primaryimage\",\"url\":\"https:\/\/ironsky.pl\/sklep\/wp-content\/uploads\/2025\/04\/24963_4.jpg\",\"contentUrl\":\"https:\/\/ironsky.pl\/sklep\/wp-content\/uploads\/2025\/04\/24963_4.jpg\",\"width\":800,\"height\":800},{\"@type\":\"BreadcrumbList\",\"@id\":\"https:\/\/ironsky.pl\/sklep\/produkt\/kontroler-dji-rc-3\/#breadcrumb\",\"itemListElement\":[{\"@type\":\"ListItem\",\"position\":1,\"name\":\"Strona g\u0142\u00f3wna\",\"item\":\"https:\/\/ironsky.pl\/sklep\/\"},{\"@type\":\"ListItem\",\"position\":2,\"name\":\"Wszystkie produkty\",\"item\":\"https:\/\/ironsky.pl\/sklep\/produkty\/\"},{\"@type\":\"ListItem\",\"position\":3,\"name\":\"Kontroler DJI RC\"}]},{\"@type\":\"WebSite\",\"@id\":\"https:\/\/ironsky.pl\/sklep\/#website\",\"url\":\"https:\/\/ironsky.pl\/sklep\/\",\"name\":\"IRONSKY.PL Sklep z Dronami\",\"description\":\"IRONSKY.PL Sklep z Dronami\",\"potentialAction\":[{\"@type\":\"SearchAction\",\"target\":{\"@type\":\"EntryPoint\",\"urlTemplate\":\"https:\/\/ironsky.pl\/sklep\/?s={search_term_string}\"},\"query-input\":{\"@type\":\"PropertyValueSpecification\",\"valueRequired\":true,\"valueName\":\"search_term_string\"}}],\"inLanguage\":\"pl-PL\"}]}<\/script>\n<!-- \/ Yoast SEO plugin. -->","yoast_head_json":{"title":"Kontroler DJI RC - IRONSKY.PL Sklep z Dronami","description":"Kontroler DJI RC - \u2705 sklep z dronami i fachowym doradztwem. \u2705 Tutaj kupisz produkty DJI, Yuneec, Parrot, Syma i wiele innych, a tak\u017ce kursy i licencje na operatora drona.","robots":{"index":"index","follow":"follow","max-snippet":"max-snippet:-1","max-image-preview":"max-image-preview:large","max-video-preview":"max-video-preview:-1"},"canonical":"https:\/\/ironsky.pl\/sklep\/produkt\/kontroler-dji-rc-3\/","og_locale":"pl_PL","og_type":"article","og_title":"Kontroler DJI RC - IRONSKY.PL Sklep z Dronami","og_description":"Kontroler DJI RC - \u2705 sklep z dronami i fachowym doradztwem. \u2705 Tutaj kupisz produkty DJI, Yuneec, Parrot, Syma i wiele innych, a tak\u017ce kursy i licencje na operatora drona.","og_url":"https:\/\/ironsky.pl\/sklep\/produkt\/kontroler-dji-rc-3\/","og_site_name":"IRONSKY.PL Sklep z Dronami","article_modified_time":"2026-04-15T08:13:02+00:00","og_image":[{"width":800,"height":800,"url":"https:\/\/ironsky.pl\/sklep\/wp-content\/uploads\/2025\/04\/24963_4.jpg","type":"image\/jpeg"}],"twitter_card":"summary_large_image","twitter_misc":{"Szacowany czas czytania":"5 minut"},"schema":{"@context":"https:\/\/schema.org","@graph":[{"@type":"WebPage","@id":"https:\/\/ironsky.pl\/sklep\/produkt\/kontroler-dji-rc-3\/","url":"https:\/\/ironsky.pl\/sklep\/produkt\/kontroler-dji-rc-3\/","name":"Kontroler DJI RC - IRONSKY.PL Sklep z Dronami","isPartOf":{"@id":"https:\/\/ironsky.pl\/sklep\/#website"},"primaryImageOfPage":{"@id":"https:\/\/ironsky.pl\/sklep\/produkt\/kontroler-dji-rc-3\/#primaryimage"},"image":{"@id":"https:\/\/ironsky.pl\/sklep\/produkt\/kontroler-dji-rc-3\/#primaryimage"},"thumbnailUrl":"https:\/\/ironsky.pl\/sklep\/wp-content\/uploads\/2025\/04\/24963_4.jpg","datePublished":"2026-04-15T08:12:37+00:00","dateModified":"2026-04-15T08:13:02+00:00","description":"Kontroler DJI RC - \u2705 sklep z dronami i fachowym doradztwem. \u2705 Tutaj kupisz produkty DJI, Yuneec, Parrot, Syma i wiele innych, a tak\u017ce kursy i licencje na operatora drona.","breadcrumb":{"@id":"https:\/\/ironsky.pl\/sklep\/produkt\/kontroler-dji-rc-3\/#breadcrumb"},"inLanguage":"pl-PL","potentialAction":[{"@type":"ReadAction","target":["https:\/\/ironsky.pl\/sklep\/produkt\/kontroler-dji-rc-3\/"]}]},{"@type":"ImageObject","inLanguage":"pl-PL","@id":"https:\/\/ironsky.pl\/sklep\/produkt\/kontroler-dji-rc-3\/#primaryimage","url":"https:\/\/ironsky.pl\/sklep\/wp-content\/uploads\/2025\/04\/24963_4.jpg","contentUrl":"https:\/\/ironsky.pl\/sklep\/wp-content\/uploads\/2025\/04\/24963_4.jpg","width":800,"height":800},{"@type":"BreadcrumbList","@id":"https:\/\/ironsky.pl\/sklep\/produkt\/kontroler-dji-rc-3\/#breadcrumb","itemListElement":[{"@type":"ListItem","position":1,"name":"Strona g\u0142\u00f3wna","item":"https:\/\/ironsky.pl\/sklep\/"},{"@type":"ListItem","position":2,"name":"Wszystkie produkty","item":"https:\/\/ironsky.pl\/sklep\/produkty\/"},{"@type":"ListItem","position":3,"name":"Kontroler DJI RC"}]},{"@type":"WebSite","@id":"https:\/\/ironsky.pl\/sklep\/#website","url":"https:\/\/ironsky.pl\/sklep\/","name":"IRONSKY.PL Sklep z Dronami","description":"IRONSKY.PL Sklep z Dronami","potentialAction":[{"@type":"SearchAction","target":{"@type":"EntryPoint","urlTemplate":"https:\/\/ironsky.pl\/sklep\/?s={search_term_string}"},"query-input":{"@type":"PropertyValueSpecification","valueRequired":true,"valueName":"search_term_string"}}],"inLanguage":"pl-PL"}]}},"_links":{"self":[{"href":"https:\/\/ironsky.pl\/sklep\/wp-json\/wp\/v2\/product\/56260","targetHints":{"allow":["GET"]}}],"collection":[{"href":"https:\/\/ironsky.pl\/sklep\/wp-json\/wp\/v2\/product"}],"about":[{"href":"https:\/\/ironsky.pl\/sklep\/wp-json\/wp\/v2\/types\/product"}],"replies":[{"embeddable":true,"href":"https:\/\/ironsky.pl\/sklep\/wp-json\/wp\/v2\/comments?post=56260"}],"wp:featuredmedia":[{"embeddable":true,"href":"https:\/\/ironsky.pl\/sklep\/wp-json\/wp\/v2\/media\/39221"}],"wp:attachment":[{"href":"https:\/\/ironsky.pl\/sklep\/wp-json\/wp\/v2\/media?parent=56260"}],"wp:term":[{"taxonomy":"product_brand","embeddable":true,"href":"https:\/\/ironsky.pl\/sklep\/wp-json\/wp\/v2\/product_brand?post=56260"},{"taxonomy":"product_cat","embeddable":true,"href":"https:\/\/ironsky.pl\/sklep\/wp-json\/wp\/v2\/product_cat?post=56260"},{"taxonomy":"product_tag","embeddable":true,"href":"https:\/\/ironsky.pl\/sklep\/wp-json\/wp\/v2\/product_tag?post=56260"}],"curies":[{"name":"wp","href":"https:\/\/api.w.org\/{rel}","templated":true}]}}